[INFO] fetching crate spc-utils 0.5.0...
[INFO] testing spc-utils-0.5.0 against 1.99.0-beta.8+cargoflags=--release for beta-release-1.100-2
[INFO] extracting crate spc-utils 0.5.0 into /workspace/builds/worker-2-tc1/source
[INFO] started tweaking crates.io crate spc-utils 0.5.0
[INFO] removed 0 missing tests
[INFO] finished tweaking crates.io crate spc-utils 0.5.0
[INFO] tweaked toml for crates.io crate spc-utils 0.5.0 written to /workspace/builds/worker-2-tc1/source/Cargo.toml
[INFO] validating manifest of crates.io crate spc-utils 0.5.0 on toolchain 1.99.0-beta.8
[INFO] running `Command { std: CARGO_HOME="/workspace/cargo-home" RUSTUP_HOME="/workspace/rustup-home" "/workspace/cargo-home/bin/cargo" "+1.99.0-beta.8" "metadata" "--manifest-path" "Cargo.toml" "--no-deps", kill_on_drop: false }`
[INFO] crate crates.io crate spc-utils 0.5.0 already has a lockfile, it will not be regenerated
[INFO] running `Command { std: CARGO_HOME="/workspace/cargo-home" RUSTUP_HOME="/workspace/rustup-home" "/workspace/cargo-home/bin/cargo" "+1.99.0-beta.8" "fetch" "--manifest-path" "Cargo.toml", kill_on_drop: false }`
[INFO] [stderr]  Downloading crates ...
[INFO] [stderr]   Downloaded comfy-table v7.2.1
[INFO] [stderr]   Downloaded cc v1.2.48
[INFO] [stderr]   Downloaded tracing v0.1.43
[INFO] [stderr]   Downloaded tracing-core v0.1.35
[INFO] [stderr]   Downloaded tower-http v0.6.7
[INFO] running `Command { std: "docker" "create" "-v" "/var/lib/crater-agent-workspace/builds/worker-2-tc1/source:/opt/rustwide/workdir:ro,Z" "-v" "/var/lib/crater-agent-workspace/builds/worker-2-tc1/target:/opt/rustwide/target:rw,Z" "-v" "/var/lib/crater-agent-workspace/cargo-home:/opt/rustwide/cargo-home:ro,Z" "-v" "/var/lib/crater-agent-workspace/rustup-home:/opt/rustwide/rustup-home:ro,Z" "-m" "1610612736" "--network" "none" "ghcr.io/rust-lang/crates-build-env/linux@sha256:77db811e55d90add9212f6832c23229e3de5f1c1f9905e8cb07319ea15df73ac" "sleep" "infinity", kill_on_drop: false }`
[INFO] [stdout] 8d32ab647432b361873c413dcd4ca2fabf5b1d53ebf1c8e456ee4fade76596a3
[INFO] running `Command { std: "docker" "start" "8d32ab647432b361873c413dcd4ca2fabf5b1d53ebf1c8e456ee4fade76596a3", kill_on_drop: false }`
[INFO] running `Command { std: "docker" "inspect" "8d32ab647432b361873c413dcd4ca2fabf5b1d53ebf1c8e456ee4fade76596a3", kill_on_drop: false }`
[INFO] running `Command { std: "docker" "exec" "-e" "SOURCE_DIR=/opt/rustwide/workdir" "-e" "CARGO_HOME=/opt/rustwide/cargo-home" "-e" "RUSTUP_HOME=/opt/rustwide/rustup-home" "-e" "CARGO_TARGET_DIR=/opt/rustwide/target" "-w" "/opt/rustwide/workdir" "--user" "0:0" "8d32ab647432b361873c413dcd4ca2fabf5b1d53ebf1c8e456ee4fade76596a3" "/opt/rustwide/cargo-home/bin/cargo" "+1.99.0-beta.8" "metadata" "--no-deps" "--format-version=1", kill_on_drop: false }`
[INFO] running `Command { std: "docker" "inspect" "8d32ab647432b361873c413dcd4ca2fabf5b1d53ebf1c8e456ee4fade76596a3", kill_on_drop: false }`
[INFO] running `Command { std: "docker" "exec" "-e" "SOURCE_DIR=/opt/rustwide/workdir" "-e" "CARGO_HOME=/opt/rustwide/cargo-home" "-e" "RUSTUP_HOME=/opt/rustwide/rustup-home" "-e" "CARGO_TARGET_DIR=/opt/rustwide/target" "-e" "CARGO_INCREMENTAL=0" "-e" "RUST_BACKTRACE=full" "-e" "RUSTFLAGS=--cap-lints=warn" "-e" "RUSTDOCFLAGS=--cap-lints=warn" "-w" "/opt/rustwide/workdir" "--user" "0:0" "8d32ab647432b361873c413dcd4ca2fabf5b1d53ebf1c8e456ee4fade76596a3" "/opt/rustwide/cargo-home/bin/cargo" "+1.99.0-beta.8" "build" "--frozen" "--message-format=json" "--release", kill_on_drop: false }`
[INFO] [stderr]    Compiling proc-macro2 v1.0.103
[INFO] [stderr]    Compiling quote v1.0.42
[INFO] [stderr]    Compiling libc v0.2.178
[INFO] [stderr]    Compiling find-msvc-tools v0.1.5
[INFO] [stderr]    Compiling bytes v1.11.0
[INFO] [stderr]    Compiling futures-sink v0.3.31
[INFO] [stderr]    Compiling icu_properties_data v2.1.1
[INFO] [stderr]    Compiling openssl v0.10.75
[INFO] [stderr]    Compiling slab v0.4.11
[INFO] [stderr]    Compiling tracing-core v0.1.35
[INFO] [stderr]    Compiling rustix v1.1.2
[INFO] [stderr]    Compiling sync_wrapper v1.0.2
[INFO] [stderr]    Compiling linux-raw-sys v0.11.0
[INFO] [stderr]    Compiling litrs v1.0.0
[INFO] [stderr]    Compiling iri-string v0.7.9
[INFO] [stderr]    Compiling clap_lex v0.7.6
[INFO] [stderr]    Compiling futures-channel v0.3.31
[INFO] [stderr]    Compiling rustls-pki-types v1.13.1
[INFO] [stderr]    Compiling futures-util v0.3.31
[INFO] [stderr]    Compiling serde_json v1.0.145
[INFO] [stderr]    Compiling cc v1.2.48
[INFO] [stderr]    Compiling semver v1.0.27
[INFO] [stderr]    Compiling clap_builder v4.5.53
[INFO] [stderr]    Compiling document-features v0.2.12
[INFO] [stderr]    Compiling tracing v0.1.43
[INFO] [stderr]    Compiling http v1.4.0
[INFO] [stderr]    Compiling syn v2.0.111
[INFO] [stderr]    Compiling mio v1.1.0
[INFO] [stderr]    Compiling socket2 v0.6.1
[INFO] [stderr]    Compiling parking_lot_core v0.9.12
[INFO] [stderr]    Compiling dirs-sys v0.4.1
[INFO] [stderr]    Compiling openssl-sys v0.9.111
[INFO] [stderr]    Compiling parking_lot v0.12.5
[INFO] [stderr]    Compiling dirs v5.0.1
[INFO] [stderr]    Compiling tokio v1.48.0
[INFO] [stderr]    Compiling crossterm v0.29.0
[INFO] [stderr]    Compiling native-tls v0.2.14
[INFO] [stderr]    Compiling http-body v1.0.1
[INFO] [stderr]    Compiling comfy-table v7.2.1
[INFO] [stderr]    Compiling http-body-util v0.1.3
[INFO] [stderr]    Compiling synstructure v0.13.2
[INFO] [stderr]    Compiling zerovec-derive v0.11.2
[INFO] [stderr]    Compiling displaydoc v0.2.5
[INFO] [stderr]    Compiling openssl-macros v0.1.1
[INFO] [stderr]    Compiling serde_derive v1.0.228
[INFO] [stderr]    Compiling clap_derive v4.5.49
[INFO] [stderr]    Compiling strum_macros v0.26.4
[INFO] [stderr]    Compiling zerofrom-derive v0.1.6
[INFO] [stderr]    Compiling yoke-derive v0.8.1
[INFO] [stderr]    Compiling zerofrom v0.1.6
[INFO] [stderr]    Compiling yoke v0.8.1
[INFO] [stderr]    Compiling zerovec v0.11.5
[INFO] [stderr]    Compiling zerotrie v0.2.3
[INFO] [stderr]    Compiling strum v0.26.3
[INFO] [stderr]    Compiling clap v4.5.53
[INFO] [stderr]    Compiling tinystr v0.8.2
[INFO] [stderr]    Compiling potential_utf v0.1.4
[INFO] [stderr]    Compiling icu_collections v2.1.1
[INFO] [stderr]    Compiling icu_locale_core v2.1.1
[INFO] [stderr]    Compiling hyper v1.8.1
[INFO] [stderr]    Compiling tower v0.5.2
[INFO] [stderr]    Compiling tower-http v0.6.7
[INFO] [stderr]    Compiling hyper-util v0.1.18
[INFO] [stderr]    Compiling icu_provider v2.1.1
[INFO] [stderr]    Compiling serde v1.0.228
[INFO] [stderr]    Compiling icu_normalizer v2.1.1
[INFO] [stderr]    Compiling icu_properties v2.1.1
[INFO] [stderr]    Compiling serde_urlencoded v0.7.1
[INFO] [stderr]    Compiling chrono v0.4.42
[INFO] [stderr]    Compiling idna_adapter v1.2.1
[INFO] [stderr]    Compiling idna v1.1.0
[INFO] [stderr]    Compiling tokio-native-tls v0.3.1
[INFO] [stderr]    Compiling url v2.5.7
[INFO] [stderr]    Compiling hyper-tls v0.6.0
[INFO] [stderr]    Compiling reqwest v0.12.24
[INFO] [stderr]    Compiling spc-utils v0.5.0 (/opt/rustwide/workdir)
[INFO] [stdout] warning: unused import: `command`
[INFO] [stdout]  --> src/cli.rs:1:38
[INFO] [stdout]   |
[INFO] [stdout] 1 | use clap::{Args, Parser, Subcommand, command};
[INFO] [stdout]   |                                      ^^^^^^^
[INFO] [stdout]   |
[INFO] [stdout]   = note: `#[warn(unused_imports)]` (part of `#[warn(unused)]`) on by default
[INFO] [stdout] 
[INFO] [stdout] 
[INFO] [stderr]     Finished `release` profile [optimized] target(s) in 1m 02s
[INFO] running `Command { std: "docker" "inspect" "8d32ab647432b361873c413dcd4ca2fabf5b1d53ebf1c8e456ee4fade76596a3", kill_on_drop: false }`
[INFO] running `Command { std: "docker" "exec" "-e" "SOURCE_DIR=/opt/rustwide/workdir" "-e" "CARGO_HOME=/opt/rustwide/cargo-home" "-e" "RUSTUP_HOME=/opt/rustwide/rustup-home" "-e" "CARGO_TARGET_DIR=/opt/rustwide/target" "-e" "CARGO_INCREMENTAL=0" "-e" "RUST_BACKTRACE=full" "-e" "RUSTFLAGS=--cap-lints=warn" "-e" "RUSTDOCFLAGS=--cap-lints=warn" "-w" "/opt/rustwide/workdir" "--user" "0:0" "8d32ab647432b361873c413dcd4ca2fabf5b1d53ebf1c8e456ee4fade76596a3" "/opt/rustwide/cargo-home/bin/cargo" "+1.99.0-beta.8" "test" "--frozen" "--no-run" "--message-format=json" "--release", kill_on_drop: false }`
[INFO] [stderr]    Compiling rustix v1.1.2
[INFO] [stderr]    Compiling regex-syntax v0.8.8
[INFO] [stderr]    Compiling predicates-core v1.0.9
[INFO] [stderr]    Compiling float-cmp v0.10.0
[INFO] [stderr]    Compiling assert_cmd v2.1.1
[INFO] [stderr]    Compiling difflib v0.4.0
[INFO] [stderr]    Compiling termtree v0.5.1
[INFO] [stderr]    Compiling normalize-line-endings v0.3.0
[INFO] [stderr]    Compiling getrandom v0.3.4
[INFO] [stderr]    Compiling wait-timeout v0.2.1
[INFO] [stderr]    Compiling predicates-tree v1.0.12
[INFO] [stderr]    Compiling regex-automata v0.4.13
[INFO] [stderr]    Compiling crossterm v0.29.0
[INFO] [stderr]    Compiling tempfile v3.23.0
[INFO] [stderr]    Compiling comfy-table v7.2.1
[INFO] [stderr]    Compiling spc-utils v0.5.0 (/opt/rustwide/workdir)
[INFO] [stdout] warning: unused import: `command`
[INFO] [stdout]  --> src/cli.rs:1:38
[INFO] [stdout]   |
[INFO] [stdout] 1 | use clap::{Args, Parser, Subcommand, command};
[INFO] [stdout]   |                                      ^^^^^^^
[INFO] [stdout]   |
[INFO] [stdout]   = note: `#[warn(unused_imports)]` (part of `#[warn(unused)]`) on by default
[INFO] [stdout] 
[INFO] [stdout] 
[INFO] [stderr]    Compiling regex v1.12.2
[INFO] [stderr]    Compiling bstr v1.12.1
[INFO] [stderr]    Compiling predicates v3.1.3
[INFO] [stdout] warning: unused import: `command`
[INFO] [stdout]  --> src/cli.rs:1:38
[INFO] [stdout]   |
[INFO] [stdout] 1 | use clap::{Args, Parser, Subcommand, command};
[INFO] [stdout]   |                                      ^^^^^^^
[INFO] [stdout]   |
[INFO] [stdout]   = note: `#[warn(unused_imports)]` (part of `#[warn(unused)]`) on by default
[INFO] [stdout] 
[INFO] [stdout] 
[INFO] [stderr]     Finished `release` profile [optimized] target(s) in 27.64s
[INFO] running `Command { std: "docker" "inspect" "8d32ab647432b361873c413dcd4ca2fabf5b1d53ebf1c8e456ee4fade76596a3", kill_on_drop: false }`
[INFO] running `Command { std: "docker" "exec" "-e" "SOURCE_DIR=/opt/rustwide/workdir" "-e" "CARGO_HOME=/opt/rustwide/cargo-home" "-e" "RUSTUP_HOME=/opt/rustwide/rustup-home" "-e" "CARGO_TARGET_DIR=/opt/rustwide/target" "-e" "CARGO_INCREMENTAL=0" "-e" "RUST_BACKTRACE=full" "-e" "RUSTFLAGS=--cap-lints=warn" "-e" "RUSTDOCFLAGS=--cap-lints=warn" "-w" "/opt/rustwide/workdir" "--user" "0:0" "8d32ab647432b361873c413dcd4ca2fabf5b1d53ebf1c8e456ee4fade76596a3" "/opt/rustwide/cargo-home/bin/cargo" "+1.99.0-beta.8" "test" "--frozen" "--release", kill_on_drop: false }`
[INFO] [stderr] warning: unused import: `command`
[INFO] [stderr]  --> src/cli.rs:1:38
[INFO] [stderr]   |
[INFO] [stderr] 1 | use clap::{Args, Parser, Subcommand, command};
[INFO] [stderr]   |                                      ^^^^^^^
[INFO] [stderr]   |
[INFO] [stderr]   = note: `#[warn(unused_imports)]` (part of `#[warn(unused)]`) on by default
[INFO] [stderr] 
[INFO] [stderr] warning: `spc-utils` (bin "spc-utils") generated 1 warning (run `cargo fix --bin "spc-utils" -p spc-utils` to apply 1 suggestion)
[INFO] [stderr] warning: `spc-utils` (bin "spc-utils" test) generated 1 warning (1 duplicate)
[INFO] [stderr]     Finished `release` profile [optimized] target(s) in 0.26s
[INFO] [stderr]      Running unittests src/main.rs (/opt/rustwide/target/release/deps/spc_utils-9e3f4529637ed12d)
[INFO] [stderr]      Running tests/cli.rs (/opt/rustwide/target/release/deps/cli-4fe6373dd228d35a)
[INFO] [stdout] 
[INFO] [stdout] running 0 tests
[INFO] [stdout] 
[INFO] [stdout] test result: ok. 0 passed; 0 failed; 0 ignored; 0 measured; 0 filtered out; finished in 0.00s
[INFO] [stdout] 
[INFO] [stdout] 
[INFO] [stdout] running 24 tests
[INFO] [stdout] test cache_clear_succeeds ... ok
[INFO] [stdout] test cache_clear_with_category ... ok
[INFO] [stdout] test invalid_build_type_fails ... ok
[INFO] [stdout] test download_requires_output_flag ... ok
[INFO] [stdout] test invalid_arch_fails ... ok
[INFO] [stdout] test cache_clears_on_different_spc_utils_version ... ok
[INFO] [stdout] test cache_list_succeeds ... ok
[INFO] [stdout] test cache_path_returns_directory ... ok
[INFO] [stdout] test invalid_category_fails ... ok
[INFO] [stdout] test invalid_os_fails ... ok
[INFO] [stdout] test version_7_fails ... ok
[INFO] [stdout] test version_below_8_fails ... ok
[INFO] [stdout] test version_parsing_with_zero_minor ... FAILED
[INFO] [stdout] test check_update_detects_outdated_version ... FAILED
[INFO] [stdout] test download_with_category_and_build_type ... FAILED
[INFO] [stdout] test check_update_shows_download_url ... FAILED
[INFO] [stdout] test latest_with_build_type ... FAILED
[INFO] [stdout] test latest_with_version_filter ... FAILED
[INFO] [stdout] test check_update_with_category ... FAILED
[INFO] [stdout] test version_parsing_with_two_parts ... FAILED
[INFO] [stdout] test latest_retuns_valid_version ... FAILED
[INFO] [stdout] test download_creates_file ... FAILED
[INFO] [stdout] test latest_with_category ... FAILED
[INFO] [stdout] test latest_with_os_and_arch ... FAILED
[INFO] [stdout] 
[INFO] [stdout] failures:
[INFO] [stdout] 
[INFO] [stdout] ---- version_parsing_with_zero_minor stdout ----
[INFO] [stdout] 
[INFO] [stdout] thread 'version_parsing_with_zero_minor' (2215) panicked at /rustc/dfb0accb7f508ae8be965d8629557221c889dd98/library/core/src/ops/function.rs:250:5:
[INFO] [stdout] Unexpected failure.
[INFO] [stdout] code=101
[INFO] [stdout] stderr=``````
[INFO] [stdout] 
[INFO] [stdout] thread \'main\' (2217) panicked at src/spc/api.rs:149:56:
[INFO] [stdout] called `Result::unwrap()` on an `Err` value: reqwest::Error { kind: Request, url: \"https://dl.static-php.dev/static-php-cli/bulk?format=json\", source: hyper_util::client::legacy::Error(Connect, ConnectError(\"dns error\", Custom { kind: Uncategorized, error: \"failed to lookup address information: Temporary failure in name resolution\" })) }
[INFO] [stdout] stack backtrace:
[INFO] [stdout]    0:     0x600b836fdd61 - <<std[70759c8f55707aa4]::sys::backtrace::BacktraceLock>::print::DisplayBacktrace as core[df12db4294e9bfd3]::fmt::Display>::fmt
[INFO] [stdout]    1:     0x600b83714e1a - core[df12db4294e9bfd3]::fmt::write
[INFO] [stdout]    2:     0x600b83703dbc - <std[70759c8f55707aa4]::sys::stdio::unix::Stderr as core[df12db4294e9bfd3]::io::write::Write>::write_fmt
[INFO] [stdout]    3:     0x600b836dc006 - std[70759c8f55707aa4]::panicking::default_hook::{closure#0}
[INFO] [stdout]    4:     0x600b836f7871 - std[70759c8f55707aa4]::panicking::default_hook
[INFO] [stdout]    5:     0x600b836f7b9b - std[70759c8f55707aa4]::panicking::panic_with_hook
[INFO] [stdout]    6:     0x600b836dc0b2 - std[70759c8f55707aa4]::panicking::panic_handler::{closure#0}
[INFO] [stdout]    7:     0x600b836d4aa9 - std[70759c8f55707aa4]::sys::backtrace::__rust_end_short_backtrace::<std[70759c8f55707aa4]::panicking::panic_handler::{closure#0}, !>
[INFO] [stdout]    8:     0x600b836dcabd - __rustc[8fa7c3cbc660c2b3]::rust_begin_unwind
[INFO] [stdout]    9:     0x600b8371557c - core[df12db4294e9bfd3]::panicking::panic_fmt
[INFO] [stdout]   10:     0x600b83715352 - core[df12db4294e9bfd3]::result::unwrap_failed
[INFO] [stdout]   11:     0x600b835479ab - <spc_utils[2b29031757f61901]::spc::api::Api>::fetch_latest_version
[INFO] [stdout]   12:     0x600b83561dbf - spc_utils[2b29031757f61901]::commands::latest::run
[INFO] [stdout]   13:     0x600b8355e9d7 - spc_utils[2b29031757f61901]::main
[INFO] [stdout]   14:     0x600b8355f74b - std[70759c8f55707aa4]::sys::backtrace::__rust_begin_short_backtrace::<fn(), ()>
[INFO] [stdout]   15:     0x600b83556519 - std[70759c8f55707aa4]::rt::lang_start::<()>::{closure#0}
[INFO] [stdout]   16:     0x600b836f6a09 - std[70759c8f55707aa4]::rt::lang_start_internal
[INFO] [stdout]   17:     0x600b8355ef75 - main
[INFO] [stdout]   18:     0x78f2d98b3601 - <unknown>
[INFO] [stdout]   19:     0x78f2d98b3718 - __libc_start_main
[INFO] [stdout]   20:     0x600b835296c5 - _start
[INFO] [stdout]   21:                0x0 - <unknown>
[INFO] [stdout] ```
[INFO] [stdout] ```
[INFO] [stdout] command=`"/opt/rustwide/target/release/spc-utils" "latest" "-V" "8.0" "--no-cache"`
[INFO] [stdout] code=101
[INFO] [stdout] stdout=""
[INFO] [stdout] stderr=```
[INFO] [stdout] 
[INFO] [stdout] thread \'main\' (2217) panicked at src/spc/api.rs:149:56:
[INFO] [stdout] called `Result::unwrap()` on an `Err` value: reqwest::Error { kind: Request, url: \"https://dl.static-php.dev/static-php-cli/bulk?format=json\", source: hyper_util::client::legacy::Error(Connect, ConnectError(\"dns error\", Custom { kind: Uncategorized, error: \"failed to lookup address information: Temporary failure in name resolution\" })) }
[INFO] [stdout] stack backtrace:
[INFO] [stdout]    0:     0x600b836fdd61 - <<std[70759c8f55707aa4]::sys::backtrace::BacktraceLock>::print::DisplayBacktrace as core[df12db4294e9bfd3]::fmt::Display>::fmt
[INFO] [stdout]    1:     0x600b83714e1a - core[df12db4294e9bfd3]::fmt::write
[INFO] [stdout]    2:     0x600b83703dbc - <std[70759c8f55707aa4]::sys::stdio::unix::Stderr as core[df12db4294e9bfd3]::io::write::Write>::write_fmt
[INFO] [stdout]    3:     0x600b836dc006 - std[70759c8f55707aa4]::panicking::default_hook::{closure#0}
[INFO] [stdout]    4:     0x600b836f7871 - std[70759c8f55707aa4]::panicking::default_hook
[INFO] [stdout]    5:     0x600b836f7b9b - std[70759c8f55707aa4]::panicking::panic_with_hook
[INFO] [stdout]    6:     0x600b836dc0b2 - std[70759c8f55707aa4]::panicking::panic_handler::{closure#0}
[INFO] [stdout]    7:     0x600b836d4aa9 - std[70759c8f55707aa4]::sys::backtrace::__rust_end_short_backtrace::<std[70759c8f55707aa4]::panicking::panic_handler::{closure#0}, !>
[INFO] [stdout]    8:     0x600b836dcabd - __rustc[8fa7c3cbc660c2b3]::rust_begin_unwind
[INFO] [stdout]    9:     0x600b8371557c - core[df12db4294e9bfd3]::panicking::panic_fmt
[INFO] [stdout]   10:     0x600b83715352 - core[df12db4294e9bfd3]::result::unwrap_failed
[INFO] [stdout]   11:     0x600b835479ab - <spc_utils[2b29031757f61901]::spc::api::Api>::fetch_latest_version
[INFO] [stdout]   12:     0x600b83561dbf - spc_utils[2b29031757f61901]::commands::latest::run
[INFO] [stdout]   13:     0x600b8355e9d7 - spc_utils[2b29031757f61901]::main
[INFO] [stdout]   14:     0x600b8355f74b - std[70759c8f55707aa4]::sys::backtrace::__rust_begin_short_backtrace::<fn(), ()>
[INFO] [stdout]   15:     0x600b83556519 - std[70759c8f55707aa4]::rt::lang_start::<()>::{closure#0}
[INFO] [stdout]   16:     0x600b836f6a09 - std[70759c8f55707aa4]::rt::lang_start_internal
[INFO] [stdout]   17:     0x600b8355ef75 - main
[INFO] [stdout]   18:     0x78f2d98b3601 - <unknown>
[INFO] [stdout]   19:     0x78f2d98b3718 - __libc_start_main
[INFO] [stdout]   20:     0x600b835296c5 - _start
[INFO] [stdout]   21:                0x0 - <unknown>
[INFO] [stdout] ```
[INFO] [stdout] 
[INFO] [stdout] 
[INFO] [stdout] stack backtrace:
[INFO] [stdout]    0:     0x5bd80bb7cda1 - <<std[70759c8f55707aa4]::sys::backtrace::BacktraceLock>::print::DisplayBacktrace as core[df12db4294e9bfd3]::fmt::Display>::fmt
[INFO] [stdout]    1:     0x5bd80bb93eaa - core[df12db4294e9bfd3]::fmt::write
[INFO] [stdout]    2:     0x5bd80bb8288c - <alloc[2182bb758b4b3781]::vec::Vec<u8> as core[df12db4294e9bfd3]::io::write::Write>::write_fmt
[INFO] [stdout]    3:     0x5bd80bb57496 - std[70759c8f55707aa4]::panicking::default_hook::{closure#0}
[INFO] [stdout]    4:     0x5bd80bb74759 - std[70759c8f55707aa4]::panicking::default_hook
[INFO] [stdout]    5:     0x5bd80ba3b3f0 - test[9d35eded1c95d3be]::test_main_inner::<test[9d35eded1c95d3be]::test_main_static::{closure#0}>::{closure#0}
[INFO] [stdout]    6:     0x5bd80bb74912 - std[70759c8f55707aa4]::panicking::panic_with_hook
[INFO] [stdout]    7:     0x5bd80bb57542 - std[70759c8f55707aa4]::panicking::panic_handler::{closure#0}
[INFO] [stdout]    8:     0x5bd80bb50019 - std[70759c8f55707aa4]::sys::backtrace::__rust_end_short_backtrace::<std[70759c8f55707aa4]::panicking::panic_handler::{closure#0}, !>
[INFO] [stdout]    9:     0x5bd80bb5813d - __rustc[8fa7c3cbc660c2b3]::rust_begin_unwind
[INFO] [stdout]   10:     0x5bd80bb9468c - core[df12db4294e9bfd3]::panicking::panic_fmt
[INFO] [stdout]   11:     0x5bd80ba70d73 - <assert_cmd[e249c6882311bfe6]::assert::AssertError>::panic::<assert_cmd[e249c6882311bfe6]::assert::Assert>
[INFO] [stdout]   12:     0x5bd80ba71636 - <assert_cmd[e249c6882311bfe6]::assert::Assert>::success
[INFO] [stdout]   13:     0x5bd80ba2a14e - <cli[ce03e707c89f4c62]::version_parsing_with_zero_minor::{closure#0} as core[df12db4294e9bfd3]::ops::function::FnOnce<()>>::call_once
[INFO] [stdout]   14:     0x5bd80ba2e6db - test[9d35eded1c95d3be]::__rust_begin_short_backtrace::<core[df12db4294e9bfd3]::result::Result<(), alloc[2182bb758b4b3781]::string::String>, fn() -> core[df12db4294e9bfd3]::result::Result<(), alloc[2182bb758b4b3781]::string::String>>
[INFO] [stdout]   15:     0x5bd80ba3bd45 - test[9d35eded1c95d3be]::run_test::{closure#0}
[INFO] [stdout]   16:     0x5bd80ba35604 - std[70759c8f55707aa4]::sys::backtrace::__rust_begin_short_backtrace::<test[9d35eded1c95d3be]::run_test::{closure#1}, ()>
[INFO] [stdout]   17:     0x5bd80ba3eea2 - <std[70759c8f55707aa4]::thread::lifecycle::spawn_unchecked<test[9d35eded1c95d3be]::run_test::{closure#1}, ()>::{closure#1} as core[df12db4294e9bfd3]::ops::function::FnOnce<()>>::call_once::{shim:vtable#0}
[INFO] [stdout]   18:     0x5bd80bb7c099 - <std[70759c8f55707aa4]::sys::thread::unix::Thread>::new::thread_start
[INFO] [stdout]   19:     0x73b4b5ddddfa - <unknown>
[INFO] [stdout]   20:     0x73b4b5e713d4 - clone
[INFO] [stdout]   21:                0x0 - <unknown>
[INFO] [stdout] 
[INFO] [stdout] ---- check_update_detects_outdated_version stdout ----
[INFO] [stdout] 
[INFO] [stdout] thread 'check_update_detects_outdated_version' (2115) panicked at /rustc/dfb0accb7f508ae8be965d8629557221c889dd98/library/core/src/ops/function.rs:250:5:
[INFO] [stdout] Unexpected failure.
[INFO] [stdout] code=101
[INFO] [stdout] stderr=``````
[INFO] [stdout] 
[INFO] [stdout] thread \'main\' (2180) panicked at src/spc/api.rs:149:56:
[INFO] [stdout] called `Result::unwrap()` on an `Err` value: reqwest::Error { kind: Request, url: \"https://dl.static-php.dev/static-php-cli/bulk?format=json\", source: hyper_util::client::legacy::Error(Connect, ConnectError(\"dns error\", Custom { kind: Uncategorized, error: \"failed to lookup address information: Temporary failure in name resolution\" })) }
[INFO] [stdout] stack backtrace:
[INFO] [stdout]    0:     0x5a8e3ed6fd61 - <<std[70759c8f55707aa4]::sys::backtrace::BacktraceLock>::print::DisplayBacktrace as core[df12db4294e9bfd3]::fmt::Display>::fmt
[INFO] [stdout]    1:     0x5a8e3ed86e1a - core[df12db4294e9bfd3]::fmt::write
[INFO] [stdout]    2:     0x5a8e3ed75dbc - <std[70759c8f55707aa4]::sys::stdio::unix::Stderr as core[df12db4294e9bfd3]::io::write::Write>::write_fmt
[INFO] [stdout]    3:     0x5a8e3ed4e006 - std[70759c8f55707aa4]::panicking::default_hook::{closure#0}
[INFO] [stdout]    4:     0x5a8e3ed69871 - std[70759c8f55707aa4]::panicking::default_hook
[INFO] [stdout]    5:     0x5a8e3ed69b9b - std[70759c8f55707aa4]::panicking::panic_with_hook
[INFO] [stdout]    6:     0x5a8e3ed4e0b2 - std[70759c8f55707aa4]::panicking::panic_handler::{closure#0}
[INFO] [stdout]    7:     0x5a8e3ed46aa9 - std[70759c8f55707aa4]::sys::backtrace::__rust_end_short_backtrace::<std[70759c8f55707aa4]::panicking::panic_handler::{closure#0}, !>
[INFO] [stdout]    8:     0x5a8e3ed4eabd - __rustc[8fa7c3cbc660c2b3]::rust_begin_unwind
[INFO] [stdout]    9:     0x5a8e3ed8757c - core[df12db4294e9bfd3]::panicking::panic_fmt
[INFO] [stdout]   10:     0x5a8e3ed87352 - core[df12db4294e9bfd3]::result::unwrap_failed
[INFO] [stdout]   11:     0x5a8e3ebb99ab - <spc_utils[2b29031757f61901]::spc::api::Api>::fetch_latest_version
[INFO] [stdout]   12:     0x5a8e3ebd30f8 - spc_utils[2b29031757f61901]::commands::check_update::run
[INFO] [stdout]   13:     0x5a8e3ebd0a75 - spc_utils[2b29031757f61901]::main
[INFO] [stdout]   14:     0x5a8e3ebd174b - std[70759c8f55707aa4]::sys::backtrace::__rust_begin_short_backtrace::<fn(), ()>
[INFO] [stdout]   15:     0x5a8e3ebc8519 - std[70759c8f55707aa4]::rt::lang_start::<()>::{closure#0}
[INFO] [stdout]   16:     0x5a8e3ed68a09 - std[70759c8f55707aa4]::rt::lang_start_internal
[INFO] [stdout]   17:     0x5a8e3ebd0f75 - main
[INFO] [stdout]   18:     0x759f87826601 - <unknown>
[INFO] [stdout]   19:     0x759f87826718 - __libc_start_main
[INFO] [stdout]   20:     0x5a8e3eb9b6c5 - _start
[INFO] [stdout]   21:                0x0 - <unknown>
[INFO] [stdout] ```
[INFO] [stdout] ```
[INFO] [stdout] command=`"/opt/rustwide/target/release/spc-utils" "check-update" "-V" "8.0.0" "--no-cache"`
[INFO] [stdout] code=101
[INFO] [stdout] stdout=""
[INFO] [stdout] stderr=```
[INFO] [stdout] 
[INFO] [stdout] thread \'main\' (2180) panicked at src/spc/api.rs:149:56:
[INFO] [stdout] called `Result::unwrap()` on an `Err` value: reqwest::Error { kind: Request, url: \"https://dl.static-php.dev/static-php-cli/bulk?format=json\", source: hyper_util::client::legacy::Error(Connect, ConnectError(\"dns error\", Custom { kind: Uncategorized, error: \"failed to lookup address information: Temporary failure in name resolution\" })) }
[INFO] [stdout] stack backtrace:
[INFO] [stdout]    0:     0x5a8e3ed6fd61 - <<std[70759c8f55707aa4]::sys::backtrace::BacktraceLock>::print::DisplayBacktrace as core[df12db4294e9bfd3]::fmt::Display>::fmt
[INFO] [stdout]    1:     0x5a8e3ed86e1a - core[df12db4294e9bfd3]::fmt::write
[INFO] [stdout]    2:     0x5a8e3ed75dbc - <std[70759c8f55707aa4]::sys::stdio::unix::Stderr as core[df12db4294e9bfd3]::io::write::Write>::write_fmt
[INFO] [stdout]    3:     0x5a8e3ed4e006 - std[70759c8f55707aa4]::panicking::default_hook::{closure#0}
[INFO] [stdout]    4:     0x5a8e3ed69871 - std[70759c8f55707aa4]::panicking::default_hook
[INFO] [stdout]    5:     0x5a8e3ed69b9b - std[70759c8f55707aa4]::panicking::panic_with_hook
[INFO] [stdout]    6:     0x5a8e3ed4e0b2 - std[70759c8f55707aa4]::panicking::panic_handler::{closure#0}
[INFO] [stdout]    7:     0x5a8e3ed46aa9 - std[70759c8f55707aa4]::sys::backtrace::__rust_end_short_backtrace::<std[70759c8f55707aa4]::panicking::panic_handler::{closure#0}, !>
[INFO] [stdout]    8:     0x5a8e3ed4eabd - __rustc[8fa7c3cbc660c2b3]::rust_begin_unwind
[INFO] [stdout]    9:     0x5a8e3ed8757c - core[df12db4294e9bfd3]::panicking::panic_fmt
[INFO] [stdout]   10:     0x5a8e3ed87352 - core[df12db4294e9bfd3]::result::unwrap_failed
[INFO] [stdout]   11:     0x5a8e3ebb99ab - <spc_utils[2b29031757f61901]::spc::api::Api>::fetch_latest_version
[INFO] [stdout]   12:     0x5a8e3ebd30f8 - spc_utils[2b29031757f61901]::commands::check_update::run
[INFO] [stdout]   13:     0x5a8e3ebd0a75 - spc_utils[2b29031757f61901]::main
[INFO] [stdout]   14:     0x5a8e3ebd174b - std[70759c8f55707aa4]::sys::backtrace::__rust_begin_short_backtrace::<fn(), ()>
[INFO] [stdout]   15:     0x5a8e3ebc8519 - std[70759c8f55707aa4]::rt::lang_start::<()>::{closure#0}
[INFO] [stdout]   16:     0x5a8e3ed68a09 - std[70759c8f55707aa4]::rt::lang_start_internal
[INFO] [stdout]   17:     0x5a8e3ebd0f75 - main
[INFO] [stdout]   18:     0x759f87826601 - <unknown>
[INFO] [stdout]   19:     0x759f87826718 - __libc_start_main
[INFO] [stdout]   20:     0x5a8e3eb9b6c5 - _start
[INFO] [stdout]   21:                0x0 - <unknown>
[INFO] [stdout] ```
[INFO] [stdout] 
[INFO] [stdout] 
[INFO] [stdout] stack backtrace:
[INFO] [stdout]    0:     0x5bd80bb7cda1 - <<std[70759c8f55707aa4]::sys::backtrace::BacktraceLock>::print::DisplayBacktrace as core[df12db4294e9bfd3]::fmt::Display>::fmt
[INFO] [stdout]    1:     0x5bd80bb93eaa - core[df12db4294e9bfd3]::fmt::write
[INFO] [stdout]    2:     0x5bd80bb8288c - <alloc[2182bb758b4b3781]::vec::Vec<u8> as core[df12db4294e9bfd3]::io::write::Write>::write_fmt
[INFO] [stdout]    3:     0x5bd80bb57496 - std[70759c8f55707aa4]::panicking::default_hook::{closure#0}
[INFO] [stdout]    4:     0x5bd80bb74759 - std[70759c8f55707aa4]::panicking::default_hook
[INFO] [stdout]    5:     0x5bd80ba3b3f0 - test[9d35eded1c95d3be]::test_main_inner::<test[9d35eded1c95d3be]::test_main_static::{closure#0}>::{closure#0}
[INFO] [stdout]    6:     0x5bd80bb74912 - std[70759c8f55707aa4]::panicking::panic_with_hook
[INFO] [stdout]    7:     0x5bd80bb57542 - std[70759c8f55707aa4]::panicking::panic_handler::{closure#0}
[INFO] [stdout]    8:     0x5bd80bb50019 - std[70759c8f55707aa4]::sys::backtrace::__rust_end_short_backtrace::<std[70759c8f55707aa4]::panicking::panic_handler::{closure#0}, !>
[INFO] [stdout]    9:     0x5bd80bb5813d - __rustc[8fa7c3cbc660c2b3]::rust_begin_unwind
[INFO] [stdout]   10:     0x5bd80bb9468c - core[df12db4294e9bfd3]::panicking::panic_fmt
[INFO] [stdout]   11:     0x5bd80ba70d73 - <assert_cmd[e249c6882311bfe6]::assert::AssertError>::panic::<assert_cmd[e249c6882311bfe6]::assert::Assert>
[INFO] [stdout]   12:     0x5bd80ba71636 - <assert_cmd[e249c6882311bfe6]::assert::Assert>::success
[INFO] [stdout]   13:     0x5bd80ba2a3de - <cli[ce03e707c89f4c62]::check_update_detects_outdated_version::{closure#0} as core[df12db4294e9bfd3]::ops::function::FnOnce<()>>::call_once
[INFO] [stdout]   14:     0x5bd80ba2e6db - test[9d35eded1c95d3be]::__rust_begin_short_backtrace::<core[df12db4294e9bfd3]::result::Result<(), alloc[2182bb758b4b3781]::string::String>, fn() -> core[df12db4294e9bfd3]::result::Result<(), alloc[2182bb758b4b3781]::string::String>>
[INFO] [stdout]   15:     0x5bd80ba3bd45 - test[9d35eded1c95d3be]::run_test::{closure#0}
[INFO] [stdout]   16:     0x5bd80ba35604 - std[70759c8f55707aa4]::sys::backtrace::__rust_begin_short_backtrace::<test[9d35eded1c95d3be]::run_test::{closure#1}, ()>
[INFO] [stdout]   17:     0x5bd80ba3eea2 - <std[70759c8f55707aa4]::thread::lifecycle::spawn_unchecked<test[9d35eded1c95d3be]::run_test::{closure#1}, ()>::{closure#1} as core[df12db4294e9bfd3]::ops::function::FnOnce<()>>::call_once::{shim:vtable#0}
[INFO] [stdout]   18:     0x5bd80bb7c099 - <std[70759c8f55707aa4]::sys::thread::unix::Thread>::new::thread_start
[INFO] [stdout]   19:     0x73b4b5ddddfa - <unknown>
[INFO] [stdout]   20:     0x73b4b5e713d4 - clone
[INFO] [stdout]   21:                0x0 - <unknown>
[INFO] [stdout] 
[INFO] [stdout] ---- download_with_category_and_build_type stdout ----
[INFO] [stdout] 
[INFO] [stdout] thread 'download_with_category_and_build_type' (2120) panicked at tests/cli.rs:132:5:
[INFO] [stdout] assertion failed: output_path.exists()
[INFO] [stdout] stack backtrace:
[INFO] [stdout]    0:     0x5bd80bb7cda1 - <<std[70759c8f55707aa4]::sys::backtrace::BacktraceLock>::print::DisplayBacktrace as core[df12db4294e9bfd3]::fmt::Display>::fmt
[INFO] [stdout]    1:     0x5bd80bb93eaa - core[df12db4294e9bfd3]::fmt::write
[INFO] [stdout]    2:     0x5bd80bb8288c - <alloc[2182bb758b4b3781]::vec::Vec<u8> as core[df12db4294e9bfd3]::io::write::Write>::write_fmt
[INFO] [stdout]    3:     0x5bd80bb57496 - std[70759c8f55707aa4]::panicking::default_hook::{closure#0}
[INFO] [stdout]    4:     0x5bd80bb74759 - std[70759c8f55707aa4]::panicking::default_hook
[INFO] [stdout]    5:     0x5bd80ba3b3f0 - test[9d35eded1c95d3be]::test_main_inner::<test[9d35eded1c95d3be]::test_main_static::{closure#0}>::{closure#0}
[INFO] [stdout]    6:     0x5bd80bb74912 - std[70759c8f55707aa4]::panicking::panic_with_hook
[INFO] [stdout]    7:     0x5bd80bb57574 - std[70759c8f55707aa4]::panicking::panic_handler::{closure#0}
[INFO] [stdout]    8:     0x5bd80bb50019 - std[70759c8f55707aa4]::sys::backtrace::__rust_end_short_backtrace::<std[70759c8f55707aa4]::panicking::panic_handler::{closure#0}, !>
[INFO] [stdout]    9:     0x5bd80bb5813d - __rustc[8fa7c3cbc660c2b3]::rust_begin_unwind
[INFO] [stdout]   10:     0x5bd80bb9468c - core[df12db4294e9bfd3]::panicking::panic_fmt
[INFO] [stdout]   11:     0x5bd80bb94652 - core[df12db4294e9bfd3]::panicking::panic
[INFO] [stdout]   12:     0x5bd80ba2a8b1 - <cli[ce03e707c89f4c62]::download_with_category_and_build_type::{closure#0} as core[df12db4294e9bfd3]::ops::function::FnOnce<()>>::call_once
[INFO] [stdout]   13:     0x5bd80ba2e6db - test[9d35eded1c95d3be]::__rust_begin_short_backtrace::<core[df12db4294e9bfd3]::result::Result<(), alloc[2182bb758b4b3781]::string::String>, fn() -> core[df12db4294e9bfd3]::result::Result<(), alloc[2182bb758b4b3781]::string::String>>
[INFO] [stdout]   14:     0x5bd80ba3bd45 - test[9d35eded1c95d3be]::run_test::{closure#0}
[INFO] [stdout]   15:     0x5bd80ba35604 - std[70759c8f55707aa4]::sys::backtrace::__rust_begin_short_backtrace::<test[9d35eded1c95d3be]::run_test::{closure#1}, ()>
[INFO] [stdout]   16:     0x5bd80ba3eea2 - <std[70759c8f55707aa4]::thread::lifecycle::spawn_unchecked<test[9d35eded1c95d3be]::run_test::{closure#1}, ()>::{closure#1} as core[df12db4294e9bfd3]::ops::function::FnOnce<()>>::call_once::{shim:vtable#0}
[INFO] [stdout]   17:     0x5bd80bb7c099 - <std[70759c8f55707aa4]::sys::thread::unix::Thread>::new::thread_start
[INFO] [stdout]   18:     0x73b4b5ddddfa - <unknown>
[INFO] [stdout]   19:     0x73b4b5e713d4 - clone
[INFO] [stdout]   20:                0x0 - <unknown>
[INFO] [stdout] 
[INFO] [stdout] ---- check_update_shows_download_url stdout ----
[INFO] [stdout] 
[INFO] [stdout] thread 'check_update_shows_download_url' (2116) panicked at /rustc/dfb0accb7f508ae8be965d8629557221c889dd98/library/core/src/ops/function.rs:250:5:
[INFO] [stdout] Unexpected failure.
[INFO] [stdout] code=101
[INFO] [stdout] stderr=``````
[INFO] [stdout] 
[INFO] [stdout] thread \'main\' (2127) panicked at src/spc/api.rs:149:56:
[INFO] [stdout] called `Result::unwrap()` on an `Err` value: reqwest::Error { kind: Request, url: \"https://dl.static-php.dev/static-php-cli/bulk?format=json\", source: hyper_util::client::legacy::Error(Connect, ConnectError(\"dns error\", Custom { kind: Uncategorized, error: \"failed to lookup address information: Temporary failure in name resolution\" })) }
[INFO] [stdout] stack backtrace:
[INFO] [stdout]    0:     0x59d2ea2d5d61 - <<std[70759c8f55707aa4]::sys::backtrace::BacktraceLock>::print::DisplayBacktrace as core[df12db4294e9bfd3]::fmt::Display>::fmt
[INFO] [stdout]    1:     0x59d2ea2ece1a - core[df12db4294e9bfd3]::fmt::write
[INFO] [stdout]    2:     0x59d2ea2dbdbc - <std[70759c8f55707aa4]::sys::stdio::unix::Stderr as core[df12db4294e9bfd3]::io::write::Write>::write_fmt
[INFO] [stdout]    3:     0x59d2ea2b4006 - std[70759c8f55707aa4]::panicking::default_hook::{closure#0}
[INFO] [stdout]    4:     0x59d2ea2cf871 - std[70759c8f55707aa4]::panicking::default_hook
[INFO] [stdout]    5:     0x59d2ea2cfb9b - std[70759c8f55707aa4]::panicking::panic_with_hook
[INFO] [stdout]    6:     0x59d2ea2b40b2 - std[70759c8f55707aa4]::panicking::panic_handler::{closure#0}
[INFO] [stdout]    7:     0x59d2ea2acaa9 - std[70759c8f55707aa4]::sys::backtrace::__rust_end_short_backtrace::<std[70759c8f55707aa4]::panicking::panic_handler::{closure#0}, !>
[INFO] [stdout]    8:     0x59d2ea2b4abd - __rustc[8fa7c3cbc660c2b3]::rust_begin_unwind
[INFO] [stdout]    9:     0x59d2ea2ed57c - core[df12db4294e9bfd3]::panicking::panic_fmt
[INFO] [stdout]   10:     0x59d2ea2ed352 - core[df12db4294e9bfd3]::result::unwrap_failed
[INFO] [stdout]   11:     0x59d2ea11f9ab - <spc_utils[2b29031757f61901]::spc::api::Api>::fetch_latest_version
[INFO] [stdout]   12:     0x59d2ea1390f8 - spc_utils[2b29031757f61901]::commands::check_update::run
[INFO] [stdout]   13:     0x59d2ea136a75 - spc_utils[2b29031757f61901]::main
[INFO] [stdout]   14:     0x59d2ea13774b - std[70759c8f55707aa4]::sys::backtrace::__rust_begin_short_backtrace::<fn(), ()>
[INFO] [stdout]   15:     0x59d2ea12e519 - std[70759c8f55707aa4]::rt::lang_start::<()>::{closure#0}
[INFO] [stdout]   16:     0x59d2ea2cea09 - std[70759c8f55707aa4]::rt::lang_start_internal
[INFO] [stdout]   17:     0x59d2ea136f75 - main
[INFO] [stdout]   18:     0x7580f6582601 - <unknown>
[INFO] [stdout]   19:     0x7580f6582718 - __libc_start_main
[INFO] [stdout]   20:     0x59d2ea1016c5 - _start
[INFO] [stdout]   21:                0x0 - <unknown>
[INFO] [stdout] ```
[INFO] [stdout] ```
[INFO] [stdout] command=`"/opt/rustwide/target/release/spc-utils" "check-update" "-V" "8.0.0" "--no-cache"`
[INFO] [stdout] code=101
[INFO] [stdout] stdout=""
[INFO] [stdout] stderr=```
[INFO] [stdout] 
[INFO] [stdout] thread \'main\' (2127) panicked at src/spc/api.rs:149:56:
[INFO] [stdout] called `Result::unwrap()` on an `Err` value: reqwest::Error { kind: Request, url: \"https://dl.static-php.dev/static-php-cli/bulk?format=json\", source: hyper_util::client::legacy::Error(Connect, ConnectError(\"dns error\", Custom { kind: Uncategorized, error: \"failed to lookup address information: Temporary failure in name resolution\" })) }
[INFO] [stdout] stack backtrace:
[INFO] [stdout]    0:     0x59d2ea2d5d61 - <<std[70759c8f55707aa4]::sys::backtrace::BacktraceLock>::print::DisplayBacktrace as core[df12db4294e9bfd3]::fmt::Display>::fmt
[INFO] [stdout]    1:     0x59d2ea2ece1a - core[df12db4294e9bfd3]::fmt::write
[INFO] [stdout]    2:     0x59d2ea2dbdbc - <std[70759c8f55707aa4]::sys::stdio::unix::Stderr as core[df12db4294e9bfd3]::io::write::Write>::write_fmt
[INFO] [stdout]    3:     0x59d2ea2b4006 - std[70759c8f55707aa4]::panicking::default_hook::{closure#0}
[INFO] [stdout]    4:     0x59d2ea2cf871 - std[70759c8f55707aa4]::panicking::default_hook
[INFO] [stdout]    5:     0x59d2ea2cfb9b - std[70759c8f55707aa4]::panicking::panic_with_hook
[INFO] [stdout]    6:     0x59d2ea2b40b2 - std[70759c8f55707aa4]::panicking::panic_handler::{closure#0}
[INFO] [stdout]    7:     0x59d2ea2acaa9 - std[70759c8f55707aa4]::sys::backtrace::__rust_end_short_backtrace::<std[70759c8f55707aa4]::panicking::panic_handler::{closure#0}, !>
[INFO] [stdout]    8:     0x59d2ea2b4abd - __rustc[8fa7c3cbc660c2b3]::rust_begin_unwind
[INFO] [stdout]    9:     0x59d2ea2ed57c - core[df12db4294e9bfd3]::panicking::panic_fmt
[INFO] [stdout]   10:     0x59d2ea2ed352 - core[df12db4294e9bfd3]::result::unwrap_failed
[INFO] [stdout]   11:     0x59d2ea11f9ab - <spc_utils[2b29031757f61901]::spc::api::Api>::fetch_latest_version
[INFO] [stdout]   12:     0x59d2ea1390f8 - spc_utils[2b29031757f61901]::commands::check_update::run
[INFO] [stdout]   13:     0x59d2ea136a75 - spc_utils[2b29031757f61901]::main
[INFO] [stdout]   14:     0x59d2ea13774b - std[70759c8f55707aa4]::sys::backtrace::__rust_begin_short_backtrace::<fn(), ()>
[INFO] [stdout]   15:     0x59d2ea12e519 - std[70759c8f55707aa4]::rt::lang_start::<()>::{closure#0}
[INFO] [stdout]   16:     0x59d2ea2cea09 - std[70759c8f55707aa4]::rt::lang_start_internal
[INFO] [stdout]   17:     0x59d2ea136f75 - main
[INFO] [stdout]   18:     0x7580f6582601 - <unknown>
[INFO] [stdout]   19:     0x7580f6582718 - __libc_start_main
[INFO] [stdout]   20:     0x59d2ea1016c5 - _start
[INFO] [stdout]   21:                0x0 - <unknown>
[INFO] [stdout] ```
[INFO] [stdout] 
[INFO] [stdout] 
[INFO] [stdout] stack backtrace:
[INFO] [stdout]    0:     0x5bd80bb7cda1 - <<std[70759c8f55707aa4]::sys::backtrace::BacktraceLock>::print::DisplayBacktrace as core[df12db4294e9bfd3]::fmt::Display>::fmt
[INFO] [stdout]    1:     0x5bd80bb93eaa - core[df12db4294e9bfd3]::fmt::write
[INFO] [stdout]    2:     0x5bd80bb8288c - <alloc[2182bb758b4b3781]::vec::Vec<u8> as core[df12db4294e9bfd3]::io::write::Write>::write_fmt
[INFO] [stdout]    3:     0x5bd80bb57496 - std[70759c8f55707aa4]::panicking::default_hook::{closure#0}
[INFO] [stdout]    4:     0x5bd80bb74759 - std[70759c8f55707aa4]::panicking::default_hook
[INFO] [stdout]    5:     0x5bd80ba3b3f0 - test[9d35eded1c95d3be]::test_main_inner::<test[9d35eded1c95d3be]::test_main_static::{closure#0}>::{closure#0}
[INFO] [stdout]    6:     0x5bd80bb74912 - std[70759c8f55707aa4]::panicking::panic_with_hook
[INFO] [stdout]    7:     0x5bd80bb57542 - std[70759c8f55707aa4]::panicking::panic_handler::{closure#0}
[INFO] [stdout]    8:     0x5bd80bb50019 - std[70759c8f55707aa4]::sys::backtrace::__rust_end_short_backtrace::<std[70759c8f55707aa4]::panicking::panic_handler::{closure#0}, !>
[INFO] [stdout]    9:     0x5bd80bb5813d - __rustc[8fa7c3cbc660c2b3]::rust_begin_unwind
[INFO] [stdout]   10:     0x5bd80bb9468c - core[df12db4294e9bfd3]::panicking::panic_fmt
[INFO] [stdout]   11:     0x5bd80ba70d73 - <assert_cmd[e249c6882311bfe6]::assert::AssertError>::panic::<assert_cmd[e249c6882311bfe6]::assert::Assert>
[INFO] [stdout]   12:     0x5bd80ba71636 - <assert_cmd[e249c6882311bfe6]::assert::Assert>::success
[INFO] [stdout]   13:     0x5bd80ba29eae - <cli[ce03e707c89f4c62]::check_update_shows_download_url::{closure#0} as core[df12db4294e9bfd3]::ops::function::FnOnce<()>>::call_once
[INFO] [stdout]   14:     0x5bd80ba2e6db - test[9d35eded1c95d3be]::__rust_begin_short_backtrace::<core[df12db4294e9bfd3]::result::Result<(), alloc[2182bb758b4b3781]::string::String>, fn() -> core[df12db4294e9bfd3]::result::Result<(), alloc[2182bb758b4b3781]::string::String>>
[INFO] [stdout]   15:     0x5bd80ba3bd45 - test[9d35eded1c95d3be]::run_test::{closure#0}
[INFO] [stdout]   16:     0x5bd80ba35604 - std[70759c8f55707aa4]::sys::backtrace::__rust_begin_short_backtrace::<test[9d35eded1c95d3be]::run_test::{closure#1}, ()>
[INFO] [stdout]   17:     0x5bd80ba3eea2 - <std[70759c8f55707aa4]::thread::lifecycle::spawn_unchecked<test[9d35eded1c95d3be]::run_test::{closure#1}, ()>::{closure#1} as core[df12db4294e9bfd3]::ops::function::FnOnce<()>>::call_once::{shim:vtable#0}
[INFO] [stdout]   18:     0x5bd80bb7c099 - <std[70759c8f55707aa4]::sys::thread::unix::Thread>::new::thread_start
[INFO] [stdout]   19:     0x73b4b5ddddfa - <unknown>
[INFO] [stdout]   20:     0x73b4b5e713d4 - clone
[INFO] [stdout]   21:                0x0 - <unknown>
[INFO] [stdout] 
[INFO] [stdout] ---- latest_with_build_type stdout ----
[INFO] [stdout] 
[INFO] [stdout] thread 'latest_with_build_type' (2157) panicked at /rustc/dfb0accb7f508ae8be965d8629557221c889dd98/library/core/src/ops/function.rs:250:5:
[INFO] [stdout] Unexpected failure.
[INFO] [stdout] code=101
[INFO] [stdout] stderr=``````
[INFO] [stdout] 
[INFO] [stdout] thread \'main\' (2158) panicked at src/spc/api.rs:149:56:
[INFO] [stdout] called `Result::unwrap()` on an `Err` value: reqwest::Error { kind: Request, url: \"https://dl.static-php.dev/static-php-cli/bulk?format=json\", source: hyper_util::client::legacy::Error(Connect, ConnectError(\"dns error\", Custom { kind: Uncategorized, error: \"failed to lookup address information: Temporary failure in name resolution\" })) }
[INFO] [stdout] stack backtrace:
[INFO] [stdout]    0:     0x5d9bbfcd1d61 - <<std[70759c8f55707aa4]::sys::backtrace::BacktraceLock>::print::DisplayBacktrace as core[df12db4294e9bfd3]::fmt::Display>::fmt
[INFO] [stdout]    1:     0x5d9bbfce8e1a - core[df12db4294e9bfd3]::fmt::write
[INFO] [stdout]    2:     0x5d9bbfcd7dbc - <std[70759c8f55707aa4]::sys::stdio::unix::Stderr as core[df12db4294e9bfd3]::io::write::Write>::write_fmt
[INFO] [stdout]    3:     0x5d9bbfcb0006 - std[70759c8f55707aa4]::panicking::default_hook::{closure#0}
[INFO] [stdout]    4:     0x5d9bbfccb871 - std[70759c8f55707aa4]::panicking::default_hook
[INFO] [stdout]    5:     0x5d9bbfccbb9b - std[70759c8f55707aa4]::panicking::panic_with_hook
[INFO] [stdout]    6:     0x5d9bbfcb00b2 - std[70759c8f55707aa4]::panicking::panic_handler::{closure#0}
[INFO] [stdout]    7:     0x5d9bbfca8aa9 - std[70759c8f55707aa4]::sys::backtrace::__rust_end_short_backtrace::<std[70759c8f55707aa4]::panicking::panic_handler::{closure#0}, !>
[INFO] [stdout]    8:     0x5d9bbfcb0abd - __rustc[8fa7c3cbc660c2b3]::rust_begin_unwind
[INFO] [stdout]    9:     0x5d9bbfce957c - core[df12db4294e9bfd3]::panicking::panic_fmt
[INFO] [stdout]   10:     0x5d9bbfce9352 - core[df12db4294e9bfd3]::result::unwrap_failed
[INFO] [stdout]   11:     0x5d9bbfb1b9ab - <spc_utils[2b29031757f61901]::spc::api::Api>::fetch_latest_version
[INFO] [stdout]   12:     0x5d9bbfb35dbf - spc_utils[2b29031757f61901]::commands::latest::run
[INFO] [stdout]   13:     0x5d9bbfb329d7 - spc_utils[2b29031757f61901]::main
[INFO] [stdout]   14:     0x5d9bbfb3374b - std[70759c8f55707aa4]::sys::backtrace::__rust_begin_short_backtrace::<fn(), ()>
[INFO] [stdout]   15:     0x5d9bbfb2a519 - std[70759c8f55707aa4]::rt::lang_start::<()>::{closure#0}
[INFO] [stdout]   16:     0x5d9bbfccaa09 - std[70759c8f55707aa4]::rt::lang_start_internal
[INFO] [stdout]   17:     0x5d9bbfb32f75 - main
[INFO] [stdout]   18:     0x7e35f4723601 - <unknown>
[INFO] [stdout]   19:     0x7e35f4723718 - __libc_start_main
[INFO] [stdout]   20:     0x5d9bbfafd6c5 - _start
[INFO] [stdout]   21:                0x0 - <unknown>
[INFO] [stdout] ```
[INFO] [stdout] ```
[INFO] [stdout] command=`"/opt/rustwide/target/release/spc-utils" "latest" "-B" "micro" "--no-cache"`
[INFO] [stdout] code=101
[INFO] [stdout] stdout=""
[INFO] [stdout] stderr=```
[INFO] [stdout] 
[INFO] [stdout] thread \'main\' (2158) panicked at src/spc/api.rs:149:56:
[INFO] [stdout] called `Result::unwrap()` on an `Err` value: reqwest::Error { kind: Request, url: \"https://dl.static-php.dev/static-php-cli/bulk?format=json\", source: hyper_util::client::legacy::Error(Connect, ConnectError(\"dns error\", Custom { kind: Uncategorized, error: \"failed to lookup address information: Temporary failure in name resolution\" })) }
[INFO] [stdout] stack backtrace:
[INFO] [stdout]    0:     0x5d9bbfcd1d61 - <<std[70759c8f55707aa4]::sys::backtrace::BacktraceLock>::print::DisplayBacktrace as core[df12db4294e9bfd3]::fmt::Display>::fmt
[INFO] [stdout]    1:     0x5d9bbfce8e1a - core[df12db4294e9bfd3]::fmt::write
[INFO] [stdout]    2:     0x5d9bbfcd7dbc - <std[70759c8f55707aa4]::sys::stdio::unix::Stderr as core[df12db4294e9bfd3]::io::write::Write>::write_fmt
[INFO] [stdout]    3:     0x5d9bbfcb0006 - std[70759c8f55707aa4]::panicking::default_hook::{closure#0}
[INFO] [stdout]    4:     0x5d9bbfccb871 - std[70759c8f55707aa4]::panicking::default_hook
[INFO] [stdout]    5:     0x5d9bbfccbb9b - std[70759c8f55707aa4]::panicking::panic_with_hook
[INFO] [stdout]    6:     0x5d9bbfcb00b2 - std[70759c8f55707aa4]::panicking::panic_handler::{closure#0}
[INFO] [stdout]    7:     0x5d9bbfca8aa9 - std[70759c8f55707aa4]::sys::backtrace::__rust_end_short_backtrace::<std[70759c8f55707aa4]::panicking::panic_handler::{closure#0}, !>
[INFO] [stdout]    8:     0x5d9bbfcb0abd - __rustc[8fa7c3cbc660c2b3]::rust_begin_unwind
[INFO] [stdout]    9:     0x5d9bbfce957c - core[df12db4294e9bfd3]::panicking::panic_fmt
[INFO] [stdout]   10:     0x5d9bbfce9352 - core[df12db4294e9bfd3]::result::unwrap_failed
[INFO] [stdout]   11:     0x5d9bbfb1b9ab - <spc_utils[2b29031757f61901]::spc::api::Api>::fetch_latest_version
[INFO] [stdout]   12:     0x5d9bbfb35dbf - spc_utils[2b29031757f61901]::commands::latest::run
[INFO] [stdout]   13:     0x5d9bbfb329d7 - spc_utils[2b29031757f61901]::main
[INFO] [stdout]   14:     0x5d9bbfb3374b - std[70759c8f55707aa4]::sys::backtrace::__rust_begin_short_backtrace::<fn(), ()>
[INFO] [stdout]   15:     0x5d9bbfb2a519 - std[70759c8f55707aa4]::rt::lang_start::<()>::{closure#0}
[INFO] [stdout]   16:     0x5d9bbfccaa09 - std[70759c8f55707aa4]::rt::lang_start_internal
[INFO] [stdout]   17:     0x5d9bbfb32f75 - main
[INFO] [stdout]   18:     0x7e35f4723601 - <unknown>
[INFO] [stdout]   19:     0x7e35f4723718 - __libc_start_main
[INFO] [stdout]   20:     0x5d9bbfafd6c5 - _start
[INFO] [stdout]   21:                0x0 - <unknown>
[INFO] [stdout] ```
[INFO] [stdout] 
[INFO] [stdout] 
[INFO] [stdout] stack backtrace:
[INFO] [stdout]    0:     0x5bd80bb7cda1 - <<std[70759c8f55707aa4]::sys::backtrace::BacktraceLock>::print::DisplayBacktrace as core[df12db4294e9bfd3]::fmt::Display>::fmt
[INFO] [stdout]    1:     0x5bd80bb93eaa - core[df12db4294e9bfd3]::fmt::write
[INFO] [stdout]    2:     0x5bd80bb8288c - <alloc[2182bb758b4b3781]::vec::Vec<u8> as core[df12db4294e9bfd3]::io::write::Write>::write_fmt
[INFO] [stdout]    3:     0x5bd80bb57496 - std[70759c8f55707aa4]::panicking::default_hook::{closure#0}
[INFO] [stdout]    4:     0x5bd80bb74759 - std[70759c8f55707aa4]::panicking::default_hook
[INFO] [stdout]    5:     0x5bd80ba3b3f0 - test[9d35eded1c95d3be]::test_main_inner::<test[9d35eded1c95d3be]::test_main_static::{closure#0}>::{closure#0}
[INFO] [stdout]    6:     0x5bd80bb74912 - std[70759c8f55707aa4]::panicking::panic_with_hook
[INFO] [stdout]    7:     0x5bd80bb57542 - std[70759c8f55707aa4]::panicking::panic_handler::{closure#0}
[INFO] [stdout]    8:     0x5bd80bb50019 - std[70759c8f55707aa4]::sys::backtrace::__rust_end_short_backtrace::<std[70759c8f55707aa4]::panicking::panic_handler::{closure#0}, !>
[INFO] [stdout]    9:     0x5bd80bb5813d - __rustc[8fa7c3cbc660c2b3]::rust_begin_unwind
[INFO] [stdout]   10:     0x5bd80bb9468c - core[df12db4294e9bfd3]::panicking::panic_fmt
[INFO] [stdout]   11:     0x5bd80ba70d73 - <assert_cmd[e249c6882311bfe6]::assert::AssertError>::panic::<assert_cmd[e249c6882311bfe6]::assert::Assert>
[INFO] [stdout]   12:     0x5bd80ba71636 - <assert_cmd[e249c6882311bfe6]::assert::Assert>::success
[INFO] [stdout]   13:     0x5bd80ba28521 - <cli[ce03e707c89f4c62]::latest_with_build_type::{closure#0} as core[df12db4294e9bfd3]::ops::function::FnOnce<()>>::call_once
[INFO] [stdout]   14:     0x5bd80ba2e6db - test[9d35eded1c95d3be]::__rust_begin_short_backtrace::<core[df12db4294e9bfd3]::result::Result<(), alloc[2182bb758b4b3781]::string::String>, fn() -> core[df12db4294e9bfd3]::result::Result<(), alloc[2182bb758b4b3781]::string::String>>
[INFO] [stdout]   15:     0x5bd80ba3bd45 - test[9d35eded1c95d3be]::run_test::{closure#0}
[INFO] [stdout]   16:     0x5bd80ba35604 - std[70759c8f55707aa4]::sys::backtrace::__rust_begin_short_backtrace::<test[9d35eded1c95d3be]::run_test::{closure#1}, ()>
[INFO] [stdout]   17:     0x5bd80ba3eea2 - <std[70759c8f55707aa4]::thread::lifecycle::spawn_unchecked<test[9d35eded1c95d3be]::run_test::{closure#1}, ()>::{closure#1} as core[df12db4294e9bfd3]::ops::function::FnOnce<()>>::call_once::{shim:vtable#0}
[INFO] [stdout]   18:     0x5bd80bb7c099 - <std[70759c8f55707aa4]::sys::thread::unix::Thread>::new::thread_start
[INFO] [stdout]   19:     0x73b4b5ddddfa - <unknown>
[INFO] [stdout]   20:     0x73b4b5e713d4 - clone
[INFO] [stdout]   21:                0x0 - <unknown>
[INFO] [stdout] 
[INFO] [stdout] ---- latest_with_version_filter stdout ----
[INFO] [stdout] 
[INFO] [stdout] thread 'latest_with_version_filter' (2175) panicked at /rustc/dfb0accb7f508ae8be965d8629557221c889dd98/library/core/src/ops/function.rs:250:5:
[INFO] [stdout] Unexpected failure.
[INFO] [stdout] code=101
[INFO] [stdout] stderr=``````
[INFO] [stdout] 
[INFO] [stdout] thread \'main\' (2197) panicked at src/spc/api.rs:149:56:
[INFO] [stdout] called `Result::unwrap()` on an `Err` value: reqwest::Error { kind: Request, url: \"https://dl.static-php.dev/static-php-cli/bulk?format=json\", source: hyper_util::client::legacy::Error(Connect, ConnectError(\"dns error\", Custom { kind: Uncategorized, error: \"failed to lookup address information: Temporary failure in name resolution\" })) }
[INFO] [stdout] stack backtrace:
[INFO] [stdout]    0:     0x634fae1c7d61 - <<std[70759c8f55707aa4]::sys::backtrace::BacktraceLock>::print::DisplayBacktrace as core[df12db4294e9bfd3]::fmt::Display>::fmt
[INFO] [stdout]    1:     0x634fae1dee1a - core[df12db4294e9bfd3]::fmt::write
[INFO] [stdout]    2:     0x634fae1cddbc - <std[70759c8f55707aa4]::sys::stdio::unix::Stderr as core[df12db4294e9bfd3]::io::write::Write>::write_fmt
[INFO] [stdout]    3:     0x634fae1a6006 - std[70759c8f55707aa4]::panicking::default_hook::{closure#0}
[INFO] [stdout]    4:     0x634fae1c1871 - std[70759c8f55707aa4]::panicking::default_hook
[INFO] [stdout]    5:     0x634fae1c1b9b - std[70759c8f55707aa4]::panicking::panic_with_hook
[INFO] [stdout]    6:     0x634fae1a60b2 - std[70759c8f55707aa4]::panicking::panic_handler::{closure#0}
[INFO] [stdout]    7:     0x634fae19eaa9 - std[70759c8f55707aa4]::sys::backtrace::__rust_end_short_backtrace::<std[70759c8f55707aa4]::panicking::panic_handler::{closure#0}, !>
[INFO] [stdout]    8:     0x634fae1a6abd - __rustc[8fa7c3cbc660c2b3]::rust_begin_unwind
[INFO] [stdout]    9:     0x634fae1df57c - core[df12db4294e9bfd3]::panicking::panic_fmt
[INFO] [stdout]   10:     0x634fae1df352 - core[df12db4294e9bfd3]::result::unwrap_failed
[INFO] [stdout]   11:     0x634fae0119ab - <spc_utils[2b29031757f61901]::spc::api::Api>::fetch_latest_version
[INFO] [stdout]   12:     0x634fae02b0f8 - spc_utils[2b29031757f61901]::commands::check_update::run
[INFO] [stdout]   13:     0x634fae028a75 - spc_utils[2b29031757f61901]::main
[INFO] [stdout]   14:     0x634fae02974b - std[70759c8f55707aa4]::sys::backtrace::__rust_begin_short_backtrace::<fn(), ()>
[INFO] [stdout]   15:     0x634fae020519 - std[70759c8f55707aa4]::rt::lang_start::<()>::{closure#0}
[INFO] [stdout]   16:     0x634fae1c0a09 - std[70759c8f55707aa4]::rt::lang_start_internal
[INFO] [stdout]   17:     0x634fae028f75 - main
[INFO] [stdout]   18:     0x705e8be3e601 - <unknown>
[INFO] [stdout]   19:     0x705e8be3e718 - __libc_start_main
[INFO] [stdout]   20:     0x634fadff36c5 - _start
[INFO] [stdout]   21:                0x0 - <unknown>
[INFO] [stdout] ```
[INFO] [stdout] ```
[INFO] [stdout] command=`"/opt/rustwide/target/release/spc-utils" "check-update" "-V" "8.0.0" "--no-cache"`
[INFO] [stdout] code=101
[INFO] [stdout] stdout=""
[INFO] [stdout] stderr=```
[INFO] [stdout] 
[INFO] [stdout] thread \'main\' (2197) panicked at src/spc/api.rs:149:56:
[INFO] [stdout] called `Result::unwrap()` on an `Err` value: reqwest::Error { kind: Request, url: \"https://dl.static-php.dev/static-php-cli/bulk?format=json\", source: hyper_util::client::legacy::Error(Connect, ConnectError(\"dns error\", Custom { kind: Uncategorized, error: \"failed to lookup address information: Temporary failure in name resolution\" })) }
[INFO] [stdout] stack backtrace:
[INFO] [stdout]    0:     0x634fae1c7d61 - <<std[70759c8f55707aa4]::sys::backtrace::BacktraceLock>::print::DisplayBacktrace as core[df12db4294e9bfd3]::fmt::Display>::fmt
[INFO] [stdout]    1:     0x634fae1dee1a - core[df12db4294e9bfd3]::fmt::write
[INFO] [stdout]    2:     0x634fae1cddbc - <std[70759c8f55707aa4]::sys::stdio::unix::Stderr as core[df12db4294e9bfd3]::io::write::Write>::write_fmt
[INFO] [stdout]    3:     0x634fae1a6006 - std[70759c8f55707aa4]::panicking::default_hook::{closure#0}
[INFO] [stdout]    4:     0x634fae1c1871 - std[70759c8f55707aa4]::panicking::default_hook
[INFO] [stdout]    5:     0x634fae1c1b9b - std[70759c8f55707aa4]::panicking::panic_with_hook
[INFO] [stdout]    6:     0x634fae1a60b2 - std[70759c8f55707aa4]::panicking::panic_handler::{closure#0}
[INFO] [stdout]    7:     0x634fae19eaa9 - std[70759c8f55707aa4]::sys::backtrace::__rust_end_short_backtrace::<std[70759c8f55707aa4]::panicking::panic_handler::{closure#0}, !>
[INFO] [stdout]    8:     0x634fae1a6abd - __rustc[8fa7c3cbc660c2b3]::rust_begin_unwind
[INFO] [stdout]    9:     0x634fae1df57c - core[df12db4294e9bfd3]::panicking::panic_fmt
[INFO] [stdout]   10:     0x634fae1df352 - core[df12db4294e9bfd3]::result::unwrap_failed
[INFO] [stdout]   11:     0x634fae0119ab - <spc_utils[2b29031757f61901]::spc::api::Api>::fetch_latest_version
[INFO] [stdout]   12:     0x634fae02b0f8 - spc_utils[2b29031757f61901]::commands::check_update::run
[INFO] [stdout]   13:     0x634fae028a75 - spc_utils[2b29031757f61901]::main
[INFO] [stdout]   14:     0x634fae02974b - std[70759c8f55707aa4]::sys::backtrace::__rust_begin_short_backtrace::<fn(), ()>
[INFO] [stdout]   15:     0x634fae020519 - std[70759c8f55707aa4]::rt::lang_start::<()>::{closure#0}
[INFO] [stdout]   16:     0x634fae1c0a09 - std[70759c8f55707aa4]::rt::lang_start_internal
[INFO] [stdout]   17:     0x634fae028f75 - main
[INFO] [stdout]   18:     0x705e8be3e601 - <unknown>
[INFO] [stdout]   19:     0x705e8be3e718 - __libc_start_main
[INFO] [stdout]   20:     0x634fadff36c5 - _start
[INFO] [stdout]   21:                0x0 - <unknown>
[INFO] [stdout] ```
[INFO] [stdout] 
[INFO] [stdout] 
[INFO] [stdout] stack backtrace:
[INFO] [stdout]    0:     0x5bd80bb7cda1 - <<std[70759c8f55707aa4]::sys::backtrace::BacktraceLock>::print::DisplayBacktrace as core[df12db4294e9bfd3]::fmt::Display>::fmt
[INFO] [stdout]    1:     0x5bd80bb93eaa - core[df12db4294e9bfd3]::fmt::write
[INFO] [stdout]    2:     0x5bd80bb8288c - <alloc[2182bb758b4b3781]::vec::Vec<u8> as core[df12db4294e9bfd3]::io::write::Write>::write_fmt
[INFO] [stdout]    3:     0x5bd80bb57496 - std[70759c8f55707aa4]::panicking::default_hook::{closure#0}
[INFO] [stdout]    4:     0x5bd80bb74759 - std[70759c8f55707aa4]::panicking::default_hook
[INFO] [stdout]    5:     0x5bd80ba3b3f0 - test[9d35eded1c95d3be]::test_main_inner::<test[9d35eded1c95d3be]::test_main_static::{closure#0}>::{closure#0}
[INFO] [stdout]    6:     0x5bd80bb74912 - std[70759c8f55707aa4]::panicking::panic_with_hook
[INFO] [stdout]    7:     0x5bd80bb57542 - std[70759c8f55707aa4]::panicking::panic_handler::{closure#0}
[INFO] [stdout]    8:     0x5bd80bb50019 - std[70759c8f55707aa4]::sys::backtrace::__rust_end_short_backtrace::<std[70759c8f55707aa4]::panicking::panic_handler::{closure#0}, !>
[INFO] [stdout]    9:     0x5bd80bb5813d - __rustc[8fa7c3cbc660c2b3]::rust_begin_unwind
[INFO] [stdout]   10:     0x5bd80bb9468c - core[df12db4294e9bfd3]::panicking::panic_fmt
[INFO] [stdout]   11:     0x5bd80ba70d73 - <assert_cmd[e249c6882311bfe6]::assert::AssertError>::panic::<assert_cmd[e249c6882311bfe6]::assert::Assert>
[INFO] [stdout]   12:     0x5bd80ba71636 - <assert_cmd[e249c6882311bfe6]::assert::Assert>::success
[INFO] [stdout]   13:     0x5bd80ba29111 - <cli[ce03e707c89f4c62]::latest_with_version_filter::{closure#0} as core[df12db4294e9bfd3]::ops::function::FnOnce<()>>::call_once
[INFO] [stdout]   14:     0x5bd80ba2e6db - test[9d35eded1c95d3be]::__rust_begin_short_backtrace::<core[df12db4294e9bfd3]::result::Result<(), alloc[2182bb758b4b3781]::string::String>, fn() -> core[df12db4294e9bfd3]::result::Result<(), alloc[2182bb758b4b3781]::string::String>>
[INFO] [stdout]   15:     0x5bd80ba3bd45 - test[9d35eded1c95d3be]::run_test::{closure#0}
[INFO] [stdout]   16:     0x5bd80ba35604 - std[70759c8f55707aa4]::sys::backtrace::__rust_begin_short_backtrace::<test[9d35eded1c95d3be]::run_test::{closure#1}, ()>
[INFO] [stdout]   17:     0x5bd80ba3eea2 - <std[70759c8f55707aa4]::thread::lifecycle::spawn_unchecked<test[9d35eded1c95d3be]::run_test::{closure#1}, ()>::{closure#1} as core[df12db4294e9bfd3]::ops::function::FnOnce<()>>::call_once::{shim:vtable#0}
[INFO] [stdout]   18:     0x5bd80bb7c099 - <std[70759c8f55707aa4]::sys::thread::unix::Thread>::new::thread_start
[INFO] [stdout]   19:     0x73b4b5ddddfa - <unknown>
[INFO] [stdout]   20:     0x73b4b5e713d4 - clone
[INFO] [stdout]   21:                0x0 - <unknown>
[INFO] [stdout] 
[INFO] [stdout] ---- check_update_with_category stdout ----
[INFO] [stdout] 
[INFO] [stdout] thread 'check_update_with_category' (2117) panicked at /rustc/dfb0accb7f508ae8be965d8629557221c889dd98/library/core/src/ops/function.rs:250:5:
[INFO] [stdout] Unexpected failure.
[INFO] [stdout] code=101
[INFO] [stdout] stderr=``````
[INFO] [stdout] 
[INFO] [stdout] thread \'main\' (2131) panicked at src/spc/api.rs:149:56:
[INFO] [stdout] called `Result::unwrap()` on an `Err` value: reqwest::Error { kind: Request, url: \"https://dl.static-php.dev/static-php-cli/common?format=json\", source: hyper_util::client::legacy::Error(Connect, ConnectError(\"dns error\", Custom { kind: Uncategorized, error: \"failed to lookup address information: Temporary failure in name resolution\" })) }
[INFO] [stdout] stack backtrace:
[INFO] [stdout]    0:     0x60154f264d61 - <<std[70759c8f55707aa4]::sys::backtrace::BacktraceLock>::print::DisplayBacktrace as core[df12db4294e9bfd3]::fmt::Display>::fmt
[INFO] [stdout]    1:     0x60154f27be1a - core[df12db4294e9bfd3]::fmt::write
[INFO] [stdout]    2:     0x60154f26adbc - <std[70759c8f55707aa4]::sys::stdio::unix::Stderr as core[df12db4294e9bfd3]::io::write::Write>::write_fmt
[INFO] [stdout]    3:     0x60154f243006 - std[70759c8f55707aa4]::panicking::default_hook::{closure#0}
[INFO] [stdout]    4:     0x60154f25e871 - std[70759c8f55707aa4]::panicking::default_hook
[INFO] [stdout]    5:     0x60154f25eb9b - std[70759c8f55707aa4]::panicking::panic_with_hook
[INFO] [stdout]    6:     0x60154f2430b2 - std[70759c8f55707aa4]::panicking::panic_handler::{closure#0}
[INFO] [stdout]    7:     0x60154f23baa9 - std[70759c8f55707aa4]::sys::backtrace::__rust_end_short_backtrace::<std[70759c8f55707aa4]::panicking::panic_handler::{closure#0}, !>
[INFO] [stdout]    8:     0x60154f243abd - __rustc[8fa7c3cbc660c2b3]::rust_begin_unwind
[INFO] [stdout]    9:     0x60154f27c57c - core[df12db4294e9bfd3]::panicking::panic_fmt
[INFO] [stdout]   10:     0x60154f27c352 - core[df12db4294e9bfd3]::result::unwrap_failed
[INFO] [stdout]   11:     0x60154f0ae9ab - <spc_utils[2b29031757f61901]::spc::api::Api>::fetch_latest_version
[INFO] [stdout]   12:     0x60154f0c80f8 - spc_utils[2b29031757f61901]::commands::check_update::run
[INFO] [stdout]   13:     0x60154f0c5a75 - spc_utils[2b29031757f61901]::main
[INFO] [stdout]   14:     0x60154f0c674b - std[70759c8f55707aa4]::sys::backtrace::__rust_begin_short_backtrace::<fn(), ()>
[INFO] [stdout]   15:     0x60154f0bd519 - std[70759c8f55707aa4]::rt::lang_start::<()>::{closure#0}
[INFO] [stdout]   16:     0x60154f25da09 - std[70759c8f55707aa4]::rt::lang_start_internal
[INFO] [stdout]   17:     0x60154f0c5f75 - main
[INFO] [stdout]   18:     0x70656f821601 - <unknown>
[INFO] [stdout]   19:     0x70656f821718 - __libc_start_main
[INFO] [stdout]   20:     0x60154f0906c5 - _start
[INFO] [stdout]   21:                0x0 - <unknown>
[INFO] [stdout] ```
[INFO] [stdout] ```
[INFO] [stdout] command=`"/opt/rustwide/target/release/spc-utils" "check-update" "-C" "common" "-V" "8.0.0" "--no-cache"`
[INFO] [stdout] code=101
[INFO] [stdout] stdout=""
[INFO] [stdout] stderr=```
[INFO] [stdout] 
[INFO] [stdout] thread \'main\' (2131) panicked at src/spc/api.rs:149:56:
[INFO] [stdout] called `Result::unwrap()` on an `Err` value: reqwest::Error { kind: Request, url: \"https://dl.static-php.dev/static-php-cli/common?format=json\", source: hyper_util::client::legacy::Error(Connect, ConnectError(\"dns error\", Custom { kind: Uncategorized, error: \"failed to lookup address information: Temporary failure in name resolution\" })) }
[INFO] [stdout] stack backtrace:
[INFO] [stdout]    0:     0x60154f264d61 - <<std[70759c8f55707aa4]::sys::backtrace::BacktraceLock>::print::DisplayBacktrace as core[df12db4294e9bfd3]::fmt::Display>::fmt
[INFO] [stdout]    1:     0x60154f27be1a - core[df12db4294e9bfd3]::fmt::write
[INFO] [stdout]    2:     0x60154f26adbc - <std[70759c8f55707aa4]::sys::stdio::unix::Stderr as core[df12db4294e9bfd3]::io::write::Write>::write_fmt
[INFO] [stdout]    3:     0x60154f243006 - std[70759c8f55707aa4]::panicking::default_hook::{closure#0}
[INFO] [stdout]    4:     0x60154f25e871 - std[70759c8f55707aa4]::panicking::default_hook
[INFO] [stdout]    5:     0x60154f25eb9b - std[70759c8f55707aa4]::panicking::panic_with_hook
[INFO] [stdout]    6:     0x60154f2430b2 - std[70759c8f55707aa4]::panicking::panic_handler::{closure#0}
[INFO] [stdout]    7:     0x60154f23baa9 - std[70759c8f55707aa4]::sys::backtrace::__rust_end_short_backtrace::<std[70759c8f55707aa4]::panicking::panic_handler::{closure#0}, !>
[INFO] [stdout]    8:     0x60154f243abd - __rustc[8fa7c3cbc660c2b3]::rust_begin_unwind
[INFO] [stdout]    9:     0x60154f27c57c - core[df12db4294e9bfd3]::panicking::panic_fmt
[INFO] [stdout]   10:     0x60154f27c352 - core[df12db4294e9bfd3]::result::unwrap_failed
[INFO] [stdout]   11:     0x60154f0ae9ab - <spc_utils[2b29031757f61901]::spc::api::Api>::fetch_latest_version
[INFO] [stdout]   12:     0x60154f0c80f8 - spc_utils[2b29031757f61901]::commands::check_update::run
[INFO] [stdout]   13:     0x60154f0c5a75 - spc_utils[2b29031757f61901]::main
[INFO] [stdout]   14:     0x60154f0c674b - std[70759c8f55707aa4]::sys::backtrace::__rust_begin_short_backtrace::<fn(), ()>
[INFO] [stdout]   15:     0x60154f0bd519 - std[70759c8f55707aa4]::rt::lang_start::<()>::{closure#0}
[INFO] [stdout]   16:     0x60154f25da09 - std[70759c8f55707aa4]::rt::lang_start_internal
[INFO] [stdout]   17:     0x60154f0c5f75 - main
[INFO] [stdout]   18:     0x70656f821601 - <unknown>
[INFO] [stdout]   19:     0x70656f821718 - __libc_start_main
[INFO] [stdout]   20:     0x60154f0906c5 - _start
[INFO] [stdout]   21:                0x0 - <unknown>
[INFO] [stdout] ```
[INFO] [stdout] 
[INFO] [stdout] 
[INFO] [stdout] stack backtrace:
[INFO] [stdout]    0:     0x5bd80bb7cda1 - <<std[70759c8f55707aa4]::sys::backtrace::BacktraceLock>::print::DisplayBacktrace as core[df12db4294e9bfd3]::fmt::Display>::fmt
[INFO] [stdout]    1:     0x5bd80bb93eaa - core[df12db4294e9bfd3]::fmt::write
[INFO] [stdout]    2:     0x5bd80bb8288c - <alloc[2182bb758b4b3781]::vec::Vec<u8> as core[df12db4294e9bfd3]::io::write::Write>::write_fmt
[INFO] [stdout]    3:     0x5bd80bb57496 - std[70759c8f55707aa4]::panicking::default_hook::{closure#0}
[INFO] [stdout]    4:     0x5bd80bb74759 - std[70759c8f55707aa4]::panicking::default_hook
[INFO] [stdout]    5:     0x5bd80ba3b3f0 - test[9d35eded1c95d3be]::test_main_inner::<test[9d35eded1c95d3be]::test_main_static::{closure#0}>::{closure#0}
[INFO] [stdout]    6:     0x5bd80bb74912 - std[70759c8f55707aa4]::panicking::panic_with_hook
[INFO] [stdout]    7:     0x5bd80bb57542 - std[70759c8f55707aa4]::panicking::panic_handler::{closure#0}
[INFO] [stdout]    8:     0x5bd80bb50019 - std[70759c8f55707aa4]::sys::backtrace::__rust_end_short_backtrace::<std[70759c8f55707aa4]::panicking::panic_handler::{closure#0}, !>
[INFO] [stdout]    9:     0x5bd80bb5813d - __rustc[8fa7c3cbc660c2b3]::rust_begin_unwind
[INFO] [stdout]   10:     0x5bd80bb9468c - core[df12db4294e9bfd3]::panicking::panic_fmt
[INFO] [stdout]   11:     0x5bd80ba70d73 - <assert_cmd[e249c6882311bfe6]::assert::AssertError>::panic::<assert_cmd[e249c6882311bfe6]::assert::Assert>
[INFO] [stdout]   12:     0x5bd80ba71636 - <assert_cmd[e249c6882311bfe6]::assert::Assert>::success
[INFO] [stdout]   13:     0x5bd80ba28e72 - <cli[ce03e707c89f4c62]::check_update_with_category::{closure#0} as core[df12db4294e9bfd3]::ops::function::FnOnce<()>>::call_once
[INFO] [stdout]   14:     0x5bd80ba2e6db - test[9d35eded1c95d3be]::__rust_begin_short_backtrace::<core[df12db4294e9bfd3]::result::Result<(), alloc[2182bb758b4b3781]::string::String>, fn() -> core[df12db4294e9bfd3]::result::Result<(), alloc[2182bb758b4b3781]::string::String>>
[INFO] [stdout]   15:     0x5bd80ba3bd45 - test[9d35eded1c95d3be]::run_test::{closure#0}
[INFO] [stdout]   16:     0x5bd80ba35604 - std[70759c8f55707aa4]::sys::backtrace::__rust_begin_short_backtrace::<test[9d35eded1c95d3be]::run_test::{closure#1}, ()>
[INFO] [stdout]   17:     0x5bd80ba3eea2 - <std[70759c8f55707aa4]::thread::lifecycle::spawn_unchecked<test[9d35eded1c95d3be]::run_test::{closure#1}, ()>::{closure#1} as core[df12db4294e9bfd3]::ops::function::FnOnce<()>>::call_once::{shim:vtable#0}
[INFO] [stdout]   18:     0x5bd80bb7c099 - <std[70759c8f55707aa4]::sys::thread::unix::Thread>::new::thread_start
[INFO] [stdout]   19:     0x73b4b5ddddfa - <unknown>
[INFO] [stdout]   20:     0x73b4b5e713d4 - clone
[INFO] [stdout]   21:                0x0 - <unknown>
[INFO] [stdout] 
[INFO] [stdout] ---- version_parsing_with_two_parts stdout ----
[INFO] [stdout] 
[INFO] [stdout] thread 'version_parsing_with_two_parts' (2204) panicked at /rustc/dfb0accb7f508ae8be965d8629557221c889dd98/library/core/src/ops/function.rs:250:5:
[INFO] [stdout] Unexpected failure.
[INFO] [stdout] code=101
[INFO] [stdout] stderr=``````
[INFO] [stdout] 
[INFO] [stdout] thread \'main\' (2208) panicked at src/spc/api.rs:149:56:
[INFO] [stdout] called `Result::unwrap()` on an `Err` value: reqwest::Error { kind: Request, url: \"https://dl.static-php.dev/static-php-cli/bulk?format=json\", source: hyper_util::client::legacy::Error(Connect, ConnectError(\"dns error\", Custom { kind: Uncategorized, error: \"failed to lookup address information: Temporary failure in name resolution\" })) }
[INFO] [stdout] stack backtrace:
[INFO] [stdout]    0:     0x62e5d1fabd61 - <<std[70759c8f55707aa4]::sys::backtrace::BacktraceLock>::print::DisplayBacktrace as core[df12db4294e9bfd3]::fmt::Display>::fmt
[INFO] [stdout]    1:     0x62e5d1fc2e1a - core[df12db4294e9bfd3]::fmt::write
[INFO] [stdout]    2:     0x62e5d1fb1dbc - <std[70759c8f55707aa4]::sys::stdio::unix::Stderr as core[df12db4294e9bfd3]::io::write::Write>::write_fmt
[INFO] [stdout]    3:     0x62e5d1f8a006 - std[70759c8f55707aa4]::panicking::default_hook::{closure#0}
[INFO] [stdout]    4:     0x62e5d1fa5871 - std[70759c8f55707aa4]::panicking::default_hook
[INFO] [stdout]    5:     0x62e5d1fa5b9b - std[70759c8f55707aa4]::panicking::panic_with_hook
[INFO] [stdout]    6:     0x62e5d1f8a0b2 - std[70759c8f55707aa4]::panicking::panic_handler::{closure#0}
[INFO] [stdout]    7:     0x62e5d1f82aa9 - std[70759c8f55707aa4]::sys::backtrace::__rust_end_short_backtrace::<std[70759c8f55707aa4]::panicking::panic_handler::{closure#0}, !>
[INFO] [stdout]    8:     0x62e5d1f8aabd - __rustc[8fa7c3cbc660c2b3]::rust_begin_unwind
[INFO] [stdout]    9:     0x62e5d1fc357c - core[df12db4294e9bfd3]::panicking::panic_fmt
[INFO] [stdout]   10:     0x62e5d1fc3352 - core[df12db4294e9bfd3]::result::unwrap_failed
[INFO] [stdout]   11:     0x62e5d1df59ab - <spc_utils[2b29031757f61901]::spc::api::Api>::fetch_latest_version
[INFO] [stdout]   12:     0x62e5d1e0f0f8 - spc_utils[2b29031757f61901]::commands::check_update::run
[INFO] [stdout]   13:     0x62e5d1e0ca75 - spc_utils[2b29031757f61901]::main
[INFO] [stdout]   14:     0x62e5d1e0d74b - std[70759c8f55707aa4]::sys::backtrace::__rust_begin_short_backtrace::<fn(), ()>
[INFO] [stdout]   15:     0x62e5d1e04519 - std[70759c8f55707aa4]::rt::lang_start::<()>::{closure#0}
[INFO] [stdout]   16:     0x62e5d1fa4a09 - std[70759c8f55707aa4]::rt::lang_start_internal
[INFO] [stdout]   17:     0x62e5d1e0cf75 - main
[INFO] [stdout]   18:     0x7684285e5601 - <unknown>
[INFO] [stdout]   19:     0x7684285e5718 - __libc_start_main
[INFO] [stdout]   20:     0x62e5d1dd76c5 - _start
[INFO] [stdout]   21:                0x0 - <unknown>
[INFO] [stdout] ```
[INFO] [stdout] ```
[INFO] [stdout] command=`"/opt/rustwide/target/release/spc-utils" "check-update" "-V" "8.0" "--no-cache"`
[INFO] [stdout] code=101
[INFO] [stdout] stdout=""
[INFO] [stdout] stderr=```
[INFO] [stdout] 
[INFO] [stdout] thread \'main\' (2208) panicked at src/spc/api.rs:149:56:
[INFO] [stdout] called `Result::unwrap()` on an `Err` value: reqwest::Error { kind: Request, url: \"https://dl.static-php.dev/static-php-cli/bulk?format=json\", source: hyper_util::client::legacy::Error(Connect, ConnectError(\"dns error\", Custom { kind: Uncategorized, error: \"failed to lookup address information: Temporary failure in name resolution\" })) }
[INFO] [stdout] stack backtrace:
[INFO] [stdout]    0:     0x62e5d1fabd61 - <<std[70759c8f55707aa4]::sys::backtrace::BacktraceLock>::print::DisplayBacktrace as core[df12db4294e9bfd3]::fmt::Display>::fmt
[INFO] [stdout]    1:     0x62e5d1fc2e1a - core[df12db4294e9bfd3]::fmt::write
[INFO] [stdout]    2:     0x62e5d1fb1dbc - <std[70759c8f55707aa4]::sys::stdio::unix::Stderr as core[df12db4294e9bfd3]::io::write::Write>::write_fmt
[INFO] [stdout]    3:     0x62e5d1f8a006 - std[70759c8f55707aa4]::panicking::default_hook::{closure#0}
[INFO] [stdout]    4:     0x62e5d1fa5871 - std[70759c8f55707aa4]::panicking::default_hook
[INFO] [stdout]    5:     0x62e5d1fa5b9b - std[70759c8f55707aa4]::panicking::panic_with_hook
[INFO] [stdout]    6:     0x62e5d1f8a0b2 - std[70759c8f55707aa4]::panicking::panic_handler::{closure#0}
[INFO] [stdout]    7:     0x62e5d1f82aa9 - std[70759c8f55707aa4]::sys::backtrace::__rust_end_short_backtrace::<std[70759c8f55707aa4]::panicking::panic_handler::{closure#0}, !>
[INFO] [stdout]    8:     0x62e5d1f8aabd - __rustc[8fa7c3cbc660c2b3]::rust_begin_unwind
[INFO] [stdout]    9:     0x62e5d1fc357c - core[df12db4294e9bfd3]::panicking::panic_fmt
[INFO] [stdout]   10:     0x62e5d1fc3352 - core[df12db4294e9bfd3]::result::unwrap_failed
[INFO] [stdout]   11:     0x62e5d1df59ab - <spc_utils[2b29031757f61901]::spc::api::Api>::fetch_latest_version
[INFO] [stdout]   12:     0x62e5d1e0f0f8 - spc_utils[2b29031757f61901]::commands::check_update::run
[INFO] [stdout]   13:     0x62e5d1e0ca75 - spc_utils[2b29031757f61901]::main
[INFO] [stdout]   14:     0x62e5d1e0d74b - std[70759c8f55707aa4]::sys::backtrace::__rust_begin_short_backtrace::<fn(), ()>
[INFO] [stdout]   15:     0x62e5d1e04519 - std[70759c8f55707aa4]::rt::lang_start::<()>::{closure#0}
[INFO] [stdout]   16:     0x62e5d1fa4a09 - std[70759c8f55707aa4]::rt::lang_start_internal
[INFO] [stdout]   17:     0x62e5d1e0cf75 - main
[INFO] [stdout]   18:     0x7684285e5601 - <unknown>
[INFO] [stdout]   19:     0x7684285e5718 - __libc_start_main
[INFO] [stdout]   20:     0x62e5d1dd76c5 - _start
[INFO] [stdout]   21:                0x0 - <unknown>
[INFO] [stdout] ```
[INFO] [stdout] 
[INFO] [stdout] 
[INFO] [stdout] stack backtrace:
[INFO] [stdout]    0:     0x5bd80bb7cda1 - <<std[70759c8f55707aa4]::sys::backtrace::BacktraceLock>::print::DisplayBacktrace as core[df12db4294e9bfd3]::fmt::Display>::fmt
[INFO] [stdout]    1:     0x5bd80bb93eaa - core[df12db4294e9bfd3]::fmt::write
[INFO] [stdout]    2:     0x5bd80bb8288c - <alloc[2182bb758b4b3781]::vec::Vec<u8> as core[df12db4294e9bfd3]::io::write::Write>::write_fmt
[INFO] [stdout]    3:     0x5bd80bb57496 - std[70759c8f55707aa4]::panicking::default_hook::{closure#0}
[INFO] [stdout]    4:     0x5bd80bb74759 - std[70759c8f55707aa4]::panicking::default_hook
[INFO] [stdout]    5:     0x5bd80ba3b3f0 - test[9d35eded1c95d3be]::test_main_inner::<test[9d35eded1c95d3be]::test_main_static::{closure#0}>::{closure#0}
[INFO] [stdout]    6:     0x5bd80bb74912 - std[70759c8f55707aa4]::panicking::panic_with_hook
[INFO] [stdout]    7:     0x5bd80bb57542 - std[70759c8f55707aa4]::panicking::panic_handler::{closure#0}
[INFO] [stdout]    8:     0x5bd80bb50019 - std[70759c8f55707aa4]::sys::backtrace::__rust_end_short_backtrace::<std[70759c8f55707aa4]::panicking::panic_handler::{closure#0}, !>
[INFO] [stdout]    9:     0x5bd80bb5813d - __rustc[8fa7c3cbc660c2b3]::rust_begin_unwind
[INFO] [stdout]   10:     0x5bd80bb9468c - core[df12db4294e9bfd3]::panicking::panic_fmt
[INFO] [stdout]   11:     0x5bd80ba70d73 - <assert_cmd[e249c6882311bfe6]::assert::AssertError>::panic::<assert_cmd[e249c6882311bfe6]::assert::Assert>
[INFO] [stdout]   12:     0x5bd80ba71636 - <assert_cmd[e249c6882311bfe6]::assert::Assert>::success
[INFO] [stdout]   13:     0x5bd80ba29bd1 - <cli[ce03e707c89f4c62]::version_parsing_with_two_parts::{closure#0} as core[df12db4294e9bfd3]::ops::function::FnOnce<()>>::call_once
[INFO] [stdout]   14:     0x5bd80ba2e6db - test[9d35eded1c95d3be]::__rust_begin_short_backtrace::<core[df12db4294e9bfd3]::result::Result<(), alloc[2182bb758b4b3781]::string::String>, fn() -> core[df12db4294e9bfd3]::result::Result<(), alloc[2182bb758b4b3781]::string::String>>
[INFO] [stdout]   15:     0x5bd80ba3bd45 - test[9d35eded1c95d3be]::run_test::{closure#0}
[INFO] [stdout]   16:     0x5bd80ba35604 - std[70759c8f55707aa4]::sys::backtrace::__rust_begin_short_backtrace::<test[9d35eded1c95d3be]::run_test::{closure#1}, ()>
[INFO] [stdout]   17:     0x5bd80ba3eea2 - <std[70759c8f55707aa4]::thread::lifecycle::spawn_unchecked<test[9d35eded1c95d3be]::run_test::{closure#1}, ()>::{closure#1} as core[df12db4294e9bfd3]::ops::function::FnOnce<()>>::call_once::{shim:vtable#0}
[INFO] [stdout]   18:     0x5bd80bb7c099 - <std[70759c8f55707aa4]::sys::thread::unix::Thread>::new::thread_start
[INFO] [stdout]   19:     0x73b4b5ddddfa - <unknown>
[INFO] [stdout]   20:     0x73b4b5e713d4 - clone
[INFO] [stdout]   21:                0x0 - <unknown>
[INFO] [stdout] 
[INFO] [stdout] ---- latest_retuns_valid_version stdout ----
[INFO] [stdout] 
[INFO] [stdout] thread 'latest_retuns_valid_version' (2128) panicked at /rustc/dfb0accb7f508ae8be965d8629557221c889dd98/library/core/src/ops/function.rs:250:5:
[INFO] [stdout] Unexpected failure.
[INFO] [stdout] code=101
[INFO] [stdout] stderr=``````
[INFO] [stdout] 
[INFO] [stdout] thread \'main\' (2137) panicked at src/spc/api.rs:149:56:
[INFO] [stdout] called `Result::unwrap()` on an `Err` value: reqwest::Error { kind: Request, url: \"https://dl.static-php.dev/static-php-cli/bulk?format=json\", source: hyper_util::client::legacy::Error(Connect, ConnectError(\"dns error\", Custom { kind: Uncategorized, error: \"failed to lookup address information: Temporary failure in name resolution\" })) }
[INFO] [stdout] stack backtrace:
[INFO] [stdout]    0:     0x559b9504ed61 - <<std[70759c8f55707aa4]::sys::backtrace::BacktraceLock>::print::DisplayBacktrace as core[df12db4294e9bfd3]::fmt::Display>::fmt
[INFO] [stdout]    1:     0x559b95065e1a - core[df12db4294e9bfd3]::fmt::write
[INFO] [stdout]    2:     0x559b95054dbc - <std[70759c8f55707aa4]::sys::stdio::unix::Stderr as core[df12db4294e9bfd3]::io::write::Write>::write_fmt
[INFO] [stdout]    3:     0x559b9502d006 - std[70759c8f55707aa4]::panicking::default_hook::{closure#0}
[INFO] [stdout]    4:     0x559b95048871 - std[70759c8f55707aa4]::panicking::default_hook
[INFO] [stdout]    5:     0x559b95048b9b - std[70759c8f55707aa4]::panicking::panic_with_hook
[INFO] [stdout]    6:     0x559b9502d0b2 - std[70759c8f55707aa4]::panicking::panic_handler::{closure#0}
[INFO] [stdout]    7:     0x559b95025aa9 - std[70759c8f55707aa4]::sys::backtrace::__rust_end_short_backtrace::<std[70759c8f55707aa4]::panicking::panic_handler::{closure#0}, !>
[INFO] [stdout]    8:     0x559b9502dabd - __rustc[8fa7c3cbc660c2b3]::rust_begin_unwind
[INFO] [stdout]    9:     0x559b9506657c - core[df12db4294e9bfd3]::panicking::panic_fmt
[INFO] [stdout]   10:     0x559b95066352 - core[df12db4294e9bfd3]::result::unwrap_failed
[INFO] [stdout]   11:     0x559b94e989ab - <spc_utils[2b29031757f61901]::spc::api::Api>::fetch_latest_version
[INFO] [stdout]   12:     0x559b94eb2dbf - spc_utils[2b29031757f61901]::commands::latest::run
[INFO] [stdout]   13:     0x559b94eaf9d7 - spc_utils[2b29031757f61901]::main
[INFO] [stdout]   14:     0x559b94eb074b - std[70759c8f55707aa4]::sys::backtrace::__rust_begin_short_backtrace::<fn(), ()>
[INFO] [stdout]   15:     0x559b94ea7519 - std[70759c8f55707aa4]::rt::lang_start::<()>::{closure#0}
[INFO] [stdout]   16:     0x559b95047a09 - std[70759c8f55707aa4]::rt::lang_start_internal
[INFO] [stdout]   17:     0x559b94eaff75 - main
[INFO] [stdout]   18:     0x7f8791dab601 - <unknown>
[INFO] [stdout]   19:     0x7f8791dab718 - __libc_start_main
[INFO] [stdout]   20:     0x559b94e7a6c5 - _start
[INFO] [stdout]   21:                0x0 - <unknown>
[INFO] [stdout] ```
[INFO] [stdout] ```
[INFO] [stdout] command=`"/opt/rustwide/target/release/spc-utils" "latest" "--no-cache"`
[INFO] [stdout] code=101
[INFO] [stdout] stdout=""
[INFO] [stdout] stderr=```
[INFO] [stdout] 
[INFO] [stdout] thread \'main\' (2137) panicked at src/spc/api.rs:149:56:
[INFO] [stdout] called `Result::unwrap()` on an `Err` value: reqwest::Error { kind: Request, url: \"https://dl.static-php.dev/static-php-cli/bulk?format=json\", source: hyper_util::client::legacy::Error(Connect, ConnectError(\"dns error\", Custom { kind: Uncategorized, error: \"failed to lookup address information: Temporary failure in name resolution\" })) }
[INFO] [stdout] stack backtrace:
[INFO] [stdout]    0:     0x559b9504ed61 - <<std[70759c8f55707aa4]::sys::backtrace::BacktraceLock>::print::DisplayBacktrace as core[df12db4294e9bfd3]::fmt::Display>::fmt
[INFO] [stdout]    1:     0x559b95065e1a - core[df12db4294e9bfd3]::fmt::write
[INFO] [stdout]    2:     0x559b95054dbc - <std[70759c8f55707aa4]::sys::stdio::unix::Stderr as core[df12db4294e9bfd3]::io::write::Write>::write_fmt
[INFO] [stdout]    3:     0x559b9502d006 - std[70759c8f55707aa4]::panicking::default_hook::{closure#0}
[INFO] [stdout]    4:     0x559b95048871 - std[70759c8f55707aa4]::panicking::default_hook
[INFO] [stdout]    5:     0x559b95048b9b - std[70759c8f55707aa4]::panicking::panic_with_hook
[INFO] [stdout]    6:     0x559b9502d0b2 - std[70759c8f55707aa4]::panicking::panic_handler::{closure#0}
[INFO] [stdout]    7:     0x559b95025aa9 - std[70759c8f55707aa4]::sys::backtrace::__rust_end_short_backtrace::<std[70759c8f55707aa4]::panicking::panic_handler::{closure#0}, !>
[INFO] [stdout]    8:     0x559b9502dabd - __rustc[8fa7c3cbc660c2b3]::rust_begin_unwind
[INFO] [stdout]    9:     0x559b9506657c - core[df12db4294e9bfd3]::panicking::panic_fmt
[INFO] [stdout]   10:     0x559b95066352 - core[df12db4294e9bfd3]::result::unwrap_failed
[INFO] [stdout]   11:     0x559b94e989ab - <spc_utils[2b29031757f61901]::spc::api::Api>::fetch_latest_version
[INFO] [stdout]   12:     0x559b94eb2dbf - spc_utils[2b29031757f61901]::commands::latest::run
[INFO] [stdout]   13:     0x559b94eaf9d7 - spc_utils[2b29031757f61901]::main
[INFO] [stdout]   14:     0x559b94eb074b - std[70759c8f55707aa4]::sys::backtrace::__rust_begin_short_backtrace::<fn(), ()>
[INFO] [stdout]   15:     0x559b94ea7519 - std[70759c8f55707aa4]::rt::lang_start::<()>::{closure#0}
[INFO] [stdout]   16:     0x559b95047a09 - std[70759c8f55707aa4]::rt::lang_start_internal
[INFO] [stdout]   17:     0x559b94eaff75 - main
[INFO] [stdout]   18:     0x7f8791dab601 - <unknown>
[INFO] [stdout]   19:     0x7f8791dab718 - __libc_start_main
[INFO] [stdout]   20:     0x559b94e7a6c5 - _start
[INFO] [stdout]   21:                0x0 - <unknown>
[INFO] [stdout] ```
[INFO] [stdout] 
[INFO] [stdout] 
[INFO] [stdout] stack backtrace:
[INFO] [stdout]    0:     0x5bd80bb7cda1 - <<std[70759c8f55707aa4]::sys::backtrace::BacktraceLock>::print::DisplayBacktrace as core[df12db4294e9bfd3]::fmt::Display>::fmt
[INFO] [stdout]    1:     0x5bd80bb93eaa - core[df12db4294e9bfd3]::fmt::write
[INFO] [stdout]    2:     0x5bd80bb8288c - <alloc[2182bb758b4b3781]::vec::Vec<u8> as core[df12db4294e9bfd3]::io::write::Write>::write_fmt
[INFO] [stdout]    3:     0x5bd80bb57496 - std[70759c8f55707aa4]::panicking::default_hook::{closure#0}
[INFO] [stdout]    4:     0x5bd80bb74759 - std[70759c8f55707aa4]::panicking::default_hook
[INFO] [stdout]    5:     0x5bd80ba3b3f0 - test[9d35eded1c95d3be]::test_main_inner::<test[9d35eded1c95d3be]::test_main_static::{closure#0}>::{closure#0}
[INFO] [stdout]    6:     0x5bd80bb74912 - std[70759c8f55707aa4]::panicking::panic_with_hook
[INFO] [stdout]    7:     0x5bd80bb57542 - std[70759c8f55707aa4]::panicking::panic_handler::{closure#0}
[INFO] [stdout]    8:     0x5bd80bb50019 - std[70759c8f55707aa4]::sys::backtrace::__rust_end_short_backtrace::<std[70759c8f55707aa4]::panicking::panic_handler::{closure#0}, !>
[INFO] [stdout]    9:     0x5bd80bb5813d - __rustc[8fa7c3cbc660c2b3]::rust_begin_unwind
[INFO] [stdout]   10:     0x5bd80bb9468c - core[df12db4294e9bfd3]::panicking::panic_fmt
[INFO] [stdout]   11:     0x5bd80ba70d73 - <assert_cmd[e249c6882311bfe6]::assert::AssertError>::panic::<assert_cmd[e249c6882311bfe6]::assert::Assert>
[INFO] [stdout]   12:     0x5bd80ba71636 - <assert_cmd[e249c6882311bfe6]::assert::Assert>::success
[INFO] [stdout]   13:     0x5bd80ba293bd - <cli[ce03e707c89f4c62]::latest_retuns_valid_version::{closure#0} as core[df12db4294e9bfd3]::ops::function::FnOnce<()>>::call_once
[INFO] [stdout]   14:     0x5bd80ba2e6db - test[9d35eded1c95d3be]::__rust_begin_short_backtrace::<core[df12db4294e9bfd3]::result::Result<(), alloc[2182bb758b4b3781]::string::String>, fn() -> core[df12db4294e9bfd3]::result::Result<(), alloc[2182bb758b4b3781]::string::String>>
[INFO] [stdout]   15:     0x5bd80ba3bd45 - test[9d35eded1c95d3be]::run_test::{closure#0}
[INFO] [stdout]   16:     0x5bd80ba35604 - std[70759c8f55707aa4]::sys::backtrace::__rust_begin_short_backtrace::<test[9d35eded1c95d3be]::run_test::{closure#1}, ()>
[INFO] [stdout]   17:     0x5bd80ba3eea2 - <std[70759c8f55707aa4]::thread::lifecycle::spawn_unchecked<test[9d35eded1c95d3be]::run_test::{closure#1}, ()>::{closure#1} as core[df12db4294e9bfd3]::ops::function::FnOnce<()>>::call_once::{shim:vtable#0}
[INFO] [stdout]   18:     0x5bd80bb7c099 - <std[70759c8f55707aa4]::sys::thread::unix::Thread>::new::thread_start
[INFO] [stdout]   19:     0x73b4b5ddddfa - <unknown>
[INFO] [stdout]   20:     0x73b4b5e713d4 - clone
[INFO] [stdout]   21:                0x0 - <unknown>
[INFO] [stdout] 
[INFO] [stdout] ---- download_creates_file stdout ----
[INFO] [stdout] 
[INFO] [stdout] thread 'download_creates_file' (2118) panicked at /rustc/dfb0accb7f508ae8be965d8629557221c889dd98/library/core/src/ops/function.rs:250:5:
[INFO] [stdout] Unexpected stdout, failed var.contains(Downloaded to:)
[INFO] [stdout] ├── var: Downloading from: https://dl.static-php.dev/static-php-cli/bulk/php-8.0.30-cli-linux-x86_64.tar.gz
[INFO] [stdout] └── var as str: Downloading from: https://dl.static-php.dev/static-php-cli/bulk/php-8.0.30-cli-linux-x86_64.tar.gz
[INFO] [stdout] 
[INFO] [stdout] command=`"/opt/rustwide/target/release/spc-utils" "download" "-V" "8.0.30" "-O" "linux" "-A" "x86_64" "-o" "/tmp/.tmpb64QZO/php-test-binary" "--no-cache"`
[INFO] [stdout] code=0
[INFO] [stdout] stdout="Downloading from: https://dl.static-php.dev/static-php-cli/bulk/php-8.0.30-cli-linux-x86_64.tar.gz\n"
[INFO] [stdout] stderr="Download failed: error sending request for url (https://dl.static-php.dev/static-php-cli/bulk/php-8.0.30-cli-linux-x86_64.tar.gz)\n"
[INFO] [stdout] 
[INFO] [stdout] stack backtrace:
[INFO] [stdout]    0:     0x5bd80bb7cda1 - <<std[70759c8f55707aa4]::sys::backtrace::BacktraceLock>::print::DisplayBacktrace as core[df12db4294e9bfd3]::fmt::Display>::fmt
[INFO] [stdout]    1:     0x5bd80bb93eaa - core[df12db4294e9bfd3]::fmt::write
[INFO] [stdout]    2:     0x5bd80bb8288c - <alloc[2182bb758b4b3781]::vec::Vec<u8> as core[df12db4294e9bfd3]::io::write::Write>::write_fmt
[INFO] [stdout]    3:     0x5bd80bb57496 - std[70759c8f55707aa4]::panicking::default_hook::{closure#0}
[INFO] [stdout]    4:     0x5bd80bb74759 - std[70759c8f55707aa4]::panicking::default_hook
[INFO] [stdout]    5:     0x5bd80ba3b3f0 - test[9d35eded1c95d3be]::test_main_inner::<test[9d35eded1c95d3be]::test_main_static::{closure#0}>::{closure#0}
[INFO] [stdout]    6:     0x5bd80bb74912 - std[70759c8f55707aa4]::panicking::panic_with_hook
[INFO] [stdout]    7:     0x5bd80bb57542 - std[70759c8f55707aa4]::panicking::panic_handler::{closure#0}
[INFO] [stdout]    8:     0x5bd80bb50019 - std[70759c8f55707aa4]::sys::backtrace::__rust_end_short_backtrace::<std[70759c8f55707aa4]::panicking::panic_handler::{closure#0}, !>
[INFO] [stdout]    9:     0x5bd80bb5813d - __rustc[8fa7c3cbc660c2b3]::rust_begin_unwind
[INFO] [stdout]   10:     0x5bd80bb9468c - core[df12db4294e9bfd3]::panicking::panic_fmt
[INFO] [stdout]   11:     0x5bd80ba2b5e4 - <assert_cmd[e249c6882311bfe6]::assert::AssertError>::panic::<assert_cmd[e249c6882311bfe6]::assert::Assert>
[INFO] [stdout]   12:     0x5bd80ba27f2b - <cli[ce03e707c89f4c62]::download_creates_file::{closure#0} as core[df12db4294e9bfd3]::ops::function::FnOnce<()>>::call_once
[INFO] [stdout]   13:     0x5bd80ba2e6db - test[9d35eded1c95d3be]::__rust_begin_short_backtrace::<core[df12db4294e9bfd3]::result::Result<(), alloc[2182bb758b4b3781]::string::String>, fn() -> core[df12db4294e9bfd3]::result::Result<(), alloc[2182bb758b4b3781]::string::String>>
[INFO] [stdout]   14:     0x5bd80ba3bd45 - test[9d35eded1c95d3be]::run_test::{closure#0}
[INFO] [stdout]   15:     0x5bd80ba35604 - std[70759c8f55707aa4]::sys::backtrace::__rust_begin_short_backtrace::<test[9d35eded1c95d3be]::run_test::{closure#1}, ()>
[INFO] [stdout]   16:     0x5bd80ba3eea2 - <std[70759c8f55707aa4]::thread::lifecycle::spawn_unchecked<test[9d35eded1c95d3be]::run_test::{closure#1}, ()>::{closure#1} as core[df12db4294e9bfd3]::ops::function::FnOnce<()>>::call_once::{shim:vtable#0}
[INFO] [stdout]   17:     0x5bd80bb7c099 - <std[70759c8f55707aa4]::sys::thread::unix::Thread>::new::thread_start
[INFO] [stdout]   18:     0x73b4b5ddddfa - <unknown>
[INFO] [stdout]   19:     0x73b4b5e713d4 - clone
[INFO] [stdout]   20:                0x0 - <unknown>
[INFO] [stdout] 
[INFO] [stdout] ---- latest_with_category stdout ----
[INFO] [stdout] 
[INFO] [stdout] thread 'latest_with_category' (2166) panicked at /rustc/dfb0accb7f508ae8be965d8629557221c889dd98/library/core/src/ops/function.rs:250:5:
[INFO] [stdout] Unexpected failure.
[INFO] [stdout] code=101
[INFO] [stdout] stderr=``````
[INFO] [stdout] 
[INFO] [stdout] thread \'main\' (2170) panicked at src/spc/api.rs:149:56:
[INFO] [stdout] called `Result::unwrap()` on an `Err` value: reqwest::Error { kind: Request, url: \"https://dl.static-php.dev/static-php-cli/common?format=json\", source: hyper_util::client::legacy::Error(Connect, ConnectError(\"dns error\", Custom { kind: Uncategorized, error: \"failed to lookup address information: Temporary failure in name resolution\" })) }
[INFO] [stdout] stack backtrace:
[INFO] [stdout]    0:     0x61462f009d61 - <<std[70759c8f55707aa4]::sys::backtrace::BacktraceLock>::print::DisplayBacktrace as core[df12db4294e9bfd3]::fmt::Display>::fmt
[INFO] [stdout]    1:     0x61462f020e1a - core[df12db4294e9bfd3]::fmt::write
[INFO] [stdout]    2:     0x61462f00fdbc - <std[70759c8f55707aa4]::sys::stdio::unix::Stderr as core[df12db4294e9bfd3]::io::write::Write>::write_fmt
[INFO] [stdout]    3:     0x61462efe8006 - std[70759c8f55707aa4]::panicking::default_hook::{closure#0}
[INFO] [stdout]    4:     0x61462f003871 - std[70759c8f55707aa4]::panicking::default_hook
[INFO] [stdout]    5:     0x61462f003b9b - std[70759c8f55707aa4]::panicking::panic_with_hook
[INFO] [stdout]    6:     0x61462efe80b2 - std[70759c8f55707aa4]::panicking::panic_handler::{closure#0}
[INFO] [stdout]    7:     0x61462efe0aa9 - std[70759c8f55707aa4]::sys::backtrace::__rust_end_short_backtrace::<std[70759c8f55707aa4]::panicking::panic_handler::{closure#0}, !>
[INFO] [stdout]    8:     0x61462efe8abd - __rustc[8fa7c3cbc660c2b3]::rust_begin_unwind
[INFO] [stdout]    9:     0x61462f02157c - core[df12db4294e9bfd3]::panicking::panic_fmt
[INFO] [stdout]   10:     0x61462f021352 - core[df12db4294e9bfd3]::result::unwrap_failed
[INFO] [stdout]   11:     0x61462ee539ab - <spc_utils[2b29031757f61901]::spc::api::Api>::fetch_latest_version
[INFO] [stdout]   12:     0x61462ee6ddbf - spc_utils[2b29031757f61901]::commands::latest::run
[INFO] [stdout]   13:     0x61462ee6a9d7 - spc_utils[2b29031757f61901]::main
[INFO] [stdout]   14:     0x61462ee6b74b - std[70759c8f55707aa4]::sys::backtrace::__rust_begin_short_backtrace::<fn(), ()>
[INFO] [stdout]   15:     0x61462ee62519 - std[70759c8f55707aa4]::rt::lang_start::<()>::{closure#0}
[INFO] [stdout]   16:     0x61462f002a09 - std[70759c8f55707aa4]::rt::lang_start_internal
[INFO] [stdout]   17:     0x61462ee6af75 - main
[INFO] [stdout]   18:     0x72f9480f8601 - <unknown>
[INFO] [stdout]   19:     0x72f9480f8718 - __libc_start_main
[INFO] [stdout]   20:     0x61462ee356c5 - _start
[INFO] [stdout]   21:                0x0 - <unknown>
[INFO] [stdout] ```
[INFO] [stdout] ```
[INFO] [stdout] command=`"/opt/rustwide/target/release/spc-utils" "latest" "-C" "common" "--no-cache"`
[INFO] [stdout] code=101
[INFO] [stdout] stdout=""
[INFO] [stdout] stderr=```
[INFO] [stdout] 
[INFO] [stdout] thread \'main\' (2170) panicked at src/spc/api.rs:149:56:
[INFO] [stdout] called `Result::unwrap()` on an `Err` value: reqwest::Error { kind: Request, url: \"https://dl.static-php.dev/static-php-cli/common?format=json\", source: hyper_util::client::legacy::Error(Connect, ConnectError(\"dns error\", Custom { kind: Uncategorized, error: \"failed to lookup address information: Temporary failure in name resolution\" })) }
[INFO] [stdout] stack backtrace:
[INFO] [stdout]    0:     0x61462f009d61 - <<std[70759c8f55707aa4]::sys::backtrace::BacktraceLock>::print::DisplayBacktrace as core[df12db4294e9bfd3]::fmt::Display>::fmt
[INFO] [stdout]    1:     0x61462f020e1a - core[df12db4294e9bfd3]::fmt::write
[INFO] [stdout]    2:     0x61462f00fdbc - <std[70759c8f55707aa4]::sys::stdio::unix::Stderr as core[df12db4294e9bfd3]::io::write::Write>::write_fmt
[INFO] [stdout]    3:     0x61462efe8006 - std[70759c8f55707aa4]::panicking::default_hook::{closure#0}
[INFO] [stdout]    4:     0x61462f003871 - std[70759c8f55707aa4]::panicking::default_hook
[INFO] [stdout]    5:     0x61462f003b9b - std[70759c8f55707aa4]::panicking::panic_with_hook
[INFO] [stdout]    6:     0x61462efe80b2 - std[70759c8f55707aa4]::panicking::panic_handler::{closure#0}
[INFO] [stdout]    7:     0x61462efe0aa9 - std[70759c8f55707aa4]::sys::backtrace::__rust_end_short_backtrace::<std[70759c8f55707aa4]::panicking::panic_handler::{closure#0}, !>
[INFO] [stdout]    8:     0x61462efe8abd - __rustc[8fa7c3cbc660c2b3]::rust_begin_unwind
[INFO] [stdout]    9:     0x61462f02157c - core[df12db4294e9bfd3]::panicking::panic_fmt
[INFO] [stdout]   10:     0x61462f021352 - core[df12db4294e9bfd3]::result::unwrap_failed
[INFO] [stdout]   11:     0x61462ee539ab - <spc_utils[2b29031757f61901]::spc::api::Api>::fetch_latest_version
[INFO] [stdout]   12:     0x61462ee6ddbf - spc_utils[2b29031757f61901]::commands::latest::run
[INFO] [stdout]   13:     0x61462ee6a9d7 - spc_utils[2b29031757f61901]::main
[INFO] [stdout]   14:     0x61462ee6b74b - std[70759c8f55707aa4]::sys::backtrace::__rust_begin_short_backtrace::<fn(), ()>
[INFO] [stdout]   15:     0x61462ee62519 - std[70759c8f55707aa4]::rt::lang_start::<()>::{closure#0}
[INFO] [stdout]   16:     0x61462f002a09 - std[70759c8f55707aa4]::rt::lang_start_internal
[INFO] [stdout]   17:     0x61462ee6af75 - main
[INFO] [stdout]   18:     0x72f9480f8601 - <unknown>
[INFO] [stdout]   19:     0x72f9480f8718 - __libc_start_main
[INFO] [stdout]   20:     0x61462ee356c5 - _start
[INFO] [stdout]   21:                0x0 - <unknown>
[INFO] [stdout] ```
[INFO] [stdout] 
[INFO] [stdout] 
[INFO] [stdout] stack backtrace:
[INFO] [stdout]    0:     0x5bd80bb7cda1 - <<std[70759c8f55707aa4]::sys::backtrace::BacktraceLock>::print::DisplayBacktrace as core[df12db4294e9bfd3]::fmt::Display>::fmt
[INFO] [stdout]    1:     0x5bd80bb93eaa - core[df12db4294e9bfd3]::fmt::write
[INFO] [stdout]    2:     0x5bd80bb8288c - <alloc[2182bb758b4b3781]::vec::Vec<u8> as core[df12db4294e9bfd3]::io::write::Write>::write_fmt
[INFO] [stdout]    3:     0x5bd80bb57496 - std[70759c8f55707aa4]::panicking::default_hook::{closure#0}
[INFO] [stdout]    4:     0x5bd80bb74759 - std[70759c8f55707aa4]::panicking::default_hook
[INFO] [stdout]    5:     0x5bd80ba3b3f0 - test[9d35eded1c95d3be]::test_main_inner::<test[9d35eded1c95d3be]::test_main_static::{closure#0}>::{closure#0}
[INFO] [stdout]    6:     0x5bd80bb74912 - std[70759c8f55707aa4]::panicking::panic_with_hook
[INFO] [stdout]    7:     0x5bd80bb57542 - std[70759c8f55707aa4]::panicking::panic_handler::{closure#0}
[INFO] [stdout]    8:     0x5bd80bb50019 - std[70759c8f55707aa4]::sys::backtrace::__rust_end_short_backtrace::<std[70759c8f55707aa4]::panicking::panic_handler::{closure#0}, !>
[INFO] [stdout]    9:     0x5bd80bb5813d - __rustc[8fa7c3cbc660c2b3]::rust_begin_unwind
[INFO] [stdout]   10:     0x5bd80bb9468c - core[df12db4294e9bfd3]::panicking::panic_fmt
[INFO] [stdout]   11:     0x5bd80ba70d73 - <assert_cmd[e249c6882311bfe6]::assert::AssertError>::panic::<assert_cmd[e249c6882311bfe6]::assert::Assert>
[INFO] [stdout]   12:     0x5bd80ba71636 - <assert_cmd[e249c6882311bfe6]::assert::Assert>::success
[INFO] [stdout]   13:     0x5bd80ba27761 - <cli[ce03e707c89f4c62]::latest_with_category::{closure#0} as core[df12db4294e9bfd3]::ops::function::FnOnce<()>>::call_once
[INFO] [stdout]   14:     0x5bd80ba2e6db - test[9d35eded1c95d3be]::__rust_begin_short_backtrace::<core[df12db4294e9bfd3]::result::Result<(), alloc[2182bb758b4b3781]::string::String>, fn() -> core[df12db4294e9bfd3]::result::Result<(), alloc[2182bb758b4b3781]::string::String>>
[INFO] [stdout]   15:     0x5bd80ba3bd45 - test[9d35eded1c95d3be]::run_test::{closure#0}
[INFO] [stdout]   16:     0x5bd80ba35604 - std[70759c8f55707aa4]::sys::backtrace::__rust_begin_short_backtrace::<test[9d35eded1c95d3be]::run_test::{closure#1}, ()>
[INFO] [stdout]   17:     0x5bd80ba3eea2 - <std[70759c8f55707aa4]::thread::lifecycle::spawn_unchecked<test[9d35eded1c95d3be]::run_test::{closure#1}, ()>::{closure#1} as core[df12db4294e9bfd3]::ops::function::FnOnce<()>>::call_once::{shim:vtable#0}
[INFO] [stdout]   18:     0x5bd80bb7c099 - <std[70759c8f55707aa4]::sys::thread::unix::Thread>::new::thread_start
[INFO] [stdout]   19:     0x73b4b5ddddfa - <unknown>
[INFO] [stdout]   20:     0x73b4b5e713d4 - clone
[INFO] [stdout]   21:                0x0 - <unknown>
[INFO] [stdout] 
[INFO] [stdout] ---- latest_with_os_and_arch stdout ----
[INFO] [stdout] 
[INFO] [stdout] thread 'latest_with_os_and_arch' (2167) panicked at /rustc/dfb0accb7f508ae8be965d8629557221c889dd98/library/core/src/ops/function.rs:250:5:
[INFO] [stdout] Unexpected failure.
[INFO] [stdout] code=101
[INFO] [stdout] stderr=``````
[INFO] [stdout] 
[INFO] [stdout] thread \'main\' (2172) panicked at src/spc/api.rs:149:56:
[INFO] [stdout] called `Result::unwrap()` on an `Err` value: reqwest::Error { kind: Request, url: \"https://dl.static-php.dev/static-php-cli/bulk?format=json\", source: hyper_util::client::legacy::Error(Connect, ConnectError(\"dns error\", Custom { kind: Uncategorized, error: \"failed to lookup address information: Temporary failure in name resolution\" })) }
[INFO] [stdout] stack backtrace:
[INFO] [stdout]    0:     0x58f595746d61 - <<std[70759c8f55707aa4]::sys::backtrace::BacktraceLock>::print::DisplayBacktrace as core[df12db4294e9bfd3]::fmt::Display>::fmt
[INFO] [stdout]    1:     0x58f59575de1a - core[df12db4294e9bfd3]::fmt::write
[INFO] [stdout]    2:     0x58f59574cdbc - <std[70759c8f55707aa4]::sys::stdio::unix::Stderr as core[df12db4294e9bfd3]::io::write::Write>::write_fmt
[INFO] [stdout]    3:     0x58f595725006 - std[70759c8f55707aa4]::panicking::default_hook::{closure#0}
[INFO] [stdout]    4:     0x58f595740871 - std[70759c8f55707aa4]::panicking::default_hook
[INFO] [stdout]    5:     0x58f595740b9b - std[70759c8f55707aa4]::panicking::panic_with_hook
[INFO] [stdout]    6:     0x58f5957250b2 - std[70759c8f55707aa4]::panicking::panic_handler::{closure#0}
[INFO] [stdout]    7:     0x58f59571daa9 - std[70759c8f55707aa4]::sys::backtrace::__rust_end_short_backtrace::<std[70759c8f55707aa4]::panicking::panic_handler::{closure#0}, !>
[INFO] [stdout]    8:     0x58f595725abd - __rustc[8fa7c3cbc660c2b3]::rust_begin_unwind
[INFO] [stdout]    9:     0x58f59575e57c - core[df12db4294e9bfd3]::panicking::panic_fmt
[INFO] [stdout]   10:     0x58f59575e352 - core[df12db4294e9bfd3]::result::unwrap_failed
[INFO] [stdout]   11:     0x58f5955909ab - <spc_utils[2b29031757f61901]::spc::api::Api>::fetch_latest_version
[INFO] [stdout]   12:     0x58f5955aadbf - spc_utils[2b29031757f61901]::commands::latest::run
[INFO] [stdout]   13:     0x58f5955a79d7 - spc_utils[2b29031757f61901]::main
[INFO] [stdout]   14:     0x58f5955a874b - std[70759c8f55707aa4]::sys::backtrace::__rust_begin_short_backtrace::<fn(), ()>
[INFO] [stdout]   15:     0x58f59559f519 - std[70759c8f55707aa4]::rt::lang_start::<()>::{closure#0}
[INFO] [stdout]   16:     0x58f59573fa09 - std[70759c8f55707aa4]::rt::lang_start_internal
[INFO] [stdout]   17:     0x58f5955a7f75 - main
[INFO] [stdout]   18:     0x7a70d065f601 - <unknown>
[INFO] [stdout]   19:     0x7a70d065f718 - __libc_start_main
[INFO] [stdout]   20:     0x58f5955726c5 - _start
[INFO] [stdout]   21:                0x0 - <unknown>
[INFO] [stdout] ```
[INFO] [stdout] ```
[INFO] [stdout] command=`"/opt/rustwide/target/release/spc-utils" "latest" "-O" "linux" "-A" "x86_64" "--no-cache"`
[INFO] [stdout] code=101
[INFO] [stdout] stdout=""
[INFO] [stdout] stderr=```
[INFO] [stdout] 
[INFO] [stdout] thread \'main\' (2172) panicked at src/spc/api.rs:149:56:
[INFO] [stdout] called `Result::unwrap()` on an `Err` value: reqwest::Error { kind: Request, url: \"https://dl.static-php.dev/static-php-cli/bulk?format=json\", source: hyper_util::client::legacy::Error(Connect, ConnectError(\"dns error\", Custom { kind: Uncategorized, error: \"failed to lookup address information: Temporary failure in name resolution\" })) }
[INFO] [stdout] stack backtrace:
[INFO] [stdout]    0:     0x58f595746d61 - <<std[70759c8f55707aa4]::sys::backtrace::BacktraceLock>::print::DisplayBacktrace as core[df12db4294e9bfd3]::fmt::Display>::fmt
[INFO] [stdout]    1:     0x58f59575de1a - core[df12db4294e9bfd3]::fmt::write
[INFO] [stdout]    2:     0x58f59574cdbc - <std[70759c8f55707aa4]::sys::stdio::unix::Stderr as core[df12db4294e9bfd3]::io::write::Write>::write_fmt
[INFO] [stdout]    3:     0x58f595725006 - std[70759c8f55707aa4]::panicking::default_hook::{closure#0}
[INFO] [stdout]    4:     0x58f595740871 - std[70759c8f55707aa4]::panicking::default_hook
[INFO] [stdout]    5:     0x58f595740b9b - std[70759c8f55707aa4]::panicking::panic_with_hook
[INFO] [stdout]    6:     0x58f5957250b2 - std[70759c8f55707aa4]::panicking::panic_handler::{closure#0}
[INFO] [stdout]    7:     0x58f59571daa9 - std[70759c8f55707aa4]::sys::backtrace::__rust_end_short_backtrace::<std[70759c8f55707aa4]::panicking::panic_handler::{closure#0}, !>
[INFO] [stdout]    8:     0x58f595725abd - __rustc[8fa7c3cbc660c2b3]::rust_begin_unwind
[INFO] [stdout]    9:     0x58f59575e57c - core[df12db4294e9bfd3]::panicking::panic_fmt
[INFO] [stdout]   10:     0x58f59575e352 - core[df12db4294e9bfd3]::result::unwrap_failed
[INFO] [stdout]   11:     0x58f5955909ab - <spc_utils[2b29031757f61901]::spc::api::Api>::fetch_latest_version
[INFO] [stdout]   12:     0x58f5955aadbf - spc_utils[2b29031757f61901]::commands::latest::run
[INFO] [stdout]   13:     0x58f5955a79d7 - spc_utils[2b29031757f61901]::main
[INFO] [stdout]   14:     0x58f5955a874b - std[70759c8f55707aa4]::sys::backtrace::__rust_begin_short_backtrace::<fn(), ()>
[INFO] [stdout]   15:     0x58f59559f519 - std[70759c8f55707aa4]::rt::lang_start::<()>::{closure#0}
[INFO] [stdout]   16:     0x58f59573fa09 - std[70759c8f55707aa4]::rt::lang_start_internal
[INFO] [stdout]   17:     0x58f5955a7f75 - main
[INFO] [stdout]   18:     0x7a70d065f601 - <unknown>
[INFO] [stdout]   19:     0x7a70d065f718 - __libc_start_main
[INFO] [stdout]   20:     0x58f5955726c5 - _start
[INFO] [stdout]   21:                0x0 - <unknown>
[INFO] [stdout] ```
[INFO] [stdout] 
[INFO] [stdout] 
[INFO] [stdout] stack backtrace:
[INFO] [stdout]    0:     0x5bd80bb7cda1 - <<std[70759c8f55707aa4]::sys::backtrace::BacktraceLock>::print::DisplayBacktrace as core[df12db4294e9bfd3]::fmt::Display>::fmt
[INFO] [stdout]    1:     0x5bd80bb93eaa - core[df12db4294e9bfd3]::fmt::write
[INFO] [stdout]    2:     0x5bd80bb8288c - <alloc[2182bb758b4b3781]::vec::Vec<u8> as core[df12db4294e9bfd3]::io::write::Write>::write_fmt
[INFO] [stdout]    3:     0x5bd80bb57496 - std[70759c8f55707aa4]::panicking::default_hook::{closure#0}
[INFO] [stdout]    4:     0x5bd80bb74759 - std[70759c8f55707aa4]::panicking::default_hook
[INFO] [stdout]    5:     0x5bd80ba3b3f0 - test[9d35eded1c95d3be]::test_main_inner::<test[9d35eded1c95d3be]::test_main_static::{closure#0}>::{closure#0}
[INFO] [stdout]    6:     0x5bd80bb74912 - std[70759c8f55707aa4]::panicking::panic_with_hook
[INFO] [stdout]    7:     0x5bd80bb57542 - std[70759c8f55707aa4]::panicking::panic_handler::{closure#0}
[INFO] [stdout]    8:     0x5bd80bb50019 - std[70759c8f55707aa4]::sys::backtrace::__rust_end_short_backtrace::<std[70759c8f55707aa4]::panicking::panic_handler::{closure#0}, !>
[INFO] [stdout]    9:     0x5bd80bb5813d - __rustc[8fa7c3cbc660c2b3]::rust_begin_unwind
[INFO] [stdout]   10:     0x5bd80bb9468c - core[df12db4294e9bfd3]::panicking::panic_fmt
[INFO] [stdout]   11:     0x5bd80ba70d73 - <assert_cmd[e249c6882311bfe6]::assert::AssertError>::panic::<assert_cmd[e249c6882311bfe6]::assert::Assert>
[INFO] [stdout]   12:     0x5bd80ba71636 - <assert_cmd[e249c6882311bfe6]::assert::Assert>::success
[INFO] [stdout]   13:     0x5bd80ba28835 - <cli[ce03e707c89f4c62]::latest_with_os_and_arch::{closure#0} as core[df12db4294e9bfd3]::ops::function::FnOnce<()>>::call_once
[INFO] [stdout]   14:     0x5bd80ba2e6db - test[9d35eded1c95d3be]::__rust_begin_short_backtrace::<core[df12db4294e9bfd3]::result::Result<(), alloc[2182bb758b4b3781]::string::String>, fn() -> core[df12db4294e9bfd3]::result::Result<(), alloc[2182bb758b4b3781]::string::String>>
[INFO] [stdout]   15:     0x5bd80ba3bd45 - test[9d35eded1c95d3be]::run_test::{closure#0}
[INFO] [stdout]   16:     0x5bd80ba35604 - std[70759c8f55707aa4]::sys::backtrace::__rust_begin_short_backtrace::<test[9d35eded1c95d3be]::run_test::{closure#1}, ()>
[INFO] [stdout]   17:     0x5bd80ba3eea2 - <std[70759c8f55707aa4]::thread::lifecycle::spawn_unchecked<test[9d35eded1c95d3be]::run_test::{closure#1}, ()>::{closure#1} as core[df12db4294e9bfd3]::ops::function::FnOnce<()>>::call_once::{shim:vtable#0}
[INFO] [stdout]   18:     0x5bd80bb7c099 - <std[70759c8f55707aa4]::sys::thread::unix::Thread>::new::thread_start
[INFO] [stdout]   19:     0x73b4b5ddddfa - <unknown>
[INFO] [stdout]   20:     0x73b4b5e713d4 - clone
[INFO] [stdout]   21:                0x0 - <unknown>
[INFO] [stdout] 
[INFO] [stdout] 
[INFO] [stdout] failures:
[INFO] [stdout]     check_update_detects_outdated_version
[INFO] [stdout]     check_update_shows_download_url
[INFO] [stdout]     check_update_with_category
[INFO] [stdout]     download_creates_file
[INFO] [stdout]     download_with_category_and_build_type
[INFO] [stdout]     latest_retuns_valid_version
[INFO] [stdout]     latest_with_build_type
[INFO] [stdout]     latest_with_category
[INFO] [stdout]     latest_with_os_and_arch
[INFO] [stdout]     latest_with_version_filter
[INFO] [stdout]     version_parsing_with_two_parts
[INFO] [stdout]     version_parsing_with_zero_minor
[INFO] [stdout] 
[INFO] [stdout] test result: FAILED. 12 passed; 12 failed; 0 ignored; 0 measured; 0 filtered out; finished in 0.33s
[INFO] [stdout] 
[INFO] [stderr] error: test failed, to rerun pass `--test cli`
[INFO] running `Command { std: "docker" "inspect" "8d32ab647432b361873c413dcd4ca2fabf5b1d53ebf1c8e456ee4fade76596a3", kill_on_drop: false }`
[INFO] running `Command { std: "docker" "rm" "-f" "8d32ab647432b361873c413dcd4ca2fabf5b1d53ebf1c8e456ee4fade76596a3", kill_on_drop: false }`
[INFO] [stdout] 8d32ab647432b361873c413dcd4ca2fabf5b1d53ebf1c8e456ee4fade76596a3
