[INFO] fetching crate sparrowdb-storage 0.1.27...
[INFO] testing sparrowdb-storage-0.1.27 against 1.100.0-beta.1+cargoflags=--release for beta-release-1.100-2
[INFO] extracting crate sparrowdb-storage 0.1.27 into /workspace/builds/worker-5-tc2/source
[INFO] started tweaking crates.io crate sparrowdb-storage 0.1.27
[INFO] removed 0 missing examples
[INFO] removed 0 missing tests
[INFO] finished tweaking crates.io crate sparrowdb-storage 0.1.27
[INFO] tweaked toml for crates.io crate sparrowdb-storage 0.1.27 written to /workspace/builds/worker-5-tc2/source/Cargo.toml
[INFO] validating manifest of crates.io crate sparrowdb-storage 0.1.27 on toolchain 1.100.0-beta.1
[INFO] running `Command { std: CARGO_HOME="/workspace/cargo-home" RUSTUP_HOME="/workspace/rustup-home" "/workspace/cargo-home/bin/cargo" "+1.100.0-beta.1" "metadata" "--manifest-path" "Cargo.toml" "--no-deps", kill_on_drop: false }`
[INFO] crate crates.io crate sparrowdb-storage 0.1.27 already has a lockfile, it will not be regenerated
[INFO] running `Command { std: CARGO_HOME="/workspace/cargo-home" RUSTUP_HOME="/workspace/rustup-home" "/workspace/cargo-home/bin/cargo" "+1.100.0-beta.1" "fetch" "--manifest-path" "Cargo.toml", kill_on_drop: false }`
[INFO] running `Command { std: "docker" "create" "-v" "/var/lib/crater-agent-workspace/builds/worker-5-tc2/source:/opt/rustwide/workdir:ro,Z" "-v" "/var/lib/crater-agent-workspace/builds/worker-5-tc2/target:/opt/rustwide/target:rw,Z" "-v" "/var/lib/crater-agent-workspace/cargo-home:/opt/rustwide/cargo-home:ro,Z" "-v" "/var/lib/crater-agent-workspace/rustup-home:/opt/rustwide/rustup-home:ro,Z" "-m" "1610612736" "--network" "none" "ghcr.io/rust-lang/crates-build-env/linux@sha256:77db811e55d90add9212f6832c23229e3de5f1c1f9905e8cb07319ea15df73ac" "sleep" "infinity", kill_on_drop: false }`
[INFO] [stdout] 664bd9dbd3a9bde32f83ecfaf8c35beaf7a86532c2e922c7e376c9ab9373780c
[INFO] running `Command { std: "docker" "start" "664bd9dbd3a9bde32f83ecfaf8c35beaf7a86532c2e922c7e376c9ab9373780c", kill_on_drop: false }`
[INFO] running `Command { std: "docker" "inspect" "664bd9dbd3a9bde32f83ecfaf8c35beaf7a86532c2e922c7e376c9ab9373780c", kill_on_drop: false }`
[INFO] running `Command { std: "docker" "exec" "-e" "SOURCE_DIR=/opt/rustwide/workdir" "-e" "CARGO_HOME=/opt/rustwide/cargo-home" "-e" "RUSTUP_HOME=/opt/rustwide/rustup-home" "-e" "CARGO_TARGET_DIR=/opt/rustwide/target" "-w" "/opt/rustwide/workdir" "--user" "0:0" "664bd9dbd3a9bde32f83ecfaf8c35beaf7a86532c2e922c7e376c9ab9373780c" "/opt/rustwide/cargo-home/bin/cargo" "+1.100.0-beta.1" "metadata" "--no-deps" "--format-version=1", kill_on_drop: false }`
[INFO] running `Command { std: "docker" "inspect" "664bd9dbd3a9bde32f83ecfaf8c35beaf7a86532c2e922c7e376c9ab9373780c", kill_on_drop: false }`
[INFO] running `Command { std: "docker" "exec" "-e" "SOURCE_DIR=/opt/rustwide/workdir" "-e" "CARGO_HOME=/opt/rustwide/cargo-home" "-e" "RUSTUP_HOME=/opt/rustwide/rustup-home" "-e" "CARGO_TARGET_DIR=/opt/rustwide/target" "-e" "CARGO_INCREMENTAL=0" "-e" "RUST_BACKTRACE=full" "-e" "RUSTFLAGS=--cap-lints=warn" "-e" "RUSTDOCFLAGS=--cap-lints=warn" "-w" "/opt/rustwide/workdir" "--user" "0:0" "664bd9dbd3a9bde32f83ecfaf8c35beaf7a86532c2e922c7e376c9ab9373780c" "/opt/rustwide/cargo-home/bin/cargo" "+1.100.0-beta.1" "build" "--frozen" "--message-format=json" "--release", kill_on_drop: false }`
[INFO] [stderr]    Compiling getrandom v0.2.17
[INFO] [stderr]    Compiling zerocopy v0.8.56
[INFO] [stderr]    Compiling zeroize v1.9.0
[INFO] [stderr]    Compiling memmap2 v0.9.11
[INFO] [stderr]    Compiling crc32c v0.6.8
[INFO] [stderr]    Compiling syn v3.0.3
[INFO] [stderr]    Compiling inout v0.1.4
[INFO] [stderr]    Compiling syn v2.0.119
[INFO] [stderr]    Compiling rand_core v0.6.4
[INFO] [stderr]    Compiling crypto-common v0.1.7
[INFO] [stderr]    Compiling cipher v0.4.4
[INFO] [stderr]    Compiling universal-hash v0.5.1
[INFO] [stderr]    Compiling aead v0.5.2
[INFO] [stderr]    Compiling poly1305 v0.8.0
[INFO] [stderr]    Compiling chacha20 v0.9.1
[INFO] [stderr]    Compiling chacha20poly1305 v0.10.1
[INFO] [stderr]    Compiling serde_derive v1.0.229
[INFO] [stderr]    Compiling ppv-lite86 v0.2.21
[INFO] [stderr]    Compiling serde v1.0.229
[INFO] [stderr]    Compiling tracing-attributes v0.1.31
[INFO] [stderr]    Compiling rand_chacha v0.3.1
[INFO] [stderr]    Compiling rand v0.8.7
[INFO] [stderr]    Compiling sparrowdb-common v0.1.27
[INFO] [stderr]    Compiling bincode v1.3.3
[INFO] [stderr]    Compiling tracing v0.1.44
[INFO] [stderr]    Compiling sparrowdb-storage v0.1.27 (/opt/rustwide/workdir)
[INFO] [stderr]     Finished `release` profile [optimized] target(s) in 18.64s
[INFO] running `Command { std: "docker" "inspect" "664bd9dbd3a9bde32f83ecfaf8c35beaf7a86532c2e922c7e376c9ab9373780c", kill_on_drop: false }`
[INFO] running `Command { std: "docker" "exec" "-e" "SOURCE_DIR=/opt/rustwide/workdir" "-e" "CARGO_HOME=/opt/rustwide/cargo-home" "-e" "RUSTUP_HOME=/opt/rustwide/rustup-home" "-e" "CARGO_TARGET_DIR=/opt/rustwide/target" "-e" "CARGO_INCREMENTAL=0" "-e" "RUST_BACKTRACE=full" "-e" "RUSTFLAGS=--cap-lints=warn" "-e" "RUSTDOCFLAGS=--cap-lints=warn" "-w" "/opt/rustwide/workdir" "--user" "0:0" "664bd9dbd3a9bde32f83ecfaf8c35beaf7a86532c2e922c7e376c9ab9373780c" "/opt/rustwide/cargo-home/bin/cargo" "+1.100.0-beta.1" "test" "--frozen" "--no-run" "--message-format=json" "--release", kill_on_drop: false }`
[INFO] [stderr]    Compiling syn v2.0.119
[INFO] [stderr]    Compiling zerocopy v0.8.56
[INFO] [stderr]    Compiling serde v1.0.229
[INFO] [stderr]    Compiling clap_builder v4.6.6
[INFO] [stderr]    Compiling criterion-plot v0.5.0
[INFO] [stderr]    Compiling tinytemplate v1.2.1
[INFO] [stderr]    Compiling bincode v1.3.3
[INFO] [stderr]    Compiling sparrowdb-common v0.1.27
[INFO] [stderr]    Compiling clap v4.6.6
[INFO] [stderr]    Compiling zerocopy-derive v0.8.56
[INFO] [stderr]    Compiling tracing-attributes v0.1.31
[INFO] [stderr]    Compiling tracing v0.1.44
[INFO] [stderr]    Compiling ppv-lite86 v0.2.21
[INFO] [stderr]    Compiling half v2.7.1
[INFO] [stderr]    Compiling ciborium-ll v0.2.2
[INFO] [stderr]    Compiling rand_chacha v0.3.1
[INFO] [stderr]    Compiling ciborium v0.2.2
[INFO] [stderr]    Compiling rand v0.8.7
[INFO] [stderr]    Compiling criterion v0.5.1
[INFO] [stderr]    Compiling sparrowdb-storage v0.1.27 (/opt/rustwide/workdir)
[INFO] [stderr]     Finished `release` profile [optimized] target(s) in 45.69s
[INFO] running `Command { std: "docker" "inspect" "664bd9dbd3a9bde32f83ecfaf8c35beaf7a86532c2e922c7e376c9ab9373780c", kill_on_drop: false }`
[INFO] running `Command { std: "docker" "exec" "-e" "SOURCE_DIR=/opt/rustwide/workdir" "-e" "CARGO_HOME=/opt/rustwide/cargo-home" "-e" "RUSTUP_HOME=/opt/rustwide/rustup-home" "-e" "CARGO_TARGET_DIR=/opt/rustwide/target" "-e" "CARGO_INCREMENTAL=0" "-e" "RUST_BACKTRACE=full" "-e" "RUSTFLAGS=--cap-lints=warn" "-e" "RUSTDOCFLAGS=--cap-lints=warn" "-w" "/opt/rustwide/workdir" "--user" "0:0" "664bd9dbd3a9bde32f83ecfaf8c35beaf7a86532c2e922c7e376c9ab9373780c" "/opt/rustwide/cargo-home/bin/cargo" "+1.100.0-beta.1" "test" "--frozen" "--release", kill_on_drop: false }`
[INFO] [stderr]     Finished `release` profile [optimized] target(s) in 0.11s
[INFO] [stderr]      Running unittests src/lib.rs (/opt/rustwide/target/release/build/sparrowdb-storage/430c7875ff02e956/out/sparrowdb_storage-430c7875ff02e956)
[INFO] [stdout] 
[INFO] [stdout] running 138 tests
[INFO] [stdout] test csr::tests::test_csr_forward_backward_consistency ... ok
[INFO] [stdout] test edge_store::tests::test_checkpoint_rejects_out_of_bounds_node_id ... ok
[INFO] [stdout] test csr::tests::test_csr_forward_neighbors ... ok
[INFO] [stdout] test csr::tests::test_csr_backward_out_of_range_returns_empty ... ok
[INFO] [stdout] test csr::tests::test_csr_forward_roundtrip ... ok
[INFO] [stdout] test csr::tests::test_csr_backward_roundtrip ... ok
[INFO] [stdout] test csr::tests::test_mmap_clone_is_cheap ... ok
[INFO] [stdout] test csr::tests::test_csr_backward_predecessors ... ok
[INFO] [stdout] test edge_store::tests::test_checkpoint_truncates_delta_log ... ok
[INFO] [stdout] test csr::tests::test_csr_forward_out_of_range_returns_empty ... ok
[INFO] [stdout] test csr::tests::test_csr_golden_fixture_backward ... FAILED
[INFO] [stdout] test csr::tests::test_csr_golden_fixture_forward ... FAILED
[INFO] [stdout] test csr::tests::test_csr_forward_persists_to_disk ... ok
[INFO] [stdout] test edge_store::tests::test_create_edge_wrong_rel_id_rejected ... ok
[INFO] [stdout] test edge_store::tests::test_edge_checkpoint_builds_csr ... ok
[INFO] [stdout] test csr::tests::test_csr_backward_persists_to_disk ... ok
[INFO] [stdout] test edge_store::tests::test_edge_create_and_delta_roundtrip ... ok
[INFO] [stdout] test edge_store::tests::test_edge_delta_record_codec ... ok
[INFO] [stdout] test csr::tests::test_mmap_open_returns_correct_neighbors ... ok
[INFO] [stdout] test encryption::unit_tests::nonces_are_random ... ok
[INFO] [stdout] test encryption::unit_tests::passthrough_is_identity ... ok
[INFO] [stdout] test encryption::unit_tests::too_short_ciphertext_is_rejected ... ok
[INFO] [stdout] test fts_index::tests::matches_query_is_union_membership ... ok
[INFO] [stdout] test fts_index::tests::persistence_roundtrip ... ok
[INFO] [stdout] test fts_index::tests::insert_and_search ... ok
[INFO] [stdout] test fts_index::tests::registry_json_handles_escaped_strings ... ok
[INFO] [stdout] test fts_index::tests::registry_json_handles_whitespace ... ok
[INFO] [stdout] test fulltext_index::tests::dedup_on_repeated_add ... ok
[INFO] [stdout] test fts_index::tests::tokenize_basic ... ok
[INFO] [stdout] test fts_index::tests::registry_roundtrip_with_special_chars ... ok
[INFO] [stdout] test fts_index::tests::tokenize_unicode ... ok
[INFO] [stdout] test fts_index::tests::registry_roundtrip ... ok
[INFO] [stdout] test encryption::unit_tests::encrypt_output_length ... ok
[INFO] [stdout] test metapage::tests::test_dual_metapage_winner_selection ... ok
[INFO] [stdout] test metapage::tests::test_metapage_checksum_mismatch ... ok
[INFO] [stdout] test fts_index::tests::delete_removes_document ... ok
[INFO] [stdout] test fts_index::tests::contains_all_acceleration ... ok
[INFO] [stdout] test fulltext_index::tests::search_no_match_returns_empty ... ok
[INFO] [stdout] test metapage::tests::test_metapage_golden_fixture ... FAILED
[INFO] [stdout] test metapage::tests::test_metapage_invalid_magic ... ok
[INFO] [stdout] test metapage::tests::test_metapage_offsets ... ok
[INFO] [stdout] test edge_store::tests::test_edge_store_persists_across_reopen ... ok
[INFO] [stdout] test fts_index::tests::bm25_scores_rank_relevant_higher ... ok
[INFO] [stdout] test metapage::tests::test_metapage_size_is_512 ... ok
[INFO] [stdout] test property_index::tests::absent_sentinel_not_indexed ... ok
[INFO] [stdout] test property_index::tests::empty_index_removes_file_on_save ... ok
[INFO] [stdout] test property_index::tests::insert_and_lookup ... ok
[INFO] [stdout] test property_index::tests::is_indexed_tracks_presence ... ok
[INFO] [stdout] test property_index::tests::load_returns_none_on_corrupt_file ... ok
[INFO] [stdout] test property_index::tests::load_returns_none_when_no_file ... ok
[INFO] [stdout] test property_index::tests::remove_cleans_slot ... ok
[INFO] [stdout] test property_index::tests::remove_persisted_deletes_file ... ok
[INFO] [stdout] test property_index::tests::range_lookup_survives_persistence ... ok
[INFO] [stdout] test node_store::tests::test_node_persists_across_reopen ... ok
[INFO] [stdout] test node_store::tests::test_node_create_and_get ... ok
[INFO] [stdout] test csr::tests::test_mmap_large_graph ... ok
[INFO] [stdout] test property_index::tests::save_and_load_roundtrip ... ok
[INFO] [stdout] test maintenance::tests::test_checkpoint_emits_wal_records ... ok
[INFO] [stdout] test tests::crc32_zeroed_at_rejects_out_of_bounds ... ok
[INFO] [stdout] test node_store::tests::test_node_different_labels_independent ... ok
[INFO] [stdout] test tests::page_store_encrypted_roundtrip ... ok
[INFO] [stdout] test node_store::tests::test_node_multiple_nodes_sequential_slots ... ok
[INFO] [stdout] test property_index::tests::update_moves_slot ... ok
[INFO] [stdout] test tests::page_store_multiple_pages_encrypted ... ok
[INFO] [stdout] test tests::page_store_plaintext_roundtrip ... ok
[INFO] [stdout] test maintenance::tests::test_checkpoint_publishes_metapage ... ok
[INFO] [stdout] test text_index::tests::contains_no_match ... ok
[INFO] [stdout] test text_index::tests::insert_maintains_sort_order ... ok
[INFO] [stdout] test text_index::tests::starts_with_no_match ... ok
[INFO] [stdout] test text_index::tests::not_indexed_returns_empty ... ok
[INFO] [stdout] test node_store::tests::test_node_hwm_persists_across_reopen ... ok
[INFO] [stdout] test vector_index::tests::brute_force_search_correctness ... ok
[INFO] [stdout] test tests::page_store_type_exists ... ok
[INFO] [stdout] test text_index::tests::contains_basic ... ok
[INFO] [stdout] test vector_index::tests::cosine_similarity_identical ... ok
[INFO] [stdout] test vector_index::tests::insert_and_search_cosine ... ok
[INFO] [stdout] test vector_index::tests::cosine_similarity_orthogonal ... ok
[INFO] [stdout] test tests::crc32_zeroed_at_matches_manual_zeroing ... ok
[INFO] [stdout] test text_index::tests::starts_with_basic ... ok
[INFO] [stdout] test text_index::tests::starts_with_prefix_boundary ... ok
[INFO] [stdout] test tests::page_store_wrong_key_returns_auth_failed ... ok
[INFO] [stdout] test vector_index::tests::serialized_size_matches_serialize_len ... ok
[INFO] [stdout] test metapage::tests::test_metapage_encode_decode_roundtrip ... ok
[INFO] [stdout] test metapage::tests::test_metapage_reserved_bytes_are_zero ... ok
[INFO] [stdout] test vector_index::tests::spa443_has_vector_reports_storage_not_findability ... ok
[INFO] [stdout] test vector_index::tests::update_preserves_graph_invariants ... ok
[INFO] [stdout] test vector_index::tests::persist_and_reload ... ok
[INFO] [stdout] test fulltext_index::tests::add_and_search_basic ... ok
[INFO] [stdout] test wal::codec::generate_fixture::generate_wal_fixture ... ignored
[INFO] [stdout] test wal::codec::tests::test_decode_multiple_records_sequential ... ok
[INFO] [stdout] test fulltext_index::tests::roundtrip_persistence ... ok
[INFO] [stdout] test wal::codec::tests::test_decode_props_rejects_bogus_count_before_allocating ... ok
[INFO] [stdout] test wal::codec::tests::test_node_create_round_trip_with_props ... ok
[INFO] [stdout] test vector_index::tests::update_single_node_index ... ok
[INFO] [stdout] test wal::codec::tests::test_node_create_rejects_bogus_props_count_via_public_entry_point ... ok
[INFO] [stdout] test wal::codec::tests::test_wal_record_codec_round_trip_begin ... ok
[INFO] [stdout] test wal::codec::tests::test_wal_record_codec_round_trip_checkpoint_end ... ok
[INFO] [stdout] test wal::codec::tests::test_wal_record_codec_round_trip_abort ... ok
[INFO] [stdout] test wal::codec::tests::test_wal_record_codec_round_trip_commit ... ok
[INFO] [stdout] test wal::codec::tests::test_wal_record_codec_round_trip_write ... ok
[INFO] [stdout] test maintenance::tests::test_optimize_sorts_neighbor_lists ... ok
[INFO] [stdout] test wal::codec::tests::test_wal_record_crc32c_covers_all_fields ... ok
[INFO] [stdout] test wal::codec::tests::test_wal_record_crc32c_mismatch_detected ... ok
[INFO] [stdout] test wal::codec::tests::test_wal_record_truncated_returns_error ... ok
[INFO] [stdout] test wal::codec::tests::test_wal_record_write_large_page ... ok
[INFO] [stdout] test wal::migrate::tests::test_legacy_segment_roundtrip_through_decode_with_version ... ok
[INFO] [stdout] test wal::codec::tests::test_wal_record_lsn_monotonic_encoding ... ok
[INFO] [stdout] test wal::migrate::tests::test_migrate_corrupt_segment_errors ... ok
[INFO] [stdout] test wal::migrate::tests::test_migrate_converts_legacy_to_current ... ok
[INFO] [stdout] test maintenance::tests::test_checkpoint_wal_contains_begin_and_end ... ok
[INFO] [stdout] test wal::migrate::tests::test_migrate_idempotent ... ok
[INFO] [stdout] test wal::codec::tests::test_wal_record_codec_round_trip_checkpoint_begin ... ok
[INFO] [stdout] test wal::migrate::tests::test_migrate_mixed_segments ... ok
[INFO] [stdout] test wal::migrate::tests::test_migrate_preserves_edge_create_records ... ok
[INFO] [stdout] test vector_index::tests::v2_header_describes_the_payload ... ok
[INFO] [stdout] test vector_index::tests::repeated_saves_from_one_handle_are_allowed ... ok
[INFO] [stdout] test vector_index::tests::spa443_repair_reconnects_a_marooned_island ... ok
[INFO] [stdout] test wal::migrate::tests::test_migrate_skips_already_current ... ok
[INFO] [stdout] test wal::writer::tests::test_writer_append_returns_monotonic_lsns ... ok
[INFO] [stdout] test wal::replay::tests::test_empty_wal_replay_returns_zero ... ok
[INFO] [stdout] test wal::writer::tests::test_writer_creates_segment_file ... ok
[INFO] [stdout] test wal::writer::tests::test_writer_reopen_continues_lsn ... ok
[INFO] [stdout] test wal::replay::tests::test_torn_page_detected_and_recovered ... ok
[INFO] [stdout] test wal::replay::tests::test_wal_replay_idempotent ... ok
[INFO] [stdout] test wal::replay::tests::test_replay_aborted_txn_not_applied ... ok
[INFO] [stdout] test wal::writer::tests::test_writer_segment_rotation ... ok
[INFO] [stdout] test vector_index::tests::corrupted_generation_field_is_detected ... ok
[INFO] [stdout] test wal::replay::tests::test_wal_append_and_replay ... ok
[INFO] [stdout] test wal::writer::tests::test_writer_commit_transaction ... ok
[INFO] [stdout] test wal::replay::tests::test_replay_multiple_writes_same_page ... ok
[INFO] [stdout] test wal::writer::tests::test_writer_fsync_does_not_panic ... ok
[INFO] [stdout] test vector_index::tests::concurrent_handles_cannot_silently_overwrite_each_other ... ok
[INFO] [stdout] test vector_index::tests::fresh_empty_index_cannot_replace_an_existing_file ... ok
[INFO] [stdout] test vector_index::tests::inconsistent_index_is_rejected_but_not_quarantined ... ok
[INFO] [stdout] test vector_index::tests::spa443_repair_is_a_noop_on_a_healthy_index ... ok
[INFO] [stdout] test vector_index::tests::spa443_adjacency_lists_stay_within_capacity ... ok
[INFO] [stdout] test vector_index::tests::spa443_every_stored_vector_is_reachable ... ok
[INFO] [stdout] test vector_index::tests::spa443_no_node_has_zero_in_degree ... ok
[INFO] [stderr] error: test failed, to rerun pass `--lib`
[INFO] [stdout] 
[INFO] [stdout] failures:
[INFO] [stdout] 
[INFO] [stdout] ---- csr::tests::test_csr_golden_fixture_backward stdout ----
[INFO] [stdout] 
[INFO] [stdout] thread 'csr::tests::test_csr_golden_fixture_backward' (1130) panicked at src/csr.rs:609:49:
[INFO] [stdout] golden fixture csr_backward.bin not found: Os { code: 2, kind: NotFound, message: "No such file or directory" }
[INFO] [stdout] stack backtrace:
[INFO] [stdout]    0:     0x64e09e12e9e1 - <<std[617be2ca0a6fd877]::sys::backtrace::BacktraceLock>::print::DisplayBacktrace as core[a373ad73a504971]::fmt::Display>::fmt
[INFO] [stdout]    1:     0x64e09e145bda - core[a373ad73a504971]::fmt::write
[INFO] [stdout]    2:     0x64e09e132fdc - <alloc[2e1b2a31b91974c5]::vec::Vec<u8> as core[a373ad73a504971]::io::write::Write>::write_fmt
[INFO] [stdout]    3:     0x64e09e108446 - std[617be2ca0a6fd877]::panicking::default_hook::{closure#0}
[INFO] [stdout]    4:     0x64e09e125c69 - std[617be2ca0a6fd877]::panicking::default_hook
[INFO] [stdout]    5:     0x64e09e0b91f0 - test[aada8e7e76ba119b]::test_main_inner::{closure#0}
[INFO] [stdout]    6:     0x64e09e125e22 - std[617be2ca0a6fd877]::panicking::panic_with_hook
[INFO] [stdout]    7:     0x64e09e1084f2 - std[617be2ca0a6fd877]::panicking::panic_handler::{closure#0}
[INFO] [stdout]    8:     0x64e09e100e59 - std[617be2ca0a6fd877]::sys::backtrace::__rust_end_short_backtrace::<std[617be2ca0a6fd877]::panicking::panic_handler::{closure#0}, !>
[INFO] [stdout]    9:     0x64e09e1091ed - __rustc[ea4f61d10b84890b]::rust_begin_unwind
[INFO] [stdout]   10:     0x64e09e14633c - core[a373ad73a504971]::panicking::panic_fmt
[INFO] [stdout]   11:     0x64e09e146112 - core[a373ad73a504971]::result::unwrap_failed
[INFO] [stdout]   12:     0x64e09e06b977 - <sparrowdb_storage[52c7d322d94c967]::csr::tests::test_csr_golden_fixture_backward::{closure#0} as core[a373ad73a504971]::ops::function::FnOnce<()>>::call_once
[INFO] [stdout]   13:     0x64e09e0ac63b - test[aada8e7e76ba119b]::__rust_begin_short_backtrace::<core[a373ad73a504971]::result::Result<(), alloc[2e1b2a31b91974c5]::string::String>, fn() -> core[a373ad73a504971]::result::Result<(), alloc[2e1b2a31b91974c5]::string::String>>
[INFO] [stdout]   14:     0x64e09e0b9815 - test[aada8e7e76ba119b]::run_test::{closure#0}
[INFO] [stdout]   15:     0x64e09e0b3104 - std[617be2ca0a6fd877]::sys::backtrace::__rust_begin_short_backtrace::<test[aada8e7e76ba119b]::run_test::{closure#1}, ()>
[INFO] [stdout]   16:     0x64e09e0bc8a2 - <std[617be2ca0a6fd877]::thread::lifecycle::spawn_unchecked<test[aada8e7e76ba119b]::run_test::{closure#1}, ()>::{closure#1} as core[a373ad73a504971]::ops::function::FnOnce<()>>::call_once::{shim:vtable#0}
[INFO] [stdout]   17:     0x64e09e12dc3f - <std[617be2ca0a6fd877]::sys::thread::unix::Thread>::new::thread_start
[INFO] [stdout]   18:     0x78e3f6edddfa - <unknown>
[INFO] [stdout]   19:     0x78e3f6f713d4 - clone
[INFO] [stdout]   20:                0x0 - <unknown>
[INFO] [stdout] 
[INFO] [stdout] ---- csr::tests::test_csr_golden_fixture_forward stdout ----
[INFO] [stdout] 
[INFO] [stdout] thread 'csr::tests::test_csr_golden_fixture_forward' (1131) panicked at src/csr.rs:587:49:
[INFO] [stdout] golden fixture csr_forward.bin not found: Os { code: 2, kind: NotFound, message: "No such file or directory" }
[INFO] [stdout] stack backtrace:
[INFO] [stdout]    0:     0x64e09e12e9e1 - <<std[617be2ca0a6fd877]::sys::backtrace::BacktraceLock>::print::DisplayBacktrace as core[a373ad73a504971]::fmt::Display>::fmt
[INFO] [stdout]    1:     0x64e09e145bda - core[a373ad73a504971]::fmt::write
[INFO] [stdout]    2:     0x64e09e132fdc - <alloc[2e1b2a31b91974c5]::vec::Vec<u8> as core[a373ad73a504971]::io::write::Write>::write_fmt
[INFO] [stdout]    3:     0x64e09e108446 - std[617be2ca0a6fd877]::panicking::default_hook::{closure#0}
[INFO] [stdout]    4:     0x64e09e125c69 - std[617be2ca0a6fd877]::panicking::default_hook
[INFO] [stdout]    5:     0x64e09e0b91f0 - test[aada8e7e76ba119b]::test_main_inner::{closure#0}
[INFO] [stdout]    6:     0x64e09e125e22 - std[617be2ca0a6fd877]::panicking::panic_with_hook
[INFO] [stdout]    7:     0x64e09e1084f2 - std[617be2ca0a6fd877]::panicking::panic_handler::{closure#0}
[INFO] [stdout]    8:     0x64e09e100e59 - std[617be2ca0a6fd877]::sys::backtrace::__rust_end_short_backtrace::<std[617be2ca0a6fd877]::panicking::panic_handler::{closure#0}, !>
[INFO] [stdout]    9:     0x64e09e1091ed - __rustc[ea4f61d10b84890b]::rust_begin_unwind
[INFO] [stdout]   10:     0x64e09e14633c - core[a373ad73a504971]::panicking::panic_fmt
[INFO] [stdout]   11:     0x64e09e146112 - core[a373ad73a504971]::result::unwrap_failed
[INFO] [stdout]   12:     0x64e09e06b3c7 - <sparrowdb_storage[52c7d322d94c967]::csr::tests::test_csr_golden_fixture_forward::{closure#0} as core[a373ad73a504971]::ops::function::FnOnce<()>>::call_once
[INFO] [stdout]   13:     0x64e09e0ac63b - test[aada8e7e76ba119b]::__rust_begin_short_backtrace::<core[a373ad73a504971]::result::Result<(), alloc[2e1b2a31b91974c5]::string::String>, fn() -> core[a373ad73a504971]::result::Result<(), alloc[2e1b2a31b91974c5]::string::String>>
[INFO] [stdout]   14:     0x64e09e0b9815 - test[aada8e7e76ba119b]::run_test::{closure#0}
[INFO] [stdout]   15:     0x64e09e0b3104 - std[617be2ca0a6fd877]::sys::backtrace::__rust_begin_short_backtrace::<test[aada8e7e76ba119b]::run_test::{closure#1}, ()>
[INFO] [stdout]   16:     0x64e09e0bc8a2 - <std[617be2ca0a6fd877]::thread::lifecycle::spawn_unchecked<test[aada8e7e76ba119b]::run_test::{closure#1}, ()>::{closure#1} as core[a373ad73a504971]::ops::function::FnOnce<()>>::call_once::{shim:vtable#0}
[INFO] [stdout]   17:     0x64e09e12dc3f - <std[617be2ca0a6fd877]::sys::thread::unix::Thread>::new::thread_start
[INFO] [stdout]   18:     0x78e3f6edddfa - <unknown>
[INFO] [stdout]   19:     0x78e3f6f713d4 - clone
[INFO] [stdout]   20:                0x0 - <unknown>
[INFO] [stdout] 
[INFO] [stdout] ---- metapage::tests::test_metapage_golden_fixture stdout ----
[INFO] [stdout] 
[INFO] [stdout] thread 'metapage::tests::test_metapage_golden_fixture' (1169) panicked at src/metapage.rs:244:49:
[INFO] [stdout] metapage_ab.bin fixture must exist: Os { code: 2, kind: NotFound, message: "No such file or directory" }
[INFO] [stdout] stack backtrace:
[INFO] [stdout]    0:     0x64e09e12e9e1 - <<std[617be2ca0a6fd877]::sys::backtrace::BacktraceLock>::print::DisplayBacktrace as core[a373ad73a504971]::fmt::Display>::fmt
[INFO] [stdout]    1:     0x64e09e145bda - core[a373ad73a504971]::fmt::write
[INFO] [stdout]    2:     0x64e09e132fdc - <alloc[2e1b2a31b91974c5]::vec::Vec<u8> as core[a373ad73a504971]::io::write::Write>::write_fmt
[INFO] [stdout]    3:     0x64e09e108446 - std[617be2ca0a6fd877]::panicking::default_hook::{closure#0}
[INFO] [stdout]    4:     0x64e09e125c69 - std[617be2ca0a6fd877]::panicking::default_hook
[INFO] [stdout]    5:     0x64e09e0b91f0 - test[aada8e7e76ba119b]::test_main_inner::{closure#0}
[INFO] [stdout]    6:     0x64e09e125e22 - std[617be2ca0a6fd877]::panicking::panic_with_hook
[INFO] [stdout]    7:     0x64e09e1084f2 - std[617be2ca0a6fd877]::panicking::panic_handler::{closure#0}
[INFO] [stdout]    8:     0x64e09e100e59 - std[617be2ca0a6fd877]::sys::backtrace::__rust_end_short_backtrace::<std[617be2ca0a6fd877]::panicking::panic_handler::{closure#0}, !>
[INFO] [stdout]    9:     0x64e09e1091ed - __rustc[ea4f61d10b84890b]::rust_begin_unwind
[INFO] [stdout]   10:     0x64e09e14633c - core[a373ad73a504971]::panicking::panic_fmt
[INFO] [stdout]   11:     0x64e09e146112 - core[a373ad73a504971]::result::unwrap_failed
[INFO] [stdout]   12:     0x64e09e088f94 - <sparrowdb_storage[52c7d322d94c967]::metapage::tests::test_metapage_golden_fixture::{closure#0} as core[a373ad73a504971]::ops::function::FnOnce<()>>::call_once
[INFO] [stdout]   13:     0x64e09e0ac63b - test[aada8e7e76ba119b]::__rust_begin_short_backtrace::<core[a373ad73a504971]::result::Result<(), alloc[2e1b2a31b91974c5]::string::String>, fn() -> core[a373ad73a504971]::result::Result<(), alloc[2e1b2a31b91974c5]::string::String>>
[INFO] [stdout]   14:     0x64e09e0b9815 - test[aada8e7e76ba119b]::run_test::{closure#0}
[INFO] [stdout]   15:     0x64e09e0b3104 - std[617be2ca0a6fd877]::sys::backtrace::__rust_begin_short_backtrace::<test[aada8e7e76ba119b]::run_test::{closure#1}, ()>
[INFO] [stdout]   16:     0x64e09e0bc8a2 - <std[617be2ca0a6fd877]::thread::lifecycle::spawn_unchecked<test[aada8e7e76ba119b]::run_test::{closure#1}, ()>::{closure#1} as core[a373ad73a504971]::ops::function::FnOnce<()>>::call_once::{shim:vtable#0}
[INFO] [stdout]   17:     0x64e09e12dc3f - <std[617be2ca0a6fd877]::sys::thread::unix::Thread>::new::thread_start
[INFO] [stdout]   18:     0x78e3f6edddfa - <unknown>
[INFO] [stdout]   19:     0x78e3f6f713d4 - clone
[INFO] [stdout]   20:                0x0 - <unknown>
[INFO] [stdout] 
[INFO] [stdout] 
[INFO] [stdout] failures:
[INFO] [stdout]     csr::tests::test_csr_golden_fixture_backward
[INFO] [stdout]     csr::tests::test_csr_golden_fixture_forward
[INFO] [stdout]     metapage::tests::test_metapage_golden_fixture
[INFO] [stdout] 
[INFO] [stdout] test result: FAILED. 134 passed; 3 failed; 1 ignored; 0 measured; 0 filtered out; finished in 0.46s
[INFO] [stdout] 
[INFO] running `Command { std: "docker" "inspect" "664bd9dbd3a9bde32f83ecfaf8c35beaf7a86532c2e922c7e376c9ab9373780c", kill_on_drop: false }`
[INFO] running `Command { std: "docker" "rm" "-f" "664bd9dbd3a9bde32f83ecfaf8c35beaf7a86532c2e922c7e376c9ab9373780c", kill_on_drop: false }`
[INFO] [stdout] 664bd9dbd3a9bde32f83ecfaf8c35beaf7a86532c2e922c7e376c9ab9373780c
