[INFO] fetching crate sparrow-config 0.10.3...
[INFO] testing sparrow-config-0.10.3 against 1.100.0-beta.1+cargoflags=--release for beta-release-1.100-2
[INFO] extracting crate sparrow-config 0.10.3 into /workspace/builds/worker-2-tc2/source
[INFO] started tweaking crates.io crate sparrow-config 0.10.3
[INFO] finished tweaking crates.io crate sparrow-config 0.10.3
[INFO] tweaked toml for crates.io crate sparrow-config 0.10.3 written to /workspace/builds/worker-2-tc2/source/Cargo.toml
[INFO] validating manifest of crates.io crate sparrow-config 0.10.3 on toolchain 1.100.0-beta.1
[INFO] running `Command { std: CARGO_HOME="/workspace/cargo-home" RUSTUP_HOME="/workspace/rustup-home" "/workspace/cargo-home/bin/cargo" "+1.100.0-beta.1" "metadata" "--manifest-path" "Cargo.toml" "--no-deps", kill_on_drop: false }`
[INFO] crate crates.io crate sparrow-config 0.10.3 already has a lockfile, it will not be regenerated
[INFO] running `Command { std: CARGO_HOME="/workspace/cargo-home" RUSTUP_HOME="/workspace/rustup-home" "/workspace/cargo-home/bin/cargo" "+1.100.0-beta.1" "fetch" "--manifest-path" "Cargo.toml", kill_on_drop: false }`
[INFO] running `Command { std: "docker" "create" "-v" "/var/lib/crater-agent-workspace/builds/worker-2-tc2/source:/opt/rustwide/workdir:ro,Z" "-v" "/var/lib/crater-agent-workspace/builds/worker-2-tc2/target:/opt/rustwide/target:rw,Z" "-v" "/var/lib/crater-agent-workspace/cargo-home:/opt/rustwide/cargo-home:ro,Z" "-v" "/var/lib/crater-agent-workspace/rustup-home:/opt/rustwide/rustup-home:ro,Z" "-m" "1610612736" "--network" "none" "ghcr.io/rust-lang/crates-build-env/linux@sha256:77db811e55d90add9212f6832c23229e3de5f1c1f9905e8cb07319ea15df73ac" "sleep" "infinity", kill_on_drop: false }`
[INFO] [stdout] 248f0a5257ba78a7705751f98b154b12d049c24ca72de1a4c707cbf66585c30c
[INFO] running `Command { std: "docker" "start" "248f0a5257ba78a7705751f98b154b12d049c24ca72de1a4c707cbf66585c30c", kill_on_drop: false }`
[INFO] running `Command { std: "docker" "inspect" "248f0a5257ba78a7705751f98b154b12d049c24ca72de1a4c707cbf66585c30c", kill_on_drop: false }`
[INFO] running `Command { std: "docker" "exec" "-e" "SOURCE_DIR=/opt/rustwide/workdir" "-e" "CARGO_HOME=/opt/rustwide/cargo-home" "-e" "RUSTUP_HOME=/opt/rustwide/rustup-home" "-e" "CARGO_TARGET_DIR=/opt/rustwide/target" "-w" "/opt/rustwide/workdir" "--user" "0:0" "248f0a5257ba78a7705751f98b154b12d049c24ca72de1a4c707cbf66585c30c" "/opt/rustwide/cargo-home/bin/cargo" "+1.100.0-beta.1" "metadata" "--no-deps" "--format-version=1", kill_on_drop: false }`
[INFO] running `Command { std: "docker" "inspect" "248f0a5257ba78a7705751f98b154b12d049c24ca72de1a4c707cbf66585c30c", kill_on_drop: false }`
[INFO] running `Command { std: "docker" "exec" "-e" "SOURCE_DIR=/opt/rustwide/workdir" "-e" "CARGO_HOME=/opt/rustwide/cargo-home" "-e" "RUSTUP_HOME=/opt/rustwide/rustup-home" "-e" "CARGO_TARGET_DIR=/opt/rustwide/target" "-e" "CARGO_INCREMENTAL=0" "-e" "RUST_BACKTRACE=full" "-e" "RUSTFLAGS=--cap-lints=warn" "-e" "RUSTDOCFLAGS=--cap-lints=warn" "-w" "/opt/rustwide/workdir" "--user" "0:0" "248f0a5257ba78a7705751f98b154b12d049c24ca72de1a4c707cbf66585c30c" "/opt/rustwide/cargo-home/bin/cargo" "+1.100.0-beta.1" "build" "--frozen" "--message-format=json" "--release", kill_on_drop: false }`
[INFO] [stderr]    Compiling memchr v2.8.1
[INFO] [stderr]    Compiling cc v1.2.63
[INFO] [stderr]    Compiling zerocopy v0.8.50
[INFO] [stderr]    Compiling futures-io v0.3.32
[INFO] [stderr]    Compiling parking_lot_core v0.9.12
[INFO] [stderr]    Compiling generic-array v0.14.7
[INFO] [stderr]    Compiling serde v1.0.228
[INFO] [stderr]    Compiling rustls-pki-types v1.14.1
[INFO] [stderr]    Compiling bitflags v2.13.0
[INFO] [stderr]    Compiling icu_normalizer v2.2.0
[INFO] [stderr]    Compiling indexmap v2.14.0
[INFO] [stderr]    Compiling log v0.4.32
[INFO] [stderr]    Compiling winnow v0.7.15
[INFO] [stderr]    Compiling uuid v1.23.2
[INFO] [stderr]    Compiling parking_lot v0.12.5
[INFO] [stderr]    Compiling tokio v1.52.3
[INFO] [stderr]    Compiling idna_adapter v1.2.2
[INFO] [stderr]    Compiling webpki-roots v1.0.7
[INFO] [stderr]    Compiling futures-util v0.3.32
[INFO] [stderr]    Compiling idna v1.1.0
[INFO] [stderr]    Compiling serde_json v1.0.150
[INFO] [stderr]    Compiling aho-corasick v1.1.4
[INFO] [stderr]    Compiling crypto-common v0.1.7
[INFO] [stderr]    Compiling block-buffer v0.10.4
[INFO] [stderr]    Compiling ring v0.17.14
[INFO] [stderr]    Compiling libsqlite3-sys v0.30.1
[INFO] [stderr]    Compiling inout v0.1.4
[INFO] [stderr]    Compiling digest v0.10.7
[INFO] [stderr]    Compiling universal-hash v0.5.1
[INFO] [stderr]    Compiling serde_urlencoded v0.7.1
[INFO] [stderr]    Compiling serde_spanned v0.6.9
[INFO] [stderr]    Compiling url v2.5.8
[INFO] [stderr]    Compiling toml_datetime v0.6.11
[INFO] [stderr]    Compiling cipher v0.4.4
[INFO] [stderr]    Compiling sha2 v0.10.9
[INFO] [stderr]    Compiling poly1305 v0.8.0
[INFO] [stderr]    Compiling chrono v0.4.45
[INFO] [stderr]    Compiling aead v0.5.2
[INFO] [stderr]    Compiling secrecy v0.10.3
[INFO] [stderr]    Compiling chacha20 v0.9.1
[INFO] [stderr]    Compiling chacha20poly1305 v0.10.1
[INFO] [stderr]    Compiling sparrow-core v0.10.3
[INFO] [stderr]    Compiling toml_edit v0.22.27
[INFO] [stderr]    Compiling regex-automata v0.4.14
[INFO] [stderr]    Compiling toml v0.8.23
[INFO] [stderr]    Compiling ahash v0.8.12
[INFO] [stderr]    Compiling ppv-lite86 v0.2.21
[INFO] [stderr]    Compiling futures-executor v0.3.32
[INFO] [stderr]    Compiling futures v0.3.32
[INFO] [stderr]    Compiling rand_chacha v0.3.1
[INFO] [stderr]    Compiling hashbrown v0.14.5
[INFO] [stderr]    Compiling regex v1.12.3
[INFO] [stderr]    Compiling rand v0.8.6
[INFO] [stderr]    Compiling hashlink v0.9.1
[INFO] [stderr]    Compiling hyper v1.10.1
[INFO] [stderr]    Compiling tower v0.5.3
[INFO] [stderr]    Compiling tokio-util v0.7.18
[INFO] [stderr]    Compiling tower-http v0.6.11
[INFO] [stderr]    Compiling hyper-util v0.1.20
[INFO] [stderr]    Compiling rustls v0.23.40
[INFO] [stderr]    Compiling rustls-webpki v0.103.13
[INFO] [stderr]    Compiling tokio-rustls v0.26.4
[INFO] [stderr]    Compiling hyper-rustls v0.27.9
[INFO] [stderr]    Compiling reqwest v0.12.28
[INFO] [stderr]    Compiling sparrow-providers v0.10.3
[INFO] [stderr]    Compiling rusqlite v0.32.1
[INFO] [stderr]    Compiling sparrow-intel v0.10.3
[INFO] [stderr]    Compiling sparrow-config v0.10.3 (/opt/rustwide/workdir)
[INFO] [stderr]     Finished `release` profile [optimized] target(s) in 2m 38s
[INFO] running `Command { std: "docker" "inspect" "248f0a5257ba78a7705751f98b154b12d049c24ca72de1a4c707cbf66585c30c", kill_on_drop: false }`
[INFO] running `Command { std: "docker" "exec" "-e" "SOURCE_DIR=/opt/rustwide/workdir" "-e" "CARGO_HOME=/opt/rustwide/cargo-home" "-e" "RUSTUP_HOME=/opt/rustwide/rustup-home" "-e" "CARGO_TARGET_DIR=/opt/rustwide/target" "-e" "CARGO_INCREMENTAL=0" "-e" "RUST_BACKTRACE=full" "-e" "RUSTFLAGS=--cap-lints=warn" "-e" "RUSTDOCFLAGS=--cap-lints=warn" "-w" "/opt/rustwide/workdir" "--user" "0:0" "248f0a5257ba78a7705751f98b154b12d049c24ca72de1a4c707cbf66585c30c" "/opt/rustwide/cargo-home/bin/cargo" "+1.100.0-beta.1" "test" "--frozen" "--no-run" "--message-format=json" "--release", kill_on_drop: false }`
[INFO] [stderr]    Compiling rusqlite v0.32.1
[INFO] [stderr]    Compiling tower-http v0.6.11
[INFO] [stderr]    Compiling reqwest v0.12.28
[INFO] [stderr]    Compiling sparrow-intel v0.10.3
[INFO] [stderr]    Compiling sparrow-providers v0.10.3
[INFO] [stderr]    Compiling sparrow-config v0.10.3 (/opt/rustwide/workdir)
[INFO] [stderr]     Finished `release` profile [optimized] target(s) in 28.52s
[INFO] running `Command { std: "docker" "inspect" "248f0a5257ba78a7705751f98b154b12d049c24ca72de1a4c707cbf66585c30c", kill_on_drop: false }`
[INFO] running `Command { std: "docker" "exec" "-e" "SOURCE_DIR=/opt/rustwide/workdir" "-e" "CARGO_HOME=/opt/rustwide/cargo-home" "-e" "RUSTUP_HOME=/opt/rustwide/rustup-home" "-e" "CARGO_TARGET_DIR=/opt/rustwide/target" "-e" "CARGO_INCREMENTAL=0" "-e" "RUST_BACKTRACE=full" "-e" "RUSTFLAGS=--cap-lints=warn" "-e" "RUSTDOCFLAGS=--cap-lints=warn" "-w" "/opt/rustwide/workdir" "--user" "0:0" "248f0a5257ba78a7705751f98b154b12d049c24ca72de1a4c707cbf66585c30c" "/opt/rustwide/cargo-home/bin/cargo" "+1.100.0-beta.1" "test" "--frozen" "--release", kill_on_drop: false }`
[INFO] [stderr]     Finished `release` profile [optimized] target(s) in 0.23s
[INFO] [stderr]      Running unittests src/lib.rs (/opt/rustwide/target/release/build/sparrow-config/e0c0c007f461ef78/out/sparrow_config-e0c0c007f461ef78)
[INFO] [stdout] 
[INFO] [stdout] running 22 tests
[INFO] [stdout] test humanize::tests::telemetry_events_have_no_status_line ... ok
[INFO] [stdout] test humanize::tests::run_started_is_human_in_both_languages ... ok
[INFO] [stdout] test humanize::tests::tool_proposed_names_the_file_in_plain_words ... ok
[INFO] [stdout] test permissions::store::tests::test_default_store_is_empty ... ok
[INFO] [stdout] test humanize::tests::error_is_reassuring_and_hides_raw_blobs ... ok
[INFO] [stdout] test humanize::tests::experience_config_resolves_mode_and_lang ... ok
[INFO] [stdout] test permissions::tests::exec_dangerous_command_escalates_to_destructive ... ok
[INFO] [stdout] test permissions::tests::read_only_blocks_mutating_tools ... ok
[INFO] [stdout] test sandbox::denied_path_tests::command_guard_allows_benign_commands ... ok
[INFO] [stdout] test sandbox::denied_path_tests::command_guard_empty_denylist_is_noop ... ok
[INFO] [stdout] test humanize::tests::lang_from_code_defaults_to_french ... ok
[INFO] [stdout] test sandbox::denied_path_tests::command_guard_catches_literal_secret_reads ... ok
[INFO] [stdout] test permissions::store::tests::test_expire_session_scoped ... ok
[INFO] [stdout] test permissions::store::tests::test_is_tool_allowed ... ok
[INFO] [stdout] test permissions::tests::ask_tool_requires_user ... ok
[INFO] [stdout] test permissions::tests::denied_sensitive_paths_win ... ok
[INFO] [stdout] test humanize::tests::run_finished_reports_files_changed ... ok
[INFO] [stdout] test sandbox::denied_path_tests::path_is_denied_matches_components_not_substrings ... ok
[INFO] [stdout] test permissions::store::tests::test_persist_roundtrip ... ok
[INFO] [stdout] test humanize::tests::no_jargon_leaks_into_simple_mode ... ok
[INFO] [stdout] test sandbox::hardened_linux_tests::hardened_sandbox_rejects_workdir_escape ... ok
[INFO] [stdout] test sandbox::hardened_linux_tests::hardened_sandbox_runs_a_command_in_the_workspace ... FAILED
[INFO] [stdout] 
[INFO] [stdout] failures:
[INFO] [stdout] 
[INFO] [stdout] ---- sandbox::hardened_linux_tests::hardened_sandbox_runs_a_command_in_the_workspace stdout ----
[INFO] [stdout] 
[INFO] [stdout] thread 'sandbox::hardened_linux_tests::hardened_sandbox_runs_a_command_in_the_workspace' (1636) panicked at src/sandbox/mod.rs:561:9:
[INFO] [stdout] assertion `left == right` failed: stderr: bwrap: Creating new namespace failed: Operation not permitted
[INFO] [stdout] 
[INFO] [stdout]   left: 1
[INFO] [stdout]  right: 0
[INFO] [stdout] stack backtrace:
[INFO] [stdout]    0:     0x5aab6be906d1 - <<std[617be2ca0a6fd877]::sys::backtrace::BacktraceLock>::print::DisplayBacktrace as core[a373ad73a504971]::fmt::Display>::fmt
[INFO] [stdout]    1:     0x5aab6bea63ba - core[a373ad73a504971]::fmt::write
[INFO] [stdout]    2:     0x5aab6be9520c - <alloc[2e1b2a31b91974c5]::vec::Vec<u8> as core[a373ad73a504971]::io::write::Write>::write_fmt
[INFO] [stdout]    3:     0x5aab6be6a056 - std[617be2ca0a6fd877]::panicking::default_hook::{closure#0}
[INFO] [stdout]    4:     0x5aab6be87ec9 - std[617be2ca0a6fd877]::panicking::default_hook
[INFO] [stdout]    5:     0x5aab6bdfab30 - test[aada8e7e76ba119b]::test_main_inner::{closure#0}
[INFO] [stdout]    6:     0x5aab6be881f2 - std[617be2ca0a6fd877]::panicking::panic_with_hook
[INFO] [stdout]    7:     0x5aab6be6a102 - std[617be2ca0a6fd877]::panicking::panic_handler::{closure#0}
[INFO] [stdout]    8:     0x5aab6be625d9 - std[617be2ca0a6fd877]::sys::backtrace::__rust_end_short_backtrace::<std[617be2ca0a6fd877]::panicking::panic_handler::{closure#0}, !>
[INFO] [stdout]    9:     0x5aab6be6ae1d - __rustc[ea4f61d10b84890b]::rust_begin_unwind
[INFO] [stdout]   10:     0x5aab6bea6b1c - core[a373ad73a504971]::panicking::panic_fmt
[INFO] [stdout]   11:     0x5aab6bea6a93 - core[a373ad73a504971]::panicking::assert_failed_inner
[INFO] [stdout]   12:     0x5aab6be61db5 - core[a373ad73a504971]::panicking::assert_failed::<i32, i32>
[INFO] [stdout]   13:     0x5aab6bdda465 - sparrow_config[30e8e9ec94c0ef79]::sandbox::hardened_linux_tests::hardened_sandbox_runs_a_command_in_the_workspace::{closure#0}
[INFO] [stdout]   14:     0x5aab6bdddcdb - <tokio[4a9903ebfdc12958]::runtime::scheduler::current_thread::CurrentThread>::block_on::<core[a373ad73a504971]::pin::Pin<&mut dyn core[a373ad73a504971]::future::future::Future<Output = ()>>>
[INFO] [stdout]   15:     0x5aab6bde36a2 - <tokio[4a9903ebfdc12958]::runtime::runtime::Runtime>::block_on::<core[a373ad73a504971]::pin::Pin<&mut dyn core[a373ad73a504971]::future::future::Future<Output = ()>>>
[INFO] [stdout]   16:     0x5aab6bdda9be - <sparrow_config[30e8e9ec94c0ef79]::sandbox::hardened_linux_tests::hardened_sandbox_runs_a_command_in_the_workspace::{closure#0} as core[a373ad73a504971]::ops::function::FnOnce<()>>::call_once
[INFO] [stdout]   17:     0x5aab6bdedf7b - test[aada8e7e76ba119b]::__rust_begin_short_backtrace::<core[a373ad73a504971]::result::Result<(), alloc[2e1b2a31b91974c5]::string::String>, fn() -> core[a373ad73a504971]::result::Result<(), alloc[2e1b2a31b91974c5]::string::String>>
[INFO] [stdout]   18:     0x5aab6bdfb155 - test[aada8e7e76ba119b]::run_test::{closure#0}
[INFO] [stdout]   19:     0x5aab6bdf4a44 - std[617be2ca0a6fd877]::sys::backtrace::__rust_begin_short_backtrace::<test[aada8e7e76ba119b]::run_test::{closure#1}, ()>
[INFO] [stdout]   20:     0x5aab6bdfe1e2 - <std[617be2ca0a6fd877]::thread::lifecycle::spawn_unchecked<test[aada8e7e76ba119b]::run_test::{closure#1}, ()>::{closure#1} as core[a373ad73a504971]::ops::function::FnOnce<()>>::call_once::{shim:vtable#0}
[INFO] [stdout]   21:     0x5aab6be8f9df - <std[617be2ca0a6fd877]::sys::thread::unix::Thread>::new::thread_start
[INFO] [stdout]   22:     0x7ce25eebedfa - <unknown>
[INFO] [stdout]   23:     0x7ce25ef523d4 - clone
[INFO] [stdout]   24:                0x0 - <unknown>
[INFO] [stdout] 
[INFO] [stdout] 
[INFO] [stdout] failures:
[INFO] [stdout]     sandbox::hardened_linux_tests::hardened_sandbox_runs_a_command_in_the_workspace
[INFO] [stdout] 
[INFO] [stdout] test result: FAILED. 21 passed; 1 failed; 0 ignored; 0 measured; 0 filtered out; finished in 0.09s
[INFO] [stdout] 
[INFO] [stderr] error: test failed, to rerun pass `--lib`
[INFO] running `Command { std: "docker" "inspect" "248f0a5257ba78a7705751f98b154b12d049c24ca72de1a4c707cbf66585c30c", kill_on_drop: false }`
[INFO] running `Command { std: "docker" "rm" "-f" "248f0a5257ba78a7705751f98b154b12d049c24ca72de1a4c707cbf66585c30c", kill_on_drop: false }`
[INFO] [stdout] 248f0a5257ba78a7705751f98b154b12d049c24ca72de1a4c707cbf66585c30c
