[INFO] fetching crate spark-sys 0.1.0...
[INFO] testing spark-sys-0.1.0 against 1.100.0-beta.1+cargoflags=--release for beta-release-1.100-2
[INFO] extracting crate spark-sys 0.1.0 into /workspace/builds/worker-6-tc2/source
[INFO] started tweaking crates.io crate spark-sys 0.1.0
[INFO] removed 0 missing tests
[INFO] finished tweaking crates.io crate spark-sys 0.1.0
[INFO] tweaked toml for crates.io crate spark-sys 0.1.0 written to /workspace/builds/worker-6-tc2/source/Cargo.toml
[INFO] validating manifest of crates.io crate spark-sys 0.1.0 on toolchain 1.100.0-beta.1
[INFO] running `Command { std: CARGO_HOME="/workspace/cargo-home" RUSTUP_HOME="/workspace/rustup-home" "/workspace/cargo-home/bin/cargo" "+1.100.0-beta.1" "metadata" "--manifest-path" "Cargo.toml" "--no-deps", kill_on_drop: false }`
[INFO] crate crates.io crate spark-sys 0.1.0 already has a lockfile, it will not be regenerated
[INFO] running `Command { std: CARGO_HOME="/workspace/cargo-home" RUSTUP_HOME="/workspace/rustup-home" "/workspace/cargo-home/bin/cargo" "+1.100.0-beta.1" "fetch" "--manifest-path" "Cargo.toml", kill_on_drop: false }`
[INFO] running `Command { std: "docker" "create" "-v" "/var/lib/crater-agent-workspace/builds/worker-6-tc2/source:/opt/rustwide/workdir:ro,Z" "-v" "/var/lib/crater-agent-workspace/builds/worker-6-tc2/target:/opt/rustwide/target:rw,Z" "-v" "/var/lib/crater-agent-workspace/cargo-home:/opt/rustwide/cargo-home:ro,Z" "-v" "/var/lib/crater-agent-workspace/rustup-home:/opt/rustwide/rustup-home:ro,Z" "-m" "1610612736" "--network" "none" "ghcr.io/rust-lang/crates-build-env/linux@sha256:77db811e55d90add9212f6832c23229e3de5f1c1f9905e8cb07319ea15df73ac" "sleep" "infinity", kill_on_drop: false }`
[INFO] [stdout] 9878cded5828217a306fbc7b7378cc91dca67e6dd323670afc96d797c6240e49
[INFO] running `Command { std: "docker" "start" "9878cded5828217a306fbc7b7378cc91dca67e6dd323670afc96d797c6240e49", kill_on_drop: false }`
[INFO] running `Command { std: "docker" "inspect" "9878cded5828217a306fbc7b7378cc91dca67e6dd323670afc96d797c6240e49", kill_on_drop: false }`
[INFO] running `Command { std: "docker" "exec" "-e" "SOURCE_DIR=/opt/rustwide/workdir" "-e" "CARGO_HOME=/opt/rustwide/cargo-home" "-e" "RUSTUP_HOME=/opt/rustwide/rustup-home" "-e" "CARGO_TARGET_DIR=/opt/rustwide/target" "-w" "/opt/rustwide/workdir" "--user" "0:0" "9878cded5828217a306fbc7b7378cc91dca67e6dd323670afc96d797c6240e49" "/opt/rustwide/cargo-home/bin/cargo" "+1.100.0-beta.1" "metadata" "--no-deps" "--format-version=1", kill_on_drop: false }`
[INFO] running `Command { std: "docker" "inspect" "9878cded5828217a306fbc7b7378cc91dca67e6dd323670afc96d797c6240e49", kill_on_drop: false }`
[INFO] running `Command { std: "docker" "exec" "-e" "SOURCE_DIR=/opt/rustwide/workdir" "-e" "CARGO_HOME=/opt/rustwide/cargo-home" "-e" "RUSTUP_HOME=/opt/rustwide/rustup-home" "-e" "CARGO_TARGET_DIR=/opt/rustwide/target" "-e" "CARGO_INCREMENTAL=0" "-e" "RUST_BACKTRACE=full" "-e" "RUSTFLAGS=--cap-lints=warn" "-e" "RUSTDOCFLAGS=--cap-lints=warn" "-w" "/opt/rustwide/workdir" "--user" "0:0" "9878cded5828217a306fbc7b7378cc91dca67e6dd323670afc96d797c6240e49" "/opt/rustwide/cargo-home/bin/cargo" "+1.100.0-beta.1" "build" "--frozen" "--message-format=json" "--release", kill_on_drop: false }`
[INFO] [stderr]    Compiling libc v0.2.189
[INFO] [stderr]    Compiling regex-syntax v0.8.11
[INFO] [stderr]    Compiling either v1.17.0
[INFO] [stderr]    Compiling log v0.4.33
[INFO] [stderr]    Compiling bitflags v2.13.1
[INFO] [stderr]    Compiling clang-sys v1.9.1
[INFO] [stderr]    Compiling syn v2.0.119
[INFO] [stderr]    Compiling bindgen v0.72.1
[INFO] [stderr]    Compiling itertools v0.13.0
[INFO] [stderr]    Compiling regex-automata v0.4.16
[INFO] [stderr]    Compiling prettyplease v0.2.37
[INFO] [stderr]    Compiling regex v1.13.1
[INFO] [stderr]    Compiling spark-abi v0.1.0
[INFO] [stderr]    Compiling spark-sys v0.1.0 (/opt/rustwide/workdir)
[INFO] [stderr]     Finished `release` profile [optimized] target(s) in 16.25s
[INFO] running `Command { std: "docker" "inspect" "9878cded5828217a306fbc7b7378cc91dca67e6dd323670afc96d797c6240e49", kill_on_drop: false }`
[INFO] running `Command { std: "docker" "exec" "-e" "SOURCE_DIR=/opt/rustwide/workdir" "-e" "CARGO_HOME=/opt/rustwide/cargo-home" "-e" "RUSTUP_HOME=/opt/rustwide/rustup-home" "-e" "CARGO_TARGET_DIR=/opt/rustwide/target" "-e" "CARGO_INCREMENTAL=0" "-e" "RUST_BACKTRACE=full" "-e" "RUSTFLAGS=--cap-lints=warn" "-e" "RUSTDOCFLAGS=--cap-lints=warn" "-w" "/opt/rustwide/workdir" "--user" "0:0" "9878cded5828217a306fbc7b7378cc91dca67e6dd323670afc96d797c6240e49" "/opt/rustwide/cargo-home/bin/cargo" "+1.100.0-beta.1" "test" "--frozen" "--no-run" "--message-format=json" "--release", kill_on_drop: false }`
[INFO] [stderr]    Compiling spark-sys v0.1.0 (/opt/rustwide/workdir)
[INFO] [stderr]     Finished `release` profile [optimized] target(s) in 0.75s
[INFO] running `Command { std: "docker" "inspect" "9878cded5828217a306fbc7b7378cc91dca67e6dd323670afc96d797c6240e49", kill_on_drop: false }`
[INFO] running `Command { std: "docker" "exec" "-e" "SOURCE_DIR=/opt/rustwide/workdir" "-e" "CARGO_HOME=/opt/rustwide/cargo-home" "-e" "RUSTUP_HOME=/opt/rustwide/rustup-home" "-e" "CARGO_TARGET_DIR=/opt/rustwide/target" "-e" "CARGO_INCREMENTAL=0" "-e" "RUST_BACKTRACE=full" "-e" "RUSTFLAGS=--cap-lints=warn" "-e" "RUSTDOCFLAGS=--cap-lints=warn" "-w" "/opt/rustwide/workdir" "--user" "0:0" "9878cded5828217a306fbc7b7378cc91dca67e6dd323670afc96d797c6240e49" "/opt/rustwide/cargo-home/bin/cargo" "+1.100.0-beta.1" "test" "--frozen" "--release", kill_on_drop: false }`
[INFO] [stderr]     Finished `release` profile [optimized] target(s) in 0.05s
[INFO] [stderr]      Running unittests src/lib.rs (/opt/rustwide/target/release/build/spark-sys/04f0ae5b47b24c71/out/spark_sys-04f0ae5b47b24c71)
[INFO] [stderr]      Running tests/driver_load.rs (/opt/rustwide/target/release/build/spark-sys/640a40034bc9ed31/out/driver_load-640a40034bc9ed31)
[INFO] [stdout] 
[INFO] [stdout] running 0 tests
[INFO] [stdout] 
[INFO] [stdout] test result: ok. 0 passed; 0 failed; 0 ignored; 0 measured; 0 filtered out; finished in 0.00s
[INFO] [stdout] 
[INFO] [stdout] 
[INFO] [stdout] running 5 tests
[INFO] [stdout] test missing_file_is_a_load_error ... ok
[INFO] [stdout] test loads_valid_fixture_driver ... FAILED
[INFO] [stdout] test matching_target_is_accepted ... FAILED
[INFO] [stdout] test mismatched_target_is_rejected ... FAILED
[INFO] [stdout] test library_without_interface_symbol_is_rejected ... ok
[INFO] [stdout] 
[INFO] [stdout] failures:
[INFO] [stdout] 
[INFO] [stdout] ---- loads_valid_fixture_driver stdout ----
[INFO] [stdout] 
[INFO] [stdout] thread 'loads_valid_fixture_driver' (619) panicked at tests/driver_load.rs:26:9:
[INFO] [stdout] sparkpipe C tree not found at /opt/rustwide/workdir/../../../sparkpipe
[INFO] [stdout] stack backtrace:
[INFO] [stdout]    0:     0x59c83af8e0e1 - <<std[617be2ca0a6fd877]::sys::backtrace::BacktraceLock>::print::DisplayBacktrace as core[a373ad73a504971]::fmt::Display>::fmt
[INFO] [stdout]    1:     0x59c83afa210a - core[a373ad73a504971]::fmt::write
[INFO] [stdout]    2:     0x59c83af9231c - <alloc[2e1b2a31b91974c5]::vec::Vec<u8> as core[a373ad73a504971]::io::write::Write>::write_fmt
[INFO] [stdout]    3:     0x59c83af69976 - std[617be2ca0a6fd877]::panicking::default_hook::{closure#0}
[INFO] [stdout]    4:     0x59c83af86779 - std[617be2ca0a6fd877]::panicking::default_hook
[INFO] [stdout]    5:     0x59c83af20750 - test[aada8e7e76ba119b]::test_main_inner::{closure#0}
[INFO] [stdout]    6:     0x59c83af86932 - std[617be2ca0a6fd877]::panicking::panic_with_hook
[INFO] [stdout]    7:     0x59c83af69a22 - std[617be2ca0a6fd877]::panicking::panic_handler::{closure#0}
[INFO] [stdout]    8:     0x59c83af62619 - std[617be2ca0a6fd877]::sys::backtrace::__rust_end_short_backtrace::<std[617be2ca0a6fd877]::panicking::panic_handler::{closure#0}, !>
[INFO] [stdout]    9:     0x59c83af6a62d - __rustc[ea4f61d10b84890b]::rust_begin_unwind
[INFO] [stdout]   10:     0x59c83afa283c - core[a373ad73a504971]::panicking::panic_fmt
[INFO] [stdout]   11:     0x59c83af13383 - <std[617be2ca0a6fd877]::sync::once::Once>::call_once_force::<<std[617be2ca0a6fd877]::sync::once_lock::OnceLock<std[617be2ca0a6fd877]::path::PathBuf>>::initialize<<std[617be2ca0a6fd877]::sync::once_lock::OnceLock<std[617be2ca0a6fd877]::path::PathBuf>>::get_or_init<driver_load[b20915e467469a87]::fixture_driver_path::{closure#0}>::{closure#0}, !>::{closure#0}>::{closure#0}
[INFO] [stdout]   12:     0x59c83af6f559 - <std[617be2ca0a6fd877]::sys::sync::once::futex::Once>::call
[INFO] [stdout]   13:     0x59c83af12627 - <std[617be2ca0a6fd877]::sync::once_lock::OnceLock<std[617be2ca0a6fd877]::path::PathBuf>>::initialize::<<std[617be2ca0a6fd877]::sync::once_lock::OnceLock<std[617be2ca0a6fd877]::path::PathBuf>>::get_or_init<driver_load[b20915e467469a87]::fixture_driver_path::{closure#0}>::{closure#0}, !>
[INFO] [stdout]   14:     0x59c83af11dd2 - <driver_load[b20915e467469a87]::loads_valid_fixture_driver::{closure#0} as core[a373ad73a504971]::ops::function::FnOnce<()>>::call_once
[INFO] [stdout]   15:     0x59c83af13b9b - test[aada8e7e76ba119b]::__rust_begin_short_backtrace::<core[a373ad73a504971]::result::Result<(), alloc[2e1b2a31b91974c5]::string::String>, fn() -> core[a373ad73a504971]::result::Result<(), alloc[2e1b2a31b91974c5]::string::String>>
[INFO] [stdout]   16:     0x59c83af20d75 - test[aada8e7e76ba119b]::run_test::{closure#0}
[INFO] [stdout]   17:     0x59c83af1a664 - std[617be2ca0a6fd877]::sys::backtrace::__rust_begin_short_backtrace::<test[aada8e7e76ba119b]::run_test::{closure#1}, ()>
[INFO] [stdout]   18:     0x59c83af23e02 - <std[617be2ca0a6fd877]::thread::lifecycle::spawn_unchecked<test[aada8e7e76ba119b]::run_test::{closure#1}, ()>::{closure#1} as core[a373ad73a504971]::ops::function::FnOnce<()>>::call_once::{shim:vtable#0}
[INFO] [stdout]   19:     0x59c83af8d93f - <std[617be2ca0a6fd877]::sys::thread::unix::Thread>::new::thread_start
[INFO] [stdout]   20:     0x773f78abadfa - <unknown>
[INFO] [stdout]   21:     0x773f78b4e3d4 - clone
[INFO] [stdout]   22:                0x0 - <unknown>
[INFO] [stdout] 
[INFO] [stdout] ---- matching_target_is_accepted stdout ----
[INFO] [stdout] 
[INFO] [stdout] thread 'matching_target_is_accepted' (620) panicked at tests/driver_load.rs:26:9:
[INFO] [stdout] sparkpipe C tree not found at /opt/rustwide/workdir/../../../sparkpipe
[INFO] [stdout] stack backtrace:
[INFO] [stdout]    0:     0x59c83af8e0e1 - <<std[617be2ca0a6fd877]::sys::backtrace::BacktraceLock>::print::DisplayBacktrace as core[a373ad73a504971]::fmt::Display>::fmt
[INFO] [stdout]    1:     0x59c83afa210a - core[a373ad73a504971]::fmt::write
[INFO] [stdout]    2:     0x59c83af9231c - <alloc[2e1b2a31b91974c5]::vec::Vec<u8> as core[a373ad73a504971]::io::write::Write>::write_fmt
[INFO] [stdout]    3:     0x59c83af69976 - std[617be2ca0a6fd877]::panicking::default_hook::{closure#0}
[INFO] [stdout]    4:     0x59c83af86779 - std[617be2ca0a6fd877]::panicking::default_hook
[INFO] [stdout]    5:     0x59c83af20750 - test[aada8e7e76ba119b]::test_main_inner::{closure#0}
[INFO] [stdout]    6:     0x59c83af86932 - std[617be2ca0a6fd877]::panicking::panic_with_hook
[INFO] [stdout]    7:     0x59c83af69a22 - std[617be2ca0a6fd877]::panicking::panic_handler::{closure#0}
[INFO] [stdout]    8:     0x59c83af62619 - std[617be2ca0a6fd877]::sys::backtrace::__rust_end_short_backtrace::<std[617be2ca0a6fd877]::panicking::panic_handler::{closure#0}, !>
[INFO] [stdout]    9:     0x59c83af6a62d - __rustc[ea4f61d10b84890b]::rust_begin_unwind
[INFO] [stdout]   10:     0x59c83afa283c - core[a373ad73a504971]::panicking::panic_fmt
[INFO] [stdout]   11:     0x59c83af13383 - <std[617be2ca0a6fd877]::sync::once::Once>::call_once_force::<<std[617be2ca0a6fd877]::sync::once_lock::OnceLock<std[617be2ca0a6fd877]::path::PathBuf>>::initialize<<std[617be2ca0a6fd877]::sync::once_lock::OnceLock<std[617be2ca0a6fd877]::path::PathBuf>>::get_or_init<driver_load[b20915e467469a87]::fixture_driver_path::{closure#0}>::{closure#0}, !>::{closure#0}>::{closure#0}
[INFO] [stdout]   12:     0x59c83af6f559 - <std[617be2ca0a6fd877]::sys::sync::once::futex::Once>::call
[INFO] [stdout]   13:     0x59c83af12627 - <std[617be2ca0a6fd877]::sync::once_lock::OnceLock<std[617be2ca0a6fd877]::path::PathBuf>>::initialize::<<std[617be2ca0a6fd877]::sync::once_lock::OnceLock<std[617be2ca0a6fd877]::path::PathBuf>>::get_or_init<driver_load[b20915e467469a87]::fixture_driver_path::{closure#0}>::{closure#0}, !>
[INFO] [stdout]   14:     0x59c83af11fff - <driver_load[b20915e467469a87]::matching_target_is_accepted::{closure#0} as core[a373ad73a504971]::ops::function::FnOnce<()>>::call_once
[INFO] [stdout]   15:     0x59c83af13b9b - test[aada8e7e76ba119b]::__rust_begin_short_backtrace::<core[a373ad73a504971]::result::Result<(), alloc[2e1b2a31b91974c5]::string::String>, fn() -> core[a373ad73a504971]::result::Result<(), alloc[2e1b2a31b91974c5]::string::String>>
[INFO] [stdout]   16:     0x59c83af20d75 - test[aada8e7e76ba119b]::run_test::{closure#0}
[INFO] [stdout]   17:     0x59c83af1a664 - std[617be2ca0a6fd877]::sys::backtrace::__rust_begin_short_backtrace::<test[aada8e7e76ba119b]::run_test::{closure#1}, ()>
[INFO] [stdout]   18:     0x59c83af23e02 - <std[617be2ca0a6fd877]::thread::lifecycle::spawn_unchecked<test[aada8e7e76ba119b]::run_test::{closure#1}, ()>::{closure#1} as core[a373ad73a504971]::ops::function::FnOnce<()>>::call_once::{shim:vtable#0}
[INFO] [stdout]   19:     0x59c83af8d93f - <std[617be2ca0a6fd877]::sys::thread::unix::Thread>::new::thread_start
[INFO] [stdout]   20:     0x773f78abadfa - <unknown>
[INFO] [stdout]   21:     0x773f78b4e3d4 - clone
[INFO] [stdout]   22:                0x0 - <unknown>
[INFO] [stdout] 
[INFO] [stdout] ---- mismatched_target_is_rejected stdout ----
[INFO] [stdout] 
[INFO] [stdout] thread 'mismatched_target_is_rejected' (621) panicked at tests/driver_load.rs:26:9:
[INFO] [stdout] sparkpipe C tree not found at /opt/rustwide/workdir/../../../sparkpipe
[INFO] [stdout] stack backtrace:
[INFO] [stdout]    0:     0x59c83af8e0e1 - <<std[617be2ca0a6fd877]::sys::backtrace::BacktraceLock>::print::DisplayBacktrace as core[a373ad73a504971]::fmt::Display>::fmt
[INFO] [stdout]    1:     0x59c83afa210a - core[a373ad73a504971]::fmt::write
[INFO] [stdout]    2:     0x59c83af9231c - <alloc[2e1b2a31b91974c5]::vec::Vec<u8> as core[a373ad73a504971]::io::write::Write>::write_fmt
[INFO] [stdout]    3:     0x59c83af69976 - std[617be2ca0a6fd877]::panicking::default_hook::{closure#0}
[INFO] [stdout]    4:     0x59c83af86779 - std[617be2ca0a6fd877]::panicking::default_hook
[INFO] [stdout]    5:     0x59c83af20750 - test[aada8e7e76ba119b]::test_main_inner::{closure#0}
[INFO] [stdout]    6:     0x59c83af86932 - std[617be2ca0a6fd877]::panicking::panic_with_hook
[INFO] [stdout]    7:     0x59c83af69a22 - std[617be2ca0a6fd877]::panicking::panic_handler::{closure#0}
[INFO] [stdout]    8:     0x59c83af62619 - std[617be2ca0a6fd877]::sys::backtrace::__rust_end_short_backtrace::<std[617be2ca0a6fd877]::panicking::panic_handler::{closure#0}, !>
[INFO] [stdout]    9:     0x59c83af6a62d - __rustc[ea4f61d10b84890b]::rust_begin_unwind
[INFO] [stdout]   10:     0x59c83afa283c - core[a373ad73a504971]::panicking::panic_fmt
[INFO] [stdout]   11:     0x59c83af13383 - <std[617be2ca0a6fd877]::sync::once::Once>::call_once_force::<<std[617be2ca0a6fd877]::sync::once_lock::OnceLock<std[617be2ca0a6fd877]::path::PathBuf>>::initialize<<std[617be2ca0a6fd877]::sync::once_lock::OnceLock<std[617be2ca0a6fd877]::path::PathBuf>>::get_or_init<driver_load[b20915e467469a87]::fixture_driver_path::{closure#0}>::{closure#0}, !>::{closure#0}>::{closure#0}
[INFO] [stdout]   12:     0x59c83af6f559 - <std[617be2ca0a6fd877]::sys::sync::once::futex::Once>::call
[INFO] [stdout]   13:     0x59c83af12627 - <std[617be2ca0a6fd877]::sync::once_lock::OnceLock<std[617be2ca0a6fd877]::path::PathBuf>>::initialize::<<std[617be2ca0a6fd877]::sync::once_lock::OnceLock<std[617be2ca0a6fd877]::path::PathBuf>>::get_or_init<driver_load[b20915e467469a87]::fixture_driver_path::{closure#0}>::{closure#0}, !>
[INFO] [stdout]   14:     0x59c83af1230b - <driver_load[b20915e467469a87]::mismatched_target_is_rejected::{closure#0} as core[a373ad73a504971]::ops::function::FnOnce<()>>::call_once
[INFO] [stdout]   15:     0x59c83af13b9b - test[aada8e7e76ba119b]::__rust_begin_short_backtrace::<core[a373ad73a504971]::result::Result<(), alloc[2e1b2a31b91974c5]::string::String>, fn() -> core[a373ad73a504971]::result::Result<(), alloc[2e1b2a31b91974c5]::string::String>>
[INFO] [stdout]   16:     0x59c83af20d75 - test[aada8e7e76ba119b]::run_test::{closure#0}
[INFO] [stdout]   17:     0x59c83af1a664 - std[617be2ca0a6fd877]::sys::backtrace::__rust_begin_short_backtrace::<test[aada8e7e76ba119b]::run_test::{closure#1}, ()>
[INFO] [stdout]   18:     0x59c83af23e02 - <std[617be2ca0a6fd877]::thread::lifecycle::spawn_unchecked<test[aada8e7e76ba119b]::run_test::{closure#1}, ()>::{closure#1} as core[a373ad73a504971]::ops::function::FnOnce<()>>::call_once::{shim:vtable#0}
[INFO] [stdout]   19:     0x59c83af8d93f - <std[617be2ca0a6fd877]::sys::thread::unix::Thread>::new::thread_start
[INFO] [stdout]   20:     0x773f78abadfa - <unknown>
[INFO] [stdout]   21:     0x773f78b4e3d4 - clone
[INFO] [stdout]   22:                0x0 - <unknown>
[INFO] [stdout] 
[INFO] [stdout] 
[INFO] [stdout] failures:
[INFO] [stdout]     loads_valid_fixture_driver
[INFO] [stdout]     matching_target_is_accepted
[INFO] [stdout]     mismatched_target_is_rejected
[INFO] [stdout] 
[INFO] [stdout] test result: FAILED. 2 passed; 3 failed; 0 ignored; 0 measured; 0 filtered out; finished in 0.00s
[INFO] [stdout] 
[INFO] [stderr] error: test failed, to rerun pass `--test driver_load`
[INFO] running `Command { std: "docker" "inspect" "9878cded5828217a306fbc7b7378cc91dca67e6dd323670afc96d797c6240e49", kill_on_drop: false }`
[INFO] running `Command { std: "docker" "rm" "-f" "9878cded5828217a306fbc7b7378cc91dca67e6dd323670afc96d797c6240e49", kill_on_drop: false }`
[INFO] [stdout] 9878cded5828217a306fbc7b7378cc91dca67e6dd323670afc96d797c6240e49
