[INFO] fetching crate spark-primitives 0.2.0...
[INFO] testing spark-primitives-0.2.0 against 1.99.0-beta.8+cargoflags=--release for beta-release-1.100-2
[INFO] extracting crate spark-primitives 0.2.0 into /workspace/builds/worker-7-tc1/source
[INFO] started tweaking crates.io crate spark-primitives 0.2.0
[INFO] finished tweaking crates.io crate spark-primitives 0.2.0
[INFO] tweaked toml for crates.io crate spark-primitives 0.2.0 written to /workspace/builds/worker-7-tc1/source/Cargo.toml
[INFO] validating manifest of crates.io crate spark-primitives 0.2.0 on toolchain 1.99.0-beta.8
[INFO] running `Command { std: CARGO_HOME="/workspace/cargo-home" RUSTUP_HOME="/workspace/rustup-home" "/workspace/cargo-home/bin/cargo" "+1.99.0-beta.8" "metadata" "--manifest-path" "Cargo.toml" "--no-deps", kill_on_drop: false }`
[INFO] crate crates.io crate spark-primitives 0.2.0 already has a lockfile, it will not be regenerated
[INFO] running `Command { std: CARGO_HOME="/workspace/cargo-home" RUSTUP_HOME="/workspace/rustup-home" "/workspace/cargo-home/bin/cargo" "+1.99.0-beta.8" "fetch" "--manifest-path" "Cargo.toml", kill_on_drop: false }`
[INFO] [stderr]     Updating crates.io index
[INFO] [stderr]  Downloading crates ...
[INFO] [stderr]   Downloaded logos-derive v0.14.4
[INFO] [stderr]   Downloaded logos-codegen v0.14.4
[INFO] [stderr]   Downloaded prost-reflect-build v0.14.0
[INFO] [stderr]   Downloaded prost-reflect v0.14.7
[INFO] [stderr]   Downloaded prost-reflect-derive v0.14.0
[INFO] [stderr]   Downloaded bech32 v0.11.0
[INFO] [stderr]   Downloaded logos v0.14.4
[INFO] running `Command { std: "docker" "create" "-v" "/var/lib/crater-agent-workspace/builds/worker-7-tc1/source:/opt/rustwide/workdir:ro,Z" "-v" "/var/lib/crater-agent-workspace/builds/worker-7-tc1/target:/opt/rustwide/target:rw,Z" "-v" "/var/lib/crater-agent-workspace/cargo-home:/opt/rustwide/cargo-home:ro,Z" "-v" "/var/lib/crater-agent-workspace/rustup-home:/opt/rustwide/rustup-home:ro,Z" "-m" "1610612736" "--network" "none" "ghcr.io/rust-lang/crates-build-env/linux@sha256:77db811e55d90add9212f6832c23229e3de5f1c1f9905e8cb07319ea15df73ac" "sleep" "infinity", kill_on_drop: false }`
[INFO] [stdout] b827c859c5f4bf4ecce7e0e3ebac3ac0c08b7f5c025b4220d1aacfe3b83454c2
[INFO] running `Command { std: "docker" "start" "b827c859c5f4bf4ecce7e0e3ebac3ac0c08b7f5c025b4220d1aacfe3b83454c2", kill_on_drop: false }`
[INFO] running `Command { std: "docker" "inspect" "b827c859c5f4bf4ecce7e0e3ebac3ac0c08b7f5c025b4220d1aacfe3b83454c2", kill_on_drop: false }`
[INFO] running `Command { std: "docker" "exec" "-e" "SOURCE_DIR=/opt/rustwide/workdir" "-e" "CARGO_HOME=/opt/rustwide/cargo-home" "-e" "RUSTUP_HOME=/opt/rustwide/rustup-home" "-e" "CARGO_TARGET_DIR=/opt/rustwide/target" "-w" "/opt/rustwide/workdir" "--user" "0:0" "b827c859c5f4bf4ecce7e0e3ebac3ac0c08b7f5c025b4220d1aacfe3b83454c2" "/opt/rustwide/cargo-home/bin/cargo" "+1.99.0-beta.8" "metadata" "--no-deps" "--format-version=1", kill_on_drop: false }`
[INFO] running `Command { std: "docker" "inspect" "b827c859c5f4bf4ecce7e0e3ebac3ac0c08b7f5c025b4220d1aacfe3b83454c2", kill_on_drop: false }`
[INFO] running `Command { std: "docker" "exec" "-e" "SOURCE_DIR=/opt/rustwide/workdir" "-e" "CARGO_HOME=/opt/rustwide/cargo-home" "-e" "RUSTUP_HOME=/opt/rustwide/rustup-home" "-e" "CARGO_TARGET_DIR=/opt/rustwide/target" "-e" "CARGO_INCREMENTAL=0" "-e" "RUST_BACKTRACE=full" "-e" "RUSTFLAGS=--cap-lints=warn" "-e" "RUSTDOCFLAGS=--cap-lints=warn" "-w" "/opt/rustwide/workdir" "--user" "0:0" "b827c859c5f4bf4ecce7e0e3ebac3ac0c08b7f5c025b4220d1aacfe3b83454c2" "/opt/rustwide/cargo-home/bin/cargo" "+1.99.0-beta.8" "build" "--frozen" "--message-format=json" "--release", kill_on_drop: false }`
[INFO] [stderr]    Compiling proc-macro2 v1.0.103
[INFO] [stderr]    Compiling quote v1.0.42
[INFO] [stderr]    Compiling unicode-ident v1.0.22
[INFO] [stderr]    Compiling anyhow v1.0.100
[INFO] [stderr]    Compiling either v1.15.0
[INFO] [stderr]    Compiling libc v0.2.177
[INFO] [stderr]    Compiling regex-syntax v0.8.8
[INFO] [stderr]    Compiling getrandom v0.3.4
[INFO] [stderr]    Compiling rustix v1.1.2
[INFO] [stderr]    Compiling bytes v1.11.0
[INFO] [stderr]    Compiling hashbrown v0.16.0
[INFO] [stderr]    Compiling linux-raw-sys v0.11.0
[INFO] [stderr]    Compiling bitflags v2.10.0
[INFO] [stderr]    Compiling prettyplease v0.2.37
[INFO] [stderr]    Compiling fixedbitset v0.5.7
[INFO] [stderr]    Compiling fastrand v2.3.0
[INFO] [stderr]    Compiling multimap v0.10.1
[INFO] [stderr]    Compiling log v0.4.28
[INFO] [stderr]    Compiling beef v0.5.2
[INFO] [stderr]    Compiling itertools v0.10.5
[INFO] [stderr]    Compiling digest v0.10.7
[INFO] [stderr]    Compiling unicode-normalization v0.1.25
[INFO] [stderr]    Compiling bech32 v0.11.0
[INFO] [stderr]    Compiling indexmap v2.12.0
[INFO] [stderr]    Compiling sha2 v0.10.9
[INFO] [stderr]    Compiling syn v2.0.110
[INFO] [stderr]    Compiling petgraph v0.7.1
[INFO] [stderr]    Compiling regex-automata v0.4.13
[INFO] [stderr]    Compiling uuid v1.18.1
[INFO] [stderr]    Compiling tempfile v3.23.0
[INFO] [stderr]    Compiling regex v1.12.2
[INFO] [stderr]    Compiling logos-codegen v0.14.4
[INFO] [stderr]    Compiling prost-derive v0.13.5
[INFO] [stderr]    Compiling prost-reflect-derive v0.14.0
[INFO] [stderr]    Compiling thiserror-impl v1.0.69
[INFO] [stderr]    Compiling logos-derive v0.14.4
[INFO] [stderr]    Compiling thiserror v1.0.69
[INFO] [stderr]    Compiling logos v0.14.4
[INFO] [stderr]    Compiling prost v0.13.5
[INFO] [stderr]    Compiling prost-types v0.13.5
[INFO] [stderr]    Compiling prost-reflect v0.14.7
[INFO] [stderr]    Compiling prost-build v0.13.5
[INFO] [stderr]    Compiling prost-reflect-build v0.14.0
[INFO] [stderr]    Compiling spark-primitives v0.2.0 (/opt/rustwide/workdir)
[INFO] [stderr]     Finished `release` profile [optimized] target(s) in 49.17s
[INFO] running `Command { std: "docker" "inspect" "b827c859c5f4bf4ecce7e0e3ebac3ac0c08b7f5c025b4220d1aacfe3b83454c2", kill_on_drop: false }`
[INFO] running `Command { std: "docker" "exec" "-e" "SOURCE_DIR=/opt/rustwide/workdir" "-e" "CARGO_HOME=/opt/rustwide/cargo-home" "-e" "RUSTUP_HOME=/opt/rustwide/rustup-home" "-e" "CARGO_TARGET_DIR=/opt/rustwide/target" "-e" "CARGO_INCREMENTAL=0" "-e" "RUST_BACKTRACE=full" "-e" "RUSTFLAGS=--cap-lints=warn" "-e" "RUSTDOCFLAGS=--cap-lints=warn" "-w" "/opt/rustwide/workdir" "--user" "0:0" "b827c859c5f4bf4ecce7e0e3ebac3ac0c08b7f5c025b4220d1aacfe3b83454c2" "/opt/rustwide/cargo-home/bin/cargo" "+1.99.0-beta.8" "test" "--frozen" "--no-run" "--message-format=json" "--release", kill_on_drop: false }`
[INFO] [stderr]    Compiling serde_json v1.0.145
[INFO] [stderr]    Compiling serde_derive v1.0.228
[INFO] [stderr]    Compiling memchr v2.7.6
[INFO] [stderr]    Compiling time v0.3.47
[INFO] [stderr]    Compiling serde v1.0.228
[INFO] [stderr]    Compiling spark-primitives v0.2.0 (/opt/rustwide/workdir)
[INFO] [stderr]     Finished `release` profile [optimized] target(s) in 23.75s
[INFO] running `Command { std: "docker" "inspect" "b827c859c5f4bf4ecce7e0e3ebac3ac0c08b7f5c025b4220d1aacfe3b83454c2", kill_on_drop: false }`
[INFO] running `Command { std: "docker" "exec" "-e" "SOURCE_DIR=/opt/rustwide/workdir" "-e" "CARGO_HOME=/opt/rustwide/cargo-home" "-e" "RUSTUP_HOME=/opt/rustwide/rustup-home" "-e" "CARGO_TARGET_DIR=/opt/rustwide/target" "-e" "CARGO_INCREMENTAL=0" "-e" "RUST_BACKTRACE=full" "-e" "RUSTFLAGS=--cap-lints=warn" "-e" "RUSTDOCFLAGS=--cap-lints=warn" "-w" "/opt/rustwide/workdir" "--user" "0:0" "b827c859c5f4bf4ecce7e0e3ebac3ac0c08b7f5c025b4220d1aacfe3b83454c2" "/opt/rustwide/cargo-home/bin/cargo" "+1.99.0-beta.8" "test" "--frozen" "--release", kill_on_drop: false }`
[INFO] [stderr]     Finished `release` profile [optimized] target(s) in 0.12s
[INFO] [stderr]      Running unittests src/lib.rs (/opt/rustwide/target/release/deps/spark_primitives-ce7f44c0a41f6b78)
[INFO] [stdout] 
[INFO] [stdout] running 73 tests
[INFO] [stdout] test hashstructure::tests::matches_go_hashstructure_construction ... ok
[INFO] [stdout] test invoice::tests::prepare_token_invoice_allows_partial_token_fields ... ok
[INFO] [stdout] test invoice::tests::finalize_token_invoice_embeds_signature ... ok
[INFO] [stdout] test invoice::tests::prepare_token_invoice_rejects_sender_network_mismatch ... ok
[INFO] [stdout] test protohash::google_protobuf::tests::float_value_and_double_value_hash_identically ... ok
[INFO] [stdout] test quote_envelope::tests::send_target_v2_refuses_a_short_payment_hash ... ok
[INFO] [stdout] test quote_envelope::tests::send_target_v2_refuses_a_zero_amount ... ok
[INFO] [stdout] test protohash::hashing::tests::present_but_empty_submessage_contributes_to_hash ... ok
[INFO] [stdout] test protohash::hashing::tests::google_protobuf_value_null_is_skipped_like_absent ... ok
[INFO] [stdout] test token_transaction::tests::both_builders_reject_malformed_operator_identity_public_key ... ok
[INFO] [stdout] test protohash::hashing::tests::present_but_empty_struct_contributes_to_hash ... ok
[INFO] [stdout] test token_transaction::tests::both_builders_reject_out_of_range_network ... ok
[INFO] [stdout] test quote_envelope::tests::send_target_v2_is_distinct_from_v1_and_moves_with_the_amount ... ok
[INFO] [stdout] test token_transaction::tests::both_builders_reject_unspecified_network ... ok
[INFO] [stdout] test protohash::hashing::tests::present_but_empty_wrapper_contributes_to_hash ... ok
[INFO] [stdout] test token_transaction::tests::build_broadcast_transaction_request_rejects_duplicate_transfer_signature_index ... ok
[INFO] [stdout] test token_transaction::tests::both_builders_reject_zero_validity_duration_seconds ... ok
[INFO] [stdout] test token_transaction::tests::build_broadcast_transaction_request_rejects_missing_transfer_signature ... ok
[INFO] [stdout] test token_transaction::tests::build_broadcast_transaction_request_rejects_non_zero_create_signature_index ... ok
[INFO] [stdout] test token_transaction::tests::build_broadcast_transaction_request_round_trips ... ok
[INFO] [stdout] test token_transaction::tests::construct_partial_create_transaction_rejects_decimals_above_u8_range ... ok
[INFO] [stdout] test protohash::hashing::tests::scalar_default_is_skipped_even_when_explicitly_present ... ok
[INFO] [stdout] test quote_envelope::tests::enum_numbering_matches_shared_cases ... FAILED
[INFO] [stdout] test quote_envelope::tests::public_target_wrappers_match_shared_cases ... FAILED
[INFO] [stdout] test quote_envelope::tests::enum_components_separate_domains ... FAILED
[INFO] [stdout] test quote_envelope::tests::quote_envelope_digest_matches_shared_cases ... FAILED
[INFO] [stdout] test token_transaction::tests::both_builders_reject_validity_duration_seconds_above_max ... ok
[INFO] [stdout] test invoice::tests::token_invoice_signing_hash_fixture_cases_match_expected_hashes ... FAILED
[INFO] [stdout] test quote_envelope::tests::rejects_shared_invalid_cases ... FAILED
[INFO] [stdout] test quote_envelope::tests::target_derivations_match_shared_cases ... FAILED
[INFO] [stdout] test token_transaction::tests::construct_partial_create_transaction_rejects_execute_before_at_or_before_client_timestamp ... ok
[INFO] [stdout] test token_transaction::tests::construct_partial_create_transaction_rejects_malformed_issuer_public_key ... ok
[INFO] [stdout] test token_transaction::tests::construct_partial_create_transaction_matches_shared_hash_case ... FAILED
[INFO] [stdout] test invoice::tests::prepare_token_invoice_generates_unsigned_invoice_and_hash ... ok
[INFO] [stdout] test token_transaction::tests::construct_partial_create_transaction_rejects_malformed_max_supply ... ok
[INFO] [stdout] test invoice::tests::token_invoice_canonical_encoding_fixture_cases_match_expected_bytes ... FAILED
[INFO] [stdout] test token_transaction::tests::construct_partial_create_transaction_rejects_out_of_range_token_name ... ok
[INFO] [stdout] test token_transaction::tests::construct_partial_create_transaction_rejects_out_of_range_token_ticker ... ok
[INFO] [stdout] test token_transaction::tests::construct_partial_create_transaction_rejects_oversized_extra_metadata ... ok
[INFO] [stdout] test token_transaction::tests::construct_partial_mint_transaction_rejects_malformed_issuer_public_key ... ok
[INFO] [stdout] test token_transaction::tests::construct_partial_mint_transaction_rejects_malformed_receiver_public_key ... ok
[INFO] [stdout] test token_transaction::tests::construct_partial_mint_transaction_rejects_zero_withdraw_bond_sats ... ok
[INFO] [stdout] test token_transaction::tests::construct_partial_mint_transaction_rejects_zero_token_amount ... ok
[INFO] [stdout] test token_transaction::tests::construct_partial_mint_transaction_rejects_execute_before_at_or_before_client_timestamp ... ok
[INFO] [stdout] test token_transaction::tests::construct_partial_create_transaction_rejects_non_nfc_token_name ... ok
[INFO] [stdout] test token_transaction::tests::construct_partial_create_transaction_rejects_non_nfc_token_ticker ... ok
[INFO] [stdout] test token_transaction::tests::construct_partial_mint_transaction_matches_shared_hash_case ... FAILED
[INFO] [stdout] test token_transaction::tests::construct_partial_mint_transaction_rejects_duplicate_operator_keys ... ok
[INFO] [stdout] test token_transaction::tests::construct_partial_transfer_transaction_rejects_insufficient_amount ... ok
[INFO] [stdout] test token_transaction::tests::construct_partial_transfer_transaction_rejects_invoice_field_mismatch ... ok
[INFO] [stdout] test token_transaction::tests::construct_partial_transfer_transaction_rejects_too_many_inputs_total ... ok
[INFO] [stdout] test token_transaction::tests::execute_before_rejects_value_before_client_timestamp ... ok
[INFO] [stdout] test token_transaction::tests::hash_final_token_transaction_matches_shared_hash_cases ... FAILED
[INFO] [stdout] test token_transaction::tests::hash_partial_token_transaction_matches_shared_hash_cases ... FAILED
[INFO] [stdout] test token_transaction::tests::construct_partial_transfer_transaction_rejects_too_many_outputs_total ... ok
[INFO] [stdout] test transfer_manifest::tests::hash_transfer_manifest_matches_shared_hash_cases ... FAILED
[INFO] [stdout] test transfer_manifest::tests::rejects_shared_invalid_cases ... FAILED
[INFO] [stdout] test transfer_manifest::tests::rejects_undecodable_bytes ... ok
[INFO] [stdout] test token_transaction::tests::construct_partial_mint_transaction_rejects_malformed_token_identifier ... ok
[INFO] [stdout] test token_transaction::tests::construct_partial_mint_transaction_rejects_zero_withdraw_relative_block_locktime ... ok
[INFO] [stdout] test token_transaction::tests::construct_partial_transfer_transaction_extracts_token_invoice_fields ... ok
[INFO] [stdout] test token_transaction::tests::execute_before_changes_partial_hash ... ok
[INFO] [stdout] test token_transaction::tests::construct_partial_create_transaction_accepts_composed_non_ascii_token_name ... ok
[INFO] [stdout] test token_transaction::tests::execute_before_is_set_on_partial_transaction ... ok
[INFO] [stdout] test token_transaction::tests::execute_before_none_leaves_field_unset ... ok
[INFO] [stdout] test token_transaction::tests::construct_partial_create_transaction_distinguishes_absent_from_empty_extra_metadata ... ok
[INFO] [stdout] test token_transaction::tests::construct_partial_create_transaction_builds_create_input_with_no_outputs ... ok
[INFO] [stdout] test token_transaction::tests::construct_partial_mint_transaction_sets_execute_before ... ok
[INFO] [stdout] test token_transaction::tests::construct_partial_transfer_transaction_accepts_var_bytes_invoice_amount_when_matching_explicit_amount ... ok
[INFO] [stdout] test token_transaction::tests::construct_partial_mint_transaction_mints_to_explicit_receiver ... ok
[INFO] [stdout] test token_transaction::tests::construct_partial_mint_transaction_builds_single_output_owned_by_issuer ... ok
[INFO] [stdout] test token_transaction::tests::present_but_empty_execute_before_contributes_to_partial_hash ... ok
[INFO] [stdout] test token_transaction::tests::construct_partial_transfer_transaction_adds_change ... ok
[INFO] [stdout] 
[INFO] [stdout] failures:
[INFO] [stdout] 
[INFO] [stdout] ---- quote_envelope::tests::enum_numbering_matches_shared_cases stdout ----
[INFO] [stdout] 
[INFO] [stdout] thread 'quote_envelope::tests::enum_numbering_matches_shared_cases' (1233) panicked at src/quote_envelope/tests.rs:98:49:
[INFO] [stdout] called `Result::unwrap()` on an `Err` value: Os { code: 2, kind: NotFound, message: "No such file or directory" }
[INFO] [stdout] stack backtrace:
[INFO] [stdout]    0:     0x57c6678b5411 - <<std[70759c8f55707aa4]::sys::backtrace::BacktraceLock>::print::DisplayBacktrace as core[df12db4294e9bfd3]::fmt::Display>::fmt
[INFO] [stdout]    1:     0x57c6678ccefa - core[df12db4294e9bfd3]::fmt::write
[INFO] [stdout]    2:     0x57c6678b98ac - <alloc[2182bb758b4b3781]::vec::Vec<u8> as core[df12db4294e9bfd3]::io::write::Write>::write_fmt
[INFO] [stdout]    3:     0x57c667891306 - std[70759c8f55707aa4]::panicking::default_hook::{closure#0}
[INFO] [stdout]    4:     0x57c6678ad669 - std[70759c8f55707aa4]::panicking::default_hook
[INFO] [stdout]    5:     0x57c66779e2e0 - test[9d35eded1c95d3be]::test_main_inner::<test[9d35eded1c95d3be]::test_main_static::{closure#0}>::{closure#0}
[INFO] [stdout]    6:     0x57c6678ad822 - std[70759c8f55707aa4]::panicking::panic_with_hook
[INFO] [stdout]    7:     0x57c6678913b2 - std[70759c8f55707aa4]::panicking::panic_handler::{closure#0}
[INFO] [stdout]    8:     0x57c667889fa9 - std[70759c8f55707aa4]::sys::backtrace::__rust_end_short_backtrace::<std[70759c8f55707aa4]::panicking::panic_handler::{closure#0}, !>
[INFO] [stdout]    9:     0x57c667891fad - __rustc[8fa7c3cbc660c2b3]::rust_begin_unwind
[INFO] [stdout]   10:     0x57c6678cd6ec - core[df12db4294e9bfd3]::panicking::panic_fmt
[INFO] [stdout]   11:     0x57c6678cd4c2 - core[df12db4294e9bfd3]::result::unwrap_failed
[INFO] [stdout]   12:     0x57c66772b5a0 - spark_primitives[b9cf8eee2b18cca4]::quote_envelope::tests::load_cases
[INFO] [stdout]   13:     0x57c66772caab - spark_primitives[b9cf8eee2b18cca4]::quote_envelope::tests::enum_numbering_matches_shared_cases
[INFO] [stdout]   14:     0x57c667748c69 - <spark_primitives[b9cf8eee2b18cca4]::quote_envelope::tests::enum_numbering_matches_shared_cases::{closure#0} as core[df12db4294e9bfd3]::ops::function::FnOnce<()>>::call_once
[INFO] [stdout]   15:     0x57c6677915cb - test[9d35eded1c95d3be]::__rust_begin_short_backtrace::<core[df12db4294e9bfd3]::result::Result<(), alloc[2182bb758b4b3781]::string::String>, fn() -> core[df12db4294e9bfd3]::result::Result<(), alloc[2182bb758b4b3781]::string::String>>
[INFO] [stdout]   16:     0x57c66779ec35 - test[9d35eded1c95d3be]::run_test::{closure#0}
[INFO] [stdout]   17:     0x57c6677984f4 - std[70759c8f55707aa4]::sys::backtrace::__rust_begin_short_backtrace::<test[9d35eded1c95d3be]::run_test::{closure#1}, ()>
[INFO] [stdout]   18:     0x57c6677a1d92 - <std[70759c8f55707aa4]::thread::lifecycle::spawn_unchecked<test[9d35eded1c95d3be]::run_test::{closure#1}, ()>::{closure#1} as core[df12db4294e9bfd3]::ops::function::FnOnce<()>>::call_once::{shim:vtable#0}
[INFO] [stdout]   19:     0x57c6678b4949 - <std[70759c8f55707aa4]::sys::thread::unix::Thread>::new::thread_start
[INFO] [stdout]   20:     0x791b96dd0dfa - <unknown>
[INFO] [stdout]   21:     0x791b96e643d4 - clone
[INFO] [stdout]   22:                0x0 - <unknown>
[INFO] [stdout] 
[INFO] [stdout] ---- quote_envelope::tests::public_target_wrappers_match_shared_cases stdout ----
[INFO] [stdout] 
[INFO] [stdout] thread 'quote_envelope::tests::public_target_wrappers_match_shared_cases' (1234) panicked at src/quote_envelope/tests.rs:98:49:
[INFO] [stdout] called `Result::unwrap()` on an `Err` value: Os { code: 2, kind: NotFound, message: "No such file or directory" }
[INFO] [stdout] stack backtrace:
[INFO] [stdout]    0:     0x57c6678b5411 - <<std[70759c8f55707aa4]::sys::backtrace::BacktraceLock>::print::DisplayBacktrace as core[df12db4294e9bfd3]::fmt::Display>::fmt
[INFO] [stdout]    1:     0x57c6678ccefa - core[df12db4294e9bfd3]::fmt::write
[INFO] [stdout]    2:     0x57c6678b98ac - <alloc[2182bb758b4b3781]::vec::Vec<u8> as core[df12db4294e9bfd3]::io::write::Write>::write_fmt
[INFO] [stderr] error: test failed, to rerun pass `--lib`
[INFO] [stdout]    3:     0x57c667891306 - std[70759c8f55707aa4]::panicking::default_hook::{closure#0}
[INFO] [stdout]    4:     0x57c6678ad669 - std[70759c8f55707aa4]::panicking::default_hook
[INFO] [stdout]    5:     0x57c66779e2e0 - test[9d35eded1c95d3be]::test_main_inner::<test[9d35eded1c95d3be]::test_main_static::{closure#0}>::{closure#0}
[INFO] [stdout]    6:     0x57c6678ad822 - std[70759c8f55707aa4]::panicking::panic_with_hook
[INFO] [stdout]    7:     0x57c6678913b2 - std[70759c8f55707aa4]::panicking::panic_handler::{closure#0}
[INFO] [stdout]    8:     0x57c667889fa9 - std[70759c8f55707aa4]::sys::backtrace::__rust_end_short_backtrace::<std[70759c8f55707aa4]::panicking::panic_handler::{closure#0}, !>
[INFO] [stdout]    9:     0x57c667891fad - __rustc[8fa7c3cbc660c2b3]::rust_begin_unwind
[INFO] [stdout]   10:     0x57c6678cd6ec - core[df12db4294e9bfd3]::panicking::panic_fmt
[INFO] [stdout]   11:     0x57c6678cd4c2 - core[df12db4294e9bfd3]::result::unwrap_failed
[INFO] [stdout]   12:     0x57c66772b5a0 - spark_primitives[b9cf8eee2b18cca4]::quote_envelope::tests::load_cases
[INFO] [stdout]   13:     0x57c66772e11e - spark_primitives[b9cf8eee2b18cca4]::quote_envelope::tests::public_target_wrappers_match_shared_cases
[INFO] [stdout]   14:     0x57c667748cc9 - <spark_primitives[b9cf8eee2b18cca4]::quote_envelope::tests::public_target_wrappers_match_shared_cases::{closure#0} as core[df12db4294e9bfd3]::ops::function::FnOnce<()>>::call_once
[INFO] [stdout]   15:     0x57c6677915cb - test[9d35eded1c95d3be]::__rust_begin_short_backtrace::<core[df12db4294e9bfd3]::result::Result<(), alloc[2182bb758b4b3781]::string::String>, fn() -> core[df12db4294e9bfd3]::result::Result<(), alloc[2182bb758b4b3781]::string::String>>
[INFO] [stdout]   16:     0x57c66779ec35 - test[9d35eded1c95d3be]::run_test::{closure#0}
[INFO] [stdout]   17:     0x57c6677984f4 - std[70759c8f55707aa4]::sys::backtrace::__rust_begin_short_backtrace::<test[9d35eded1c95d3be]::run_test::{closure#1}, ()>
[INFO] [stdout]   18:     0x57c6677a1d92 - <std[70759c8f55707aa4]::thread::lifecycle::spawn_unchecked<test[9d35eded1c95d3be]::run_test::{closure#1}, ()>::{closure#1} as core[df12db4294e9bfd3]::ops::function::FnOnce<()>>::call_once::{shim:vtable#0}
[INFO] [stdout]   19:     0x57c6678b4949 - <std[70759c8f55707aa4]::sys::thread::unix::Thread>::new::thread_start
[INFO] [stdout]   20:     0x791b96dd0dfa - <unknown>
[INFO] [stdout]   21:     0x791b96e643d4 - clone
[INFO] [stdout]   22:                0x0 - <unknown>
[INFO] [stdout] 
[INFO] [stdout] ---- quote_envelope::tests::enum_components_separate_domains stdout ----
[INFO] [stdout] 
[INFO] [stdout] thread 'quote_envelope::tests::enum_components_separate_domains' (1232) panicked at src/quote_envelope/tests.rs:98:49:
[INFO] [stdout] called `Result::unwrap()` on an `Err` value: Os { code: 2, kind: NotFound, message: "No such file or directory" }
[INFO] [stdout] stack backtrace:
[INFO] [stdout]    0:     0x57c6678b5411 - <<std[70759c8f55707aa4]::sys::backtrace::BacktraceLock>::print::DisplayBacktrace as core[df12db4294e9bfd3]::fmt::Display>::fmt
[INFO] [stdout]    1:     0x57c6678ccefa - core[df12db4294e9bfd3]::fmt::write
[INFO] [stdout]    2:     0x57c6678b98ac - <alloc[2182bb758b4b3781]::vec::Vec<u8> as core[df12db4294e9bfd3]::io::write::Write>::write_fmt
[INFO] [stdout]    3:     0x57c667891306 - std[70759c8f55707aa4]::panicking::default_hook::{closure#0}
[INFO] [stdout]    4:     0x57c6678ad669 - std[70759c8f55707aa4]::panicking::default_hook
[INFO] [stdout]    5:     0x57c66779e2e0 - test[9d35eded1c95d3be]::test_main_inner::<test[9d35eded1c95d3be]::test_main_static::{closure#0}>::{closure#0}
[INFO] [stdout]    6:     0x57c6678ad822 - std[70759c8f55707aa4]::panicking::panic_with_hook
[INFO] [stdout]    7:     0x57c6678913b2 - std[70759c8f55707aa4]::panicking::panic_handler::{closure#0}
[INFO] [stdout]    8:     0x57c667889fa9 - std[70759c8f55707aa4]::sys::backtrace::__rust_end_short_backtrace::<std[70759c8f55707aa4]::panicking::panic_handler::{closure#0}, !>
[INFO] [stdout]    9:     0x57c667891fad - __rustc[8fa7c3cbc660c2b3]::rust_begin_unwind
[INFO] [stdout]   10:     0x57c6678cd6ec - core[df12db4294e9bfd3]::panicking::panic_fmt
[INFO] [stdout]   11:     0x57c6678cd4c2 - core[df12db4294e9bfd3]::result::unwrap_failed
[INFO] [stdout]   12:     0x57c66772b5a0 - spark_primitives[b9cf8eee2b18cca4]::quote_envelope::tests::load_cases
[INFO] [stdout]   13:     0x57c66772c6de - spark_primitives[b9cf8eee2b18cca4]::quote_envelope::tests::enum_components_separate_domains
[INFO] [stdout]   14:     0x57c667748c49 - <spark_primitives[b9cf8eee2b18cca4]::quote_envelope::tests::enum_components_separate_domains::{closure#0} as core[df12db4294e9bfd3]::ops::function::FnOnce<()>>::call_once
[INFO] [stdout]   15:     0x57c6677915cb - test[9d35eded1c95d3be]::__rust_begin_short_backtrace::<core[df12db4294e9bfd3]::result::Result<(), alloc[2182bb758b4b3781]::string::String>, fn() -> core[df12db4294e9bfd3]::result::Result<(), alloc[2182bb758b4b3781]::string::String>>
[INFO] [stdout]   16:     0x57c66779ec35 - test[9d35eded1c95d3be]::run_test::{closure#0}
[INFO] [stdout]   17:     0x57c6677984f4 - std[70759c8f55707aa4]::sys::backtrace::__rust_begin_short_backtrace::<test[9d35eded1c95d3be]::run_test::{closure#1}, ()>
[INFO] [stdout]   18:     0x57c6677a1d92 - <std[70759c8f55707aa4]::thread::lifecycle::spawn_unchecked<test[9d35eded1c95d3be]::run_test::{closure#1}, ()>::{closure#1} as core[df12db4294e9bfd3]::ops::function::FnOnce<()>>::call_once::{shim:vtable#0}
[INFO] [stdout]   19:     0x57c6678b4949 - <std[70759c8f55707aa4]::sys::thread::unix::Thread>::new::thread_start
[INFO] [stdout]   20:     0x791b96dd0dfa - <unknown>
[INFO] [stdout]   21:     0x791b96e643d4 - clone
[INFO] [stdout]   22:                0x0 - <unknown>
[INFO] [stdout] 
[INFO] [stdout] ---- quote_envelope::tests::quote_envelope_digest_matches_shared_cases stdout ----
[INFO] [stdout] 
[INFO] [stdout] thread 'quote_envelope::tests::quote_envelope_digest_matches_shared_cases' (1235) panicked at src/quote_envelope/tests.rs:98:49:
[INFO] [stdout] called `Result::unwrap()` on an `Err` value: Os { code: 2, kind: NotFound, message: "No such file or directory" }
[INFO] [stdout] stack backtrace:
[INFO] [stdout]    0:     0x57c6678b5411 - <<std[70759c8f55707aa4]::sys::backtrace::BacktraceLock>::print::DisplayBacktrace as core[df12db4294e9bfd3]::fmt::Display>::fmt
[INFO] [stdout]    1:     0x57c6678ccefa - core[df12db4294e9bfd3]::fmt::write
[INFO] [stdout]    2:     0x57c6678b98ac - <alloc[2182bb758b4b3781]::vec::Vec<u8> as core[df12db4294e9bfd3]::io::write::Write>::write_fmt
[INFO] [stdout]    3:     0x57c667891306 - std[70759c8f55707aa4]::panicking::default_hook::{closure#0}
[INFO] [stdout]    4:     0x57c6678ad669 - std[70759c8f55707aa4]::panicking::default_hook
[INFO] [stdout]    5:     0x57c66779e2e0 - test[9d35eded1c95d3be]::test_main_inner::<test[9d35eded1c95d3be]::test_main_static::{closure#0}>::{closure#0}
[INFO] [stdout]    6:     0x57c6678ad822 - std[70759c8f55707aa4]::panicking::panic_with_hook
[INFO] [stdout]    7:     0x57c6678913b2 - std[70759c8f55707aa4]::panicking::panic_handler::{closure#0}
[INFO] [stdout]    8:     0x57c667889fa9 - std[70759c8f55707aa4]::sys::backtrace::__rust_end_short_backtrace::<std[70759c8f55707aa4]::panicking::panic_handler::{closure#0}, !>
[INFO] [stdout]    9:     0x57c667891fad - __rustc[8fa7c3cbc660c2b3]::rust_begin_unwind
[INFO] [stdout]   10:     0x57c6678cd6ec - core[df12db4294e9bfd3]::panicking::panic_fmt
[INFO] [stdout]   11:     0x57c6678cd4c2 - core[df12db4294e9bfd3]::result::unwrap_failed
[INFO] [stdout]   12:     0x57c66772b5a0 - spark_primitives[b9cf8eee2b18cca4]::quote_envelope::tests::load_cases
[INFO] [stdout]   13:     0x57c66772f3de - spark_primitives[b9cf8eee2b18cca4]::quote_envelope::tests::quote_envelope_digest_matches_shared_cases
[INFO] [stdout]   14:     0x57c667748ce9 - <spark_primitives[b9cf8eee2b18cca4]::quote_envelope::tests::quote_envelope_digest_matches_shared_cases::{closure#0} as core[df12db4294e9bfd3]::ops::function::FnOnce<()>>::call_once
[INFO] [stdout]   15:     0x57c6677915cb - test[9d35eded1c95d3be]::__rust_begin_short_backtrace::<core[df12db4294e9bfd3]::result::Result<(), alloc[2182bb758b4b3781]::string::String>, fn() -> core[df12db4294e9bfd3]::result::Result<(), alloc[2182bb758b4b3781]::string::String>>
[INFO] [stdout]   16:     0x57c66779ec35 - test[9d35eded1c95d3be]::run_test::{closure#0}
[INFO] [stdout]   17:     0x57c6677984f4 - std[70759c8f55707aa4]::sys::backtrace::__rust_begin_short_backtrace::<test[9d35eded1c95d3be]::run_test::{closure#1}, ()>
[INFO] [stdout]   18:     0x57c6677a1d92 - <std[70759c8f55707aa4]::thread::lifecycle::spawn_unchecked<test[9d35eded1c95d3be]::run_test::{closure#1}, ()>::{closure#1} as core[df12db4294e9bfd3]::ops::function::FnOnce<()>>::call_once::{shim:vtable#0}
[INFO] [stdout]   19:     0x57c6678b4949 - <std[70759c8f55707aa4]::sys::thread::unix::Thread>::new::thread_start
[INFO] [stdout]   20:     0x791b96dd0dfa - <unknown>
[INFO] [stdout]   21:     0x791b96e643d4 - clone
[INFO] [stdout]   22:                0x0 - <unknown>
[INFO] [stdout] 
[INFO] [stdout] ---- invoice::tests::token_invoice_signing_hash_fixture_cases_match_expected_hashes stdout ----
[INFO] [stdout] 
[INFO] [stdout] thread 'invoice::tests::token_invoice_signing_hash_fixture_cases_match_expected_hashes' (1225) panicked at src/invoice/tests.rs:278:52:
[INFO] [stdout] called `Result::unwrap()` on an `Err` value: Os { code: 2, kind: NotFound, message: "No such file or directory" }
[INFO] [stdout] stack backtrace:
[INFO] [stdout]    0:     0x57c6678b5411 - <<std[70759c8f55707aa4]::sys::backtrace::BacktraceLock>::print::DisplayBacktrace as core[df12db4294e9bfd3]::fmt::Display>::fmt
[INFO] [stdout]    1:     0x57c6678ccefa - core[df12db4294e9bfd3]::fmt::write
[INFO] [stdout]    2:     0x57c6678b98ac - <alloc[2182bb758b4b3781]::vec::Vec<u8> as core[df12db4294e9bfd3]::io::write::Write>::write_fmt
[INFO] [stdout]    3:     0x57c667891306 - std[70759c8f55707aa4]::panicking::default_hook::{closure#0}
[INFO] [stdout]    4:     0x57c6678ad669 - std[70759c8f55707aa4]::panicking::default_hook
[INFO] [stdout]    5:     0x57c66779e2e0 - test[9d35eded1c95d3be]::test_main_inner::<test[9d35eded1c95d3be]::test_main_static::{closure#0}>::{closure#0}
[INFO] [stdout]    6:     0x57c6678ad822 - std[70759c8f55707aa4]::panicking::panic_with_hook
[INFO] [stdout]    7:     0x57c6678913b2 - std[70759c8f55707aa4]::panicking::panic_handler::{closure#0}
[INFO] [stdout]    8:     0x57c667889fa9 - std[70759c8f55707aa4]::sys::backtrace::__rust_end_short_backtrace::<std[70759c8f55707aa4]::panicking::panic_handler::{closure#0}, !>
[INFO] [stdout]    9:     0x57c667891fad - __rustc[8fa7c3cbc660c2b3]::rust_begin_unwind
[INFO] [stdout]   10:     0x57c6678cd6ec - core[df12db4294e9bfd3]::panicking::panic_fmt
[INFO] [stdout]   11:     0x57c6678cd4c2 - core[df12db4294e9bfd3]::result::unwrap_failed
[INFO] [stdout]   12:     0x57c667764e7c - spark_primitives[b9cf8eee2b18cca4]::invoice::tests::token_invoice_signing_hash_fixture_cases_match_expected_hashes
[INFO] [stdout]   13:     0x57c667749429 - <spark_primitives[b9cf8eee2b18cca4]::invoice::tests::token_invoice_signing_hash_fixture_cases_match_expected_hashes::{closure#0} as core[df12db4294e9bfd3]::ops::function::FnOnce<()>>::call_once
[INFO] [stdout]   14:     0x57c6677915cb - test[9d35eded1c95d3be]::__rust_begin_short_backtrace::<core[df12db4294e9bfd3]::result::Result<(), alloc[2182bb758b4b3781]::string::String>, fn() -> core[df12db4294e9bfd3]::result::Result<(), alloc[2182bb758b4b3781]::string::String>>
[INFO] [stdout]   15:     0x57c66779ec35 - test[9d35eded1c95d3be]::run_test::{closure#0}
[INFO] [stdout]   16:     0x57c6677984f4 - std[70759c8f55707aa4]::sys::backtrace::__rust_begin_short_backtrace::<test[9d35eded1c95d3be]::run_test::{closure#1}, ()>
[INFO] [stdout]   17:     0x57c6677a1d92 - <std[70759c8f55707aa4]::thread::lifecycle::spawn_unchecked<test[9d35eded1c95d3be]::run_test::{closure#1}, ()>::{closure#1} as core[df12db4294e9bfd3]::ops::function::FnOnce<()>>::call_once::{shim:vtable#0}
[INFO] [stdout]   18:     0x57c6678b4949 - <std[70759c8f55707aa4]::sys::thread::unix::Thread>::new::thread_start
[INFO] [stdout]   19:     0x791b96dd0dfa - <unknown>
[INFO] [stdout]   20:     0x791b96e643d4 - clone
[INFO] [stdout]   21:                0x0 - <unknown>
[INFO] [stdout] 
[INFO] [stdout] ---- quote_envelope::tests::rejects_shared_invalid_cases stdout ----
[INFO] [stdout] 
[INFO] [stdout] thread 'quote_envelope::tests::rejects_shared_invalid_cases' (1236) panicked at src/quote_envelope/tests.rs:98:49:
[INFO] [stdout] called `Result::unwrap()` on an `Err` value: Os { code: 2, kind: NotFound, message: "No such file or directory" }
[INFO] [stdout] stack backtrace:
[INFO] [stdout]    0:     0x57c6678b5411 - <<std[70759c8f55707aa4]::sys::backtrace::BacktraceLock>::print::DisplayBacktrace as core[df12db4294e9bfd3]::fmt::Display>::fmt
[INFO] [stdout]    1:     0x57c6678ccefa - core[df12db4294e9bfd3]::fmt::write
[INFO] [stdout]    2:     0x57c6678b98ac - <alloc[2182bb758b4b3781]::vec::Vec<u8> as core[df12db4294e9bfd3]::io::write::Write>::write_fmt
[INFO] [stdout]    3:     0x57c667891306 - std[70759c8f55707aa4]::panicking::default_hook::{closure#0}
[INFO] [stdout]    4:     0x57c6678ad669 - std[70759c8f55707aa4]::panicking::default_hook
[INFO] [stdout]    5:     0x57c66779e2e0 - test[9d35eded1c95d3be]::test_main_inner::<test[9d35eded1c95d3be]::test_main_static::{closure#0}>::{closure#0}
[INFO] [stdout]    6:     0x57c6678ad822 - std[70759c8f55707aa4]::panicking::panic_with_hook
[INFO] [stdout]    7:     0x57c6678913b2 - std[70759c8f55707aa4]::panicking::panic_handler::{closure#0}
[INFO] [stdout]    8:     0x57c667889fa9 - std[70759c8f55707aa4]::sys::backtrace::__rust_end_short_backtrace::<std[70759c8f55707aa4]::panicking::panic_handler::{closure#0}, !>
[INFO] [stdout]    9:     0x57c667891fad - __rustc[8fa7c3cbc660c2b3]::rust_begin_unwind
[INFO] [stdout]   10:     0x57c6678cd6ec - core[df12db4294e9bfd3]::panicking::panic_fmt
[INFO] [stdout]   11:     0x57c6678cd4c2 - core[df12db4294e9bfd3]::result::unwrap_failed
[INFO] [stdout]   12:     0x57c66772b5a0 - spark_primitives[b9cf8eee2b18cca4]::quote_envelope::tests::load_cases
[INFO] [stdout]   13:     0x57c66772b80e - spark_primitives[b9cf8eee2b18cca4]::quote_envelope::tests::rejects_shared_invalid_cases
[INFO] [stdout]   14:     0x57c667748c29 - <spark_primitives[b9cf8eee2b18cca4]::quote_envelope::tests::rejects_shared_invalid_cases::{closure#0} as core[df12db4294e9bfd3]::ops::function::FnOnce<()>>::call_once
[INFO] [stdout]   15:     0x57c6677915cb - test[9d35eded1c95d3be]::__rust_begin_short_backtrace::<core[df12db4294e9bfd3]::result::Result<(), alloc[2182bb758b4b3781]::string::String>, fn() -> core[df12db4294e9bfd3]::result::Result<(), alloc[2182bb758b4b3781]::string::String>>
[INFO] [stdout]   16:     0x57c66779ec35 - test[9d35eded1c95d3be]::run_test::{closure#0}
[INFO] [stdout]   17:     0x57c6677984f4 - std[70759c8f55707aa4]::sys::backtrace::__rust_begin_short_backtrace::<test[9d35eded1c95d3be]::run_test::{closure#1}, ()>
[INFO] [stdout]   18:     0x57c6677a1d92 - <std[70759c8f55707aa4]::thread::lifecycle::spawn_unchecked<test[9d35eded1c95d3be]::run_test::{closure#1}, ()>::{closure#1} as core[df12db4294e9bfd3]::ops::function::FnOnce<()>>::call_once::{shim:vtable#0}
[INFO] [stdout]   19:     0x57c6678b4949 - <std[70759c8f55707aa4]::sys::thread::unix::Thread>::new::thread_start
[INFO] [stdout]   20:     0x791b96dd0dfa - <unknown>
[INFO] [stdout]   21:     0x791b96e643d4 - clone
[INFO] [stdout]   22:                0x0 - <unknown>
[INFO] [stdout] 
[INFO] [stdout] ---- quote_envelope::tests::target_derivations_match_shared_cases stdout ----
[INFO] [stdout] 
[INFO] [stdout] thread 'quote_envelope::tests::target_derivations_match_shared_cases' (1240) panicked at src/quote_envelope/tests.rs:98:49:
[INFO] [stdout] called `Result::unwrap()` on an `Err` value: Os { code: 2, kind: NotFound, message: "No such file or directory" }
[INFO] [stdout] stack backtrace:
[INFO] [stdout]    0:     0x57c6678b5411 - <<std[70759c8f55707aa4]::sys::backtrace::BacktraceLock>::print::DisplayBacktrace as core[df12db4294e9bfd3]::fmt::Display>::fmt
[INFO] [stdout]    1:     0x57c6678ccefa - core[df12db4294e9bfd3]::fmt::write
[INFO] [stdout]    2:     0x57c6678b98ac - <alloc[2182bb758b4b3781]::vec::Vec<u8> as core[df12db4294e9bfd3]::io::write::Write>::write_fmt
[INFO] [stdout]    3:     0x57c667891306 - std[70759c8f55707aa4]::panicking::default_hook::{closure#0}
[INFO] [stdout]    4:     0x57c6678ad669 - std[70759c8f55707aa4]::panicking::default_hook
[INFO] [stdout]    5:     0x57c66779e2e0 - test[9d35eded1c95d3be]::test_main_inner::<test[9d35eded1c95d3be]::test_main_static::{closure#0}>::{closure#0}
[INFO] [stdout]    6:     0x57c6678ad822 - std[70759c8f55707aa4]::panicking::panic_with_hook
[INFO] [stdout]    7:     0x57c6678913b2 - std[70759c8f55707aa4]::panicking::panic_handler::{closure#0}
[INFO] [stdout]    8:     0x57c667889fa9 - std[70759c8f55707aa4]::sys::backtrace::__rust_end_short_backtrace::<std[70759c8f55707aa4]::panicking::panic_handler::{closure#0}, !>
[INFO] [stdout]    9:     0x57c667891fad - __rustc[8fa7c3cbc660c2b3]::rust_begin_unwind
[INFO] [stdout]   10:     0x57c6678cd6ec - core[df12db4294e9bfd3]::panicking::panic_fmt
[INFO] [stdout]   11:     0x57c6678cd4c2 - core[df12db4294e9bfd3]::result::unwrap_failed
[INFO] [stdout]   12:     0x57c66772b5a0 - spark_primitives[b9cf8eee2b18cca4]::quote_envelope::tests::load_cases
[INFO] [stdout]   13:     0x57c66772d2ee - spark_primitives[b9cf8eee2b18cca4]::quote_envelope::tests::target_derivations_match_shared_cases
[INFO] [stdout]   14:     0x57c667748ca9 - <spark_primitives[b9cf8eee2b18cca4]::quote_envelope::tests::target_derivations_match_shared_cases::{closure#0} as core[df12db4294e9bfd3]::ops::function::FnOnce<()>>::call_once
[INFO] [stdout]   15:     0x57c6677915cb - test[9d35eded1c95d3be]::__rust_begin_short_backtrace::<core[df12db4294e9bfd3]::result::Result<(), alloc[2182bb758b4b3781]::string::String>, fn() -> core[df12db4294e9bfd3]::result::Result<(), alloc[2182bb758b4b3781]::string::String>>
[INFO] [stdout]   16:     0x57c66779ec35 - test[9d35eded1c95d3be]::run_test::{closure#0}
[INFO] [stdout]   17:     0x57c6677984f4 - std[70759c8f55707aa4]::sys::backtrace::__rust_begin_short_backtrace::<test[9d35eded1c95d3be]::run_test::{closure#1}, ()>
[INFO] [stdout]   18:     0x57c6677a1d92 - <std[70759c8f55707aa4]::thread::lifecycle::spawn_unchecked<test[9d35eded1c95d3be]::run_test::{closure#1}, ()>::{closure#1} as core[df12db4294e9bfd3]::ops::function::FnOnce<()>>::call_once::{shim:vtable#0}
[INFO] [stdout]   19:     0x57c6678b4949 - <std[70759c8f55707aa4]::sys::thread::unix::Thread>::new::thread_start
[INFO] [stdout]   20:     0x791b96dd0dfa - <unknown>
[INFO] [stdout]   21:     0x791b96e643d4 - clone
[INFO] [stdout]   22:                0x0 - <unknown>
[INFO] [stdout] 
[INFO] [stdout] ---- token_transaction::tests::construct_partial_create_transaction_matches_shared_hash_case stdout ----
[INFO] [stdout] 
[INFO] [stdout] thread 'token_transaction::tests::construct_partial_create_transaction_matches_shared_hash_case' (1253) panicked at src/token_transaction/tests.rs:1094:62:
[INFO] [stdout] called `Result::unwrap()` on an `Err` value: Os { code: 2, kind: NotFound, message: "No such file or directory" }
[INFO] [stdout] stack backtrace:
[INFO] [stdout]    0:     0x57c6678b5411 - <<std[70759c8f55707aa4]::sys::backtrace::BacktraceLock>::print::DisplayBacktrace as core[df12db4294e9bfd3]::fmt::Display>::fmt
[INFO] [stdout]    1:     0x57c6678ccefa - core[df12db4294e9bfd3]::fmt::write
[INFO] [stdout]    2:     0x57c6678b98ac - <alloc[2182bb758b4b3781]::vec::Vec<u8> as core[df12db4294e9bfd3]::io::write::Write>::write_fmt
[INFO] [stdout]    3:     0x57c667891306 - std[70759c8f55707aa4]::panicking::default_hook::{closure#0}
[INFO] [stdout]    4:     0x57c6678ad669 - std[70759c8f55707aa4]::panicking::default_hook
[INFO] [stdout]    5:     0x57c66779e2e0 - test[9d35eded1c95d3be]::test_main_inner::<test[9d35eded1c95d3be]::test_main_static::{closure#0}>::{closure#0}
[INFO] [stdout]    6:     0x57c6678ad822 - std[70759c8f55707aa4]::panicking::panic_with_hook
[INFO] [stdout]    7:     0x57c6678913b2 - std[70759c8f55707aa4]::panicking::panic_handler::{closure#0}
[INFO] [stdout]    8:     0x57c667889fa9 - std[70759c8f55707aa4]::sys::backtrace::__rust_end_short_backtrace::<std[70759c8f55707aa4]::panicking::panic_handler::{closure#0}, !>
[INFO] [stdout]    9:     0x57c667891fad - __rustc[8fa7c3cbc660c2b3]::rust_begin_unwind
[INFO] [stdout]   10:     0x57c6678cd6ec - core[df12db4294e9bfd3]::panicking::panic_fmt
[INFO] [stdout]   11:     0x57c6678cd4c2 - core[df12db4294e9bfd3]::result::unwrap_failed
[INFO] [stdout]   12:     0x57c6676f254e - spark_primitives[b9cf8eee2b18cca4]::token_transaction::tests::shared_partial_case
[INFO] [stdout]   13:     0x57c6676fe249 - spark_primitives[b9cf8eee2b18cca4]::token_transaction::tests::construct_partial_create_transaction_matches_shared_hash_case
[INFO] [stdout]   14:     0x57c667748f89 - <spark_primitives[b9cf8eee2b18cca4]::token_transaction::tests::construct_partial_create_transaction_matches_shared_hash_case::{closure#0} as core[df12db4294e9bfd3]::ops::function::FnOnce<()>>::call_once
[INFO] [stdout]   15:     0x57c6677915cb - test[9d35eded1c95d3be]::__rust_begin_short_backtrace::<core[df12db4294e9bfd3]::result::Result<(), alloc[2182bb758b4b3781]::string::String>, fn() -> core[df12db4294e9bfd3]::result::Result<(), alloc[2182bb758b4b3781]::string::String>>
[INFO] [stdout]   16:     0x57c66779ec35 - test[9d35eded1c95d3be]::run_test::{closure#0}
[INFO] [stdout]   17:     0x57c6677984f4 - std[70759c8f55707aa4]::sys::backtrace::__rust_begin_short_backtrace::<test[9d35eded1c95d3be]::run_test::{closure#1}, ()>
[INFO] [stdout]   18:     0x57c6677a1d92 - <std[70759c8f55707aa4]::thread::lifecycle::spawn_unchecked<test[9d35eded1c95d3be]::run_test::{closure#1}, ()>::{closure#1} as core[df12db4294e9bfd3]::ops::function::FnOnce<()>>::call_once::{shim:vtable#0}
[INFO] [stdout]   19:     0x57c6678b4949 - <std[70759c8f55707aa4]::sys::thread::unix::Thread>::new::thread_start
[INFO] [stdout]   20:     0x791b96dd0dfa - <unknown>
[INFO] [stdout]   21:     0x791b96e643d4 - clone
[INFO] [stdout]   22:                0x0 - <unknown>
[INFO] [stdout] 
[INFO] [stdout] ---- invoice::tests::token_invoice_canonical_encoding_fixture_cases_match_expected_bytes stdout ----
[INFO] [stdout] 
[INFO] [stdout] thread 'invoice::tests::token_invoice_canonical_encoding_fixture_cases_match_expected_bytes' (1224) panicked at src/invoice/tests.rs:284:52:
[INFO] [stdout] called `Result::unwrap()` on an `Err` value: Os { code: 2, kind: NotFound, message: "No such file or directory" }
[INFO] [stdout] stack backtrace:
[INFO] [stdout]    0:     0x57c6678b5411 - <<std[70759c8f55707aa4]::sys::backtrace::BacktraceLock>::print::DisplayBacktrace as core[df12db4294e9bfd3]::fmt::Display>::fmt
[INFO] [stdout]    1:     0x57c6678ccefa - core[df12db4294e9bfd3]::fmt::write
[INFO] [stdout]    2:     0x57c6678b98ac - <alloc[2182bb758b4b3781]::vec::Vec<u8> as core[df12db4294e9bfd3]::io::write::Write>::write_fmt
[INFO] [stdout]    3:     0x57c667891306 - std[70759c8f55707aa4]::panicking::default_hook::{closure#0}
[INFO] [stdout]    4:     0x57c6678ad669 - std[70759c8f55707aa4]::panicking::default_hook
[INFO] [stdout]    5:     0x57c66779e2e0 - test[9d35eded1c95d3be]::test_main_inner::<test[9d35eded1c95d3be]::test_main_static::{closure#0}>::{closure#0}
[INFO] [stdout]    6:     0x57c6678ad822 - std[70759c8f55707aa4]::panicking::panic_with_hook
[INFO] [stdout]    7:     0x57c6678913b2 - std[70759c8f55707aa4]::panicking::panic_handler::{closure#0}
[INFO] [stdout]    8:     0x57c667889fa9 - std[70759c8f55707aa4]::sys::backtrace::__rust_end_short_backtrace::<std[70759c8f55707aa4]::panicking::panic_handler::{closure#0}, !>
[INFO] [stdout]    9:     0x57c667891fad - __rustc[8fa7c3cbc660c2b3]::rust_begin_unwind
[INFO] [stdout]   10:     0x57c6678cd6ec - core[df12db4294e9bfd3]::panicking::panic_fmt
[INFO] [stdout]   11:     0x57c6678cd4c2 - core[df12db4294e9bfd3]::result::unwrap_failed
[INFO] [stdout]   12:     0x57c6677653c2 - spark_primitives[b9cf8eee2b18cca4]::invoice::tests::token_invoice_canonical_encoding_fixture_cases_match_expected_bytes
[INFO] [stdout]   13:     0x57c667749449 - <spark_primitives[b9cf8eee2b18cca4]::invoice::tests::token_invoice_canonical_encoding_fixture_cases_match_expected_bytes::{closure#0} as core[df12db4294e9bfd3]::ops::function::FnOnce<()>>::call_once
[INFO] [stdout]   14:     0x57c6677915cb - test[9d35eded1c95d3be]::__rust_begin_short_backtrace::<core[df12db4294e9bfd3]::result::Result<(), alloc[2182bb758b4b3781]::string::String>, fn() -> core[df12db4294e9bfd3]::result::Result<(), alloc[2182bb758b4b3781]::string::String>>
[INFO] [stdout]   15:     0x57c66779ec35 - test[9d35eded1c95d3be]::run_test::{closure#0}
[INFO] [stdout]   16:     0x57c6677984f4 - std[70759c8f55707aa4]::sys::backtrace::__rust_begin_short_backtrace::<test[9d35eded1c95d3be]::run_test::{closure#1}, ()>
[INFO] [stdout]   17:     0x57c6677a1d92 - <std[70759c8f55707aa4]::thread::lifecycle::spawn_unchecked<test[9d35eded1c95d3be]::run_test::{closure#1}, ()>::{closure#1} as core[df12db4294e9bfd3]::ops::function::FnOnce<()>>::call_once::{shim:vtable#0}
[INFO] [stdout]   18:     0x57c6678b4949 - <std[70759c8f55707aa4]::sys::thread::unix::Thread>::new::thread_start
[INFO] [stdout]   19:     0x791b96dd0dfa - <unknown>
[INFO] [stdout]   20:     0x791b96e643d4 - clone
[INFO] [stdout]   21:                0x0 - <unknown>
[INFO] [stdout] 
[INFO] [stdout] ---- token_transaction::tests::construct_partial_mint_transaction_matches_shared_hash_case stdout ----
[INFO] [stdout] 
[INFO] [stdout] thread 'token_transaction::tests::construct_partial_mint_transaction_matches_shared_hash_case' (1264) panicked at src/token_transaction/tests.rs:1094:62:
[INFO] [stdout] called `Result::unwrap()` on an `Err` value: Os { code: 2, kind: NotFound, message: "No such file or directory" }
[INFO] [stdout] stack backtrace:
[INFO] [stdout]    0:     0x57c6678b5411 - <<std[70759c8f55707aa4]::sys::backtrace::BacktraceLock>::print::DisplayBacktrace as core[df12db4294e9bfd3]::fmt::Display>::fmt
[INFO] [stdout]    1:     0x57c6678ccefa - core[df12db4294e9bfd3]::fmt::write
[INFO] [stdout]    2:     0x57c6678b98ac - <alloc[2182bb758b4b3781]::vec::Vec<u8> as core[df12db4294e9bfd3]::io::write::Write>::write_fmt
[INFO] [stdout]    3:     0x57c667891306 - std[70759c8f55707aa4]::panicking::default_hook::{closure#0}
[INFO] [stdout]    4:     0x57c6678ad669 - std[70759c8f55707aa4]::panicking::default_hook
[INFO] [stdout]    5:     0x57c66779e2e0 - test[9d35eded1c95d3be]::test_main_inner::<test[9d35eded1c95d3be]::test_main_static::{closure#0}>::{closure#0}
[INFO] [stdout]    6:     0x57c6678ad822 - std[70759c8f55707aa4]::panicking::panic_with_hook
[INFO] [stdout]    7:     0x57c6678913b2 - std[70759c8f55707aa4]::panicking::panic_handler::{closure#0}
[INFO] [stdout]    8:     0x57c667889fa9 - std[70759c8f55707aa4]::sys::backtrace::__rust_end_short_backtrace::<std[70759c8f55707aa4]::panicking::panic_handler::{closure#0}, !>
[INFO] [stdout]    9:     0x57c667891fad - __rustc[8fa7c3cbc660c2b3]::rust_begin_unwind
[INFO] [stdout]   10:     0x57c6678cd6ec - core[df12db4294e9bfd3]::panicking::panic_fmt
[INFO] [stdout]   11:     0x57c6678cd4c2 - core[df12db4294e9bfd3]::result::unwrap_failed
[INFO] [stdout]   12:     0x57c6676f254e - spark_primitives[b9cf8eee2b18cca4]::token_transaction::tests::shared_partial_case
[INFO] [stdout]   13:     0x57c6676fd5c9 - spark_primitives[b9cf8eee2b18cca4]::token_transaction::tests::construct_partial_mint_transaction_matches_shared_hash_case
[INFO] [stdout]   14:     0x57c667748f29 - <spark_primitives[b9cf8eee2b18cca4]::token_transaction::tests::construct_partial_mint_transaction_matches_shared_hash_case::{closure#0} as core[df12db4294e9bfd3]::ops::function::FnOnce<()>>::call_once
[INFO] [stdout]   15:     0x57c6677915cb - test[9d35eded1c95d3be]::__rust_begin_short_backtrace::<core[df12db4294e9bfd3]::result::Result<(), alloc[2182bb758b4b3781]::string::String>, fn() -> core[df12db4294e9bfd3]::result::Result<(), alloc[2182bb758b4b3781]::string::String>>
[INFO] [stdout]   16:     0x57c66779ec35 - test[9d35eded1c95d3be]::run_test::{closure#0}
[INFO] [stdout]   17:     0x57c6677984f4 - std[70759c8f55707aa4]::sys::backtrace::__rust_begin_short_backtrace::<test[9d35eded1c95d3be]::run_test::{closure#1}, ()>
[INFO] [stdout]   18:     0x57c6677a1d92 - <std[70759c8f55707aa4]::thread::lifecycle::spawn_unchecked<test[9d35eded1c95d3be]::run_test::{closure#1}, ()>::{closure#1} as core[df12db4294e9bfd3]::ops::function::FnOnce<()>>::call_once::{shim:vtable#0}
[INFO] [stdout]   19:     0x57c6678b4949 - <std[70759c8f55707aa4]::sys::thread::unix::Thread>::new::thread_start
[INFO] [stdout]   20:     0x791b96dd0dfa - <unknown>
[INFO] [stdout]   21:     0x791b96e643d4 - clone
[INFO] [stdout]   22:                0x0 - <unknown>
[INFO] [stdout] 
[INFO] [stdout] ---- token_transaction::tests::hash_final_token_transaction_matches_shared_hash_cases stdout ----
[INFO] [stdout] 
[INFO] [stdout] thread 'token_transaction::tests::hash_final_token_transaction_matches_shared_hash_cases' (1286) panicked at src/token_transaction/tests.rs:1311:57:
[INFO] [stdout] called `Result::unwrap()` on an `Err` value: Os { code: 2, kind: NotFound, message: "No such file or directory" }
[INFO] [stdout] stack backtrace:
[INFO] [stdout]    0:     0x57c6678b5411 - <<std[70759c8f55707aa4]::sys::backtrace::BacktraceLock>::print::DisplayBacktrace as core[df12db4294e9bfd3]::fmt::Display>::fmt
[INFO] [stdout]    1:     0x57c6678ccefa - core[df12db4294e9bfd3]::fmt::write
[INFO] [stdout]    2:     0x57c6678b98ac - <alloc[2182bb758b4b3781]::vec::Vec<u8> as core[df12db4294e9bfd3]::io::write::Write>::write_fmt
[INFO] [stdout]    3:     0x57c667891306 - std[70759c8f55707aa4]::panicking::default_hook::{closure#0}
[INFO] [stdout]    4:     0x57c6678ad669 - std[70759c8f55707aa4]::panicking::default_hook
[INFO] [stdout]    5:     0x57c66779e2e0 - test[9d35eded1c95d3be]::test_main_inner::<test[9d35eded1c95d3be]::test_main_static::{closure#0}>::{closure#0}
[INFO] [stdout]    6:     0x57c6678ad822 - std[70759c8f55707aa4]::panicking::panic_with_hook
[INFO] [stdout]    7:     0x57c6678913b2 - std[70759c8f55707aa4]::panicking::panic_handler::{closure#0}
[INFO] [stdout]    8:     0x57c667889fa9 - std[70759c8f55707aa4]::sys::backtrace::__rust_end_short_backtrace::<std[70759c8f55707aa4]::panicking::panic_handler::{closure#0}, !>
[INFO] [stdout]    9:     0x57c667891fad - __rustc[8fa7c3cbc660c2b3]::rust_begin_unwind
[INFO] [stdout]   10:     0x57c6678cd6ec - core[df12db4294e9bfd3]::panicking::panic_fmt
[INFO] [stdout]   11:     0x57c6678cd4c2 - core[df12db4294e9bfd3]::result::unwrap_failed
[INFO] [stdout]   12:     0x57c6676fb26c - spark_primitives[b9cf8eee2b18cca4]::token_transaction::tests::hash_final_token_transaction_matches_shared_hash_cases
[INFO] [stdout]   13:     0x57c667748ea9 - <spark_primitives[b9cf8eee2b18cca4]::token_transaction::tests::hash_final_token_transaction_matches_shared_hash_cases::{closure#0} as core[df12db4294e9bfd3]::ops::function::FnOnce<()>>::call_once
[INFO] [stdout]   14:     0x57c6677915cb - test[9d35eded1c95d3be]::__rust_begin_short_backtrace::<core[df12db4294e9bfd3]::result::Result<(), alloc[2182bb758b4b3781]::string::String>, fn() -> core[df12db4294e9bfd3]::result::Result<(), alloc[2182bb758b4b3781]::string::String>>
[INFO] [stdout]   15:     0x57c66779ec35 - test[9d35eded1c95d3be]::run_test::{closure#0}
[INFO] [stdout]   16:     0x57c6677984f4 - std[70759c8f55707aa4]::sys::backtrace::__rust_begin_short_backtrace::<test[9d35eded1c95d3be]::run_test::{closure#1}, ()>
[INFO] [stdout]   17:     0x57c6677a1d92 - <std[70759c8f55707aa4]::thread::lifecycle::spawn_unchecked<test[9d35eded1c95d3be]::run_test::{closure#1}, ()>::{closure#1} as core[df12db4294e9bfd3]::ops::function::FnOnce<()>>::call_once::{shim:vtable#0}
[INFO] [stdout]   18:     0x57c6678b4949 - <std[70759c8f55707aa4]::sys::thread::unix::Thread>::new::thread_start
[INFO] [stdout]   19:     0x791b96dd0dfa - <unknown>
[INFO] [stdout]   20:     0x791b96e643d4 - clone
[INFO] [stdout]   21:                0x0 - <unknown>
[INFO] [stdout] 
[INFO] [stdout] ---- token_transaction::tests::hash_partial_token_transaction_matches_shared_hash_cases stdout ----
[INFO] [stdout] 
[INFO] [stdout] thread 'token_transaction::tests::hash_partial_token_transaction_matches_shared_hash_cases' (1287) panicked at src/token_transaction/tests.rs:1063:62:
[INFO] [stdout] called `Result::unwrap()` on an `Err` value: Os { code: 2, kind: NotFound, message: "No such file or directory" }
[INFO] [stdout] stack backtrace:
[INFO] [stdout]    0:     0x57c6678b5411 - <<std[70759c8f55707aa4]::sys::backtrace::BacktraceLock>::print::DisplayBacktrace as core[df12db4294e9bfd3]::fmt::Display>::fmt
[INFO] [stdout]    1:     0x57c6678ccefa - core[df12db4294e9bfd3]::fmt::write
[INFO] [stdout]    2:     0x57c6678b98ac - <alloc[2182bb758b4b3781]::vec::Vec<u8> as core[df12db4294e9bfd3]::io::write::Write>::write_fmt
[INFO] [stdout]    3:     0x57c667891306 - std[70759c8f55707aa4]::panicking::default_hook::{closure#0}
[INFO] [stdout]    4:     0x57c6678ad669 - std[70759c8f55707aa4]::panicking::default_hook
[INFO] [stdout]    5:     0x57c66779e2e0 - test[9d35eded1c95d3be]::test_main_inner::<test[9d35eded1c95d3be]::test_main_static::{closure#0}>::{closure#0}
[INFO] [stdout]    6:     0x57c6678ad822 - std[70759c8f55707aa4]::panicking::panic_with_hook
[INFO] [stdout]    7:     0x57c6678913b2 - std[70759c8f55707aa4]::panicking::panic_handler::{closure#0}
[INFO] [stdout]    8:     0x57c667889fa9 - std[70759c8f55707aa4]::sys::backtrace::__rust_end_short_backtrace::<std[70759c8f55707aa4]::panicking::panic_handler::{closure#0}, !>
[INFO] [stdout]    9:     0x57c667891fad - __rustc[8fa7c3cbc660c2b3]::rust_begin_unwind
[INFO] [stdout]   10:     0x57c6678cd6ec - core[df12db4294e9bfd3]::panicking::panic_fmt
[INFO] [stdout]   11:     0x57c6678cd4c2 - core[df12db4294e9bfd3]::result::unwrap_failed
[INFO] [stdout]   12:     0x57c6676fca6e - spark_primitives[b9cf8eee2b18cca4]::token_transaction::tests::hash_partial_token_transaction_matches_shared_hash_cases
[INFO] [stdout]   13:     0x57c667748ee9 - <spark_primitives[b9cf8eee2b18cca4]::token_transaction::tests::hash_partial_token_transaction_matches_shared_hash_cases::{closure#0} as core[df12db4294e9bfd3]::ops::function::FnOnce<()>>::call_once
[INFO] [stdout]   14:     0x57c6677915cb - test[9d35eded1c95d3be]::__rust_begin_short_backtrace::<core[df12db4294e9bfd3]::result::Result<(), alloc[2182bb758b4b3781]::string::String>, fn() -> core[df12db4294e9bfd3]::result::Result<(), alloc[2182bb758b4b3781]::string::String>>
[INFO] [stdout]   15:     0x57c66779ec35 - test[9d35eded1c95d3be]::run_test::{closure#0}
[INFO] [stdout]   16:     0x57c6677984f4 - std[70759c8f55707aa4]::sys::backtrace::__rust_begin_short_backtrace::<test[9d35eded1c95d3be]::run_test::{closure#1}, ()>
[INFO] [stdout]   17:     0x57c6677a1d92 - <std[70759c8f55707aa4]::thread::lifecycle::spawn_unchecked<test[9d35eded1c95d3be]::run_test::{closure#1}, ()>::{closure#1} as core[df12db4294e9bfd3]::ops::function::FnOnce<()>>::call_once::{shim:vtable#0}
[INFO] [stdout]   18:     0x57c6678b4949 - <std[70759c8f55707aa4]::sys::thread::unix::Thread>::new::thread_start
[INFO] [stdout]   19:     0x791b96dd0dfa - <unknown>
[INFO] [stdout]   20:     0x791b96e643d4 - clone
[INFO] [stdout]   21:                0x0 - <unknown>
[INFO] [stdout] 
[INFO] [stdout] ---- transfer_manifest::tests::hash_transfer_manifest_matches_shared_hash_cases stdout ----
[INFO] [stdout] 
[INFO] [stdout] thread 'transfer_manifest::tests::hash_transfer_manifest_matches_shared_hash_cases' (1289) panicked at src/transfer_manifest/tests.rs:213:54:
[INFO] [stdout] called `Result::unwrap()` on an `Err` value: Os { code: 2, kind: NotFound, message: "No such file or directory" }
[INFO] [stdout] stack backtrace:
[INFO] [stdout]    0:     0x57c6678b5411 - <<std[70759c8f55707aa4]::sys::backtrace::BacktraceLock>::print::DisplayBacktrace as core[df12db4294e9bfd3]::fmt::Display>::fmt
[INFO] [stdout]    1:     0x57c6678ccefa - core[df12db4294e9bfd3]::fmt::write
[INFO] [stdout]    2:     0x57c6678b98ac - <alloc[2182bb758b4b3781]::vec::Vec<u8> as core[df12db4294e9bfd3]::io::write::Write>::write_fmt
[INFO] [stdout]    3:     0x57c667891306 - std[70759c8f55707aa4]::panicking::default_hook::{closure#0}
[INFO] [stdout]    4:     0x57c6678ad669 - std[70759c8f55707aa4]::panicking::default_hook
[INFO] [stdout]    5:     0x57c66779e2e0 - test[9d35eded1c95d3be]::test_main_inner::<test[9d35eded1c95d3be]::test_main_static::{closure#0}>::{closure#0}
[INFO] [stdout]    6:     0x57c6678ad822 - std[70759c8f55707aa4]::panicking::panic_with_hook
[INFO] [stdout]    7:     0x57c6678913b2 - std[70759c8f55707aa4]::panicking::panic_handler::{closure#0}
[INFO] [stdout]    8:     0x57c667889fa9 - std[70759c8f55707aa4]::sys::backtrace::__rust_end_short_backtrace::<std[70759c8f55707aa4]::panicking::panic_handler::{closure#0}, !>
[INFO] [stdout]    9:     0x57c667891fad - __rustc[8fa7c3cbc660c2b3]::rust_begin_unwind
[INFO] [stdout]   10:     0x57c6678cd6ec - core[df12db4294e9bfd3]::panicking::panic_fmt
[INFO] [stdout]   11:     0x57c6678cd4c2 - core[df12db4294e9bfd3]::result::unwrap_failed
[INFO] [stdout]   12:     0x57c6677610d1 - spark_primitives[b9cf8eee2b18cca4]::transfer_manifest::tests::load_cases
[INFO] [stdout]   13:     0x57c66776213e - spark_primitives[b9cf8eee2b18cca4]::transfer_manifest::tests::hash_transfer_manifest_matches_shared_hash_cases
[INFO] [stdout]   14:     0x57c667749389 - <spark_primitives[b9cf8eee2b18cca4]::transfer_manifest::tests::hash_transfer_manifest_matches_shared_hash_cases::{closure#0} as core[df12db4294e9bfd3]::ops::function::FnOnce<()>>::call_once
[INFO] [stdout]   15:     0x57c6677915cb - test[9d35eded1c95d3be]::__rust_begin_short_backtrace::<core[df12db4294e9bfd3]::result::Result<(), alloc[2182bb758b4b3781]::string::String>, fn() -> core[df12db4294e9bfd3]::result::Result<(), alloc[2182bb758b4b3781]::string::String>>
[INFO] [stdout]   16:     0x57c66779ec35 - test[9d35eded1c95d3be]::run_test::{closure#0}
[INFO] [stdout]   17:     0x57c6677984f4 - std[70759c8f55707aa4]::sys::backtrace::__rust_begin_short_backtrace::<test[9d35eded1c95d3be]::run_test::{closure#1}, ()>
[INFO] [stdout]   18:     0x57c6677a1d92 - <std[70759c8f55707aa4]::thread::lifecycle::spawn_unchecked<test[9d35eded1c95d3be]::run_test::{closure#1}, ()>::{closure#1} as core[df12db4294e9bfd3]::ops::function::FnOnce<()>>::call_once::{shim:vtable#0}
[INFO] [stdout]   19:     0x57c6678b4949 - <std[70759c8f55707aa4]::sys::thread::unix::Thread>::new::thread_start
[INFO] [stdout]   20:     0x791b96dd0dfa - <unknown>
[INFO] [stdout]   21:     0x791b96e643d4 - clone
[INFO] [stdout]   22:                0x0 - <unknown>
[INFO] [stdout] 
[INFO] [stdout] ---- transfer_manifest::tests::rejects_shared_invalid_cases stdout ----
[INFO] [stdout] 
[INFO] [stdout] thread 'transfer_manifest::tests::rejects_shared_invalid_cases' (1290) panicked at src/transfer_manifest/tests.rs:213:54:
[INFO] [stdout] called `Result::unwrap()` on an `Err` value: Os { code: 2, kind: NotFound, message: "No such file or directory" }
[INFO] [stdout] stack backtrace:
[INFO] [stdout]    0:     0x57c6678b5411 - <<std[70759c8f55707aa4]::sys::backtrace::BacktraceLock>::print::DisplayBacktrace as core[df12db4294e9bfd3]::fmt::Display>::fmt
[INFO] [stdout]    1:     0x57c6678ccefa - core[df12db4294e9bfd3]::fmt::write
[INFO] [stdout]    2:     0x57c6678b98ac - <alloc[2182bb758b4b3781]::vec::Vec<u8> as core[df12db4294e9bfd3]::io::write::Write>::write_fmt
[INFO] [stdout]    3:     0x57c667891306 - std[70759c8f55707aa4]::panicking::default_hook::{closure#0}
[INFO] [stdout]    4:     0x57c6678ad669 - std[70759c8f55707aa4]::panicking::default_hook
[INFO] [stdout]    5:     0x57c66779e2e0 - test[9d35eded1c95d3be]::test_main_inner::<test[9d35eded1c95d3be]::test_main_static::{closure#0}>::{closure#0}
[INFO] [stdout]    6:     0x57c6678ad822 - std[70759c8f55707aa4]::panicking::panic_with_hook
[INFO] [stdout]    7:     0x57c6678913b2 - std[70759c8f55707aa4]::panicking::panic_handler::{closure#0}
[INFO] [stdout]    8:     0x57c667889fa9 - std[70759c8f55707aa4]::sys::backtrace::__rust_end_short_backtrace::<std[70759c8f55707aa4]::panicking::panic_handler::{closure#0}, !>
[INFO] [stdout]    9:     0x57c667891fad - __rustc[8fa7c3cbc660c2b3]::rust_begin_unwind
[INFO] [stdout]   10:     0x57c6678cd6ec - core[df12db4294e9bfd3]::panicking::panic_fmt
[INFO] [stdout]   11:     0x57c6678cd4c2 - core[df12db4294e9bfd3]::result::unwrap_failed
[INFO] [stdout]   12:     0x57c6677610d1 - spark_primitives[b9cf8eee2b18cca4]::transfer_manifest::tests::load_cases
[INFO] [stdout]   13:     0x57c667761b8e - spark_primitives[b9cf8eee2b18cca4]::transfer_manifest::tests::rejects_shared_invalid_cases
[INFO] [stdout]   14:     0x57c667749369 - <spark_primitives[b9cf8eee2b18cca4]::transfer_manifest::tests::rejects_shared_invalid_cases::{closure#0} as core[df12db4294e9bfd3]::ops::function::FnOnce<()>>::call_once
[INFO] [stdout]   15:     0x57c6677915cb - test[9d35eded1c95d3be]::__rust_begin_short_backtrace::<core[df12db4294e9bfd3]::result::Result<(), alloc[2182bb758b4b3781]::string::String>, fn() -> core[df12db4294e9bfd3]::result::Result<(), alloc[2182bb758b4b3781]::string::String>>
[INFO] [stdout]   16:     0x57c66779ec35 - test[9d35eded1c95d3be]::run_test::{closure#0}
[INFO] [stdout]   17:     0x57c6677984f4 - std[70759c8f55707aa4]::sys::backtrace::__rust_begin_short_backtrace::<test[9d35eded1c95d3be]::run_test::{closure#1}, ()>
[INFO] [stdout]   18:     0x57c6677a1d92 - <std[70759c8f55707aa4]::thread::lifecycle::spawn_unchecked<test[9d35eded1c95d3be]::run_test::{closure#1}, ()>::{closure#1} as core[df12db4294e9bfd3]::ops::function::FnOnce<()>>::call_once::{shim:vtable#0}
[INFO] [stdout]   19:     0x57c6678b4949 - <std[70759c8f55707aa4]::sys::thread::unix::Thread>::new::thread_start
[INFO] [stdout]   20:     0x791b96dd0dfa - <unknown>
[INFO] [stdout]   21:     0x791b96e643d4 - clone
[INFO] [stdout]   22:                0x0 - <unknown>
[INFO] [stdout] 
[INFO] [stdout] 
[INFO] [stdout] failures:
[INFO] [stdout]     invoice::tests::token_invoice_canonical_encoding_fixture_cases_match_expected_bytes
[INFO] [stdout]     invoice::tests::token_invoice_signing_hash_fixture_cases_match_expected_hashes
[INFO] [stdout]     quote_envelope::tests::enum_components_separate_domains
[INFO] [stdout]     quote_envelope::tests::enum_numbering_matches_shared_cases
[INFO] [stdout]     quote_envelope::tests::public_target_wrappers_match_shared_cases
[INFO] [stdout]     quote_envelope::tests::quote_envelope_digest_matches_shared_cases
[INFO] [stdout]     quote_envelope::tests::rejects_shared_invalid_cases
[INFO] [stdout]     quote_envelope::tests::target_derivations_match_shared_cases
[INFO] [stdout]     token_transaction::tests::construct_partial_create_transaction_matches_shared_hash_case
[INFO] [stdout]     token_transaction::tests::construct_partial_mint_transaction_matches_shared_hash_case
[INFO] [stdout]     token_transaction::tests::hash_final_token_transaction_matches_shared_hash_cases
[INFO] [stdout]     token_transaction::tests::hash_partial_token_transaction_matches_shared_hash_cases
[INFO] [stdout]     transfer_manifest::tests::hash_transfer_manifest_matches_shared_hash_cases
[INFO] [stdout]     transfer_manifest::tests::rejects_shared_invalid_cases
[INFO] [stdout] 
[INFO] [stdout] test result: FAILED. 59 passed; 14 failed; 0 ignored; 0 measured; 0 filtered out; finished in 0.06s
[INFO] [stdout] 
[INFO] running `Command { std: "docker" "inspect" "b827c859c5f4bf4ecce7e0e3ebac3ac0c08b7f5c025b4220d1aacfe3b83454c2", kill_on_drop: false }`
[INFO] running `Command { std: "docker" "rm" "-f" "b827c859c5f4bf4ecce7e0e3ebac3ac0c08b7f5c025b4220d1aacfe3b83454c2", kill_on_drop: false }`
[INFO] [stdout] b827c859c5f4bf4ecce7e0e3ebac3ac0c08b7f5c025b4220d1aacfe3b83454c2
