[INFO] fetching crate spark-node 0.1.0...
[INFO] testing spark-node-0.1.0 against 1.100.0-beta.1+cargoflags=--release for beta-release-1.100-2
[INFO] extracting crate spark-node 0.1.0 into /workspace/builds/worker-7-tc2/source
[INFO] started tweaking crates.io crate spark-node 0.1.0
[INFO] removed 0 missing tests
[INFO] finished tweaking crates.io crate spark-node 0.1.0
[INFO] tweaked toml for crates.io crate spark-node 0.1.0 written to /workspace/builds/worker-7-tc2/source/Cargo.toml
[INFO] validating manifest of crates.io crate spark-node 0.1.0 on toolchain 1.100.0-beta.1
[INFO] running `Command { std: CARGO_HOME="/workspace/cargo-home" RUSTUP_HOME="/workspace/rustup-home" "/workspace/cargo-home/bin/cargo" "+1.100.0-beta.1" "metadata" "--manifest-path" "Cargo.toml" "--no-deps", kill_on_drop: false }`
[INFO] crate crates.io crate spark-node 0.1.0 already has a lockfile, it will not be regenerated
[INFO] running `Command { std: CARGO_HOME="/workspace/cargo-home" RUSTUP_HOME="/workspace/rustup-home" "/workspace/cargo-home/bin/cargo" "+1.100.0-beta.1" "fetch" "--manifest-path" "Cargo.toml", kill_on_drop: false }`
[INFO] running `Command { std: "docker" "create" "-v" "/var/lib/crater-agent-workspace/builds/worker-7-tc2/source:/opt/rustwide/workdir:ro,Z" "-v" "/var/lib/crater-agent-workspace/builds/worker-7-tc2/target:/opt/rustwide/target:rw,Z" "-v" "/var/lib/crater-agent-workspace/cargo-home:/opt/rustwide/cargo-home:ro,Z" "-v" "/var/lib/crater-agent-workspace/rustup-home:/opt/rustwide/rustup-home:ro,Z" "-m" "1610612736" "--network" "none" "ghcr.io/rust-lang/crates-build-env/linux@sha256:77db811e55d90add9212f6832c23229e3de5f1c1f9905e8cb07319ea15df73ac" "sleep" "infinity", kill_on_drop: false }`
[INFO] [stdout] 7b6e4c5740a6ec9d609a5a819e7a6f2b60bde1ab55feab34b57c010123390189
[INFO] running `Command { std: "docker" "start" "7b6e4c5740a6ec9d609a5a819e7a6f2b60bde1ab55feab34b57c010123390189", kill_on_drop: false }`
[INFO] running `Command { std: "docker" "inspect" "7b6e4c5740a6ec9d609a5a819e7a6f2b60bde1ab55feab34b57c010123390189", kill_on_drop: false }`
[INFO] running `Command { std: "docker" "exec" "-e" "SOURCE_DIR=/opt/rustwide/workdir" "-e" "CARGO_HOME=/opt/rustwide/cargo-home" "-e" "RUSTUP_HOME=/opt/rustwide/rustup-home" "-e" "CARGO_TARGET_DIR=/opt/rustwide/target" "-w" "/opt/rustwide/workdir" "--user" "0:0" "7b6e4c5740a6ec9d609a5a819e7a6f2b60bde1ab55feab34b57c010123390189" "/opt/rustwide/cargo-home/bin/cargo" "+1.100.0-beta.1" "metadata" "--no-deps" "--format-version=1", kill_on_drop: false }`
[INFO] running `Command { std: "docker" "inspect" "7b6e4c5740a6ec9d609a5a819e7a6f2b60bde1ab55feab34b57c010123390189", kill_on_drop: false }`
[INFO] running `Command { std: "docker" "exec" "-e" "SOURCE_DIR=/opt/rustwide/workdir" "-e" "CARGO_HOME=/opt/rustwide/cargo-home" "-e" "RUSTUP_HOME=/opt/rustwide/rustup-home" "-e" "CARGO_TARGET_DIR=/opt/rustwide/target" "-e" "CARGO_INCREMENTAL=0" "-e" "RUST_BACKTRACE=full" "-e" "RUSTFLAGS=--cap-lints=warn" "-e" "RUSTDOCFLAGS=--cap-lints=warn" "-w" "/opt/rustwide/workdir" "--user" "0:0" "7b6e4c5740a6ec9d609a5a819e7a6f2b60bde1ab55feab34b57c010123390189" "/opt/rustwide/cargo-home/bin/cargo" "+1.100.0-beta.1" "build" "--frozen" "--message-format=json" "--release", kill_on_drop: false }`
[INFO] [stderr]    Compiling regex-syntax v0.8.11
[INFO] [stderr]    Compiling bindgen v0.72.1
[INFO] [stderr]    Compiling libc v0.2.189
[INFO] [stderr]    Compiling prettyplease v0.2.37
[INFO] [stderr]    Compiling libloading v0.8.9
[INFO] [stderr]    Compiling nom v7.1.3
[INFO] [stderr]    Compiling either v1.17.0
[INFO] [stderr]    Compiling http v1.5.0
[INFO] [stderr]    Compiling clang-sys v1.9.1
[INFO] [stderr]    Compiling rustc-hash v2.1.3
[INFO] [stderr]    Compiling syn v3.0.3
[INFO] [stderr]    Compiling bitflags v2.13.1
[INFO] [stderr]    Compiling log v0.4.33
[INFO] [stderr]    Compiling mio v1.2.2
[INFO] [stderr]    Compiling socket2 v0.6.5
[INFO] [stderr]    Compiling serde_json v1.0.151
[INFO] [stderr]    Compiling futures-channel v0.3.33
[INFO] [stderr]    Compiling itertools v0.13.0
[INFO] [stderr]    Compiling tokio v1.53.1
[INFO] [stderr]    Compiling http-body v1.1.0
[INFO] [stderr]    Compiling http-body-util v0.1.4
[INFO] [stderr]    Compiling regex-automata v0.4.16
[INFO] [stderr]    Compiling thiserror-impl v2.0.19
[INFO] [stderr]    Compiling serde_derive v1.0.229
[INFO] [stderr]    Compiling cexpr v0.6.0
[INFO] [stderr]    Compiling thiserror v2.0.19
[INFO] [stderr]    Compiling spark-core v0.1.0
[INFO] [stderr]    Compiling spark-sched v0.1.0
[INFO] [stderr]    Compiling regex v1.13.1
[INFO] [stderr]    Compiling serde v1.0.229
[INFO] [stderr]    Compiling hyper v1.11.0
[INFO] [stderr]    Compiling spark-text v0.1.0
[INFO] [stderr]    Compiling spark-model v0.1.0
[INFO] [stderr]    Compiling hyper-util v0.1.20
[INFO] [stderr]    Compiling spark-serve v0.1.0
[INFO] [stderr]    Compiling spark-abi v0.1.0
[INFO] [stderr]    Compiling spark-sys v0.1.0
[INFO] [stderr]    Compiling spark-node v0.1.0 (/opt/rustwide/workdir)
[INFO] [stderr] warning: unused dependency `spark-sys`
[INFO] [stderr]   --> Cargo.toml:26:15
[INFO] [stderr]    |
[INFO] [stderr] 26 | [dependencies.spark-sys]
[INFO] [stderr]    |               ^^^^^^^^^^
[INFO] [stderr]    |
[INFO] [stderr]    = note: `cargo::unused_dependencies` is set to `warn` by default
[INFO] [stderr] help: consider removing the dependency on `spark-sys`
[INFO] [stderr] warning: `spark-node` (manifest) generated 1 warning
[INFO] [stderr]     Finished `release` profile [optimized] target(s) in 43.59s
[INFO] running `Command { std: "docker" "inspect" "7b6e4c5740a6ec9d609a5a819e7a6f2b60bde1ab55feab34b57c010123390189", kill_on_drop: false }`
[INFO] running `Command { std: "docker" "exec" "-e" "SOURCE_DIR=/opt/rustwide/workdir" "-e" "CARGO_HOME=/opt/rustwide/cargo-home" "-e" "RUSTUP_HOME=/opt/rustwide/rustup-home" "-e" "CARGO_TARGET_DIR=/opt/rustwide/target" "-e" "CARGO_INCREMENTAL=0" "-e" "RUST_BACKTRACE=full" "-e" "RUSTFLAGS=--cap-lints=warn" "-e" "RUSTDOCFLAGS=--cap-lints=warn" "-w" "/opt/rustwide/workdir" "--user" "0:0" "7b6e4c5740a6ec9d609a5a819e7a6f2b60bde1ab55feab34b57c010123390189" "/opt/rustwide/cargo-home/bin/cargo" "+1.100.0-beta.1" "test" "--frozen" "--no-run" "--message-format=json" "--release", kill_on_drop: false }`
[INFO] [stderr]    Compiling spark-node v0.1.0 (/opt/rustwide/workdir)
[INFO] [stderr] warning: unused dependency `spark-sys`
[INFO] [stderr]   --> Cargo.toml:26:15
[INFO] [stderr]    |
[INFO] [stderr] 26 | [dependencies.spark-sys]
[INFO] [stderr]    |               ^^^^^^^^^^
[INFO] [stderr]    |
[INFO] [stderr]    = note: `cargo::unused_dependencies` is set to `warn` by default
[INFO] [stderr] help: consider removing the dependency on `spark-sys`
[INFO] [stderr] warning: `spark-node` (manifest) generated 1 warning
[INFO] [stderr]     Finished `release` profile [optimized] target(s) in 5.80s
[INFO] running `Command { std: "docker" "inspect" "7b6e4c5740a6ec9d609a5a819e7a6f2b60bde1ab55feab34b57c010123390189", kill_on_drop: false }`
[INFO] running `Command { std: "docker" "exec" "-e" "SOURCE_DIR=/opt/rustwide/workdir" "-e" "CARGO_HOME=/opt/rustwide/cargo-home" "-e" "RUSTUP_HOME=/opt/rustwide/rustup-home" "-e" "CARGO_TARGET_DIR=/opt/rustwide/target" "-e" "CARGO_INCREMENTAL=0" "-e" "RUST_BACKTRACE=full" "-e" "RUSTFLAGS=--cap-lints=warn" "-e" "RUSTDOCFLAGS=--cap-lints=warn" "-w" "/opt/rustwide/workdir" "--user" "0:0" "7b6e4c5740a6ec9d609a5a819e7a6f2b60bde1ab55feab34b57c010123390189" "/opt/rustwide/cargo-home/bin/cargo" "+1.100.0-beta.1" "test" "--frozen" "--release", kill_on_drop: false }`
[INFO] [stderr] warning: unused dependency `spark-sys`
[INFO] [stderr]   --> Cargo.toml:26:15
[INFO] [stderr]    |
[INFO] [stderr] 26 | [dependencies.spark-sys]
[INFO] [stderr]    |               ^^^^^^^^^^
[INFO] [stderr]    |
[INFO] [stderr]    = note: `cargo::unused_dependencies` is set to `warn` by default
[INFO] [stderr] help: consider removing the dependency on `spark-sys`
[INFO] [stderr] warning: `spark-node` (manifest) generated 1 warning
[INFO] [stderr]     Finished `release` profile [optimized] target(s) in 0.09s
[INFO] [stderr]      Running unittests src/lib.rs (/opt/rustwide/target/release/build/spark-node/c71975f502dd33cb/out/spark_node-c71975f502dd33cb)
[INFO] [stdout] 
[INFO] [stdout] running 57 tests
[INFO] [stdout] test rank_daemon::daemon::tests::finds_lane_dependency ... ok
[INFO] [stdout] test rank_daemon::daemon::tests::forward_wait_preserves_fifo ... ok
[INFO] [stdout] test rank_daemon::daemon::tests::committed_duplicate_is_acknowledged ... ok
[INFO] [stdout] test rank_daemon::daemon::tests::packet_identity_includes_phase ... ok
[INFO] [stdout] test rank_daemon::daemon::tests::reads_split_resident_message ... ok
[INFO] [stdout] test rank_daemon::daemon::tests::rejects_identity_reuse_with_different_bytes ... ok
[INFO] [stdout] test rank_daemon::daemon::tests::backpressures_full_work_queue ... ok
[INFO] [stdout] test rank_daemon::daemon::tests::busy_submit_rolls_back_completion_ownership ... ok
[INFO] [stdout] test rank_daemon::daemon::tests::commits_after_every_lane_completion ... ok
[INFO] [stdout] test rank_daemon::net::tests::monotonic_clock_advances ... ok
[INFO] [stdout] test rank_daemon::daemon::tests::requests_submit_result ... ok
[INFO] [stdout] test rank_daemon::net::tests::unix_stream_link_nonblocking ... ok
[INFO] [stdout] test rank_daemon::net::tests::wake_pipe_round_trip ... ok
[INFO] [stdout] test rank_daemon::resident_ipc::tests::max_control_payload_matches_c_probe ... ok
[INFO] [stdout] test rank_daemon::resident_ipc::tests::stats_round_trip ... ok
[INFO] [stdout] test rank_daemon::resident_ipc::tests::submit_result_round_trip ... ok
[INFO] [stdout] test rank_daemon::ring_runtime::tests::build_rank_plan_rejects_bad_arguments ... ok
[INFO] [stdout] test rank_daemon::ring_runtime::tests::execution_rows_clamp_to_bucket ... ok
[INFO] [stdout] test rank_daemon::daemon::tests::release_commits_without_completion ... ok
[INFO] [stdout] test rank_daemon::ring_runtime::tests::fixed_rank_plans_validate_for_every_rank ... ok
[INFO] [stdout] test rank_daemon::daemon::tests::decode_waits_for_same_position_prefill ... ok
[INFO] [stdout] test rank_daemon::ring_runtime::tests::dsa_bucket_matches_c_logic ... ok
[INFO] [stdout] test rank_daemon::ring_runtime::tests::endpoint_validation_matrix ... ok
[INFO] [stdout] test backend::tests::backend_config_validates ... ok
[INFO] [stdout] test rank_daemon::resident_ipc::tests::completion_round_trip ... ok
[INFO] [stdout] test rank_daemon::ring_runtime::tests::quantization_round_trip ... ok
[INFO] [stdout] test rank_daemon::ring_runtime::tests::stage_moe_pack_validation ... ok
[INFO] [stdout] test rank_daemon::ring_runtime::tests::fp8_plan_counts_and_backend_kind ... ok
[INFO] [stdout] test rank_daemon::ring_runtime::tests::geometry_validates ... ok
[INFO] [stdout] test rank_daemon::ring_runtime::tests::host_names_follow_the_table ... ok
[INFO] [stdout] test rank_daemon::ring_runtime::tests::moe_pack_paths_match_c_naming ... ok
[INFO] [stdout] test rank_daemon::shape::tests::derive_tp2_stage3of6_matches_c_hash ... ok
[INFO] [stdout] test rank_daemon::status::tests::status_code_round_trips ... ok
[INFO] [stdout] test rank_daemon::daemon::tests::rejects_stale_completion_without_losing_owner ... ok
[INFO] [stdout] test rank_daemon::shape::tests::derive_tp1_stage5_matches_c_hash ... ok
[INFO] [stdout] test backend::config_from_contract::tests::config_validates ... FAILED
[INFO] [stdout] test rank_daemon::wire::tests::final_event_round_trip ... ok
[INFO] [stdout] test backend::k27_geometry::tests::geometry_validates ... FAILED
[INFO] [stdout] test rank_daemon::wire::tests::dedup_hash_matches_c_fnv32 ... ok
[INFO] [stdout] test rank_daemon::wire::tests::packet_wire_rejects_short_reads ... ok
[INFO] [stdout] test rank_daemon::ring_runtime::tests::final_event_route_matches_c_literals ... ok
[INFO] [stdout] test rank_daemon::wire::tests::packet_wire_round_trip ... ok
[INFO] [stdout] test rank_daemon::wire::tests::acknowledgement_round_trip_and_validate ... ok
[INFO] [stdout] test rank_daemon::shape::tests::derive_rejects_invalid_shapes ... ok
[INFO] [stdout] test rank_daemon::daemon::tests::synchronous_completion_waits_for_execution_state ... ok
[INFO] [stdout] test rank_daemon::work_ledger::tests::control_generation_advance_resets ... ok
[INFO] [stdout] test rank_daemon::work_ledger::tests::distributed_wrappers_map_statuses ... ok
[INFO] [stdout] test rank_daemon::work_ledger::tests::full_ledger_recycles_oldest_terminal ... ok
[INFO] [stdout] test rank_daemon::work_ledger::tests::observe_new_then_replay_then_conflict ... ok
[INFO] [stdout] test rank_daemon::work_ledger::tests::transition_matrix_and_terminal_replay ... ok
[INFO] [stdout] test rank_daemon::ring_runtime::tests::validate_rank_plan_catches_tampering ... ok
[INFO] [stdout] test rank_daemon::resident_ipc::tests::header_round_trip_and_validate ... ok
[INFO] [stdout] test rank_daemon::resident_ipc::tests::hello_layout ... ok
[INFO] [stdout] test rank_daemon::ring_runtime::tests::shape_rank_plan_links_tp_peers ... ok
[INFO] [stdout] test backend::tests::backend_poll_descriptors_are_empty_when_quiescent ... ok
[INFO] [stdout] test backend::tests::backend_inits_and_reports_view ... ok
[INFO] [stdout] test backend::tests::full_stack_token_generation_with_mock_rank0 ... ok
[INFO] [stdout] 
[INFO] [stdout] failures:
[INFO] [stdout] 
[INFO] [stdout] ---- backend::config_from_contract::tests::config_validates stdout ----
[INFO] [stdout] 
[INFO] [stdout] thread 'backend::config_from_contract::tests::config_validates' (1041) panicked at src/backend/config_from_contract.rs:112:10:
[INFO] [stdout] k27 contract must parse: Io { path: "/opt/rustwide/workdir/../../../sparkpipe/model_contracts/k27_authoritative.json", source: Os { code: 2, kind: NotFound, message: "No such file or directory" } }
[INFO] [stdout] stack backtrace:
[INFO] [stdout]    0:     0x5d34b8d0a151 - <<std[617be2ca0a6fd877]::sys::backtrace::BacktraceLock>::print::DisplayBacktrace as core[a373ad73a504971]::fmt::Display>::fmt
[INFO] [stdout]    1:     0x5d34b8d1f1ea - core[a373ad73a504971]::fmt::write
[INFO] [stdout]    2:     0x5d34b8d0e46c - <alloc[2e1b2a31b91974c5]::vec::Vec<u8> as core[a373ad73a504971]::io::write::Write>::write_fmt
[INFO] [stdout]    3:     0x5d34b8ce5c36 - std[617be2ca0a6fd877]::panicking::default_hook::{closure#0}
[INFO] [stdout]    4:     0x5d34b8d020b9 - std[617be2ca0a6fd877]::panicking::default_hook
[INFO] [stdout]    5:     0x5d34b8c4e900 - test[aada8e7e76ba119b]::test_main_inner::{closure#0}
[INFO] [stdout]    6:     0x5d34b8d02272 - std[617be2ca0a6fd877]::panicking::panic_with_hook
[INFO] [stdout]    7:     0x5d34b8ce5ce2 - std[617be2ca0a6fd877]::panicking::panic_handler::{closure#0}
[INFO] [stdout]    8:     0x5d34b8cde869 - std[617be2ca0a6fd877]::sys::backtrace::__rust_end_short_backtrace::<std[617be2ca0a6fd877]::panicking::panic_handler::{closure#0}, !>
[INFO] [stdout]    9:     0x5d34b8ce68ed - __rustc[ea4f61d10b84890b]::rust_begin_unwind
[INFO] [stdout]   10:     0x5d34b8d1f94c - core[a373ad73a504971]::panicking::panic_fmt
[INFO] [stdout]   11:     0x5d34b8d1f722 - core[a373ad73a504971]::result::unwrap_failed
[INFO] [stdout]   12:     0x5d34b8c0f50c - <spark_node[79daf410eb00005f]::backend::config_from_contract::tests::config_validates::{closure#0} as core[a373ad73a504971]::ops::function::FnOnce<()>>::call_once
[INFO] [stdout]   13:     0x5d34b8c41d4b - test[aada8e7e76ba119b]::__rust_begin_short_backtrace::<core[a373ad73a504971]::result::Result<(), alloc[2e1b2a31b91974c5]::string::String>, fn() -> core[a373ad73a504971]::result::Result<(), alloc[2e1b2a31b91974c5]::string::String>>
[INFO] [stdout]   14:     0x5d34b8c4ef25 - test[aada8e7e76ba119b]::run_test::{closure#0}
[INFO] [stdout]   15:     0x5d34b8c48814 - std[617be2ca0a6fd877]::sys::backtrace::__rust_begin_short_backtrace::<test[aada8e7e76ba119b]::run_test::{closure#1}, ()>
[INFO] [stdout]   16:     0x5d34b8c51fb2 - <std[617be2ca0a6fd877]::thread::lifecycle::spawn_unchecked<test[aada8e7e76ba119b]::run_test::{closure#1}, ()>::{closure#1} as core[a373ad73a504971]::ops::function::FnOnce<()>>::call_once::{shim:vtable#0}
[INFO] [stdout]   17:     0x5d34b8d0933f - <std[617be2ca0a6fd877]::sys::thread::unix::Thread>::new::thread_start
[INFO] [stdout]   18:     0x74dbb6fdadfa - <unknown>
[INFO] [stdout]   19:     0x74dbb706e3d4 - clone
[INFO] [stdout]   20:                0x0 - <unknown>
[INFO] [stdout] 
[INFO] [stdout] ---- backend::k27_geometry::tests::geometry_validates stdout ----
[INFO] [stdout] 
[INFO] [stdout] thread 'backend::k27_geometry::tests::geometry_validates' (1042) panicked at src/backend/k27_geometry.rs:147:10:
[INFO] [stdout] k27 contract must parse: Io { path: "/opt/rustwide/workdir/../../../sparkpipe/model_contracts/k27_authoritative.json", source: Os { code: 2, kind: NotFound, message: "No such file or directory" } }
[INFO] [stdout] stack backtrace:
[INFO] [stdout]    0:     0x5d34b8d0a151 - <<std[617be2ca0a6fd877]::sys::backtrace::BacktraceLock>::print::DisplayBacktrace as core[a373ad73a504971]::fmt::Display>::fmt
[INFO] [stdout]    1:     0x5d34b8d1f1ea - core[a373ad73a504971]::fmt::write
[INFO] [stdout]    2:     0x5d34b8d0e46c - <alloc[2e1b2a31b91974c5]::vec::Vec<u8> as core[a373ad73a504971]::io::write::Write>::write_fmt
[INFO] [stdout]    3:     0x5d34b8ce5c36 - std[617be2ca0a6fd877]::panicking::default_hook::{closure#0}
[INFO] [stdout]    4:     0x5d34b8d020b9 - std[617be2ca0a6fd877]::panicking::default_hook
[INFO] [stdout]    5:     0x5d34b8c4e900 - test[aada8e7e76ba119b]::test_main_inner::{closure#0}
[INFO] [stdout]    6:     0x5d34b8d02272 - std[617be2ca0a6fd877]::panicking::panic_with_hook
[INFO] [stdout]    7:     0x5d34b8ce5ce2 - std[617be2ca0a6fd877]::panicking::panic_handler::{closure#0}
[INFO] [stdout]    8:     0x5d34b8cde869 - std[617be2ca0a6fd877]::sys::backtrace::__rust_end_short_backtrace::<std[617be2ca0a6fd877]::panicking::panic_handler::{closure#0}, !>
[INFO] [stdout]    9:     0x5d34b8ce68ed - __rustc[ea4f61d10b84890b]::rust_begin_unwind
[INFO] [stdout]   10:     0x5d34b8d1f94c - core[a373ad73a504971]::panicking::panic_fmt
[INFO] [stdout]   11:     0x5d34b8d1f722 - core[a373ad73a504971]::result::unwrap_failed
[INFO] [stdout]   12:     0x5d34b8c15aa5 - <spark_node[79daf410eb00005f]::backend::k27_geometry::tests::geometry_validates::{closure#0} as core[a373ad73a504971]::ops::function::FnOnce<()>>::call_once
[INFO] [stdout]   13:     0x5d34b8c41d4b - test[aada8e7e76ba119b]::__rust_begin_short_backtrace::<core[a373ad73a504971]::result::Result<(), alloc[2e1b2a31b91974c5]::string::String>, fn() -> core[a373ad73a504971]::result::Result<(), alloc[2e1b2a31b91974c5]::string::String>>
[INFO] [stdout]   14:     0x5d34b8c4ef25 - test[aada8e7e76ba119b]::run_test::{closure#0}
[INFO] [stderr] error: test failed, to rerun pass `--lib`
[INFO] [stdout]   15:     0x5d34b8c48814 - std[617be2ca0a6fd877]::sys::backtrace::__rust_begin_short_backtrace::<test[aada8e7e76ba119b]::run_test::{closure#1}, ()>
[INFO] [stdout]   16:     0x5d34b8c51fb2 - <std[617be2ca0a6fd877]::thread::lifecycle::spawn_unchecked<test[aada8e7e76ba119b]::run_test::{closure#1}, ()>::{closure#1} as core[a373ad73a504971]::ops::function::FnOnce<()>>::call_once::{shim:vtable#0}
[INFO] [stdout]   17:     0x5d34b8d0933f - <std[617be2ca0a6fd877]::sys::thread::unix::Thread>::new::thread_start
[INFO] [stdout]   18:     0x74dbb6fdadfa - <unknown>
[INFO] [stdout]   19:     0x74dbb706e3d4 - clone
[INFO] [stdout]   20:                0x0 - <unknown>
[INFO] [stdout] 
[INFO] [stdout] 
[INFO] [stdout] failures:
[INFO] [stdout]     backend::config_from_contract::tests::config_validates
[INFO] [stdout]     backend::k27_geometry::tests::geometry_validates
[INFO] [stdout] 
[INFO] [stdout] test result: FAILED. 55 passed; 2 failed; 0 ignored; 0 measured; 0 filtered out; finished in 0.08s
[INFO] [stdout] 
[INFO] running `Command { std: "docker" "inspect" "7b6e4c5740a6ec9d609a5a819e7a6f2b60bde1ab55feab34b57c010123390189", kill_on_drop: false }`
[INFO] running `Command { std: "docker" "rm" "-f" "7b6e4c5740a6ec9d609a5a819e7a6f2b60bde1ab55feab34b57c010123390189", kill_on_drop: false }`
[INFO] [stdout] 7b6e4c5740a6ec9d609a5a819e7a6f2b60bde1ab55feab34b57c010123390189
