[INFO] fetching crate spargio 0.5.13...
[INFO] testing spargio-0.5.13 against 1.99.0-beta.8+cargoflags=--release for beta-release-1.100-2
[INFO] extracting crate spargio 0.5.13 into /workspace/builds/worker-1-tc1/source
[INFO] started tweaking crates.io crate spargio 0.5.13
[INFO] removed 0 missing examples
[INFO] removed 0 missing tests
[INFO] finished tweaking crates.io crate spargio 0.5.13
[INFO] tweaked toml for crates.io crate spargio 0.5.13 written to /workspace/builds/worker-1-tc1/source/Cargo.toml
[INFO] validating manifest of crates.io crate spargio 0.5.13 on toolchain 1.99.0-beta.8
[INFO] running `Command { std: CARGO_HOME="/workspace/cargo-home" RUSTUP_HOME="/workspace/rustup-home" "/workspace/cargo-home/bin/cargo" "+1.99.0-beta.8" "metadata" "--manifest-path" "Cargo.toml" "--no-deps", kill_on_drop: false }`
[INFO] crate crates.io crate spargio 0.5.13 already has a lockfile, it will not be regenerated
[INFO] running `Command { std: CARGO_HOME="/workspace/cargo-home" RUSTUP_HOME="/workspace/rustup-home" "/workspace/cargo-home/bin/cargo" "+1.99.0-beta.8" "fetch" "--manifest-path" "Cargo.toml", kill_on_drop: false }`
[INFO] [stderr]     Updating crates.io index
[INFO] [stderr]  Downloading crates ...
[INFO] [stderr]   Downloaded compio v0.18.0
[INFO] [stderr]   Downloaded compio-log v0.1.0
[INFO] [stderr]   Downloaded io_uring_buf_ring v0.2.3
[INFO] [stderr]   Downloaded compio-buf v0.8.0
[INFO] [stderr]   Downloaded io-uring v0.7.11
[INFO] [stderr]   Downloaded thin-cell v0.1.2
[INFO] [stderr]   Downloaded spargio-macros v0.5.13
[INFO] [stderr]   Downloaded synchrony v0.1.4
[INFO] [stderr]   Downloaded compio-runtime v0.11.0
[INFO] [stderr]   Downloaded compio-net v0.11.1
[INFO] [stderr]   Downloaded compio-io v0.9.1
[INFO] [stderr]   Downloaded compio-fs v0.11.0
[INFO] [stderr]   Downloaded compio-driver v0.11.3
[INFO] running `Command { std: "docker" "create" "-v" "/var/lib/crater-agent-workspace/builds/worker-1-tc1/source:/opt/rustwide/workdir:ro,Z" "-v" "/var/lib/crater-agent-workspace/builds/worker-1-tc1/target:/opt/rustwide/target:rw,Z" "-v" "/var/lib/crater-agent-workspace/cargo-home:/opt/rustwide/cargo-home:ro,Z" "-v" "/var/lib/crater-agent-workspace/rustup-home:/opt/rustwide/rustup-home:ro,Z" "-m" "1610612736" "--network" "none" "ghcr.io/rust-lang/crates-build-env/linux@sha256:77db811e55d90add9212f6832c23229e3de5f1c1f9905e8cb07319ea15df73ac" "sleep" "infinity", kill_on_drop: false }`
[INFO] [stdout] 1befc9c2bf57286428d2f0c86c5ebccc7bde34e615b7ee1ea7d94886212fca62
[INFO] running `Command { std: "docker" "start" "1befc9c2bf57286428d2f0c86c5ebccc7bde34e615b7ee1ea7d94886212fca62", kill_on_drop: false }`
[INFO] running `Command { std: "docker" "inspect" "1befc9c2bf57286428d2f0c86c5ebccc7bde34e615b7ee1ea7d94886212fca62", kill_on_drop: false }`
[INFO] running `Command { std: "docker" "exec" "-e" "SOURCE_DIR=/opt/rustwide/workdir" "-e" "CARGO_HOME=/opt/rustwide/cargo-home" "-e" "RUSTUP_HOME=/opt/rustwide/rustup-home" "-e" "CARGO_TARGET_DIR=/opt/rustwide/target" "-w" "/opt/rustwide/workdir" "--user" "0:0" "1befc9c2bf57286428d2f0c86c5ebccc7bde34e615b7ee1ea7d94886212fca62" "/opt/rustwide/cargo-home/bin/cargo" "+1.99.0-beta.8" "metadata" "--no-deps" "--format-version=1", kill_on_drop: false }`
[INFO] running `Command { std: "docker" "inspect" "1befc9c2bf57286428d2f0c86c5ebccc7bde34e615b7ee1ea7d94886212fca62", kill_on_drop: false }`
[INFO] running `Command { std: "docker" "exec" "-e" "SOURCE_DIR=/opt/rustwide/workdir" "-e" "CARGO_HOME=/opt/rustwide/cargo-home" "-e" "RUSTUP_HOME=/opt/rustwide/rustup-home" "-e" "CARGO_TARGET_DIR=/opt/rustwide/target" "-e" "CARGO_INCREMENTAL=0" "-e" "RUST_BACKTRACE=full" "-e" "RUSTFLAGS=--cap-lints=warn" "-e" "RUSTDOCFLAGS=--cap-lints=warn" "-w" "/opt/rustwide/workdir" "--user" "0:0" "1befc9c2bf57286428d2f0c86c5ebccc7bde34e615b7ee1ea7d94886212fca62" "/opt/rustwide/cargo-home/bin/cargo" "+1.99.0-beta.8" "build" "--frozen" "--message-format=json" "--release", kill_on_drop: false }`
[INFO] [stderr]    Compiling io-uring v0.7.11
[INFO] [stderr]    Compiling syn v2.0.117
[INFO] [stderr]    Compiling crossbeam-channel v0.5.15
[INFO] [stderr]    Compiling crossbeam-queue v0.3.12
[INFO] [stderr]    Compiling futures-macro v0.3.32
[INFO] [stderr]    Compiling futures-util v0.3.32
[INFO] [stderr]    Compiling futures-executor v0.3.32
[INFO] [stderr]    Compiling futures v0.3.32
[INFO] [stderr]    Compiling spargio v0.5.13 (/opt/rustwide/workdir)
[INFO] [stdout] warning: use of deprecated method `std::sync::atomic::Atomic::<usize>::fetch_update`: renamed to `try_update` for consistency
[INFO] [stdout]     --> src/lib.rs:5919:27
[INFO] [stdout]      |
[INFO] [stdout] 5919 |             let _ = depth.fetch_update(Ordering::Relaxed, Ordering::Relaxed, |value| {
[INFO] [stdout]      |                           ^^^^^^^^^^^^
[INFO] [stdout]      |
[INFO] [stdout]      = note: `#[warn(deprecated)]` on by default
[INFO] [stdout] help: replace the use of the deprecated method
[INFO] [stdout]      |
[INFO] [stdout] 5919 -             let _ = depth.fetch_update(Ordering::Relaxed, Ordering::Relaxed, |value| {
[INFO] [stdout] 5919 +             let _ = depth.try_update(Ordering::Relaxed, Ordering::Relaxed, |value| {
[INFO] [stdout]      |
[INFO] [stdout] 
[INFO] [stdout] 
[INFO] [stdout] warning: use of deprecated method `std::sync::atomic::Atomic::<u64>::fetch_update`: renamed to `try_update` for consistency
[INFO] [stdout]     --> src/lib.rs:5953:46
[INFO] [stdout]      |
[INFO] [stdout] 5953 |         let _ = self.steal_failed_streak_max.fetch_update(
[INFO] [stdout]      |                                              ^^^^^^^^^^^^
[INFO] [stdout]      |
[INFO] [stdout] help: replace the use of the deprecated method
[INFO] [stdout]      |
[INFO] [stdout] 5953 -         let _ = self.steal_failed_streak_max.fetch_update(
[INFO] [stdout] 5953 +         let _ = self.steal_failed_streak_max.try_update(
[INFO] [stdout]      |
[INFO] [stdout] 
[INFO] [stdout] 
[INFO] [stderr]     Finished `release` profile [optimized] target(s) in 12.82s
[INFO] running `Command { std: "docker" "inspect" "1befc9c2bf57286428d2f0c86c5ebccc7bde34e615b7ee1ea7d94886212fca62", kill_on_drop: false }`
[INFO] running `Command { std: "docker" "exec" "-e" "SOURCE_DIR=/opt/rustwide/workdir" "-e" "CARGO_HOME=/opt/rustwide/cargo-home" "-e" "RUSTUP_HOME=/opt/rustwide/rustup-home" "-e" "CARGO_TARGET_DIR=/opt/rustwide/target" "-e" "CARGO_INCREMENTAL=0" "-e" "RUST_BACKTRACE=full" "-e" "RUSTFLAGS=--cap-lints=warn" "-e" "RUSTDOCFLAGS=--cap-lints=warn" "-w" "/opt/rustwide/workdir" "--user" "0:0" "1befc9c2bf57286428d2f0c86c5ebccc7bde34e615b7ee1ea7d94886212fca62" "/opt/rustwide/cargo-home/bin/cargo" "+1.99.0-beta.8" "test" "--frozen" "--no-run" "--message-format=json" "--release", kill_on_drop: false }`
[INFO] [stderr]    Compiling rustix v1.1.4
[INFO] [stderr]    Compiling compio-driver v0.11.3
[INFO] [stderr]    Compiling zerocopy v0.8.39
[INFO] [stderr]    Compiling tracing v0.1.44
[INFO] [stderr]    Compiling thin-cell v0.1.2
[INFO] [stderr]    Compiling either v1.15.0
[INFO] [stderr]    Compiling io-uring v0.7.11
[INFO] [stderr]    Compiling spin v0.9.8
[INFO] [stderr]    Compiling compio-buf v0.8.0
[INFO] [stderr]    Compiling num_cpus v1.17.0
[INFO] [stderr]    Compiling zerocopy-derive v0.8.39
[INFO] [stderr]    Compiling serde_derive v1.0.228
[INFO] [stderr]    Compiling async-task v4.7.1
[INFO] [stderr]    Compiling futures-util v0.3.32
[INFO] [stderr]    Compiling compio-fs v0.11.0
[INFO] [stderr]    Compiling clap_lex v1.0.0
[INFO] [stderr]    Compiling anstyle v1.0.13
[INFO] [stderr]    Compiling flume v0.12.0
[INFO] [stderr]    Compiling regex-syntax v0.8.10
[INFO] [stderr]    Compiling core_affinity v0.8.3
[INFO] [stderr]    Compiling itertools v0.10.5
[INFO] [stderr]    Compiling serde_json v1.0.149
[INFO] [stderr]    Compiling os_pipe v1.2.3
[INFO] [stderr]    Compiling clap_builder v4.5.60
[INFO] [stderr]    Compiling tokio-macros v2.6.0
[INFO] [stderr]    Compiling compio-log v0.1.0
[INFO] [stderr]    Compiling is-terminal v0.4.17
[INFO] [stderr]    Compiling tokio v1.49.0
[INFO] [stderr]    Compiling io_uring_buf_ring v0.2.3
[INFO] [stderr]    Compiling regex-automata v0.4.14
[INFO] [stderr]    Compiling criterion-plot v0.5.0
[INFO] [stderr]    Compiling clap v4.5.60
[INFO] [stderr]    Compiling serde v1.0.228
[INFO] [stderr]    Compiling synchrony v0.1.4
[INFO] [stderr]    Compiling futures-executor v0.3.32
[INFO] [stderr]    Compiling futures v0.3.32
[INFO] [stderr]    Compiling spargio v0.5.13 (/opt/rustwide/workdir)
[INFO] [stderr]    Compiling compio-io v0.9.1
[INFO] [stderr]    Compiling tinytemplate v1.2.1
[INFO] [stdout] warning: use of deprecated method `std::sync::atomic::Atomic::<usize>::fetch_update`: renamed to `try_update` for consistency
[INFO] [stdout]     --> src/lib.rs:5919:27
[INFO] [stdout]      |
[INFO] [stdout] 5919 |             let _ = depth.fetch_update(Ordering::Relaxed, Ordering::Relaxed, |value| {
[INFO] [stdout]      |                           ^^^^^^^^^^^^
[INFO] [stdout]      |
[INFO] [stdout]      = note: `#[warn(deprecated)]` on by default
[INFO] [stdout] help: replace the use of the deprecated method
[INFO] [stdout]      |
[INFO] [stdout] 5919 -             let _ = depth.fetch_update(Ordering::Relaxed, Ordering::Relaxed, |value| {
[INFO] [stdout] 5919 +             let _ = depth.try_update(Ordering::Relaxed, Ordering::Relaxed, |value| {
[INFO] [stdout]      |
[INFO] [stdout] 
[INFO] [stdout] 
[INFO] [stdout] warning: use of deprecated method `std::sync::atomic::Atomic::<u64>::fetch_update`: renamed to `try_update` for consistency
[INFO] [stdout]     --> src/lib.rs:5953:46
[INFO] [stdout]      |
[INFO] [stdout] 5953 |         let _ = self.steal_failed_streak_max.fetch_update(
[INFO] [stdout]      |                                              ^^^^^^^^^^^^
[INFO] [stdout]      |
[INFO] [stdout] help: replace the use of the deprecated method
[INFO] [stdout]      |
[INFO] [stdout] 5953 -         let _ = self.steal_failed_streak_max.fetch_update(
[INFO] [stdout] 5953 +         let _ = self.steal_failed_streak_max.try_update(
[INFO] [stdout]      |
[INFO] [stdout] 
[INFO] [stdout] 
[INFO] [stderr]    Compiling compio-runtime v0.11.0
[INFO] [stderr]    Compiling regex v1.12.3
[INFO] [stderr]    Compiling compio-net v0.11.1
[INFO] [stderr]    Compiling compio v0.18.0
[INFO] [stderr]    Compiling half v2.7.1
[INFO] [stderr]    Compiling ciborium-ll v0.2.2
[INFO] [stderr]    Compiling ciborium v0.2.2
[INFO] [stderr]    Compiling criterion v0.5.1
[INFO] [stdout] warning: use of deprecated method `std::sync::atomic::Atomic::<usize>::fetch_update`: renamed to `try_update` for consistency
[INFO] [stdout]     --> src/lib.rs:5919:27
[INFO] [stdout]      |
[INFO] [stdout] 5919 |             let _ = depth.fetch_update(Ordering::Relaxed, Ordering::Relaxed, |value| {
[INFO] [stdout]      |                           ^^^^^^^^^^^^
[INFO] [stdout]      |
[INFO] [stdout]      = note: `#[warn(deprecated)]` on by default
[INFO] [stdout] help: replace the use of the deprecated method
[INFO] [stdout]      |
[INFO] [stdout] 5919 -             let _ = depth.fetch_update(Ordering::Relaxed, Ordering::Relaxed, |value| {
[INFO] [stdout] 5919 +             let _ = depth.try_update(Ordering::Relaxed, Ordering::Relaxed, |value| {
[INFO] [stdout]      |
[INFO] [stdout] 
[INFO] [stdout] 
[INFO] [stdout] warning: use of deprecated method `std::sync::atomic::Atomic::<u64>::fetch_update`: renamed to `try_update` for consistency
[INFO] [stdout]     --> src/lib.rs:5953:46
[INFO] [stdout]      |
[INFO] [stdout] 5953 |         let _ = self.steal_failed_streak_max.fetch_update(
[INFO] [stdout]      |                                              ^^^^^^^^^^^^
[INFO] [stdout]      |
[INFO] [stdout] help: replace the use of the deprecated method
[INFO] [stdout]      |
[INFO] [stdout] 5953 -         let _ = self.steal_failed_streak_max.fetch_update(
[INFO] [stdout] 5953 +         let _ = self.steal_failed_streak_max.try_update(
[INFO] [stdout]      |
[INFO] [stdout] 
[INFO] [stdout] 
[INFO] [stderr]     Finished `release` profile [optimized] target(s) in 1m 01s
[INFO] running `Command { std: "docker" "inspect" "1befc9c2bf57286428d2f0c86c5ebccc7bde34e615b7ee1ea7d94886212fca62", kill_on_drop: false }`
[INFO] running `Command { std: "docker" "exec" "-e" "SOURCE_DIR=/opt/rustwide/workdir" "-e" "CARGO_HOME=/opt/rustwide/cargo-home" "-e" "RUSTUP_HOME=/opt/rustwide/rustup-home" "-e" "CARGO_TARGET_DIR=/opt/rustwide/target" "-e" "CARGO_INCREMENTAL=0" "-e" "RUST_BACKTRACE=full" "-e" "RUSTFLAGS=--cap-lints=warn" "-e" "RUSTDOCFLAGS=--cap-lints=warn" "-w" "/opt/rustwide/workdir" "--user" "0:0" "1befc9c2bf57286428d2f0c86c5ebccc7bde34e615b7ee1ea7d94886212fca62" "/opt/rustwide/cargo-home/bin/cargo" "+1.99.0-beta.8" "test" "--frozen" "--release", kill_on_drop: false }`
[INFO] [stderr] warning: use of deprecated method `std::sync::atomic::Atomic::<usize>::fetch_update`: renamed to `try_update` for consistency
[INFO] [stderr]     --> src/lib.rs:5919:27
[INFO] [stderr]      |
[INFO] [stderr] 5919 |             let _ = depth.fetch_update(Ordering::Relaxed, Ordering::Relaxed, |value| {
[INFO] [stderr]      |                           ^^^^^^^^^^^^
[INFO] [stderr]      |
[INFO] [stderr]      = note: `#[warn(deprecated)]` on by default
[INFO] [stderr] help: replace the use of the deprecated method
[INFO] [stderr]      |
[INFO] [stderr] 5919 -             let _ = depth.fetch_update(Ordering::Relaxed, Ordering::Relaxed, |value| {
[INFO] [stderr] 5919 +             let _ = depth.try_update(Ordering::Relaxed, Ordering::Relaxed, |value| {
[INFO] [stderr]      |
[INFO] [stderr] 
[INFO] [stderr] warning: use of deprecated method `std::sync::atomic::Atomic::<u64>::fetch_update`: renamed to `try_update` for consistency
[INFO] [stderr]     --> src/lib.rs:5953:46
[INFO] [stderr]      |
[INFO] [stderr] 5953 |         let _ = self.steal_failed_streak_max.fetch_update(
[INFO] [stderr]      |                                              ^^^^^^^^^^^^
[INFO] [stderr]      |
[INFO] [stderr] help: replace the use of the deprecated method
[INFO] [stderr]      |
[INFO] [stderr] 5953 -         let _ = self.steal_failed_streak_max.fetch_update(
[INFO] [stderr] 5953 +         let _ = self.steal_failed_streak_max.try_update(
[INFO] [stderr]      |
[INFO] [stderr] 
[INFO] [stderr] warning: `spargio` (lib) generated 2 warnings (run `cargo fix --lib -p spargio` to apply 2 suggestions)
[INFO] [stderr] warning: `spargio` (lib test) generated 2 warnings (2 duplicates)
[INFO] [stderr]     Finished `release` profile [optimized] target(s) in 0.13s
[INFO] [stderr]      Running unittests src/lib.rs (/opt/rustwide/target/release/deps/spargio-bb2ed5a873bbdbc9)
[INFO] [stdout] 
[INFO] [stdout] running 4 tests
[INFO] [stdout] test idle_strategy_tests::resolve_idle_action_backend_default_depends_on_backend_preference ... ok
[INFO] [stdout] test idle_strategy_tests::resolve_idle_action_yield_is_always_yield ... ok
[INFO] [stdout] test idle_strategy_tests::resolve_idle_action_sleep_zero_falls_back_to_yield ... ok
[INFO] [stdout] test idle_strategy_tests::resolve_idle_action_sleep_nonzero_preserves_duration ... ok
[INFO] [stdout] 
[INFO] [stdout] test result: ok. 4 passed; 0 failed; 0 ignored; 0 measured; 0 filtered out; finished in 0.01s
[INFO] [stdout] 
[INFO] [stderr]      Running tests/bench_tail_guardrail_tdd.rs (/opt/rustwide/target/release/deps/bench_tail_guardrail_tdd-5b5f7b8d072d84b4)
[INFO] [stdout] 
[INFO] [stdout] running 2 tests
[INFO] [stdout] test percentile_guardrail_fails_when_threshold_is_too_strict ... ok
[INFO] [stdout] test percentile_guardrail_passes_for_fixture_profile ... ok
[INFO] [stdout] 
[INFO] [stdout] test result: ok. 2 passed; 0 failed; 0 ignored; 0 measured; 0 filtered out; finished in 0.33s
[INFO] [stdout] 
[INFO] [stderr]      Running tests/boundary_tdd.rs (/opt/rustwide/target/release/deps/boundary_tdd-19f37e4cd35ca3bf)
[INFO] [stdout] 
[INFO] [stdout] running 8 tests
[INFO] [stdout] test boundary_try_call_returns_overloaded_when_queue_is_full ... ok
[INFO] [stdout] test boundary_deadline_is_propagated_to_server ... ok
[INFO] [stdout] test boundary_server_observes_canceled_client ... ok
[INFO] [stdout] test boundary_call_and_recv_round_trip ... ok
[INFO] [stdout] test boundary_recv_timeout_reports_timeout ... ok
[INFO] [stdout] test boundary_stats_capture_timeout_cancel_and_overload ... ok
[INFO] [stdout] test boundary_wait_timeout_reports_timeout ... ok
[INFO] [stdout] test boundary_ticket_wait_timeout_reports_timeout ... ok
[INFO] [stdout] 
[INFO] [stdout] test result: ok. 8 passed; 0 failed; 0 ignored; 0 measured; 0 filtered out; finished in 0.03s
[INFO] [stdout] 
[INFO] [stderr]      Running tests/companion_ops_tdd.rs (/opt/rustwide/target/release/deps/companion_ops_tdd-36d3806f57f1ecfc)
[INFO] [stdout] 
[INFO] [stdout] running 5 tests
[INFO] [stdout] test companion_hardening_script_exists_and_runs_broader_suites ... ok
[INFO] [stdout] test quic_interop_matrix_script_exists_and_targets_interop_suite ... ok
[INFO] [stdout] test quic_soak_fault_script_exists_and_targets_ignored_soak_suite ... ok
[INFO] [stdout] test companion_ci_smoke_script_exists_and_targets_companion_crates ... ok
[INFO] [stdout] test ci_workflow_has_companion_matrix_lane ... ok
[INFO] [stdout] 
[INFO] [stdout] test result: ok. 5 passed; 0 failed; 0 ignored; 0 measured; 0 filtered out; finished in 0.00s
[INFO] [stdout] 
[INFO] [stderr]      Running tests/deferred_items_tdd.rs (/opt/rustwide/target/release/deps/deferred_items_tdd-eb916a2466755494)
[INFO] [stdout] 
[INFO] [stdout] running 1 test
[INFO] [stderr]      Running tests/docs_tdd.rs (/opt/rustwide/target/release/deps/docs_tdd-23286cd3686769fc)
[INFO] [stdout] test readme_documents_dns_and_deferred_fs_contracts ... ok
[INFO] [stdout] 
[INFO] [stdout] test result: ok. 1 passed; 0 failed; 0 ignored; 0 measured; 0 filtered out; finished in 0.00s
[INFO] [stdout] 
[INFO] [stdout] 
[INFO] [stdout] running 4 tests
[INFO] [stdout] test mdbook_summary_links_resolve_to_existing_files ... ok
[INFO] [stdout] test mdbook_scaffold_exists_with_summary ... ok
[INFO] [stdout] test readme_tracks_quic_rollout_done_and_not_done_status ... ok
[INFO] [stdout] test implementation_log_contains_r1_to_r9_breakdown_sections ... ok
[INFO] [stdout] 
[INFO] [stdout] test result: ok. 4 passed; 0 failed; 0 ignored; 0 measured; 0 filtered out; finished in 0.01s
[INFO] [stdout] 
[INFO] [stderr]      Running tests/du_parity_tdd.rs (/opt/rustwide/target/release/deps/du_parity_tdd-21f7d344ca7e1388)
[INFO] [stdout] 
[INFO] [stdout] running 0 tests
[INFO] [stdout] 
[INFO] [stdout] test result: ok. 0 passed; 0 failed; 0 ignored; 0 measured; 0 filtered out; finished in 0.00s
[INFO] [stdout] 
[INFO] [stdout] 
[INFO] [stdout] running 0 tests
[INFO] [stdout] 
[INFO] [stderr]      Running tests/entry_macro_tdd.rs (/opt/rustwide/target/release/deps/entry_macro_tdd-82ff16bda7c9dbb0)
[INFO] [stdout] test result: ok. 0 passed; 0 failed; 0 ignored; 0 measured; 0 filtered out; finished in 0.00s
[INFO] [stdout] 
[INFO] [stderr]      Running tests/ergonomics_tdd.rs (/opt/rustwide/target/release/deps/ergonomics_tdd-d2c51a385c69f397)
[INFO] [stdout] 
[INFO] [stdout] running 0 tests
[INFO] [stdout] 
[INFO] [stdout] test result: ok. 0 passed; 0 failed; 0 ignored; 0 measured; 0 filtered out; finished in 0.00s
[INFO] [stdout] 
[INFO] [stderr]      Running tests/primitives_tdd.rs (/opt/rustwide/target/release/deps/primitives_tdd-8369f7812d41f44d)
[INFO] [stdout] 
[INFO] [stdout] running 12 tests
[INFO] [stdout] test cancellation_token_notifies_waiters ... ok
[INFO] [stdout] test runtime_handle_spawn_blocking_executes_closure ... FAILED
[INFO] [stdout] test task_group_cancel_stops_pending_tasks ... FAILED
[INFO] [stdout] test task_group_completed_task_returns_value ... FAILED
[INFO] [stdout] test interval_at_uses_requested_start_deadline ... ok
[INFO] [stdout] test timeout_returns_value_before_deadline ... ok
[INFO] [stdout] test timeout_returns_err_when_deadline_expires ... ok
[INFO] [stdout] test interval_ticks_with_configurable_missed_tick_behavior ... ok
[INFO] [stdout] test sleep_object_supports_deadline_reset_and_elapsed_state ... ok
[INFO] [stdout] test timeout_at_returns_err_when_deadline_expires ... ok
[INFO] [stdout] test sleep_waits_for_requested_duration ... ok
[INFO] [stdout] test sleep_until_waits_for_deadline ... ok
[INFO] [stderr] error: test failed, to rerun pass `--test primitives_tdd`
[INFO] [stdout] 
[INFO] [stdout] failures:
[INFO] [stdout] 
[INFO] [stdout] ---- runtime_handle_spawn_blocking_executes_closure stdout ----
[INFO] [stdout] 
[INFO] [stdout] thread 'runtime_handle_spawn_blocking_executes_closure' (2005) panicked at tests/primitives_tdd.rs:142:51:
[INFO] [stdout] runtime: IoUringInit(Os { code: 1, kind: PermissionDenied, message: "Operation not permitted" })
[INFO] [stdout] stack backtrace:
[INFO] [stdout]    0:     0x6360c5aa7821 - <<std[70759c8f55707aa4]::sys::backtrace::BacktraceLock>::print::DisplayBacktrace as core[df12db4294e9bfd3]::fmt::Display>::fmt
[INFO] [stdout]    1:     0x6360c5abbbaa - core[df12db4294e9bfd3]::fmt::write
[INFO] [stdout]    2:     0x6360c5aabddc - <alloc[2182bb758b4b3781]::vec::Vec<u8> as core[df12db4294e9bfd3]::io::write::Write>::write_fmt
[INFO] [stdout]    3:     0x6360c5a83646 - std[70759c8f55707aa4]::panicking::default_hook::{closure#0}
[INFO] [stdout]    4:     0x6360c5a9fb39 - std[70759c8f55707aa4]::panicking::default_hook
[INFO] [stdout]    5:     0x6360c5a05b40 - test[9d35eded1c95d3be]::test_main_inner::<test[9d35eded1c95d3be]::test_main_static::{closure#0}>::{closure#0}
[INFO] [stdout]    6:     0x6360c5a9fcf2 - std[70759c8f55707aa4]::panicking::panic_with_hook
[INFO] [stdout]    7:     0x6360c5a836f2 - std[70759c8f55707aa4]::panicking::panic_handler::{closure#0}
[INFO] [stdout]    8:     0x6360c5a7c479 - std[70759c8f55707aa4]::sys::backtrace::__rust_end_short_backtrace::<std[70759c8f55707aa4]::panicking::panic_handler::{closure#0}, !>
[INFO] [stdout]    9:     0x6360c5a842ed - __rustc[8fa7c3cbc660c2b3]::rust_begin_unwind
[INFO] [stdout]   10:     0x6360c5abc30c - core[df12db4294e9bfd3]::panicking::panic_fmt
[INFO] [stdout]   11:     0x6360c5abc0e2 - core[df12db4294e9bfd3]::result::unwrap_failed
[INFO] [stdout]   12:     0x6360c59f144b - <primitives_tdd[417c660281e4c39e]::runtime_handle_spawn_blocking_executes_closure::{closure#0} as core[df12db4294e9bfd3]::ops::function::FnOnce<()>>::call_once
[INFO] [stdout]   13:     0x6360c59f8e2b - test[9d35eded1c95d3be]::__rust_begin_short_backtrace::<core[df12db4294e9bfd3]::result::Result<(), alloc[2182bb758b4b3781]::string::String>, fn() -> core[df12db4294e9bfd3]::result::Result<(), alloc[2182bb758b4b3781]::string::String>>
[INFO] [stdout]   14:     0x6360c5a06495 - test[9d35eded1c95d3be]::run_test::{closure#0}
[INFO] [stdout]   15:     0x6360c59ffd54 - std[70759c8f55707aa4]::sys::backtrace::__rust_begin_short_backtrace::<test[9d35eded1c95d3be]::run_test::{closure#1}, ()>
[INFO] [stdout]   16:     0x6360c5a095f2 - <std[70759c8f55707aa4]::thread::lifecycle::spawn_unchecked<test[9d35eded1c95d3be]::run_test::{closure#1}, ()>::{closure#1} as core[df12db4294e9bfd3]::ops::function::FnOnce<()>>::call_once::{shim:vtable#0}
[INFO] [stdout]   17:     0x6360c5aa70c9 - <std[70759c8f55707aa4]::sys::thread::unix::Thread>::new::thread_start
[INFO] [stdout]   18:     0x730432c28dfa - <unknown>
[INFO] [stdout]   19:     0x730432cbc3d4 - clone
[INFO] [stdout]   20:                0x0 - <unknown>
[INFO] [stdout] 
[INFO] [stdout] ---- task_group_cancel_stops_pending_tasks stdout ----
[INFO] [stdout] 
[INFO] [stdout] thread 'task_group_cancel_stops_pending_tasks' (2014) panicked at tests/primitives_tdd.rs:114:51:
[INFO] [stdout] runtime: IoUringInit(Os { code: 1, kind: PermissionDenied, message: "Operation not permitted" })
[INFO] [stdout] stack backtrace:
[INFO] [stdout]    0:     0x6360c5aa7821 - <<std[70759c8f55707aa4]::sys::backtrace::BacktraceLock>::print::DisplayBacktrace as core[df12db4294e9bfd3]::fmt::Display>::fmt
[INFO] [stdout]    1:     0x6360c5abbbaa - core[df12db4294e9bfd3]::fmt::write
[INFO] [stdout]    2:     0x6360c5aabddc - <alloc[2182bb758b4b3781]::vec::Vec<u8> as core[df12db4294e9bfd3]::io::write::Write>::write_fmt
[INFO] [stdout]    3:     0x6360c5a83646 - std[70759c8f55707aa4]::panicking::default_hook::{closure#0}
[INFO] [stdout]    4:     0x6360c5a9fb39 - std[70759c8f55707aa4]::panicking::default_hook
[INFO] [stdout]    5:     0x6360c5a05b40 - test[9d35eded1c95d3be]::test_main_inner::<test[9d35eded1c95d3be]::test_main_static::{closure#0}>::{closure#0}
[INFO] [stdout]    6:     0x6360c5a9fcf2 - std[70759c8f55707aa4]::panicking::panic_with_hook
[INFO] [stdout]    7:     0x6360c5a836f2 - std[70759c8f55707aa4]::panicking::panic_handler::{closure#0}
[INFO] [stdout]    8:     0x6360c5a7c479 - std[70759c8f55707aa4]::sys::backtrace::__rust_end_short_backtrace::<std[70759c8f55707aa4]::panicking::panic_handler::{closure#0}, !>
[INFO] [stdout]    9:     0x6360c5a842ed - __rustc[8fa7c3cbc660c2b3]::rust_begin_unwind
[INFO] [stdout]   10:     0x6360c5abc30c - core[df12db4294e9bfd3]::panicking::panic_fmt
[INFO] [stdout]   11:     0x6360c5abc0e2 - core[df12db4294e9bfd3]::result::unwrap_failed
[INFO] [stdout]   12:     0x6360c59f092b - <primitives_tdd[417c660281e4c39e]::task_group_cancel_stops_pending_tasks::{closure#0} as core[df12db4294e9bfd3]::ops::function::FnOnce<()>>::call_once
[INFO] [stdout]   13:     0x6360c59f8e2b - test[9d35eded1c95d3be]::__rust_begin_short_backtrace::<core[df12db4294e9bfd3]::result::Result<(), alloc[2182bb758b4b3781]::string::String>, fn() -> core[df12db4294e9bfd3]::result::Result<(), alloc[2182bb758b4b3781]::string::String>>
[INFO] [stdout]   14:     0x6360c5a06495 - test[9d35eded1c95d3be]::run_test::{closure#0}
[INFO] [stdout]   15:     0x6360c59ffd54 - std[70759c8f55707aa4]::sys::backtrace::__rust_begin_short_backtrace::<test[9d35eded1c95d3be]::run_test::{closure#1}, ()>
[INFO] [stdout]   16:     0x6360c5a095f2 - <std[70759c8f55707aa4]::thread::lifecycle::spawn_unchecked<test[9d35eded1c95d3be]::run_test::{closure#1}, ()>::{closure#1} as core[df12db4294e9bfd3]::ops::function::FnOnce<()>>::call_once::{shim:vtable#0}
[INFO] [stdout]   17:     0x6360c5aa70c9 - <std[70759c8f55707aa4]::sys::thread::unix::Thread>::new::thread_start
[INFO] [stdout]   18:     0x730432c28dfa - <unknown>
[INFO] [stdout]   19:     0x730432cbc3d4 - clone
[INFO] [stdout]   20:                0x0 - <unknown>
[INFO] [stdout] 
[INFO] [stdout] ---- task_group_completed_task_returns_value stdout ----
[INFO] [stdout] 
[INFO] [stdout] thread 'task_group_completed_task_returns_value' (2021) panicked at tests/primitives_tdd.rs:131:51:
[INFO] [stdout] runtime: IoUringInit(Os { code: 1, kind: PermissionDenied, message: "Operation not permitted" })
[INFO] [stdout] stack backtrace:
[INFO] [stdout]    0:     0x6360c5aa7821 - <<std[70759c8f55707aa4]::sys::backtrace::BacktraceLock>::print::DisplayBacktrace as core[df12db4294e9bfd3]::fmt::Display>::fmt
[INFO] [stdout]    1:     0x6360c5abbbaa - core[df12db4294e9bfd3]::fmt::write
[INFO] [stdout]    2:     0x6360c5aabddc - <alloc[2182bb758b4b3781]::vec::Vec<u8> as core[df12db4294e9bfd3]::io::write::Write>::write_fmt
[INFO] [stdout]    3:     0x6360c5a83646 - std[70759c8f55707aa4]::panicking::default_hook::{closure#0}
[INFO] [stdout]    4:     0x6360c5a9fb39 - std[70759c8f55707aa4]::panicking::default_hook
[INFO] [stdout]    5:     0x6360c5a05b40 - test[9d35eded1c95d3be]::test_main_inner::<test[9d35eded1c95d3be]::test_main_static::{closure#0}>::{closure#0}
[INFO] [stdout]    6:     0x6360c5a9fcf2 - std[70759c8f55707aa4]::panicking::panic_with_hook
[INFO] [stdout]    7:     0x6360c5a836f2 - std[70759c8f55707aa4]::panicking::panic_handler::{closure#0}
[INFO] [stdout]    8:     0x6360c5a7c479 - std[70759c8f55707aa4]::sys::backtrace::__rust_end_short_backtrace::<std[70759c8f55707aa4]::panicking::panic_handler::{closure#0}, !>
[INFO] [stdout]    9:     0x6360c5a842ed - __rustc[8fa7c3cbc660c2b3]::rust_begin_unwind
[INFO] [stdout]   10:     0x6360c5abc30c - core[df12db4294e9bfd3]::panicking::panic_fmt
[INFO] [stdout]   11:     0x6360c5abc0e2 - core[df12db4294e9bfd3]::result::unwrap_failed
[INFO] [stdout]   12:     0x6360c59f0daa - <primitives_tdd[417c660281e4c39e]::task_group_completed_task_returns_value::{closure#0} as core[df12db4294e9bfd3]::ops::function::FnOnce<()>>::call_once
[INFO] [stdout]   13:     0x6360c59f8e2b - test[9d35eded1c95d3be]::__rust_begin_short_backtrace::<core[df12db4294e9bfd3]::result::Result<(), alloc[2182bb758b4b3781]::string::String>, fn() -> core[df12db4294e9bfd3]::result::Result<(), alloc[2182bb758b4b3781]::string::String>>
[INFO] [stdout]   14:     0x6360c5a06495 - test[9d35eded1c95d3be]::run_test::{closure#0}
[INFO] [stdout]   15:     0x6360c59ffd54 - std[70759c8f55707aa4]::sys::backtrace::__rust_begin_short_backtrace::<test[9d35eded1c95d3be]::run_test::{closure#1}, ()>
[INFO] [stdout]   16:     0x6360c5a095f2 - <std[70759c8f55707aa4]::thread::lifecycle::spawn_unchecked<test[9d35eded1c95d3be]::run_test::{closure#1}, ()>::{closure#1} as core[df12db4294e9bfd3]::ops::function::FnOnce<()>>::call_once::{shim:vtable#0}
[INFO] [stdout]   17:     0x6360c5aa70c9 - <std[70759c8f55707aa4]::sys::thread::unix::Thread>::new::thread_start
[INFO] [stdout]   18:     0x730432c28dfa - <unknown>
[INFO] [stdout]   19:     0x730432cbc3d4 - clone
[INFO] [stdout]   20:                0x0 - <unknown>
[INFO] [stdout] 
[INFO] [stdout] 
[INFO] [stdout] failures:
[INFO] [stdout]     runtime_handle_spawn_blocking_executes_closure
[INFO] [stdout]     task_group_cancel_stops_pending_tasks
[INFO] [stdout]     task_group_completed_task_returns_value
[INFO] [stdout] 
[INFO] [stdout] test result: FAILED. 9 passed; 3 failed; 0 ignored; 0 measured; 0 filtered out; finished in 0.13s
[INFO] [stdout] 
[INFO] running `Command { std: "docker" "inspect" "1befc9c2bf57286428d2f0c86c5ebccc7bde34e615b7ee1ea7d94886212fca62", kill_on_drop: false }`
[INFO] running `Command { std: "docker" "rm" "-f" "1befc9c2bf57286428d2f0c86c5ebccc7bde34e615b7ee1ea7d94886212fca62", kill_on_drop: false }`
[INFO] [stdout] 1befc9c2bf57286428d2f0c86c5ebccc7bde34e615b7ee1ea7d94886212fca62
