[INFO] fetching crate spargio-ws 0.5.13...
[INFO] testing spargio-ws-0.5.13 against 1.100.0-beta.1+cargoflags=--release for beta-release-1.100-2
[INFO] extracting crate spargio-ws 0.5.13 into /workspace/builds/worker-1-tc2/source
[INFO] started tweaking crates.io crate spargio-ws 0.5.13
[INFO] removed 0 missing tests
[INFO] finished tweaking crates.io crate spargio-ws 0.5.13
[INFO] tweaked toml for crates.io crate spargio-ws 0.5.13 written to /workspace/builds/worker-1-tc2/source/Cargo.toml
[INFO] validating manifest of crates.io crate spargio-ws 0.5.13 on toolchain 1.100.0-beta.1
[INFO] running `Command { std: CARGO_HOME="/workspace/cargo-home" RUSTUP_HOME="/workspace/rustup-home" "/workspace/cargo-home/bin/cargo" "+1.100.0-beta.1" "metadata" "--manifest-path" "Cargo.toml" "--no-deps", kill_on_drop: false }`
[INFO] crate crates.io crate spargio-ws 0.5.13 already has a lockfile, it will not be regenerated
[INFO] running `Command { std: CARGO_HOME="/workspace/cargo-home" RUSTUP_HOME="/workspace/rustup-home" "/workspace/cargo-home/bin/cargo" "+1.100.0-beta.1" "fetch" "--manifest-path" "Cargo.toml", kill_on_drop: false }`
[INFO] running `Command { std: "docker" "create" "-v" "/var/lib/crater-agent-workspace/builds/worker-1-tc2/source:/opt/rustwide/workdir:ro,Z" "-v" "/var/lib/crater-agent-workspace/builds/worker-1-tc2/target:/opt/rustwide/target:rw,Z" "-v" "/var/lib/crater-agent-workspace/cargo-home:/opt/rustwide/cargo-home:ro,Z" "-v" "/var/lib/crater-agent-workspace/rustup-home:/opt/rustwide/rustup-home:ro,Z" "-m" "1610612736" "--network" "none" "ghcr.io/rust-lang/crates-build-env/linux@sha256:77db811e55d90add9212f6832c23229e3de5f1c1f9905e8cb07319ea15df73ac" "sleep" "infinity", kill_on_drop: false }`
[INFO] [stdout] 80a004146c4b30cbfcb446b3f6ac459cd30c5834c6724646a1c39d1a87aa67d8
[INFO] running `Command { std: "docker" "start" "80a004146c4b30cbfcb446b3f6ac459cd30c5834c6724646a1c39d1a87aa67d8", kill_on_drop: false }`
[INFO] running `Command { std: "docker" "inspect" "80a004146c4b30cbfcb446b3f6ac459cd30c5834c6724646a1c39d1a87aa67d8", kill_on_drop: false }`
[INFO] running `Command { std: "docker" "exec" "-e" "SOURCE_DIR=/opt/rustwide/workdir" "-e" "CARGO_HOME=/opt/rustwide/cargo-home" "-e" "RUSTUP_HOME=/opt/rustwide/rustup-home" "-e" "CARGO_TARGET_DIR=/opt/rustwide/target" "-w" "/opt/rustwide/workdir" "--user" "0:0" "80a004146c4b30cbfcb446b3f6ac459cd30c5834c6724646a1c39d1a87aa67d8" "/opt/rustwide/cargo-home/bin/cargo" "+1.100.0-beta.1" "metadata" "--no-deps" "--format-version=1", kill_on_drop: false }`
[INFO] running `Command { std: "docker" "inspect" "80a004146c4b30cbfcb446b3f6ac459cd30c5834c6724646a1c39d1a87aa67d8", kill_on_drop: false }`
[INFO] running `Command { std: "docker" "exec" "-e" "SOURCE_DIR=/opt/rustwide/workdir" "-e" "CARGO_HOME=/opt/rustwide/cargo-home" "-e" "RUSTUP_HOME=/opt/rustwide/rustup-home" "-e" "CARGO_TARGET_DIR=/opt/rustwide/target" "-e" "CARGO_INCREMENTAL=0" "-e" "RUST_BACKTRACE=full" "-e" "RUSTFLAGS=--cap-lints=warn" "-e" "RUSTDOCFLAGS=--cap-lints=warn" "-w" "/opt/rustwide/workdir" "--user" "0:0" "80a004146c4b30cbfcb446b3f6ac459cd30c5834c6724646a1c39d1a87aa67d8" "/opt/rustwide/cargo-home/bin/cargo" "+1.100.0-beta.1" "build" "--frozen" "--message-format=json" "--release", kill_on_drop: false }`
[INFO] [stderr]    Compiling quote v1.0.44
[INFO] [stderr]    Compiling libc v0.2.182
[INFO] [stderr]    Compiling zerocopy v0.8.39
[INFO] [stderr]    Compiling crossbeam-utils v0.8.21
[INFO] [stderr]    Compiling futures-channel v0.3.32
[INFO] [stderr]    Compiling io-uring v0.7.11
[INFO] [stderr]    Compiling bytes v1.11.1
[INFO] [stderr]    Compiling itoa v1.0.17
[INFO] [stderr]    Compiling data-encoding v2.10.0
[INFO] [stderr]    Compiling crypto-common v0.1.7
[INFO] [stderr]    Compiling digest v0.10.7
[INFO] [stderr]    Compiling sha1 v0.10.6
[INFO] [stderr]    Compiling syn v2.0.117
[INFO] [stderr]    Compiling crossbeam-channel v0.5.15
[INFO] [stderr]    Compiling crossbeam-queue v0.3.12
[INFO] [stderr]    Compiling http v1.4.0
[INFO] [stderr]    Compiling getrandom v0.3.4
[INFO] [stderr]    Compiling rand_core v0.9.5
[INFO] [stderr]    Compiling futures-macro v0.3.32
[INFO] [stderr]    Compiling thiserror-impl v2.0.18
[INFO] [stderr]    Compiling futures-util v0.3.32
[INFO] [stderr]    Compiling thiserror v2.0.18
[INFO] [stderr]    Compiling ppv-lite86 v0.2.21
[INFO] [stderr]    Compiling rand_chacha v0.9.0
[INFO] [stderr]    Compiling rand v0.9.2
[INFO] [stderr]    Compiling tungstenite v0.26.2
[INFO] [stderr]    Compiling futures-executor v0.3.32
[INFO] [stderr]    Compiling async-tungstenite v0.29.1
[INFO] [stderr]    Compiling futures v0.3.32
[INFO] [stderr]    Compiling spargio v0.5.13
[INFO] [stderr]    Compiling spargio-protocols v0.5.13
[INFO] [stderr]    Compiling spargio-ws v0.5.13 (/opt/rustwide/workdir)
[INFO] [stderr]     Finished `release` profile [optimized] target(s) in 23.21s
[INFO] running `Command { std: "docker" "inspect" "80a004146c4b30cbfcb446b3f6ac459cd30c5834c6724646a1c39d1a87aa67d8", kill_on_drop: false }`
[INFO] running `Command { std: "docker" "exec" "-e" "SOURCE_DIR=/opt/rustwide/workdir" "-e" "CARGO_HOME=/opt/rustwide/cargo-home" "-e" "RUSTUP_HOME=/opt/rustwide/rustup-home" "-e" "CARGO_TARGET_DIR=/opt/rustwide/target" "-e" "CARGO_INCREMENTAL=0" "-e" "RUST_BACKTRACE=full" "-e" "RUSTFLAGS=--cap-lints=warn" "-e" "RUSTDOCFLAGS=--cap-lints=warn" "-w" "/opt/rustwide/workdir" "--user" "0:0" "80a004146c4b30cbfcb446b3f6ac459cd30c5834c6724646a1c39d1a87aa67d8" "/opt/rustwide/cargo-home/bin/cargo" "+1.100.0-beta.1" "test" "--frozen" "--no-run" "--message-format=json" "--release", kill_on_drop: false }`
[INFO] [stderr]    Compiling spargio-ws v0.5.13 (/opt/rustwide/workdir)
[INFO] [stderr]     Finished `release` profile [optimized] target(s) in 2.80s
[INFO] running `Command { std: "docker" "inspect" "80a004146c4b30cbfcb446b3f6ac459cd30c5834c6724646a1c39d1a87aa67d8", kill_on_drop: false }`
[INFO] running `Command { std: "docker" "exec" "-e" "SOURCE_DIR=/opt/rustwide/workdir" "-e" "CARGO_HOME=/opt/rustwide/cargo-home" "-e" "RUSTUP_HOME=/opt/rustwide/rustup-home" "-e" "CARGO_TARGET_DIR=/opt/rustwide/target" "-e" "CARGO_INCREMENTAL=0" "-e" "RUST_BACKTRACE=full" "-e" "RUSTFLAGS=--cap-lints=warn" "-e" "RUSTDOCFLAGS=--cap-lints=warn" "-w" "/opt/rustwide/workdir" "--user" "0:0" "80a004146c4b30cbfcb446b3f6ac459cd30c5834c6724646a1c39d1a87aa67d8" "/opt/rustwide/cargo-home/bin/cargo" "+1.100.0-beta.1" "test" "--frozen" "--release", kill_on_drop: false }`
[INFO] [stderr]     Finished `release` profile [optimized] target(s) in 0.09s
[INFO] [stderr]      Running unittests src/lib.rs (/opt/rustwide/target/release/build/spargio-ws/4f8622741b2af509/out/spargio_ws-4f8622741b2af509)
[INFO] [stderr]      Running tests/ws_tdd.rs (/opt/rustwide/target/release/build/spargio-ws/d947771e15db757d/out/ws_tdd-d947771e15db757d)
[INFO] [stdout] 
[INFO] [stdout] running 0 tests
[INFO] [stdout] 
[INFO] [stdout] test result: ok. 0 passed; 0 failed; 0 ignored; 0 measured; 0 filtered out; finished in 0.00s
[INFO] [stdout] 
[INFO] [stdout] 
[INFO] [stdout] running 3 tests
[INFO] [stdout] test ws_client_connect_timeout_is_enforced ... FAILED
[INFO] [stdout] test ws_client_server_roundtrip_text_message ... FAILED
[INFO] [stdout] test ws_client_connect_socket_addr_normalizes_path_without_slash ... FAILED
[INFO] [stdout] 
[INFO] [stdout] failures:
[INFO] [stdout] 
[INFO] [stdout] ---- ws_client_connect_timeout_is_enforced stdout ----
[INFO] [stdout] 
[INFO] [stdout] thread 'ws_client_connect_timeout_is_enforced' (760) panicked at tests/ws_tdd.rs:15:10:
[INFO] [stdout] runtime: IoUringInit(Os { code: 1, kind: PermissionDenied, message: "Operation not permitted" })
[INFO] [stdout] stack backtrace:
[INFO] [stdout]    0:     0x61f1f1ff7441 - <<std[617be2ca0a6fd877]::sys::backtrace::BacktraceLock>::print::DisplayBacktrace as core[a373ad73a504971]::fmt::Display>::fmt
[INFO] [stdout]    1:     0x61f1f200c46a - core[a373ad73a504971]::fmt::write
[INFO] [stdout]    2:     0x61f1f1ffb65c - <alloc[2e1b2a31b91974c5]::vec::Vec<u8> as core[a373ad73a504971]::io::write::Write>::write_fmt
[INFO] [stdout]    3:     0x61f1f1fd3266 - std[617be2ca0a6fd877]::panicking::default_hook::{closure#0}
[INFO] [stdout]    4:     0x61f1f1fef729 - std[617be2ca0a6fd877]::panicking::default_hook
[INFO] [stdout]    5:     0x61f1f1f33f90 - test[aada8e7e76ba119b]::test_main_inner::{closure#0}
[INFO] [stdout]    6:     0x61f1f1fef8e2 - std[617be2ca0a6fd877]::panicking::panic_with_hook
[INFO] [stdout]    7:     0x61f1f1fd3312 - std[617be2ca0a6fd877]::panicking::panic_handler::{closure#0}
[INFO] [stdout]    8:     0x61f1f1fcc029 - std[617be2ca0a6fd877]::sys::backtrace::__rust_end_short_backtrace::<std[617be2ca0a6fd877]::panicking::panic_handler::{closure#0}, !>
[INFO] [stdout]    9:     0x61f1f1fd3f1d - __rustc[ea4f61d10b84890b]::rust_begin_unwind
[INFO] [stdout]   10:     0x61f1f200cbcc - core[a373ad73a504971]::panicking::panic_fmt
[INFO] [stdout]   11:     0x61f1f200c9a2 - core[a373ad73a504971]::result::unwrap_failed
[INFO] [stdout]   12:     0x61f1f1f17231 - <ws_tdd[e7bfb2c5f794f43a]::ws_client_connect_timeout_is_enforced::{closure#0} as core[a373ad73a504971]::ops::function::FnOnce<()>>::call_once
[INFO] [stdout]   13:     0x61f1f1f273db - test[aada8e7e76ba119b]::__rust_begin_short_backtrace::<core[a373ad73a504971]::result::Result<(), alloc[2e1b2a31b91974c5]::string::String>, fn() -> core[a373ad73a504971]::result::Result<(), alloc[2e1b2a31b91974c5]::string::String>>
[INFO] [stdout]   14:     0x61f1f1f345b5 - test[aada8e7e76ba119b]::run_test::{closure#0}
[INFO] [stdout]   15:     0x61f1f1f2dea4 - std[617be2ca0a6fd877]::sys::backtrace::__rust_begin_short_backtrace::<test[aada8e7e76ba119b]::run_test::{closure#1}, ()>
[INFO] [stdout]   16:     0x61f1f1f37642 - <std[617be2ca0a6fd877]::thread::lifecycle::spawn_unchecked<test[aada8e7e76ba119b]::run_test::{closure#1}, ()>::{closure#1} as core[a373ad73a504971]::ops::function::FnOnce<()>>::call_once::{shim:vtable#0}
[INFO] [stdout]   17:     0x61f1f1ff6c6f - <std[617be2ca0a6fd877]::sys::thread::unix::Thread>::new::thread_start
[INFO] [stdout]   18:     0x777a1dfd0dfa - <unknown>
[INFO] [stdout]   19:     0x777a1e0643d4 - clone
[INFO] [stdout]   20:                0x0 - <unknown>
[INFO] [stdout] 
[INFO] [stdout] ---- ws_client_server_roundtrip_text_message stdout ----
[INFO] [stdout] 
[INFO] [stdout] thread 'ws_client_server_roundtrip_text_message' (761) panicked at tests/ws_tdd.rs:55:10:
[INFO] [stdout] runtime: IoUringInit(Os { code: 1, kind: PermissionDenied, message: "Operation not permitted" })
[INFO] [stdout] stack backtrace:
[INFO] [stdout]    0:     0x61f1f1ff7441 - <<std[617be2ca0a6fd877]::sys::backtrace::BacktraceLock>::print::DisplayBacktrace as core[a373ad73a504971]::fmt::Display>::fmt
[INFO] [stdout]    1:     0x61f1f200c46a - core[a373ad73a504971]::fmt::write
[INFO] [stdout]    2:     0x61f1f1ffb65c - <alloc[2e1b2a31b91974c5]::vec::Vec<u8> as core[a373ad73a504971]::io::write::Write>::write_fmt
[INFO] [stdout]    3:     0x61f1f1fd3266 - std[617be2ca0a6fd877]::panicking::default_hook::{closure#0}
[INFO] [stdout]    4:     0x61f1f1fef729 - std[617be2ca0a6fd877]::panicking::default_hook
[INFO] [stdout]    5:     0x61f1f1f33f90 - test[aada8e7e76ba119b]::test_main_inner::{closure#0}
[INFO] [stdout]    6:     0x61f1f1fef8e2 - std[617be2ca0a6fd877]::panicking::panic_with_hook
[INFO] [stdout]    7:     0x61f1f1fd3312 - std[617be2ca0a6fd877]::panicking::panic_handler::{closure#0}
[INFO] [stdout]    8:     0x61f1f1fcc029 - std[617be2ca0a6fd877]::sys::backtrace::__rust_end_short_backtrace::<std[617be2ca0a6fd877]::panicking::panic_handler::{closure#0}, !>
[INFO] [stdout]    9:     0x61f1f1fd3f1d - __rustc[ea4f61d10b84890b]::rust_begin_unwind
[INFO] [stdout]   10:     0x61f1f200cbcc - core[a373ad73a504971]::panicking::panic_fmt
[INFO] [stdout]   11:     0x61f1f200c9a2 - core[a373ad73a504971]::result::unwrap_failed
[INFO] [stdout]   12:     0x61f1f1f17441 - <ws_tdd[e7bfb2c5f794f43a]::ws_client_server_roundtrip_text_message::{closure#0} as core[a373ad73a504971]::ops::function::FnOnce<()>>::call_once
[INFO] [stdout]   13:     0x61f1f1f273db - test[aada8e7e76ba119b]::__rust_begin_short_backtrace::<core[a373ad73a504971]::result::Result<(), alloc[2e1b2a31b91974c5]::string::String>, fn() -> core[a373ad73a504971]::result::Result<(), alloc[2e1b2a31b91974c5]::string::String>>
[INFO] [stdout]   14:     0x61f1f1f345b5 - test[aada8e7e76ba119b]::run_test::{closure#0}
[INFO] [stdout]   15:     0x61f1f1f2dea4 - std[617be2ca0a6fd877]::sys::backtrace::__rust_begin_short_backtrace::<test[aada8e7e76ba119b]::run_test::{closure#1}, ()>
[INFO] [stdout]   16:     0x61f1f1f37642 - <std[617be2ca0a6fd877]::thread::lifecycle::spawn_unchecked<test[aada8e7e76ba119b]::run_test::{closure#1}, ()>::{closure#1} as core[a373ad73a504971]::ops::function::FnOnce<()>>::call_once::{shim:vtable#0}
[INFO] [stdout]   17:     0x61f1f1ff6c6f - <std[617be2ca0a6fd877]::sys::thread::unix::Thread>::new::thread_start
[INFO] [stdout]   18:     0x777a1dfd0dfa - <unknown>
[INFO] [stdout]   19:     0x777a1e0643d4 - clone
[INFO] [stdout]   20:                0x0 - <unknown>
[INFO] [stdout] 
[INFO] [stdout] ---- ws_client_connect_socket_addr_normalizes_path_without_slash stdout ----
[INFO] [stdout] 
[INFO] [stdout] thread 'ws_client_connect_socket_addr_normalizes_path_without_slash' (759) panicked at tests/ws_tdd.rs:115:10:
[INFO] [stdout] runtime: IoUringInit(Os { code: 1, kind: PermissionDenied, message: "Operation not permitted" })
[INFO] [stdout] stack backtrace:
[INFO] [stdout]    0:     0x61f1f1ff7441 - <<std[617be2ca0a6fd877]::sys::backtrace::BacktraceLock>::print::DisplayBacktrace as core[a373ad73a504971]::fmt::Display>::fmt
[INFO] [stdout]    1:     0x61f1f200c46a - core[a373ad73a504971]::fmt::write
[INFO] [stdout]    2:     0x61f1f1ffb65c - <alloc[2e1b2a31b91974c5]::vec::Vec<u8> as core[a373ad73a504971]::io::write::Write>::write_fmt
[INFO] [stdout]    3:     0x61f1f1fd3266 - std[617be2ca0a6fd877]::panicking::default_hook::{closure#0}
[INFO] [stdout]    4:     0x61f1f1fef729 - std[617be2ca0a6fd877]::panicking::default_hook
[INFO] [stdout]    5:     0x61f1f1f33f90 - test[aada8e7e76ba119b]::test_main_inner::{closure#0}
[INFO] [stdout]    6:     0x61f1f1fef8e2 - std[617be2ca0a6fd877]::panicking::panic_with_hook
[INFO] [stdout]    7:     0x61f1f1fd3312 - std[617be2ca0a6fd877]::panicking::panic_handler::{closure#0}
[INFO] [stdout]    8:     0x61f1f1fcc029 - std[617be2ca0a6fd877]::sys::backtrace::__rust_end_short_backtrace::<std[617be2ca0a6fd877]::panicking::panic_handler::{closure#0}, !>
[INFO] [stdout]    9:     0x61f1f1fd3f1d - __rustc[ea4f61d10b84890b]::rust_begin_unwind
[INFO] [stdout]   10:     0x61f1f200cbcc - core[a373ad73a504971]::panicking::panic_fmt
[INFO] [stdout]   11:     0x61f1f200c9a2 - core[a373ad73a504971]::result::unwrap_failed
[INFO] [stdout]   12:     0x61f1f1f17651 - <ws_tdd[e7bfb2c5f794f43a]::ws_client_connect_socket_addr_normalizes_path_without_slash::{closure#0} as core[a373ad73a504971]::ops::function::FnOnce<()>>::call_once
[INFO] [stdout]   13:     0x61f1f1f273db - test[aada8e7e76ba119b]::__rust_begin_short_backtrace::<core[a373ad73a504971]::result::Result<(), alloc[2e1b2a31b91974c5]::string::String>, fn() -> core[a373ad73a504971]::result::Result<(), alloc[2e1b2a31b91974c5]::string::String>>
[INFO] [stdout]   14:     0x61f1f1f345b5 - test[aada8e7e76ba119b]::run_test::{closure#0}
[INFO] [stdout]   15:     0x61f1f1f2dea4 - std[617be2ca0a6fd877]::sys::backtrace::__rust_begin_short_backtrace::<test[aada8e7e76ba119b]::run_test::{closure#1}, ()>
[INFO] [stdout]   16:     0x61f1f1f37642 - <std[617be2ca0a6fd877]::thread::lifecycle::spawn_unchecked<test[aada8e7e76ba119b]::run_test::{closure#1}, ()>::{closure#1} as core[a373ad73a504971]::ops::function::FnOnce<()>>::call_once::{shim:vtable#0}
[INFO] [stdout]   17:     0x61f1f1ff6c6f - <std[617be2ca0a6fd877]::sys::thread::unix::Thread>::new::thread_start
[INFO] [stdout]   18:     0x777a1dfd0dfa - <unknown>
[INFO] [stdout]   19:     0x777a1e0643d4 - clone
[INFO] [stdout]   20:                0x0 - <unknown>
[INFO] [stdout] 
[INFO] [stdout] 
[INFO] [stdout] failures:
[INFO] [stdout]     ws_client_connect_socket_addr_normalizes_path_without_slash
[INFO] [stdout]     ws_client_connect_timeout_is_enforced
[INFO] [stdout]     ws_client_server_roundtrip_text_message
[INFO] [stdout] 
[INFO] [stdout] test result: FAILED. 0 passed; 3 failed; 0 ignored; 0 measured; 0 filtered out; finished in 0.00s
[INFO] [stdout] 
[INFO] [stderr] error: test failed, to rerun pass `--test ws_tdd`
[INFO] running `Command { std: "docker" "inspect" "80a004146c4b30cbfcb446b3f6ac459cd30c5834c6724646a1c39d1a87aa67d8", kill_on_drop: false }`
[INFO] running `Command { std: "docker" "rm" "-f" "80a004146c4b30cbfcb446b3f6ac459cd30c5834c6724646a1c39d1a87aa67d8", kill_on_drop: false }`
[INFO] [stdout] 80a004146c4b30cbfcb446b3f6ac459cd30c5834c6724646a1c39d1a87aa67d8
