[INFO] fetching crate spargio-quic 0.5.13...
[INFO] testing spargio-quic-0.5.13 against 1.99.0-beta.8+cargoflags=--release for beta-release-1.100-2
[INFO] extracting crate spargio-quic 0.5.13 into /workspace/builds/worker-0-tc1/source
[INFO] started tweaking crates.io crate spargio-quic 0.5.13
[INFO] removed 0 missing tests
[INFO] finished tweaking crates.io crate spargio-quic 0.5.13
[INFO] tweaked toml for crates.io crate spargio-quic 0.5.13 written to /workspace/builds/worker-0-tc1/source/Cargo.toml
[INFO] validating manifest of crates.io crate spargio-quic 0.5.13 on toolchain 1.99.0-beta.8
[INFO] running `Command { std: CARGO_HOME="/workspace/cargo-home" RUSTUP_HOME="/workspace/rustup-home" "/workspace/cargo-home/bin/cargo" "+1.99.0-beta.8" "metadata" "--manifest-path" "Cargo.toml" "--no-deps", kill_on_drop: false }`
[INFO] crate crates.io crate spargio-quic 0.5.13 already has a lockfile, it will not be regenerated
[INFO] running `Command { std: CARGO_HOME="/workspace/cargo-home" RUSTUP_HOME="/workspace/rustup-home" "/workspace/cargo-home/bin/cargo" "+1.99.0-beta.8" "fetch" "--manifest-path" "Cargo.toml", kill_on_drop: false }`
[INFO] [stderr]     Updating crates.io index
[INFO] [stderr]  Downloading crates ...
[INFO] [stderr]   Downloaded io-uring v0.7.11
[INFO] [stderr]   Downloaded lru-slab v0.1.2
[INFO] [stderr]   Downloaded rustls-platform-verifier-android v0.1.1
[INFO] [stderr]   Downloaded rustls-native-certs v0.8.3
[INFO] [stderr]   Downloaded cmake v0.1.57
[INFO] [stderr]   Downloaded fastbloom v0.14.1
[INFO] [stderr]   Downloaded quinn-udp v0.5.14
[INFO] [stderr]   Downloaded yasna v0.5.2
[INFO] [stderr]   Downloaded schannel v0.1.28
[INFO] [stderr]   Downloaded rustls-platform-verifier v0.6.2
[INFO] [stderr]   Downloaded rcgen v0.13.2
[INFO] [stderr]   Downloaded quinn v0.11.9
[INFO] [stderr]   Downloaded zerocopy-derive v0.8.39
[INFO] [stderr]   Downloaded webpki-root-certs v1.0.6
[INFO] [stderr]   Downloaded combine v4.6.7
[INFO] [stderr]   Downloaded aws-lc-rs v1.16.0
[INFO] [stderr]   Downloaded spargio v0.5.13
[INFO] [stderr]   Downloaded quinn-proto v0.11.13
[INFO] [stderr]   Downloaded zerocopy v0.8.39
[INFO] [stderr]   Downloaded rustls v0.23.37
[INFO] [stderr]   Downloaded aws-lc-sys v0.37.1
[INFO] running `Command { std: "docker" "create" "-v" "/var/lib/crater-agent-workspace/builds/worker-0-tc1/source:/opt/rustwide/workdir:ro,Z" "-v" "/var/lib/crater-agent-workspace/builds/worker-0-tc1/target:/opt/rustwide/target:rw,Z" "-v" "/var/lib/crater-agent-workspace/cargo-home:/opt/rustwide/cargo-home:ro,Z" "-v" "/var/lib/crater-agent-workspace/rustup-home:/opt/rustwide/rustup-home:ro,Z" "-m" "1610612736" "--network" "none" "ghcr.io/rust-lang/crates-build-env/linux@sha256:77db811e55d90add9212f6832c23229e3de5f1c1f9905e8cb07319ea15df73ac" "sleep" "infinity", kill_on_drop: false }`
[INFO] [stdout] 8971ce1a655ebcb4907fdb2c8519aedaff281823fe96669519578d8cc649f146
[INFO] running `Command { std: "docker" "start" "8971ce1a655ebcb4907fdb2c8519aedaff281823fe96669519578d8cc649f146", kill_on_drop: false }`
[INFO] running `Command { std: "docker" "inspect" "8971ce1a655ebcb4907fdb2c8519aedaff281823fe96669519578d8cc649f146", kill_on_drop: false }`
[INFO] running `Command { std: "docker" "exec" "-e" "SOURCE_DIR=/opt/rustwide/workdir" "-e" "CARGO_HOME=/opt/rustwide/cargo-home" "-e" "RUSTUP_HOME=/opt/rustwide/rustup-home" "-e" "CARGO_TARGET_DIR=/opt/rustwide/target" "-w" "/opt/rustwide/workdir" "--user" "0:0" "8971ce1a655ebcb4907fdb2c8519aedaff281823fe96669519578d8cc649f146" "/opt/rustwide/cargo-home/bin/cargo" "+1.99.0-beta.8" "metadata" "--no-deps" "--format-version=1", kill_on_drop: false }`
[INFO] running `Command { std: "docker" "inspect" "8971ce1a655ebcb4907fdb2c8519aedaff281823fe96669519578d8cc649f146", kill_on_drop: false }`
[INFO] running `Command { std: "docker" "exec" "-e" "SOURCE_DIR=/opt/rustwide/workdir" "-e" "CARGO_HOME=/opt/rustwide/cargo-home" "-e" "RUSTUP_HOME=/opt/rustwide/rustup-home" "-e" "CARGO_TARGET_DIR=/opt/rustwide/target" "-e" "CARGO_INCREMENTAL=0" "-e" "RUST_BACKTRACE=full" "-e" "RUSTFLAGS=--cap-lints=warn" "-e" "RUSTDOCFLAGS=--cap-lints=warn" "-w" "/opt/rustwide/workdir" "--user" "0:0" "8971ce1a655ebcb4907fdb2c8519aedaff281823fe96669519578d8cc649f146" "/opt/rustwide/cargo-home/bin/cargo" "+1.99.0-beta.8" "build" "--frozen" "--message-format=json" "--release", kill_on_drop: false }`
[INFO] [stderr]    Compiling libc v0.2.182
[INFO] [stderr]    Compiling pin-project-lite v0.2.16
[INFO] [stderr]    Compiling zerocopy v0.8.39
[INFO] [stderr]    Compiling zeroize v1.8.2
[INFO] [stderr]    Compiling ring v0.17.14
[INFO] [stderr]    Compiling once_cell v1.21.3
[INFO] [stderr]    Compiling cfg_aliases v0.2.1
[INFO] [stderr]    Compiling syn v2.0.117
[INFO] [stderr]    Compiling slab v0.4.12
[INFO] [stderr]    Compiling untrusted v0.9.0
[INFO] [stderr]    Compiling rustls-pki-types v1.14.0
[INFO] [stderr]    Compiling log v0.4.29
[INFO] [stderr]    Compiling libm v0.2.16
[INFO] [stderr]    Compiling futures-sink v0.3.32
[INFO] [stderr]    Compiling futures-core v0.3.32
[INFO] [stderr]    Compiling crossbeam-utils v0.8.21
[INFO] [stderr]    Compiling rustls v0.23.37
[INFO] [stderr]    Compiling futures-channel v0.3.32
[INFO] [stderr]    Compiling tracing-core v0.1.36
[INFO] [stderr]    Compiling subtle v2.6.1
[INFO] [stderr]    Compiling openssl-probe v0.2.1
[INFO] [stderr]    Compiling memchr v2.8.0
[INFO] [stderr]    Compiling futures-task v0.3.32
[INFO] [stderr]    Compiling thiserror v2.0.18
[INFO] [stderr]    Compiling futures-io v0.3.32
[INFO] [stderr]    Compiling tracing v0.1.44
[INFO] [stderr]    Compiling rustls-native-certs v0.8.3
[INFO] [stderr]    Compiling getrandom v0.3.4
[INFO] [stderr]    Compiling getrandom v0.2.17
[INFO] [stderr]    Compiling socket2 v0.6.2
[INFO] [stderr]    Compiling rand_core v0.9.5
[INFO] [stderr]    Compiling quinn-udp v0.5.14
[INFO] [stderr]    Compiling tinyvec_macros v0.1.1
[INFO] [stderr]    Compiling siphasher v1.0.2
[INFO] [stderr]    Compiling io-uring v0.7.11
[INFO] [stderr]    Compiling tinyvec v1.10.0
[INFO] [stderr]    Compiling mio v1.1.1
[INFO] [stderr]    Compiling quinn v0.11.9
[INFO] [stderr]    Compiling bitflags v2.11.0
[INFO] [stderr]    Compiling lru-slab v0.1.2
[INFO] [stderr]    Compiling bytes v1.11.1
[INFO] [stderr]    Compiling rustc-hash v2.1.1
[INFO] [stderr]    Compiling tokio v1.49.0
[INFO] [stderr]    Compiling crossbeam-queue v0.3.12
[INFO] [stderr]    Compiling crossbeam-channel v0.5.15
[INFO] [stderr]    Compiling futures-macro v0.3.32
[INFO] [stderr]    Compiling thiserror-impl v2.0.18
[INFO] [stderr]    Compiling futures-util v0.3.32
[INFO] [stderr]    Compiling ppv-lite86 v0.2.21
[INFO] [stderr]    Compiling rand_chacha v0.9.0
[INFO] [stderr]    Compiling rand v0.9.2
[INFO] [stderr]    Compiling fastbloom v0.14.1
[INFO] [stderr]    Compiling futures-executor v0.3.32
[INFO] [stderr]    Compiling futures v0.3.32
[INFO] [stderr]    Compiling spargio v0.5.13
[INFO] [stderr]    Compiling rustls-webpki v0.103.9
[INFO] [stderr]    Compiling rustls-platform-verifier v0.6.2
[INFO] [stderr]    Compiling quinn-proto v0.11.13
[INFO] [stderr]    Compiling spargio-quic v0.5.13 (/opt/rustwide/workdir)
[INFO] [stdout] warning: method `endpoint_mut` is never used
[INFO] [stdout]     --> src/lib.rs:5312:8
[INFO] [stdout]      |
[INFO] [stdout] 4806 | impl QuicEndpoint {
[INFO] [stdout]      | ----------------- method in this implementation
[INFO] [stdout] ...
[INFO] [stdout] 5312 |     fn endpoint_mut(&mut self) -> &mut quinn::Endpoint {
[INFO] [stdout]      |        ^^^^^^^^^^^^
[INFO] [stdout]      |
[INFO] [stdout]      = note: `#[warn(dead_code)]` (part of `#[warn(unused)]`) on by default
[INFO] [stdout] 
[INFO] [stdout] 
[INFO] [stdout] warning: struct `BridgeTokioRuntime` is never constructed
[INFO] [stdout]     --> src/lib.rs:6135:8
[INFO] [stdout]      |
[INFO] [stdout] 6135 | struct BridgeTokioRuntime {
[INFO] [stdout]      |        ^^^^^^^^^^^^^^^^^^
[INFO] [stdout] 
[INFO] [stdout] 
[INFO] [stdout] warning: struct `BridgeUdpSocket` is never constructed
[INFO] [stdout]     --> src/lib.rs:6173:8
[INFO] [stdout]      |
[INFO] [stdout] 6173 | struct BridgeUdpSocket {
[INFO] [stdout]      |        ^^^^^^^^^^^^^^^
[INFO] [stdout] 
[INFO] [stdout] 
[INFO] [stdout] warning: struct `BridgeUdpPoller` is never constructed
[INFO] [stdout]     --> src/lib.rs:6223:8
[INFO] [stdout]      |
[INFO] [stdout] 6223 | struct BridgeUdpPoller {
[INFO] [stdout]      |        ^^^^^^^^^^^^^^^
[INFO] [stdout] 
[INFO] [stdout] 
[INFO] [stdout] warning: function `bridge_runtime_for_native_endpoint` is never used
[INFO] [stdout]     --> src/lib.rs:6261:4
[INFO] [stdout]      |
[INFO] [stdout] 6261 | fn bridge_runtime_for_native_endpoint() -> io::Result<Arc<dyn quinn::Runtime>> {
[INFO] [stdout]      |    ^^^^^^^^^^^^^^^^^^^^^^^^^^^^^^^^^^
[INFO] [stdout] 
[INFO] [stdout] 
[INFO] [stdout] warning: function `native_server_endpoint` is never used
[INFO] [stdout]     --> src/lib.rs:6268:4
[INFO] [stdout]      |
[INFO] [stdout] 6268 | fn native_server_endpoint(
[INFO] [stdout]      |    ^^^^^^^^^^^^^^^^^^^^^^
[INFO] [stdout] 
[INFO] [stdout] 
[INFO] [stdout] warning: function `native_client_endpoint` is never used
[INFO] [stdout]     --> src/lib.rs:6281:4
[INFO] [stdout]      |
[INFO] [stdout] 6281 | fn native_client_endpoint(bind_addr: SocketAddr) -> io::Result<quinn::Endpoint> {
[INFO] [stdout]      |    ^^^^^^^^^^^^^^^^^^^^^^
[INFO] [stdout] 
[INFO] [stdout] 
[INFO] [stderr]     Finished `release` profile [optimized] target(s) in 1m 56s
[INFO] running `Command { std: "docker" "inspect" "8971ce1a655ebcb4907fdb2c8519aedaff281823fe96669519578d8cc649f146", kill_on_drop: false }`
[INFO] running `Command { std: "docker" "exec" "-e" "SOURCE_DIR=/opt/rustwide/workdir" "-e" "CARGO_HOME=/opt/rustwide/cargo-home" "-e" "RUSTUP_HOME=/opt/rustwide/rustup-home" "-e" "CARGO_TARGET_DIR=/opt/rustwide/target" "-e" "CARGO_INCREMENTAL=0" "-e" "RUST_BACKTRACE=full" "-e" "RUSTFLAGS=--cap-lints=warn" "-e" "RUSTDOCFLAGS=--cap-lints=warn" "-w" "/opt/rustwide/workdir" "--user" "0:0" "8971ce1a655ebcb4907fdb2c8519aedaff281823fe96669519578d8cc649f146" "/opt/rustwide/cargo-home/bin/cargo" "+1.99.0-beta.8" "test" "--frozen" "--no-run" "--message-format=json" "--release", kill_on_drop: false }`
[INFO] [stderr]    Compiling libc v0.2.182
[INFO] [stderr]    Compiling fs_extra v1.3.0
[INFO] [stderr]    Compiling dunce v1.0.5
[INFO] [stderr]    Compiling aws-lc-rs v1.16.0
[INFO] [stderr]    Compiling rustls v0.23.37
[INFO] [stderr]    Compiling powerfmt v0.2.0
[INFO] [stderr]    Compiling time-core v0.1.8
[INFO] [stderr]    Compiling num-conv v0.2.0
[INFO] [stderr]    Compiling base64 v0.22.1
[INFO] [stderr]    Compiling deranged v0.5.8
[INFO] [stderr]    Compiling pem v3.0.6
[INFO] [stderr]    Compiling jobserver v0.1.34
[INFO] [stderr]    Compiling cc v1.2.56
[INFO] [stderr]    Compiling time v0.3.47
[INFO] [stderr]    Compiling cmake v0.1.57
[INFO] [stderr]    Compiling yasna v0.5.2
[INFO] [stderr]    Compiling ring v0.17.14
[INFO] [stderr]    Compiling aws-lc-sys v0.37.1
[INFO] [stderr]    Compiling rcgen v0.13.2
[INFO] [stderr]    Compiling rustls-webpki v0.103.9
[INFO] [stderr]    Compiling rustls-platform-verifier v0.6.2
[INFO] [stderr]    Compiling quinn-proto v0.11.13
[INFO] [stderr]    Compiling quinn v0.11.9
[INFO] [stderr]    Compiling spargio-quic v0.5.13 (/opt/rustwide/workdir)
[INFO] [stdout] warning: method `endpoint_mut` is never used
[INFO] [stdout]     --> src/lib.rs:5312:8
[INFO] [stdout]      |
[INFO] [stdout] 4806 | impl QuicEndpoint {
[INFO] [stdout]      | ----------------- method in this implementation
[INFO] [stdout] ...
[INFO] [stdout] 5312 |     fn endpoint_mut(&mut self) -> &mut quinn::Endpoint {
[INFO] [stdout]      |        ^^^^^^^^^^^^
[INFO] [stdout]      |
[INFO] [stdout]      = note: `#[warn(dead_code)]` (part of `#[warn(unused)]`) on by default
[INFO] [stdout] 
[INFO] [stdout] 
[INFO] [stdout] warning: struct `BridgeTokioRuntime` is never constructed
[INFO] [stdout]     --> src/lib.rs:6135:8
[INFO] [stdout]      |
[INFO] [stdout] 6135 | struct BridgeTokioRuntime {
[INFO] [stdout]      |        ^^^^^^^^^^^^^^^^^^
[INFO] [stdout] 
[INFO] [stdout] 
[INFO] [stdout] warning: struct `BridgeUdpSocket` is never constructed
[INFO] [stdout]     --> src/lib.rs:6173:8
[INFO] [stdout]      |
[INFO] [stdout] 6173 | struct BridgeUdpSocket {
[INFO] [stdout]      |        ^^^^^^^^^^^^^^^
[INFO] [stdout] 
[INFO] [stdout] 
[INFO] [stdout] warning: struct `BridgeUdpPoller` is never constructed
[INFO] [stdout]     --> src/lib.rs:6223:8
[INFO] [stdout]      |
[INFO] [stdout] 6223 | struct BridgeUdpPoller {
[INFO] [stdout]      |        ^^^^^^^^^^^^^^^
[INFO] [stdout] 
[INFO] [stdout] 
[INFO] [stdout] warning: function `bridge_runtime_for_native_endpoint` is never used
[INFO] [stdout]     --> src/lib.rs:6261:4
[INFO] [stdout]      |
[INFO] [stdout] 6261 | fn bridge_runtime_for_native_endpoint() -> io::Result<Arc<dyn quinn::Runtime>> {
[INFO] [stdout]      |    ^^^^^^^^^^^^^^^^^^^^^^^^^^^^^^^^^^
[INFO] [stdout] 
[INFO] [stdout] 
[INFO] [stdout] warning: function `native_server_endpoint` is never used
[INFO] [stdout]     --> src/lib.rs:6268:4
[INFO] [stdout]      |
[INFO] [stdout] 6268 | fn native_server_endpoint(
[INFO] [stdout]      |    ^^^^^^^^^^^^^^^^^^^^^^
[INFO] [stdout] 
[INFO] [stdout] 
[INFO] [stdout] warning: function `native_client_endpoint` is never used
[INFO] [stdout]     --> src/lib.rs:6281:4
[INFO] [stdout]      |
[INFO] [stdout] 6281 | fn native_client_endpoint(bind_addr: SocketAddr) -> io::Result<quinn::Endpoint> {
[INFO] [stdout]      |    ^^^^^^^^^^^^^^^^^^^^^^
[INFO] [stdout] 
[INFO] [stdout] 
[INFO] [stdout] warning: method `endpoint_mut` is never used
[INFO] [stdout]     --> src/lib.rs:5312:8
[INFO] [stdout]      |
[INFO] [stdout] 4806 | impl QuicEndpoint {
[INFO] [stdout]      | ----------------- method in this implementation
[INFO] [stdout] ...
[INFO] [stdout] 5312 |     fn endpoint_mut(&mut self) -> &mut quinn::Endpoint {
[INFO] [stdout]      |        ^^^^^^^^^^^^
[INFO] [stdout]      |
[INFO] [stdout]      = note: `#[warn(dead_code)]` (part of `#[warn(unused)]`) on by default
[INFO] [stdout] 
[INFO] [stdout] 
[INFO] [stdout] warning: struct `BridgeTokioRuntime` is never constructed
[INFO] [stdout]     --> src/lib.rs:6135:8
[INFO] [stdout]      |
[INFO] [stdout] 6135 | struct BridgeTokioRuntime {
[INFO] [stdout]      |        ^^^^^^^^^^^^^^^^^^
[INFO] [stdout] 
[INFO] [stdout] 
[INFO] [stdout] warning: struct `BridgeUdpSocket` is never constructed
[INFO] [stdout]     --> src/lib.rs:6173:8
[INFO] [stdout]      |
[INFO] [stdout] 6173 | struct BridgeUdpSocket {
[INFO] [stdout]      |        ^^^^^^^^^^^^^^^
[INFO] [stdout] 
[INFO] [stdout] 
[INFO] [stdout] warning: struct `BridgeUdpPoller` is never constructed
[INFO] [stdout]     --> src/lib.rs:6223:8
[INFO] [stdout]      |
[INFO] [stdout] 6223 | struct BridgeUdpPoller {
[INFO] [stdout]      |        ^^^^^^^^^^^^^^^
[INFO] [stdout] 
[INFO] [stdout] 
[INFO] [stdout] warning: function `bridge_runtime_for_native_endpoint` is never used
[INFO] [stdout]     --> src/lib.rs:6261:4
[INFO] [stdout]      |
[INFO] [stdout] 6261 | fn bridge_runtime_for_native_endpoint() -> io::Result<Arc<dyn quinn::Runtime>> {
[INFO] [stdout]      |    ^^^^^^^^^^^^^^^^^^^^^^^^^^^^^^^^^^
[INFO] [stdout] 
[INFO] [stdout] 
[INFO] [stdout] warning: function `native_server_endpoint` is never used
[INFO] [stdout]     --> src/lib.rs:6268:4
[INFO] [stdout]      |
[INFO] [stdout] 6268 | fn native_server_endpoint(
[INFO] [stdout]      |    ^^^^^^^^^^^^^^^^^^^^^^
[INFO] [stdout] 
[INFO] [stdout] 
[INFO] [stdout] warning: function `native_client_endpoint` is never used
[INFO] [stdout]     --> src/lib.rs:6281:4
[INFO] [stdout]      |
[INFO] [stdout] 6281 | fn native_client_endpoint(bind_addr: SocketAddr) -> io::Result<quinn::Endpoint> {
[INFO] [stdout]      |    ^^^^^^^^^^^^^^^^^^^^^^
[INFO] [stdout] 
[INFO] [stdout] 
[INFO] [stderr]     Finished `release` profile [optimized] target(s) in 3m 31s
[INFO] running `Command { std: "docker" "inspect" "8971ce1a655ebcb4907fdb2c8519aedaff281823fe96669519578d8cc649f146", kill_on_drop: false }`
[INFO] running `Command { std: "docker" "exec" "-e" "SOURCE_DIR=/opt/rustwide/workdir" "-e" "CARGO_HOME=/opt/rustwide/cargo-home" "-e" "RUSTUP_HOME=/opt/rustwide/rustup-home" "-e" "CARGO_TARGET_DIR=/opt/rustwide/target" "-e" "CARGO_INCREMENTAL=0" "-e" "RUST_BACKTRACE=full" "-e" "RUSTFLAGS=--cap-lints=warn" "-e" "RUSTDOCFLAGS=--cap-lints=warn" "-w" "/opt/rustwide/workdir" "--user" "0:0" "8971ce1a655ebcb4907fdb2c8519aedaff281823fe96669519578d8cc649f146" "/opt/rustwide/cargo-home/bin/cargo" "+1.99.0-beta.8" "test" "--frozen" "--release", kill_on_drop: false }`
[INFO] [stderr] warning: method `endpoint_mut` is never used
[INFO] [stderr]     --> src/lib.rs:5312:8
[INFO] [stderr]      |
[INFO] [stderr] 4806 | impl QuicEndpoint {
[INFO] [stderr]      | ----------------- method in this implementation
[INFO] [stderr] ...
[INFO] [stderr] 5312 |     fn endpoint_mut(&mut self) -> &mut quinn::Endpoint {
[INFO] [stderr]      |        ^^^^^^^^^^^^
[INFO] [stderr]      |
[INFO] [stderr]      = note: `#[warn(dead_code)]` (part of `#[warn(unused)]`) on by default
[INFO] [stderr] 
[INFO] [stderr] warning: struct `BridgeTokioRuntime` is never constructed
[INFO] [stderr]     --> src/lib.rs:6135:8
[INFO] [stderr]      |
[INFO] [stderr] 6135 | struct BridgeTokioRuntime {
[INFO] [stderr]      |        ^^^^^^^^^^^^^^^^^^
[INFO] [stderr] 
[INFO] [stderr] warning: struct `BridgeUdpSocket` is never constructed
[INFO] [stderr]     --> src/lib.rs:6173:8
[INFO] [stderr]      |
[INFO] [stderr] 6173 | struct BridgeUdpSocket {
[INFO] [stderr]      |        ^^^^^^^^^^^^^^^
[INFO] [stderr] 
[INFO] [stderr] warning: struct `BridgeUdpPoller` is never constructed
[INFO] [stderr]     --> src/lib.rs:6223:8
[INFO] [stderr]      |
[INFO] [stderr] 6223 | struct BridgeUdpPoller {
[INFO] [stderr]      |        ^^^^^^^^^^^^^^^
[INFO] [stderr] 
[INFO] [stderr] warning: function `bridge_runtime_for_native_endpoint` is never used
[INFO] [stderr]     --> src/lib.rs:6261:4
[INFO] [stderr]      |
[INFO] [stderr] 6261 | fn bridge_runtime_for_native_endpoint() -> io::Result<Arc<dyn quinn::Runtime>> {
[INFO] [stderr]      |    ^^^^^^^^^^^^^^^^^^^^^^^^^^^^^^^^^^
[INFO] [stderr] 
[INFO] [stderr] warning: function `native_server_endpoint` is never used
[INFO] [stderr]     --> src/lib.rs:6268:4
[INFO] [stderr]      |
[INFO] [stderr] 6268 | fn native_server_endpoint(
[INFO] [stderr]      |    ^^^^^^^^^^^^^^^^^^^^^^
[INFO] [stderr] 
[INFO] [stderr] warning: function `native_client_endpoint` is never used
[INFO] [stderr]     --> src/lib.rs:6281:4
[INFO] [stderr]      |
[INFO] [stderr] 6281 | fn native_client_endpoint(bind_addr: SocketAddr) -> io::Result<quinn::Endpoint> {
[INFO] [stderr]      |    ^^^^^^^^^^^^^^^^^^^^^^
[INFO] [stderr] 
[INFO] [stderr] warning: `spargio-quic` (lib) generated 7 warnings
[INFO] [stderr] warning: `spargio-quic` (lib test) generated 7 warnings (7 duplicates)
[INFO] [stderr]     Finished `release` profile [optimized] target(s) in 0.17s
[INFO] [stderr]      Running unittests src/lib.rs (/opt/rustwide/target/release/deps/spargio_quic-abb5f8f81def91bf)
[INFO] [stdout] 
[INFO] [stdout] running 2 tests
[INFO] [stdout] test native_retry_delay_tests::native_retry_delay_is_monotonic_and_capped ... ok
[INFO] [stdout] test native_retry_delay_tests::native_retry_delay_uses_expected_bands ... ok
[INFO] [stdout] 
[INFO] [stdout] test result: ok. 2 passed; 0 failed; 0 ignored; 0 measured; 0 filtered out; finished in 0.00s
[INFO] [stdout] 
[INFO] [stderr]      Running tests/interop_tdd.rs (/opt/rustwide/target/release/deps/interop_tdd-7b3e3fa3361fdb91)
[INFO] [stdout] 
[INFO] [stdout] running 2 tests
[INFO] [stdout] test interop_raw_quinn_client_to_spargio_server_bi_stream ... FAILED
[INFO] [stdout] test interop_spargio_client_to_raw_quinn_server_bi_stream ... FAILED
[INFO] [stdout] 
[INFO] [stdout] failures:
[INFO] [stdout] 
[INFO] [stdout] ---- interop_raw_quinn_client_to_spargio_server_bi_stream stdout ----
[INFO] [stdout] 
[INFO] [stdout] thread 'interop_raw_quinn_client_to_spargio_server_bi_stream' (3140) panicked at tests/interop_tdd.rs:81:6:
[INFO] [stdout] spargio server endpoint: Os { code: 1, kind: PermissionDenied, message: "Operation not permitted" }
[INFO] [stdout] stack backtrace:
[INFO] [stdout]    0:     0x5908ca84ddd1 - <<std[70759c8f55707aa4]::sys::backtrace::BacktraceLock>::print::DisplayBacktrace as core[df12db4294e9bfd3]::fmt::Display>::fmt
[INFO] [stdout]    1:     0x5908ca86482a - core[df12db4294e9bfd3]::fmt::write
[INFO] [stdout]    2:     0x5908ca85289c - <alloc[2182bb758b4b3781]::vec::Vec<u8> as core[df12db4294e9bfd3]::io::write::Write>::write_fmt
[INFO] [stdout]    3:     0x5908ca828e96 - std[70759c8f55707aa4]::panicking::default_hook::{closure#0}
[INFO] [stdout]    4:     0x5908ca845a89 - std[70759c8f55707aa4]::panicking::default_hook
[INFO] [stdout]    5:     0x5908ca5a4a60 - test[9d35eded1c95d3be]::test_main_inner::<test[9d35eded1c95d3be]::test_main_static::{closure#0}>::{closure#0}
[INFO] [stdout]    6:     0x5908ca845db2 - std[70759c8f55707aa4]::panicking::panic_with_hook
[INFO] [stdout]    7:     0x5908ca828f42 - std[70759c8f55707aa4]::panicking::panic_handler::{closure#0}
[INFO] [stdout]    8:     0x5908ca821c19 - std[70759c8f55707aa4]::sys::backtrace::__rust_end_short_backtrace::<std[70759c8f55707aa4]::panicking::panic_handler::{closure#0}, !>
[INFO] [stdout]    9:     0x5908ca829d2d - __rustc[8fa7c3cbc660c2b3]::rust_begin_unwind
[INFO] [stdout]   10:     0x5908ca864f8c - core[df12db4294e9bfd3]::panicking::panic_fmt
[INFO] [stdout]   11:     0x5908ca864d62 - core[df12db4294e9bfd3]::result::unwrap_failed
[INFO] [stdout]   12:     0x5908ca57ecee - <interop_tdd[b2ed794b1fd69d33]::interop_raw_quinn_client_to_spargio_server_bi_stream::{closure#0} as core[df12db4294e9bfd3]::ops::function::FnOnce<()>>::call_once
[INFO] [stdout]   13:     0x5908ca597d4b - test[9d35eded1c95d3be]::__rust_begin_short_backtrace::<core[df12db4294e9bfd3]::result::Result<(), alloc[2182bb758b4b3781]::string::String>, fn() -> core[df12db4294e9bfd3]::result::Result<(), alloc[2182bb758b4b3781]::string::String>>
[INFO] [stdout]   14:     0x5908ca5a53b5 - test[9d35eded1c95d3be]::run_test::{closure#0}
[INFO] [stdout]   15:     0x5908ca59ec74 - std[70759c8f55707aa4]::sys::backtrace::__rust_begin_short_backtrace::<test[9d35eded1c95d3be]::run_test::{closure#1}, ()>
[INFO] [stdout]   16:     0x5908ca5a8512 - <std[70759c8f55707aa4]::thread::lifecycle::spawn_unchecked<test[9d35eded1c95d3be]::run_test::{closure#1}, ()>::{closure#1} as core[df12db4294e9bfd3]::ops::function::FnOnce<()>>::call_once::{shim:vtable#0}
[INFO] [stdout]   17:     0x5908ca84d189 - <std[70759c8f55707aa4]::sys::thread::unix::Thread>::new::thread_start
[INFO] [stdout]   18:     0x7d2eb2b9adfa - <unknown>
[INFO] [stdout]   19:     0x7d2eb2c2e3d4 - clone
[INFO] [stdout]   20:                0x0 - <unknown>
[INFO] [stdout] 
[INFO] [stdout] ---- interop_spargio_client_to_raw_quinn_server_bi_stream stdout ----
[INFO] [stdout] 
[INFO] [stdout] thread 'interop_spargio_client_to_raw_quinn_server_bi_stream' (3141) panicked at tests/interop_tdd.rs:50:14:
[INFO] [stdout] spargio client endpoint: Os { code: 1, kind: PermissionDenied, message: "Operation not permitted" }
[INFO] [stdout] stack backtrace:
[INFO] [stdout]    0:     0x5908ca84ddd1 - <<std[70759c8f55707aa4]::sys::backtrace::BacktraceLock>::print::DisplayBacktrace as core[df12db4294e9bfd3]::fmt::Display>::fmt
[INFO] [stdout]    1:     0x5908ca86482a - core[df12db4294e9bfd3]::fmt::write
[INFO] [stdout]    2:     0x5908ca85289c - <alloc[2182bb758b4b3781]::vec::Vec<u8> as core[df12db4294e9bfd3]::io::write::Write>::write_fmt
[INFO] [stdout]    3:     0x5908ca828e96 - std[70759c8f55707aa4]::panicking::default_hook::{closure#0}
[INFO] [stdout]    4:     0x5908ca845a89 - std[70759c8f55707aa4]::panicking::default_hook
[INFO] [stdout]    5:     0x5908ca5a4a60 - test[9d35eded1c95d3be]::test_main_inner::<test[9d35eded1c95d3be]::test_main_static::{closure#0}>::{closure#0}
[INFO] [stdout]    6:     0x5908ca845db2 - std[70759c8f55707aa4]::panicking::panic_with_hook
[INFO] [stdout]    7:     0x5908ca828f42 - std[70759c8f55707aa4]::panicking::panic_handler::{closure#0}
[INFO] [stdout]    8:     0x5908ca821c19 - std[70759c8f55707aa4]::sys::backtrace::__rust_end_short_backtrace::<std[70759c8f55707aa4]::panicking::panic_handler::{closure#0}, !>
[INFO] [stdout]    9:     0x5908ca829d2d - __rustc[8fa7c3cbc660c2b3]::rust_begin_unwind
[INFO] [stdout]   10:     0x5908ca864f8c - core[df12db4294e9bfd3]::panicking::panic_fmt
[INFO] [stdout]   11:     0x5908ca864d62 - core[df12db4294e9bfd3]::result::unwrap_failed
[INFO] [stdout]   12:     0x5908ca57f2c6 - <interop_tdd[b2ed794b1fd69d33]::interop_spargio_client_to_raw_quinn_server_bi_stream::{closure#0} as core[df12db4294e9bfd3]::ops::function::FnOnce<()>>::call_once
[INFO] [stdout]   13:     0x5908ca597d4b - test[9d35eded1c95d3be]::__rust_begin_short_backtrace::<core[df12db4294e9bfd3]::result::Result<(), alloc[2182bb758b4b3781]::string::String>, fn() -> core[df12db4294e9bfd3]::result::Result<(), alloc[2182bb758b4b3781]::string::String>>
[INFO] [stdout]   14:     0x5908ca5a53b5 - test[9d35eded1c95d3be]::run_test::{closure#0}
[INFO] [stdout]   15:     0x5908ca59ec74 - std[70759c8f55707aa4]::sys::backtrace::__rust_begin_short_backtrace::<test[9d35eded1c95d3be]::run_test::{closure#1}, ()>
[INFO] [stdout]   16:     0x5908ca5a8512 - <std[70759c8f55707aa4]::thread::lifecycle::spawn_unchecked<test[9d35eded1c95d3be]::run_test::{closure#1}, ()>::{closure#1} as core[df12db4294e9bfd3]::ops::function::FnOnce<()>>::call_once::{shim:vtable#0}
[INFO] [stdout]   17:     0x5908ca84d189 - <std[70759c8f55707aa4]::sys::thread::unix::Thread>::new::thread_start
[INFO] [stdout]   18:     0x7d2eb2b9adfa - <unknown>
[INFO] [stdout]   19:     0x7d2eb2c2e3d4 - clone
[INFO] [stdout]   20:                0x0 - <unknown>
[INFO] [stdout] 
[INFO] [stdout] 
[INFO] [stdout] failures:
[INFO] [stdout]     interop_raw_quinn_client_to_spargio_server_bi_stream
[INFO] [stdout]     interop_spargio_client_to_raw_quinn_server_bi_stream
[INFO] [stdout] 
[INFO] [stdout] test result: FAILED. 0 passed; 2 failed; 0 ignored; 0 measured; 0 filtered out; finished in 0.01s
[INFO] [stdout] 
[INFO] [stderr] error: test failed, to rerun pass `--test interop_tdd`
[INFO] running `Command { std: "docker" "inspect" "8971ce1a655ebcb4907fdb2c8519aedaff281823fe96669519578d8cc649f146", kill_on_drop: false }`
[INFO] running `Command { std: "docker" "rm" "-f" "8971ce1a655ebcb4907fdb2c8519aedaff281823fe96669519578d8cc649f146", kill_on_drop: false }`
[INFO] [stdout] 8971ce1a655ebcb4907fdb2c8519aedaff281823fe96669519578d8cc649f146
