[INFO] fetching crate spargen 0.5.0...
[INFO] testing spargen-0.5.0 against 1.100.0-beta.1+cargoflags=--release for beta-release-1.100-2
[INFO] extracting crate spargen 0.5.0 into /workspace/builds/worker-5-tc2/source
[INFO] started tweaking crates.io crate spargen 0.5.0
[INFO] removed 0 missing tests
[INFO] finished tweaking crates.io crate spargen 0.5.0
[INFO] tweaked toml for crates.io crate spargen 0.5.0 written to /workspace/builds/worker-5-tc2/source/Cargo.toml
[INFO] validating manifest of crates.io crate spargen 0.5.0 on toolchain 1.100.0-beta.1
[INFO] running `Command { std: CARGO_HOME="/workspace/cargo-home" RUSTUP_HOME="/workspace/rustup-home" "/workspace/cargo-home/bin/cargo" "+1.100.0-beta.1" "metadata" "--manifest-path" "Cargo.toml" "--no-deps", kill_on_drop: false }`
[INFO] crate crates.io crate spargen 0.5.0 already has a lockfile, it will not be regenerated
[INFO] running `Command { std: CARGO_HOME="/workspace/cargo-home" RUSTUP_HOME="/workspace/rustup-home" "/workspace/cargo-home/bin/cargo" "+1.100.0-beta.1" "fetch" "--manifest-path" "Cargo.toml", kill_on_drop: false }`
[INFO] running `Command { std: "docker" "create" "-v" "/var/lib/crater-agent-workspace/builds/worker-5-tc2/source:/opt/rustwide/workdir:ro,Z" "-v" "/var/lib/crater-agent-workspace/builds/worker-5-tc2/target:/opt/rustwide/target:rw,Z" "-v" "/var/lib/crater-agent-workspace/cargo-home:/opt/rustwide/cargo-home:ro,Z" "-v" "/var/lib/crater-agent-workspace/rustup-home:/opt/rustwide/rustup-home:ro,Z" "-m" "1610612736" "--network" "none" "ghcr.io/rust-lang/crates-build-env/linux@sha256:77db811e55d90add9212f6832c23229e3de5f1c1f9905e8cb07319ea15df73ac" "sleep" "infinity", kill_on_drop: false }`
[INFO] [stdout] 2f4dc3db0d2e51f195a0db9347347994a5f443cd0375cc03eacbaec21a11be08
[INFO] running `Command { std: "docker" "start" "2f4dc3db0d2e51f195a0db9347347994a5f443cd0375cc03eacbaec21a11be08", kill_on_drop: false }`
[INFO] running `Command { std: "docker" "inspect" "2f4dc3db0d2e51f195a0db9347347994a5f443cd0375cc03eacbaec21a11be08", kill_on_drop: false }`
[INFO] running `Command { std: "docker" "exec" "-e" "SOURCE_DIR=/opt/rustwide/workdir" "-e" "CARGO_HOME=/opt/rustwide/cargo-home" "-e" "RUSTUP_HOME=/opt/rustwide/rustup-home" "-e" "CARGO_TARGET_DIR=/opt/rustwide/target" "-w" "/opt/rustwide/workdir" "--user" "0:0" "2f4dc3db0d2e51f195a0db9347347994a5f443cd0375cc03eacbaec21a11be08" "/opt/rustwide/cargo-home/bin/cargo" "+1.100.0-beta.1" "metadata" "--no-deps" "--format-version=1", kill_on_drop: false }`
[INFO] running `Command { std: "docker" "inspect" "2f4dc3db0d2e51f195a0db9347347994a5f443cd0375cc03eacbaec21a11be08", kill_on_drop: false }`
[INFO] running `Command { std: "docker" "exec" "-e" "SOURCE_DIR=/opt/rustwide/workdir" "-e" "CARGO_HOME=/opt/rustwide/cargo-home" "-e" "RUSTUP_HOME=/opt/rustwide/rustup-home" "-e" "CARGO_TARGET_DIR=/opt/rustwide/target" "-e" "CARGO_INCREMENTAL=0" "-e" "RUST_BACKTRACE=full" "-e" "RUSTFLAGS=--cap-lints=warn" "-e" "RUSTDOCFLAGS=--cap-lints=warn" "-w" "/opt/rustwide/workdir" "--user" "0:0" "2f4dc3db0d2e51f195a0db9347347994a5f443cd0375cc03eacbaec21a11be08" "/opt/rustwide/cargo-home/bin/cargo" "+1.100.0-beta.1" "build" "--frozen" "--message-format=json" "--release", kill_on_drop: false }`
[INFO] [stderr]    Compiling serde_core v1.0.229
[INFO] [stderr]    Compiling serde v1.0.229
[INFO] [stderr]    Compiling memchr v2.8.2
[INFO] [stderr]    Compiling zerocopy v0.8.54
[INFO] [stderr]    Compiling serde_json v1.0.151
[INFO] [stderr]    Compiling syn v2.0.118
[INFO] [stderr]    Compiling syn v3.0.3
[INFO] [stderr]    Compiling getrandom v0.3.4
[INFO] [stderr]    Compiling proc-macro2 v1.0.106
[INFO] [stderr]    Compiling unicode-ident v1.0.24
[INFO] [stderr]    Compiling parking_lot_core v0.9.12
[INFO] [stderr]    Compiling quote v1.0.46
[INFO] [stderr]    Compiling prettyplease v0.2.37
[INFO] [stderr]    Compiling hashbrown v0.16.1
[INFO] [stderr]    Compiling camino v1.2.4
[INFO] [stderr]    Compiling winnow v0.7.15
[INFO] [stderr]    Compiling jsonschema-regex v0.49.3
[INFO] [stderr]    Compiling arraydeque v0.5.1
[INFO] [stderr]    Compiling spargen v0.5.0 (/opt/rustwide/workdir)
[INFO] [stderr]    Compiling cfg-expr v0.20.9
[INFO] [stderr]    Compiling parking_lot v0.12.5
[INFO] [stderr]    Compiling semver v1.0.28
[INFO] [stderr]    Compiling hashlink v0.11.1
[INFO] [stderr]    Compiling aho-corasick v1.1.4
[INFO] [stderr]    Compiling yaml-rust2 v0.11.0
[INFO] [stderr]    Compiling serde_derive v1.0.229
[INFO] [stderr]    Compiling ref-cast-impl v1.0.26
[INFO] [stderr]    Compiling regex-automata v0.4.15
[INFO] [stderr]    Compiling ref-cast v1.0.26
[INFO] [stderr]    Compiling synstructure v0.13.2
[INFO] [stderr]    Compiling zerovec-derive v0.11.3
[INFO] [stderr]    Compiling displaydoc v0.2.6
[INFO] [stderr]    Compiling strum_macros v0.28.0
[INFO] [stderr]    Compiling zerofrom-derive v0.1.7
[INFO] [stderr]    Compiling yoke-derive v0.8.2
[INFO] [stderr]    Compiling zerofrom v0.1.8
[INFO] [stderr]    Compiling yoke v0.8.3
[INFO] [stderr]    Compiling zerotrie v0.2.4
[INFO] [stderr]    Compiling zerovec v0.11.6
[INFO] [stderr]    Compiling strum v0.28.0
[INFO] [stderr]    Compiling tinystr v0.8.3
[INFO] [stderr]    Compiling potential_utf v0.1.5
[INFO] [stderr]    Compiling icu_collections v2.2.0
[INFO] [stderr]    Compiling icu_locale_core v2.2.0
[INFO] [stderr]    Compiling fluent-uri v0.4.1
[INFO] [stderr]    Compiling serde_spanned v0.6.9
[INFO] [stderr]    Compiling toml_datetime v0.6.11
[INFO] [stderr]    Compiling email_address v0.2.9
[INFO] [stderr]    Compiling ahash v0.8.12
[INFO] [stderr]    Compiling icu_provider v2.2.0
[INFO] [stderr]    Compiling jsonschema-value v0.49.3
[INFO] [stderr]    Compiling toml_edit v0.22.27
[INFO] [stderr]    Compiling icu_properties v2.2.0
[INFO] [stderr]    Compiling icu_normalizer v2.2.0
[INFO] [stderr]    Compiling fancy-regex v0.18.0
[INFO] [stderr]    Compiling idna_adapter v1.2.2
[INFO] [stderr]    Compiling idna v1.1.0
[INFO] [stderr]    Compiling regex v1.13.0
[INFO] [stderr]    Compiling referencing v0.49.3
[INFO] [stderr]    Compiling toml v0.8.23
[INFO] [stderr]    Compiling jsonschema v0.49.3
[INFO] [stderr]     Finished `release` profile [optimized] target(s) in 2m 12s
[INFO] running `Command { std: "docker" "inspect" "2f4dc3db0d2e51f195a0db9347347994a5f443cd0375cc03eacbaec21a11be08", kill_on_drop: false }`
[INFO] running `Command { std: "docker" "exec" "-e" "SOURCE_DIR=/opt/rustwide/workdir" "-e" "CARGO_HOME=/opt/rustwide/cargo-home" "-e" "RUSTUP_HOME=/opt/rustwide/rustup-home" "-e" "CARGO_TARGET_DIR=/opt/rustwide/target" "-e" "CARGO_INCREMENTAL=0" "-e" "RUST_BACKTRACE=full" "-e" "RUSTFLAGS=--cap-lints=warn" "-e" "RUSTDOCFLAGS=--cap-lints=warn" "-w" "/opt/rustwide/workdir" "--user" "0:0" "2f4dc3db0d2e51f195a0db9347347994a5f443cd0375cc03eacbaec21a11be08" "/opt/rustwide/cargo-home/bin/cargo" "+1.100.0-beta.1" "test" "--frozen" "--no-run" "--message-format=json" "--release", kill_on_drop: false }`
[INFO] [stderr]    Compiling syn v2.0.118
[INFO] [stderr]    Compiling zerocopy v0.8.54
[INFO] [stderr]    Compiling bitflags v2.13.0
[INFO] [stderr]    Compiling bit-vec v0.8.0
[INFO] [stderr]    Compiling getrandom v0.4.3
[INFO] [stderr]    Compiling fastrand v2.4.1
[INFO] [stderr]    Compiling alloca v0.4.0
[INFO] [stderr]    Compiling ciborium-io v0.2.2
[INFO] [stderr]    Compiling clap_lex v1.1.0
[INFO] [stderr]    Compiling anstyle v1.0.14
[INFO] [stderr]    Compiling either v1.16.0
[INFO] [stderr]    Compiling wait-timeout v0.2.1
[INFO] [stderr]    Compiling quick-error v1.2.3
[INFO] [stderr]    Compiling rand v0.9.4
[INFO] [stderr]    Compiling rand_xorshift v0.4.0
[INFO] [stderr]    Compiling tinytemplate v1.2.1
[INFO] [stderr]    Compiling page_size v0.6.0
[INFO] [stderr]    Compiling rustix v1.1.4
[INFO] [stderr]    Compiling console v0.16.4
[INFO] [stderr]    Compiling clap_builder v4.6.0
[INFO] [stderr]    Compiling itertools v0.13.0
[INFO] [stderr]    Compiling anes v0.1.6
[INFO] [stderr]    Compiling similar v2.7.0
[INFO] [stderr]    Compiling unarray v0.1.4
[INFO] [stderr]    Compiling bit-set v0.8.0
[INFO] [stderr]    Compiling fancy-regex v0.18.0
[INFO] [stderr]    Compiling criterion-plot v0.8.2
[INFO] [stderr]    Compiling clap v4.6.1
[INFO] [stderr]    Compiling tempfile v3.27.0
[INFO] [stderr]    Compiling rusty-fork v0.3.1
[INFO] [stderr]    Compiling insta v1.48.0
[INFO] [stderr]    Compiling synstructure v0.13.2
[INFO] [stderr]    Compiling zerocopy-derive v0.8.54
[INFO] [stderr]    Compiling zerovec-derive v0.11.3
[INFO] [stderr]    Compiling displaydoc v0.2.6
[INFO] [stderr]    Compiling strum_macros v0.28.0
[INFO] [stderr]    Compiling zerofrom-derive v0.1.7
[INFO] [stderr]    Compiling yoke-derive v0.8.2
[INFO] [stderr]    Compiling zerofrom v0.1.8
[INFO] [stderr]    Compiling strum v0.28.0
[INFO] [stderr]    Compiling yoke v0.8.3
[INFO] [stderr]    Compiling zerovec v0.11.6
[INFO] [stderr]    Compiling zerotrie v0.2.4
[INFO] [stderr]    Compiling tinystr v0.8.3
[INFO] [stderr]    Compiling potential_utf v0.1.5
[INFO] [stderr]    Compiling icu_collections v2.2.0
[INFO] [stderr]    Compiling icu_locale_core v2.2.0
[INFO] [stderr]    Compiling icu_provider v2.2.0
[INFO] [stderr]    Compiling icu_normalizer v2.2.0
[INFO] [stderr]    Compiling icu_properties v2.2.0
[INFO] [stderr]    Compiling idna_adapter v1.2.2
[INFO] [stderr]    Compiling idna v1.1.0
[INFO] [stderr]    Compiling ahash v0.8.12
[INFO] [stderr]    Compiling half v2.7.1
[INFO] [stderr]    Compiling ppv-lite86 v0.2.21
[INFO] [stderr]    Compiling ciborium-ll v0.2.2
[INFO] [stderr]    Compiling jsonschema-value v0.49.3
[INFO] [stderr]    Compiling referencing v0.49.3
[INFO] [stderr]    Compiling rand_chacha v0.9.0
[INFO] [stderr]    Compiling ciborium v0.2.2
[INFO] [stderr]    Compiling proptest v1.11.0
[INFO] [stderr]    Compiling criterion v0.8.2
[INFO] [stderr]    Compiling jsonschema v0.49.3
[INFO] [stderr]    Compiling spargen v0.5.0 (/opt/rustwide/workdir)
[INFO] [stderr]     Finished `release` profile [optimized] target(s) in 2m 52s
[INFO] running `Command { std: "docker" "inspect" "2f4dc3db0d2e51f195a0db9347347994a5f443cd0375cc03eacbaec21a11be08", kill_on_drop: false }`
[INFO] running `Command { std: "docker" "exec" "-e" "SOURCE_DIR=/opt/rustwide/workdir" "-e" "CARGO_HOME=/opt/rustwide/cargo-home" "-e" "RUSTUP_HOME=/opt/rustwide/rustup-home" "-e" "CARGO_TARGET_DIR=/opt/rustwide/target" "-e" "CARGO_INCREMENTAL=0" "-e" "RUST_BACKTRACE=full" "-e" "RUSTFLAGS=--cap-lints=warn" "-e" "RUSTDOCFLAGS=--cap-lints=warn" "-w" "/opt/rustwide/workdir" "--user" "0:0" "2f4dc3db0d2e51f195a0db9347347994a5f443cd0375cc03eacbaec21a11be08" "/opt/rustwide/cargo-home/bin/cargo" "+1.100.0-beta.1" "test" "--frozen" "--release", kill_on_drop: false }`
[INFO] [stderr]     Finished `release` profile [optimized] target(s) in 0.34s
[INFO] [stderr]      Running unittests src/lib.rs (/opt/rustwide/target/release/build/spargen/2de6be8bdc57495f/out/spargen-2de6be8bdc57495f)
[INFO] [stdout] 
[INFO] [stdout] running 179 tests
[INFO] [stdout] test compat::tests::carve_rules_map_pointers_to_enclosing_constructs ... ok
[INFO] [stdout] test compat::tests::glob_matcher_semantics ... ok
[INFO] [stdout] test compat::tests::glob_operation_rule_removes_matching_operations_only ... ok
[INFO] [stdout] test cache::tests::fingerprint_covers_transitive_files_lock_and_config ... ok
[INFO] [stdout] test compat::tests::an_exact_rule_matching_nothing_is_e019_and_says_it_was_exact ... ok
[INFO] [stdout] test cache::tests::two_omit_rule_sets_that_differ_are_not_one_fingerprint ... ok
[INFO] [stdout] test compat::tests::escaped_metacharacters_are_literal_and_cannot_run_off_the_pattern ... ok
[INFO] [stdout] test cache::tests::every_spec_field_moves_the_input_fingerprint ... ok
[INFO] [stdout] test compat::tests::glob_component_rule_removes_multiple_components ... ok
[INFO] [stdout] test compat::tests::glob_rule_matching_nothing_is_e019 ... ok
[INFO] [stdout] test compat::tests::glob_path_rule_removes_multiple_paths ... ok
[INFO] [stdout] test compat::tests::carve_rules_are_deduped_sorted_and_error_only ... ok
[INFO] [stdout] test codegen::emit::tests::a_boxed_single_error_body_emits_the_unboxed_newtype ... ok
[INFO] [stdout] test compat::tests::exact_rule_is_unchanged_by_glob_support ... ok
[INFO] [stdout] test cache::tests::output_fingerprints_detect_missing_stale_and_edited_modules ... ok
[INFO] [stdout] test compat::tests::the_fingerprint_distinguishes_profiles_and_repeats_for_the_same_one ... ok
[INFO] [stdout] test compat::tests::the_fingerprint_is_hexadecimal ... ok
[INFO] [stdout] test compat::tests::omit_macro_expands_to_typed_rules ... ok
[INFO] [stdout] test config::tests::every_knob_round_trips_through_the_config_file ... ok
[INFO] [stdout] test config::tests::config_file_omits_are_appended_not_replaced ... ok
[INFO] [stdout] test config::tests::setters_after_the_config_file_win ... ok
[INFO] [stdout] test config::tests::toml_omit_entries_map_by_field_presence ... ok
[INFO] [stdout] test config::tests::the_removed_features_table_gets_a_targeted_error ... ok
[INFO] [stdout] test compat::tests::the_fingerprint_follows_rule_order ... ok
[INFO] [stdout] test diag::code::tests::all_codes_round_trip_from_stable_strings ... ok
[INFO] [stdout] test config::tests::ambiguous_or_empty_omit_entry_errors ... ok
[INFO] [stdout] test config::tests::defaults_are_pinned ... ok
[INFO] [stdout] test config::tests::unknown_keys_are_rejected ... ok
[INFO] [stdout] test diag::collect::tests::interpretation_does_not_distinguish_diagnostics ... ok
[INFO] [stdout] test diag::collect::tests::identical_diagnostics_are_retained_once ... ok
[INFO] [stdout] test diag::code::tests::all_lists_every_declared_variant ... ok
[INFO] [stdout] test diag::code::tests::every_code_is_asserted_by_the_suite_that_owns_it ... ok
[INFO] [stdout] test emit::tests::an_empty_codegen_result_is_a_layout_error_not_an_empty_file ... ok
[INFO] [stdout] test emit::tests::the_plan_emits_exactly_one_file ... ok
[INFO] [stdout] test diag::code::tests::every_code_has_title_and_explain_text ... ok
[INFO] [stdout] test diag::code::tests::the_published_index_lists_exactly_the_declared_codes ... ok
[INFO] [stdout] test emit::tests::the_plan_stamps_provenance_ahead_of_the_generated_module ... ok
[INFO] [stdout] test diag::collect::tests::every_identity_field_distinguishes_diagnostics ... ok
[INFO] [stdout] test emit::tests::the_plan_is_deterministic_for_the_same_inputs ... ok
[INFO] [stdout] test diag::collect::tests::duplicate_at_capacity_does_not_report_truncation ... ok
[INFO] [stdout] test emit::tests::an_io_error_keeps_its_cause_in_the_chain ... ok
[INFO] [stdout] test emit::tests::the_header_is_comments_only_and_include_safe ... ok
[INFO] [stdout] test diag::code::tests::the_support_documents_cite_the_codes_that_exist_where_they_belong ... ok
[INFO] [stdout] test ir::invariant::tests::a_dangling_octet_stream_request_body_type_is_reported_once_as_a_missing_type ... ok
[INFO] [stdout] test ir::invariant::tests::a_non_octet_request_body_over_a_string_is_not_an_octet_violation ... ok
[INFO] [stdout] test ir::invariant::tests::a_resolvable_response_header_type_is_accepted ... ok
[INFO] [stdout] test ir::invariant::tests::a_surviving_reservation_is_caught ... ok
[INFO] [stdout] test ir::invariant::tests::an_untyped_octet_stream_request_body_is_left_to_the_frontend ... ok
[INFO] [stdout] test ir::media::tests::different_rust_types_share_nothing ... ok
[INFO] [stdout] test ir::media::tests::error_enum_sorts_exact_before_range_before_default ... ok
[INFO] [stdout] test ir::media::tests::distinct_definitions_generating_one_rust_type_share_it ... ok
[INFO] [stdout] test ir::media::tests::nullability_distinguishes_otherwise_identical_types ... ok
[INFO] [stdout] test ir::media::tests::single_bodied_success_with_bodyless_sibling_stays_plain ... ok
[INFO] [stdout] test ir::media::tests::the_single_and_uninhabited_shapes_always_implement_it ... ok
[INFO] [stdout] test name::casing::tests::conversions_case_each_word ... ok
[INFO] [stdout] test name::casing::tests::segmentation_splits_on_separators_and_camel_boundaries ... ok
[INFO] [stdout] test name::ident::tests::a_raw_identifier_tokenizes_as_one_raw_ident ... ok
[INFO] [stdout] test name::ident::tests::identifiers_compare_and_hash_by_their_text ... ok
[INFO] [stdout] test ir::media::tests::per_status_nullability_and_bodyless_statuses_do_not_split_the_body ... ok
[INFO] [stdout] test ir::invariant::tests::a_dangling_response_header_type_is_caught ... ok
[INFO] [stdout] test name::keyword::tests::a_known_keyword_is_never_left_bare ... ok
[INFO] [stdout] test ir::media::tests::success_enum_sorts_exact_before_range_and_keeps_bodyless_unit ... ok
[INFO] [stdout] test name::ident::tests::an_identifier_renders_as_itself_in_text_and_in_tokens ... ok
[INFO] [stdout] test name::casing::tests::conversions_fall_back_when_nothing_survives_segmentation ... ok
[INFO] [stdout] test name::keyword::tests::a_type_never_takes_the_raw_escape_path ... ok
[INFO] [stdout] test name::keyword::tests::an_empty_or_wholly_unusable_hint_falls_back_per_role ... ok
[INFO] [stdout] test ir::media::tests::bodies_referencing_one_definition_share_it ... ok
[INFO] [stdout] test ir::invariant::tests::an_octet_stream_request_body_over_a_non_byte_type_is_caught ... ok
[INFO] [stdout] test ir::invariant::tests::an_octet_stream_request_body_over_bytes_is_accepted ... ok
[INFO] [stdout] test name::keyword::tests::every_keyword_escapes_to_a_legal_identifier_in_every_role ... ok
[INFO] [stdout] test name::keyword::tests::gen_is_escaped_although_edition_2021_would_accept_it ... ok
[INFO] [stdout] test name::casing::tests::conversions_are_deterministic ... ok
[INFO] [stdout] test name::keyword::tests::the_table_holds_every_keyword_it_started_with ... ok
[INFO] [stdout] test name::scope::tests::a_collision_is_disambiguated_from_the_pointer_not_from_arrival_order ... ok
[INFO] [stdout] test name::keyword::tests::escapes_field_keywords_with_raw_identifier ... ok
[INFO] [stdout] test name::keyword::tests::the_keyword_table_has_no_duplicates ... ok
[INFO] [stdout] test name::keyword::tests::escape_always_yields_a_legal_identifier ... ok
[INFO] [stdout] test name::keyword::tests::escape_is_deterministic ... ok
[INFO] [stdout] test name::keyword::tests::roles_sharing_a_casing_produce_the_same_identifier ... ok
[INFO] [stdout] test name::scope::tests::a_repeated_pointer_still_terminates_with_a_distinct_identifier ... ok
[INFO] [stdout] test name::casing::tests::conversions_emit_only_ascii_alphanumerics_and_underscores ... ok
[INFO] [stdout] test name::scope::tests::allocation_yields_to_reserved_identifier ... ok
[INFO] [stdout] test name::synth::tests::the_documented_example_holds ... ok
[INFO] [stdout] test name::synth::tests::two_operations_that_differ_only_in_a_parameter_name_get_different_ids ... ok
[INFO] [stdout] test runtime_contract::tests::a_below_floor_tokio_in_one_of_two_counting_tables_names_that_table ... ok
[INFO] [stdout] test oas31::deserialize::tests::both_vendored_schemas_spell_the_response_key_identically ... ok
[INFO] [stdout] test name::synth::tests::a_root_path_still_yields_a_usable_id ... ok
[INFO] [stdout] test name::synth::tests::every_method_contributes_its_own_prefix ... ok
[INFO] [stdout] test name::synth::tests::synthesis_is_deterministic_and_empty_segments_do_not_leak_separators ... ok
[INFO] [stdout] test name::keyword::tests::repairs_digits_and_special_keywords ... ok
[INFO] [stdout] test runtime_contract::tests::a_member_default_features_true_turns_on_defaults_the_root_turned_off ... ok
[INFO] [stdout] test runtime_contract::tests::a_consumer_manifest_that_cannot_be_read_or_parsed_is_named_as_the_consumer_manifest ... ok
[INFO] [stdout] test runtime_contract::tests::a_broken_manifest_below_the_real_root_does_not_stop_the_walk ... ok
[INFO] [stdout] test runtime_contract::tests::a_relative_manifest_path_still_resolves_the_workspace_root ... ok
[INFO] [stdout] test runtime_contract::tests::a_package_workspace_naming_a_directory_without_a_manifest_is_a_workspace_read_failure ... ok
[INFO] [stdout] test runtime_contract::tests::a_package_key_in_the_workspace_root_is_rejected_whatever_it_names ... ok
[INFO] [stdout] test runtime_contract::tests::a_renamed_tokio_in_a_target_table_follows_the_untargeted_rename_rule ... ok
[INFO] [stdout] test runtime_contract::tests::a_corrupt_ancestor_is_reported_as_the_workspace_manifest_although_none_was_found ... ok
[INFO] [stdout] test runtime_contract::tests::a_member_default_features_false_cannot_turn_off_defaults_the_root_leaves_on ... ok
[INFO] [stdout] test runtime_contract::tests::a_member_default_features_false_keeps_the_defaults_the_root_turned_off ... ok
[INFO] [stdout] test runtime_contract::tests::a_self_declared_workspace_wins_over_package_workspace ... ok
[INFO] [stdout] test runtime_contract::tests::a_root_package_inherits_its_own_workspace_dependencies ... ok
[INFO] [stdout] test runtime_contract::tests::a_root_declaring_optional_does_not_make_an_inherited_crate_optional ... ok
[INFO] [stdout] test runtime_contract::tests::a_table_that_misses_the_build_target_names_it ... ok
[INFO] [stdout] test oas31::deserialize::tests::the_grammar_agrees_with_the_vendored_metaschema_pattern ... ok
[INFO] [stdout] test runtime_contract::tests::a_target_triple_spargen_does_not_know_is_named_as_unknown ... ok
[INFO] [stdout] test runtime_contract::tests::a_wasm32_build_needs_no_tokio_but_keeps_the_wiring_check ... ok
[INFO] [stdout] test runtime_contract::tests::a_tokio_table_that_applies_on_wasm_is_not_native_only ... ok
[INFO] [stdout] test runtime_contract::tests::a_workspace_root_that_cannot_be_read_is_not_reported_as_missing ... ok
[INFO] [stdout] test runtime_contract::tests::a_requirement_that_admits_a_version_below_the_floor_is_rejected ... ok
[INFO] [stdout] test runtime_contract::tests::an_identity_package_key_in_the_workspace_root_is_rejected_although_cargo_accepts_it ... ok
[INFO] [stdout] test runtime_contract::tests::a_build_target_selects_the_tables_cargo_would_apply ... ok
[INFO] [stdout] test runtime_contract::tests::a_workspace_root_that_failed_to_parse_explains_itself_once ... ok
[INFO] [stdout] test runtime_contract::tests::a_self_rooted_manifest_reached_by_a_relative_path_is_recorded_once ... ok
[INFO] [stdout] test runtime_contract::tests::a_self_rooted_manifest_names_an_absolute_path_when_an_entry_is_missing ... ok
[INFO] [stdout] test runtime_contract::tests::an_inherited_member_cannot_make_an_unconditional_crate_optional ... ok
[INFO] [stdout] test runtime_contract::tests::an_unresolvable_inheritance_says_where_the_lookup_went ... ok
[INFO] [stdout] test runtime_contract::tests::an_unparseable_ancestor_manifest_is_not_an_error_on_its_own ... ok
[INFO] [stdout] test runtime_contract::tests::an_inherited_optional_dependency_in_a_target_table_resolves ... ok
[INFO] [stdout] test runtime_contract::tests::build_flag_predicates_have_no_value_on_a_builtin_target ... ok
[INFO] [stdout] test runtime_contract::tests::build_flags_and_target_names_are_read_from_cargo ... ok
[INFO] [stdout] test runtime_contract::tests::a_silent_member_keeps_the_defaults_the_root_turned_off ... ok
[INFO] [stdout] test runtime_contract::tests::every_target_predicate_reads_the_variable_cargo_sets ... ok
[INFO] [stdout] test runtime_contract::tests::exact_floors_and_higher_compatible_caret_requirements_are_supported ... ok
[INFO] [stdout] test runtime_contract::tests::package_workspace_is_consulted_before_the_ancestor_walk ... ok
[INFO] [stdout] test runtime_contract::tests::contract_rules_still_apply_under_an_alternative_spelling ... ok
[INFO] [stdout] test runtime_contract::tests::package_workspace_names_the_workspace_root_directory ... ok
[INFO] [stdout] test runtime_contract::tests::reqwest_defaults_and_blocking_wiring_are_part_of_the_contract ... ok
[INFO] [stdout] test runtime_contract::tests::equivalent_native_cfg_spellings_satisfy_the_blocking_requirement ... ok
[INFO] [stdout] test runtime_contract::tests::the_e023_explain_text_states_the_inheritance_rules_this_module_enforces ... ok
[INFO] [stdout] test runtime_contract::tests::the_nearest_corrupt_ancestor_is_reported_although_no_workspace_root_was_found ... ok
[INFO] [stdout] test runtime_contract::tests::the_printed_tokio_table_is_the_generated_blocking_gate ... ok
[INFO] [stdout] test runtime_contract::tests::the_time_requirement_never_asks_for_serde ... ok
[INFO] [stdout] test runtime_contract::tests::conditional_dependencies_and_features_are_required_only_when_used ... ok
[INFO] [stdout] test runtime_contract::tests::workspace_inheritance_uses_the_workspace_version_and_features ... ok
[INFO] [stdout] test runtime_contract::tests::predicates_that_never_select_target_tables_are_explained_on_both_paths ... ok
[INFO] [stdout] test runtime_contract::tests::the_nearest_workspace_root_wins_when_two_are_on_the_walk ... ok
[INFO] [stdout] test runtime_contract::tests::the_printed_dependency_block_passes_the_audit_it_describes ... ok
[INFO] [stdout] test runtime_contract::tests::the_walk_climbs_past_an_ancestor_that_parses_and_declares_no_workspace ... ok
[INFO] [stdout] test runtime_contract::tests::tokio_optional_in_one_counting_table_and_not_the_other_is_reported_on_that_table ... ok
[INFO] [stdout] test runtime_contract::tests::without_a_build_target_tables_must_jointly_cover_every_native_target ... ok
[INFO] [stdout] test runtime_contract::tests::unevaluable_or_unparseable_target_keys_explain_themselves ... ok
[INFO] [stdout] test runtime_contract::tests::workspace_inherited_tokio_under_an_alternative_spelling_resolves ... ok
[INFO] [stdout] test runtime_contract::tests::the_manifests_reported_in_issue_71_pass_as_written ... ok
[INFO] [stdout] test source::parse::tests::json_nested_node_span_is_precise ... ok
[INFO] [stdout] test source::lock::tests::rejects_missing_version ... ok
[INFO] [stdout] test source::parse::tests::json_rejects_duplicate_object_key_at_the_second_occurrence ... ok
[INFO] [stdout] test source::parse::tests::json_number_classification_matches_serde ... ok
[INFO] [stdout] test source::lock::tests::rejects_traversal_and_absolute_vendor_paths ... ok
[INFO] [stdout] test source::parse::tests::json_malformed_error_span_points_at_error_line ... ok
[INFO] [stdout] test source::lock::tests::rejects_unknown_version ... ok
[INFO] [stdout] test source::parse::tests::json_rejects_malformed_numbers_like_serde ... ok
[INFO] [stdout] test source::parse::tests::json_still_accepts_valid_numbers ... ok
[INFO] [stdout] test source::parse::tests::yaml_nested_node_span_is_precise ... ok
[INFO] [stdout] test surface::tests::every_impact_serializes_as_its_lowercase_label ... ok
[INFO] [stdout] test surface::tests::every_kind_has_a_distinct_kebab_case_code ... ok
[INFO] [stdout] test source::sha256::tests::multi_block_input ... ok
[INFO] [stdout] test source::parse::tests::yaml_rejects_duplicate_mapping_key ... ok
[INFO] [stdout] test source::remote::tests::classifies_refs_by_origin ... ok
[INFO] [stdout] test source::sha256::tests::the_pinned_corpus_files_still_hash_to_their_manifest_sha256 ... ok
[INFO] [stdout] test surface::tests::every_kind_has_a_fixture_in_the_diff_suite ... ok
[INFO] [stdout] test tests::cargo_integration_policy_covers_each_environment ... ok
[INFO] [stdout] test surface::tests::every_kind_serializes_as_its_code ... ok
[INFO] [stdout] test surface::tests::only_the_six_additive_kinds_are_minor ... ok
[INFO] [stdout] test surface::tests::the_kind_list_covers_the_whole_enum ... ok
[INFO] [stdout] test tests::cargo_directives_carry_each_diagnostics_own_severity ... ok
[INFO] [stdout] test tests::into_result_agrees_with_succeeded_and_preserves_the_report ... ok
[INFO] [stdout] test source::parse::tests::yaml_multibyte_column_counts_scalar_values ... ok
[INFO] [stdout] test source::parse::tests::yaml_alias_is_expanded_like_yamlloader ... ok
[INFO] [stdout] test source::sha256::tests::nist_vectors ... ok
[INFO] [stdout] test tests::only_a_generated_outcome_reports_that_output_was_written ... ok
[INFO] [stdout] test source::parse::tests::json_string_escapes_and_surrogate_pairs ... ok
[INFO] [stdout] test source::remote::tests::resolves_ref_urls ... ok
[INFO] [stdout] test cache::tests::a_cache_hit_replays_the_diagnostics_of_the_run_that_seeded_it ... ok
[INFO] [stdout] test name::scope::tests::allocated_identifiers_are_always_legal ... ok
[INFO] [stdout] test cache::tests::an_unchanged_rebuild_is_a_cache_hit_that_rewrites_nothing ... ok
[INFO] [stdout] test name::scope::tests::allocations_are_injective ... ok
[INFO] [stdout] test name::scope::tests::allocation_sequences_are_deterministic ... ok
[INFO] [stdout] test cache::tests::generation_seeds_cache_and_repairs_missing_or_edited_output ... ok
[INFO] [stdout] 
[INFO] [stdout] test result: ok. 179 passed; 0 failed; 0 ignored; 0 measured; 0 filtered out; finished in 0.44s
[INFO] [stdout] 
[INFO] [stderr]      Running tests/carve.rs (/opt/rustwide/target/release/build/spargen/0ecc64fa76cde25e/out/carve-0ecc64fa76cde25e)
[INFO] [stdout] 
[INFO] [stdout] running 21 tests
[INFO] [stdout] test every_omit_spelling_reaches_the_same_rule ... ok
[INFO] [stdout] test check_command_supports_carve ... FAILED
[INFO] [stdout] test e019_an_omit_rule_that_matches_nothing_fails_the_run ... ok
[INFO] [stdout] test omit_rules_reach_the_component_maps_the_frontend_models ... ok
[INFO] [stdout] test omitting_the_last_root_collection_is_still_rejected ... ok
[INFO] [stdout] test without_carve_a_rejecting_spec_fails ... ok
[INFO] [stdout] test carve_reaches_a_fixpoint_and_terminates_with_a_component_cascade ... ok
[INFO] [stdout] test exact_omit_path_still_removes_exactly_one ... ok
[INFO] [stdout] test carve_targets_a_query_operation_without_taking_its_path ... ok
[INFO] [stdout] test carve_generates_the_rest_and_reports_the_carved_operation ... ok
[INFO] [stdout] test carve_removes_a_recursive_ref_whose_siblings_bear_a_shape ... ok
[INFO] [stdout] test an_omit_profile_does_not_invent_a_paths_requirement ... ok
[INFO] [stdout] test an_escaped_metacharacter_is_an_exact_rule_and_an_unescaped_one_is_a_glob ... ok
[INFO] [stdout] test carve_of_a_path_containing_a_metacharacter_does_not_take_its_siblings ... ok
[INFO] [stdout] test glob_omit_path_removes_all_matching_operations ... ok
[INFO] [stdout] test carve_removes_a_union_whose_sole_member_cannot_be_intersected ... ok
[INFO] [stdout] test carve_output_is_deterministic ... ok
[INFO] [stdout] test carve_targets_an_additional_operation_without_taking_its_path ... ok
[INFO] [stdout] test a_dangling_ref_in_an_unreferenced_component_rejects_and_omitting_it_recovers ... ok
[INFO] [stdout] test carve_removes_a_ref_whose_siblings_cannot_be_intersected ... ok
[INFO] [stdout] test carve_is_a_noop_on_a_spec_with_no_rejections ... ok
[INFO] [stdout] 
[INFO] [stdout] failures:
[INFO] [stdout] 
[INFO] [stdout] ---- check_command_supports_carve stdout ----
[INFO] [stdout] 
[INFO] [stdout] thread 'check_command_supports_carve' (3376) panicked at tests/carve.rs:21:10:
[INFO] [stdout] called `Result::unwrap()` on an `Err` value: Os { code: 2, kind: NotFound, message: "No such file or directory" }
[INFO] [stdout] stack backtrace:
[INFO] [stdout]    0:     0x5a9a36aa4f41 - <<std[617be2ca0a6fd877]::sys::backtrace::BacktraceLock>::print::DisplayBacktrace as core[a373ad73a504971]::fmt::Display>::fmt
[INFO] [stdout]    1:     0x5a9a36abd70a - core[a373ad73a504971]::fmt::write
[INFO] [stdout]    2:     0x5a9a36aa976c - <alloc[2e1b2a31b91974c5]::vec::Vec<u8> as core[a373ad73a504971]::io::write::Write>::write_fmt
[INFO] [stdout]    3:     0x5a9a36a7e9c6 - std[617be2ca0a6fd877]::panicking::default_hook::{closure#0}
[INFO] [stdout]    4:     0x5a9a36a9be09 - std[617be2ca0a6fd877]::panicking::default_hook
[INFO] [stdout]    5:     0x5a9a364a6d00 - test[aada8e7e76ba119b]::test_main_inner::{closure#0}
[INFO] [stdout]    6:     0x5a9a36a9c132 - std[617be2ca0a6fd877]::panicking::panic_with_hook
[INFO] [stdout]    7:     0x5a9a36a7ea72 - std[617be2ca0a6fd877]::panicking::panic_handler::{closure#0}
[INFO] [stdout]    8:     0x5a9a36a77449 - std[617be2ca0a6fd877]::sys::backtrace::__rust_end_short_backtrace::<std[617be2ca0a6fd877]::panicking::panic_handler::{closure#0}, !>
[INFO] [stdout]    9:     0x5a9a36a7f76d - __rustc[ea4f61d10b84890b]::rust_begin_unwind
[INFO] [stdout]   10:     0x5a9a36abdeec - core[a373ad73a504971]::panicking::panic_fmt
[INFO] [stdout]   11:     0x5a9a36abdcc2 - core[a373ad73a504971]::result::unwrap_failed
[INFO] [stdout]   12:     0x5a9a3648dfbb - <carve[184e08a4ee4a89b9]::check_command_supports_carve::{closure#0} as core[a373ad73a504971]::ops::function::FnOnce<()>>::call_once
[INFO] [stdout]   13:     0x5a9a3649a14b - test[aada8e7e76ba119b]::__rust_begin_short_backtrace::<core[a373ad73a504971]::result::Result<(), alloc[2e1b2a31b91974c5]::string::String>, fn() -> core[a373ad73a504971]::result::Result<(), alloc[2e1b2a31b91974c5]::string::String>>
[INFO] [stdout]   14:     0x5a9a364a7325 - test[aada8e7e76ba119b]::run_test::{closure#0}
[INFO] [stdout]   15:     0x5a9a364a0c14 - std[617be2ca0a6fd877]::sys::backtrace::__rust_begin_short_backtrace::<test[aada8e7e76ba119b]::run_test::{closure#1}, ()>
[INFO] [stdout]   16:     0x5a9a364aa3b2 - <std[617be2ca0a6fd877]::thread::lifecycle::spawn_unchecked<test[aada8e7e76ba119b]::run_test::{closure#1}, ()>::{closure#1} as core[a373ad73a504971]::ops::function::FnOnce<()>>::call_once::{shim:vtable#0}
[INFO] [stdout]   17:     0x5a9a36aa3f3f - <std[617be2ca0a6fd877]::sys::thread::unix::Thread>::new::thread_start
[INFO] [stdout]   18:     0x777aaf86cdfa - <unknown>
[INFO] [stdout]   19:     0x777aaf9003d4 - clone
[INFO] [stdout]   20:                0x0 - <unknown>
[INFO] [stdout] 
[INFO] [stdout] 
[INFO] [stdout] failures:
[INFO] [stdout]     check_command_supports_carve
[INFO] [stdout] 
[INFO] [stdout] test result: FAILED. 20 passed; 1 failed; 0 ignored; 0 measured; 0 filtered out; finished in 0.77s
[INFO] [stdout] 
[INFO] [stderr] error: test failed, to rerun pass `--test carve`
[INFO] running `Command { std: "docker" "inspect" "2f4dc3db0d2e51f195a0db9347347994a5f443cd0375cc03eacbaec21a11be08", kill_on_drop: false }`
[INFO] running `Command { std: "docker" "rm" "-f" "2f4dc3db0d2e51f195a0db9347347994a5f443cd0375cc03eacbaec21a11be08", kill_on_drop: false }`
[INFO] [stdout] 2f4dc3db0d2e51f195a0db9347347994a5f443cd0375cc03eacbaec21a11be08
