[INFO] fetching crate spaces-archiver 0.3.0...
[INFO] testing spaces-archiver-0.3.0 against 1.99.0-beta.8+cargoflags=--release for beta-release-1.100-2
[INFO] extracting crate spaces-archiver 0.3.0 into /workspace/builds/worker-5-tc1/source
[INFO] started tweaking crates.io crate spaces-archiver 0.3.0
[INFO] finished tweaking crates.io crate spaces-archiver 0.3.0
[INFO] tweaked toml for crates.io crate spaces-archiver 0.3.0 written to /workspace/builds/worker-5-tc1/source/Cargo.toml
[INFO] validating manifest of crates.io crate spaces-archiver 0.3.0 on toolchain 1.99.0-beta.8
[INFO] running `Command { std: CARGO_HOME="/workspace/cargo-home" RUSTUP_HOME="/workspace/rustup-home" "/workspace/cargo-home/bin/cargo" "+1.99.0-beta.8" "metadata" "--manifest-path" "Cargo.toml" "--no-deps", kill_on_drop: false }`
[INFO] crate crates.io crate spaces-archiver 0.3.0 already has a lockfile, it will not be regenerated
[INFO] running `Command { std: CARGO_HOME="/workspace/cargo-home" RUSTUP_HOME="/workspace/rustup-home" "/workspace/cargo-home/bin/cargo" "+1.99.0-beta.8" "fetch" "--manifest-path" "Cargo.toml", kill_on_drop: false }`
[INFO] [stderr]     Updating crates.io index
[INFO] [stderr]      Locking 1 package to highest compatible version
[INFO] [stderr]       Adding spaces-printer v0.3.6
[INFO] [stderr]  Downloading crates ...
[INFO] [stderr]   Downloaded zstd v0.13.3
[INFO] [stderr]   Downloaded zstd-safe v7.2.4
[INFO] [stderr]   Downloaded wasm-bindgen-macro v0.2.105
[INFO] [stderr]   Downloaded wasm-bindgen-shared v0.2.105
[INFO] [stderr]   Downloaded scoped-tls v1.0.1
[INFO] [stderr]   Downloaded is_ci v1.2.0
[INFO] [stderr]   Downloaded is-terminal v0.4.17
[INFO] [stderr]   Downloaded hermit-abi v0.5.2
[INFO] [stderr]   Downloaded generator v0.7.5
[INFO] [stderr]   Downloaded crc v3.3.0
[INFO] [stderr]   Downloaded displaydoc v0.2.5
[INFO] [stderr]   Downloaded tracing-attributes v0.1.30
[INFO] [stderr]   Downloaded filetime_creation v0.2.0
[INFO] [stderr]   Downloaded simd-adler32 v0.3.7
[INFO] [stderr]   Downloaded libredox v0.1.10
[INFO] [stderr]   Downloaded cc v1.2.45
[INFO] [stderr]   Downloaded js-sys v0.3.82
[INFO] [stderr]   Downloaded filetime v0.2.26
[INFO] [stderr]   Downloaded anyhow v1.0.100
[INFO] [stderr]   Downloaded glob-match v0.2.1
[INFO] [stderr]   Downloaded zip v2.4.2
[INFO] [stderr]   Downloaded time-macros v0.2.24
[INFO] [stderr]   Downloaded deranged v0.5.5
[INFO] [stderr]   Downloaded crc-catalog v2.4.0
[INFO] [stderr]   Downloaded deflate64 v0.1.10
[INFO] [stderr]   Downloaded constant_time_eq v0.3.1
[INFO] [stderr]   Downloaded windows-targets v0.53.5
[INFO] [stderr]   Downloaded terminal_size v0.4.3
[INFO] [stderr]   Downloaded supports-color v3.0.2
[INFO] [stderr]   Downloaded supports-color v2.1.0
[INFO] [stderr]   Downloaded indicatif v0.18.2
[INFO] [stderr]   Downloaded unit-prefix v0.5.1
[INFO] [stderr]   Downloaded sha256 v1.6.0
[INFO] [stderr]   Downloaded nt-time v0.8.1
[INFO] [stderr]   Downloaded lzma-rust v0.1.7
[INFO] [stderr]   Downloaded bit-set v0.6.0
[INFO] [stderr]   Downloaded bit-vec v0.7.0
[INFO] [stderr]   Downloaded anyhow-source-location v0.2.1
[INFO] [stderr]   Downloaded quote v1.0.42
[INFO] [stderr]   Downloaded find-msvc-tools v0.1.4
[INFO] [stderr]   Downloaded zopfli v0.8.3
[INFO] [stderr]   Downloaded zeroize v1.8.2
[INFO] [stderr]   Downloaded xz2 v0.1.7
[INFO] [stderr]   Downloaded thiserror v2.0.17
[INFO] [stderr]   Downloaded thiserror-impl v2.0.17
[INFO] [stderr]   Downloaded lzma-rs v0.3.0
[INFO] [stderr]   Downloaded derive_arbitrary v1.4.2
[INFO] [stderr]   Downloaded spaces-printer v0.3.6
[INFO] [stderr]   Downloaded thread_local v1.1.9
[INFO] [stderr]   Downloaded serde_yaml v0.9.34+deprecated
[INFO] [stderr]   Downloaded console v0.16.1
[INFO] [stderr]   Downloaded async-trait v0.1.89
[INFO] [stderr]   Downloaded bzip2 v0.5.2
[INFO] [stderr]   Downloaded arbitrary v1.4.2
[INFO] [stderr]   Downloaded state v0.6.0
[INFO] [stderr]   Downloaded wasm-bindgen v0.2.105
[INFO] [stderr]   Downloaded unicode-ident v1.0.22
[INFO] [stderr]   Downloaded wasm-bindgen-macro-support v0.2.105
[INFO] [stderr]   Downloaded wasip2 v1.0.1+wasi-0.2.4
[INFO] [stderr]   Downloaded typenum v1.19.0
[INFO] [stderr]   Downloaded indexmap v2.12.0
[INFO] [stderr]   Downloaded tar v0.4.44
[INFO] [stderr]   Downloaded bitflags v2.10.0
[INFO] [stderr]   Downloaded loom v0.5.6
[INFO] [stderr]   Downloaded owo-colors v4.2.3
[INFO] [stderr]   Downloaded proc-macro2 v1.0.103
[INFO] [stderr]   Downloaded wit-bindgen v0.46.0
[INFO] [stderr]   Downloaded memchr v2.7.6
[INFO] [stderr]   Downloaded flate2 v1.1.5
[INFO] [stderr]   Downloaded time v0.3.44
[INFO] [stderr]   Downloaded hashbrown v0.16.0
[INFO] [stderr]   Downloaded tracing-subscriber v0.3.20
[INFO] [stderr]   Downloaded portable-atomic v1.11.1
[INFO] [stderr]   Downloaded chrono v0.4.42
[INFO] [stderr]   Downloaded regex-syntax v0.8.8
[INFO] [stderr]   Downloaded syn v2.0.109
[INFO] [stderr]   Downloaded rustix v1.1.2
[INFO] [stderr]   Downloaded sevenz-rust v0.6.1
[INFO] [stderr]   Downloaded regex-automata v0.4.13
[INFO] [stderr]   Downloaded zstd-sys v2.0.16+zstd.1.5.7
[INFO] [stderr]   Downloaded windows_x86_64_gnullvm v0.53.1
[INFO] [stderr]   Downloaded libc v0.2.177
[INFO] [stderr]   Downloaded tokio v1.48.0
[INFO] [stderr]   Downloaded lzma-sys v0.1.20
[INFO] [stderr]   Downloaded windows_aarch64_gnullvm v0.53.1
[INFO] [stderr]   Downloaded windows_aarch64_msvc v0.53.1
[INFO] [stderr]   Downloaded windows_i686_gnullvm v0.53.1
[INFO] [stderr]   Downloaded windows_x86_64_msvc v0.53.1
[INFO] [stderr]   Downloaded windows_x86_64_gnu v0.53.1
[INFO] [stderr]   Downloaded windows_i686_gnu v0.53.1
[INFO] [stderr]   Downloaded windows_i686_msvc v0.53.1
[INFO] [stderr]   Downloaded windows-sys v0.60.2
[INFO] [stderr]   Downloaded linux-raw-sys v0.11.0
[INFO] running `Command { std: "docker" "create" "-v" "/var/lib/crater-agent-workspace/builds/worker-5-tc1/source:/opt/rustwide/workdir:ro,Z" "-v" "/var/lib/crater-agent-workspace/builds/worker-5-tc1/target:/opt/rustwide/target:rw,Z" "-v" "/var/lib/crater-agent-workspace/cargo-home:/opt/rustwide/cargo-home:ro,Z" "-v" "/var/lib/crater-agent-workspace/rustup-home:/opt/rustwide/rustup-home:ro,Z" "-m" "1610612736" "--network" "none" "ghcr.io/rust-lang/crates-build-env/linux@sha256:77db811e55d90add9212f6832c23229e3de5f1c1f9905e8cb07319ea15df73ac" "sleep" "infinity", kill_on_drop: false }`
[INFO] [stdout] f89e17a8e7c0f4ae3390db1505c2f57f0734821ada5cad9c85266102359c3253
[INFO] running `Command { std: "docker" "start" "f89e17a8e7c0f4ae3390db1505c2f57f0734821ada5cad9c85266102359c3253", kill_on_drop: false }`
[INFO] running `Command { std: "docker" "inspect" "f89e17a8e7c0f4ae3390db1505c2f57f0734821ada5cad9c85266102359c3253", kill_on_drop: false }`
[INFO] running `Command { std: "docker" "exec" "-e" "SOURCE_DIR=/opt/rustwide/workdir" "-e" "CARGO_HOME=/opt/rustwide/cargo-home" "-e" "RUSTUP_HOME=/opt/rustwide/rustup-home" "-e" "CARGO_TARGET_DIR=/opt/rustwide/target" "-w" "/opt/rustwide/workdir" "--user" "0:0" "f89e17a8e7c0f4ae3390db1505c2f57f0734821ada5cad9c85266102359c3253" "/opt/rustwide/cargo-home/bin/cargo" "+1.99.0-beta.8" "metadata" "--no-deps" "--format-version=1", kill_on_drop: false }`
[INFO] running `Command { std: "docker" "inspect" "f89e17a8e7c0f4ae3390db1505c2f57f0734821ada5cad9c85266102359c3253", kill_on_drop: false }`
[INFO] running `Command { std: "docker" "exec" "-e" "SOURCE_DIR=/opt/rustwide/workdir" "-e" "CARGO_HOME=/opt/rustwide/cargo-home" "-e" "RUSTUP_HOME=/opt/rustwide/rustup-home" "-e" "CARGO_TARGET_DIR=/opt/rustwide/target" "-e" "CARGO_INCREMENTAL=0" "-e" "RUST_BACKTRACE=full" "-e" "RUSTFLAGS=--cap-lints=warn" "-e" "RUSTDOCFLAGS=--cap-lints=warn" "-w" "/opt/rustwide/workdir" "--user" "0:0" "f89e17a8e7c0f4ae3390db1505c2f57f0734821ada5cad9c85266102359c3253" "/opt/rustwide/cargo-home/bin/cargo" "+1.99.0-beta.8" "build" "--frozen" "--message-format=json" "--release", kill_on_drop: false }`
[INFO] [stderr]    Compiling libc v0.2.177
[INFO] [stderr]    Compiling proc-macro2 v1.0.103
[INFO] [stderr]    Compiling shlex v1.3.0
[INFO] [stderr]    Compiling unicode-ident v1.0.22
[INFO] [stderr]    Compiling find-msvc-tools v0.1.4
[INFO] [stderr]    Compiling quote v1.0.42
[INFO] [stderr]    Compiling version_check v0.9.5
[INFO] [stderr]    Compiling pkg-config v0.3.32
[INFO] [stderr]    Compiling typenum v1.19.0
[INFO] [stderr]    Compiling subtle v2.6.1
[INFO] [stderr]    Compiling cpufeatures v0.2.17
[INFO] [stderr]    Compiling serde_core v1.0.228
[INFO] [stderr]    Compiling rustix v1.1.2
[INFO] [stderr]    Compiling linux-raw-sys v0.11.0
[INFO] [stderr]    Compiling time-core v0.1.6
[INFO] [stderr]    Compiling crc32fast v1.5.0
[INFO] [stderr]    Compiling bitflags v2.10.0
[INFO] [stderr]    Compiling rustversion v1.0.22
[INFO] [stderr]    Compiling num-conv v0.1.0
[INFO] [stderr]    Compiling deranged v0.5.5
[INFO] [stderr]    Compiling byteorder v1.5.0
[INFO] [stderr]    Compiling hashbrown v0.16.0
[INFO] [stderr]    Compiling is_ci v1.2.0
[INFO] [stderr]    Compiling simd-adler32 v0.3.7
[INFO] [stderr]    Compiling time-macros v0.2.24
[INFO] [stderr]    Compiling serde v1.0.228
[INFO] [stderr]    Compiling anyhow v1.0.100
[INFO] [stderr]    Compiling generic-array v0.14.9
[INFO] [stderr]    Compiling crc-catalog v2.4.0
[INFO] [stderr]    Compiling zstd-safe v7.2.4
[INFO] [stderr]    Compiling portable-atomic v1.11.1
[INFO] [stderr]    Compiling crc v3.3.0
[INFO] [stderr]    Compiling getrandom v0.3.4
[INFO] [stderr]    Compiling adler2 v2.0.1
[INFO] [stderr]    Compiling once_cell v1.21.3
[INFO] [stderr]    Compiling ryu v1.0.20
[INFO] [stderr]    Compiling memchr v2.7.6
[INFO] [stderr]    Compiling unicode-width v0.2.2
[INFO] [stderr]    Compiling itoa v1.0.15
[INFO] [stderr]    Compiling owo-colors v4.2.3
[INFO] [stderr]    Compiling serde_json v1.0.145
[INFO] [stderr]    Compiling thiserror v2.0.17
[INFO] [stderr]    Compiling miniz_oxide v0.8.9
[INFO] [stderr]    Compiling supports-color v3.0.2
[INFO] [stderr]    Compiling bit-vec v0.7.0
[INFO] [stderr]    Compiling syn v2.0.109
[INFO] [stderr]    Compiling log v0.4.28
[INFO] [stderr]    Compiling bumpalo v3.19.0
[INFO] [stderr]    Compiling bytes v1.10.1
[INFO] [stderr]    Compiling jobserver v0.1.34
[INFO] [stderr]    Compiling indexmap v2.12.0
[INFO] [stderr]    Compiling pin-project-lite v0.2.16
[INFO] [stderr]    Compiling unsafe-libyaml v0.2.11
[INFO] [stderr]    Compiling cc v1.2.45
[INFO] [stderr]    Compiling is-terminal v0.4.17
[INFO] [stderr]    Compiling filetime v0.2.26
[INFO] [stderr]    Compiling supports-color v2.1.0
[INFO] [stderr]    Compiling console v0.16.1
[INFO] [stderr]    Compiling zip v2.4.2
[INFO] [stderr]    Compiling unit-prefix v0.5.1
[INFO] [stderr]    Compiling flate2 v1.1.5
[INFO] [stderr]    Compiling zopfli v0.8.3
[INFO] [stderr]    Compiling time v0.3.44
[INFO] [stderr]    Compiling indicatif v0.18.2
[INFO] [stderr]    Compiling tokio v1.48.0
[INFO] [stderr]    Compiling crypto-common v0.1.6
[INFO] [stderr]    Compiling block-buffer v0.10.4
[INFO] [stderr]    Compiling inout v0.1.4
[INFO] [stderr]    Compiling filetime_creation v0.2.0
[INFO] [stderr]    Compiling digest v0.10.7
[INFO] [stderr]    Compiling cipher v0.4.4
[INFO] [stderr]    Compiling bit-set v0.6.0
[INFO] [stderr]    Compiling aes v0.8.4
[INFO] [stderr]    Compiling lzma-rs v0.3.0
[INFO] [stderr]    Compiling nt-time v0.8.1
[INFO] [stderr]    Compiling hmac v0.12.1
[INFO] [stderr]    Compiling sha2 v0.10.9
[INFO] [stderr]    Compiling sha1 v0.10.6
[INFO] [stderr]    Compiling pbkdf2 v0.12.2
[INFO] [stderr]    Compiling lzma-rust v0.1.7
[INFO] [stderr]    Compiling same-file v1.0.6
[INFO] [stderr]    Compiling deflate64 v0.1.10
[INFO] [stderr]    Compiling zstd-sys v2.0.16+zstd.1.5.7
[INFO] [stderr]    Compiling bzip2-sys v0.1.13+1.0.8
[INFO] [stderr]    Compiling lzma-sys v0.1.20
[INFO] [stderr]    Compiling bzip2 v0.5.2
[INFO] [stderr]    Compiling terminal_size v0.4.3
[INFO] [stderr]    Compiling xattr v1.6.1
[INFO] [stderr]    Compiling hex v0.4.3
[INFO] [stderr]    Compiling xz2 v0.1.7
[INFO] [stderr]    Compiling state v0.6.0
[INFO] [stderr]    Compiling constant_time_eq v0.3.1
[INFO] [stderr]    Compiling tar v0.4.44
[INFO] [stderr]    Compiling bzip2 v0.4.4
[INFO] [stderr]    Compiling walkdir v2.5.0
[INFO] [stderr]    Compiling anyhow-source-location v0.2.1
[INFO] [stderr]    Compiling glob-match v0.2.1
[INFO] [stderr]    Compiling sevenz-rust v0.6.1
[INFO] [stderr]    Compiling serde_derive v1.0.228
[INFO] [stderr]    Compiling strum_macros v0.26.4
[INFO] [stderr]    Compiling thiserror-impl v2.0.17
[INFO] [stderr]    Compiling zeroize_derive v1.4.2
[INFO] [stderr]    Compiling async-trait v0.1.89
[INFO] [stderr]    Compiling displaydoc v0.2.5
[INFO] [stderr]    Compiling zeroize v1.8.2
[INFO] [stderr]    Compiling sha256 v1.6.0
[INFO] [stderr]    Compiling strum v0.26.3
[INFO] [stderr]    Compiling serde_yaml v0.9.34+deprecated
[INFO] [stderr]    Compiling spaces-printer v0.3.6
[INFO] [stderr]    Compiling zstd v0.13.3
[INFO] [stderr]    Compiling spaces-archiver v0.3.0 (/opt/rustwide/workdir)
[INFO] [stderr]     Finished `release` profile [optimized] target(s) in 1m 32s
[INFO] running `Command { std: "docker" "inspect" "f89e17a8e7c0f4ae3390db1505c2f57f0734821ada5cad9c85266102359c3253", kill_on_drop: false }`
[INFO] running `Command { std: "docker" "exec" "-e" "SOURCE_DIR=/opt/rustwide/workdir" "-e" "CARGO_HOME=/opt/rustwide/cargo-home" "-e" "RUSTUP_HOME=/opt/rustwide/rustup-home" "-e" "CARGO_TARGET_DIR=/opt/rustwide/target" "-e" "CARGO_INCREMENTAL=0" "-e" "RUST_BACKTRACE=full" "-e" "RUSTFLAGS=--cap-lints=warn" "-e" "RUSTDOCFLAGS=--cap-lints=warn" "-w" "/opt/rustwide/workdir" "--user" "0:0" "f89e17a8e7c0f4ae3390db1505c2f57f0734821ada5cad9c85266102359c3253" "/opt/rustwide/cargo-home/bin/cargo" "+1.99.0-beta.8" "test" "--frozen" "--no-run" "--message-format=json" "--release", kill_on_drop: false }`
[INFO] [stderr]    Compiling spaces-archiver v0.3.0 (/opt/rustwide/workdir)
[INFO] [stderr]     Finished `release` profile [optimized] target(s) in 8.85s
[INFO] running `Command { std: "docker" "inspect" "f89e17a8e7c0f4ae3390db1505c2f57f0734821ada5cad9c85266102359c3253", kill_on_drop: false }`
[INFO] running `Command { std: "docker" "exec" "-e" "SOURCE_DIR=/opt/rustwide/workdir" "-e" "CARGO_HOME=/opt/rustwide/cargo-home" "-e" "RUSTUP_HOME=/opt/rustwide/rustup-home" "-e" "CARGO_TARGET_DIR=/opt/rustwide/target" "-e" "CARGO_INCREMENTAL=0" "-e" "RUST_BACKTRACE=full" "-e" "RUSTFLAGS=--cap-lints=warn" "-e" "RUSTDOCFLAGS=--cap-lints=warn" "-w" "/opt/rustwide/workdir" "--user" "0:0" "f89e17a8e7c0f4ae3390db1505c2f57f0734821ada5cad9c85266102359c3253" "/opt/rustwide/cargo-home/bin/cargo" "+1.99.0-beta.8" "test" "--frozen" "--release", kill_on_drop: false }`
[INFO] [stderr]     Finished `release` profile [optimized] target(s) in 0.16s
[INFO] [stderr]      Running unittests src/lib.rs (/opt/rustwide/target/release/deps/spaces_archiver-1060df86d5f86cd9)
[INFO] [stdout] 
[INFO] [stdout] running 2 tests
[INFO] [stdout] test tests::test_file_list ... ok
[INFO] [stdout] test tests::compress_test ... FAILED
[INFO] [stdout] 
[INFO] [stdout] failures:
[INFO] [stdout] 
[INFO] [stderr] error: test failed, to rerun pass `--lib`
[INFO] [stdout] ---- tests::compress_test stdout ----
[INFO] [stdout] 
[INFO] [stdout] thread 'tests::compress_test' (2398) panicked at src/lib.rs:161:46:
[INFO] [stdout] called `Result::unwrap()` on an `Err` value: Os { code: 30, kind: ReadOnlyFilesystem, message: "Read-only file system" }
[INFO] [stdout] stack backtrace:
[INFO] [stdout]    0:     0x61de0a06d151 - <<std[70759c8f55707aa4]::sys::backtrace::BacktraceLock>::print::DisplayBacktrace as core[df12db4294e9bfd3]::fmt::Display>::fmt
[INFO] [stdout]    1:     0x61de0a083aaa - core[df12db4294e9bfd3]::fmt::write
[INFO] [stdout]    2:     0x61de0a07233c - <alloc[2182bb758b4b3781]::vec::Vec<u8> as core[df12db4294e9bfd3]::io::write::Write>::write_fmt
[INFO] [stdout]    3:     0x61de0a046216 - std[70759c8f55707aa4]::panicking::default_hook::{closure#0}
[INFO] [stdout]    4:     0x61de0a064349 - std[70759c8f55707aa4]::panicking::default_hook
[INFO] [stdout]    5:     0x61de09ffc1c0 - test[9d35eded1c95d3be]::test_main_inner::<test[9d35eded1c95d3be]::test_main_static::{closure#0}>::{closure#0}
[INFO] [stdout]    6:     0x61de0a064502 - std[70759c8f55707aa4]::panicking::panic_with_hook
[INFO] [stdout]    7:     0x61de0a0462c2 - std[70759c8f55707aa4]::panicking::panic_handler::{closure#0}
[INFO] [stdout]    8:     0x61de0a03e619 - std[70759c8f55707aa4]::sys::backtrace::__rust_end_short_backtrace::<std[70759c8f55707aa4]::panicking::panic_handler::{closure#0}, !>
[INFO] [stdout]    9:     0x61de0a0472ed - __rustc[8fa7c3cbc660c2b3]::rust_begin_unwind
[INFO] [stdout]   10:     0x61de0a0841dc - core[df12db4294e9bfd3]::panicking::panic_fmt
[INFO] [stdout]   11:     0x61de0a083fb2 - core[df12db4294e9bfd3]::result::unwrap_failed
[INFO] [stdout]   12:     0x61de09ea78b4 - spaces_archiver[879df85920ac822a]::tests::compress_test
[INFO] [stdout]   13:     0x61de09e918f9 - <spaces_archiver[879df85920ac822a]::tests::compress_test::{closure#0} as core[df12db4294e9bfd3]::ops::function::FnOnce<()>>::call_once
[INFO] [stdout]   14:     0x61de09fef4ab - test[9d35eded1c95d3be]::__rust_begin_short_backtrace::<core[df12db4294e9bfd3]::result::Result<(), alloc[2182bb758b4b3781]::string::String>, fn() -> core[df12db4294e9bfd3]::result::Result<(), alloc[2182bb758b4b3781]::string::String>>
[INFO] [stdout]   15:     0x61de09ffcb15 - test[9d35eded1c95d3be]::run_test::{closure#0}
[INFO] [stdout]   16:     0x61de09ff63d4 - std[70759c8f55707aa4]::sys::backtrace::__rust_begin_short_backtrace::<test[9d35eded1c95d3be]::run_test::{closure#1}, ()>
[INFO] [stdout]   17:     0x61de09fffc72 - <std[70759c8f55707aa4]::thread::lifecycle::spawn_unchecked<test[9d35eded1c95d3be]::run_test::{closure#1}, ()>::{closure#1} as core[df12db4294e9bfd3]::ops::function::FnOnce<()>>::call_once::{shim:vtable#0}
[INFO] [stdout]   18:     0x61de0a06c179 - <std[70759c8f55707aa4]::sys::thread::unix::Thread>::new::thread_start
[INFO] [stdout]   19:     0x7978e8f5fdfa - <unknown>
[INFO] [stdout]   20:     0x7978e8ff33d4 - clone
[INFO] [stdout]   21:                0x0 - <unknown>
[INFO] [stdout] 
[INFO] [stdout] 
[INFO] [stdout] failures:
[INFO] [stdout]     tests::compress_test
[INFO] [stdout] 
[INFO] [stdout] test result: FAILED. 1 passed; 1 failed; 0 ignored; 0 measured; 0 filtered out; finished in 0.00s
[INFO] [stdout] 
[INFO] running `Command { std: "docker" "inspect" "f89e17a8e7c0f4ae3390db1505c2f57f0734821ada5cad9c85266102359c3253", kill_on_drop: false }`
[INFO] running `Command { std: "docker" "rm" "-f" "f89e17a8e7c0f4ae3390db1505c2f57f0734821ada5cad9c85266102359c3253", kill_on_drop: false }`
[INFO] [stdout] f89e17a8e7c0f4ae3390db1505c2f57f0734821ada5cad9c85266102359c3253
