[INFO] fetching crate spacemod 0.1.5...
[INFO] testing spacemod-0.1.5 against 1.99.0-beta.8+cargoflags=--release for beta-release-1.100-2
[INFO] extracting crate spacemod 0.1.5 into /workspace/builds/worker-3-tc1/source
[INFO] started tweaking crates.io crate spacemod 0.1.5
[INFO] removed 0 missing tests
[INFO] finished tweaking crates.io crate spacemod 0.1.5
[INFO] tweaked toml for crates.io crate spacemod 0.1.5 written to /workspace/builds/worker-3-tc1/source/Cargo.toml
[INFO] validating manifest of crates.io crate spacemod 0.1.5 on toolchain 1.99.0-beta.8
[INFO] running `Command { std: CARGO_HOME="/workspace/cargo-home" RUSTUP_HOME="/workspace/rustup-home" "/workspace/cargo-home/bin/cargo" "+1.99.0-beta.8" "metadata" "--manifest-path" "Cargo.toml" "--no-deps", kill_on_drop: false }`
[INFO] crate crates.io crate spacemod 0.1.5 already has a lockfile, it will not be regenerated
[INFO] running `Command { std: CARGO_HOME="/workspace/cargo-home" RUSTUP_HOME="/workspace/rustup-home" "/workspace/cargo-home/bin/cargo" "+1.99.0-beta.8" "fetch" "--manifest-path" "Cargo.toml", kill_on_drop: false }`
[INFO] [stderr]  Downloading crates ...
[INFO] [stderr]   Downloaded thiserror v1.0.22
[INFO] [stderr]   Downloaded unicode-ident v1.0.9
[INFO] [stderr]   Downloaded thiserror-impl v1.0.22
[INFO] [stderr]   Downloaded proc-macro2 v1.0.63
[INFO] [stderr]   Downloaded quote v1.0.28
[INFO] [stderr]   Downloaded serde v1.0.164
[INFO] [stderr]   Downloaded errno v0.3.1
[INFO] [stderr]   Downloaded insta-cmd v0.3.0
[INFO] [stderr]   Downloaded windows-targets v0.48.0
[INFO] [stderr]   Downloaded clap_derive v3.2.25
[INFO] [stderr]   Downloaded constant_time_eq v0.2.6
[INFO] [stderr]   Downloaded anyhow v1.0.34
[INFO] [stderr]   Downloaded console v0.13.0
[INFO] [stderr]   Downloaded terminal_size v0.1.15
[INFO] [stderr]   Downloaded typenum v1.16.0
[INFO] [stderr]   Downloaded serde_derive v1.0.164
[INFO] [stderr]   Downloaded console v0.15.5
[INFO] [stderr]   Downloaded ignore v0.4.16
[INFO] [stderr]   Downloaded globset v0.4.6
[INFO] [stderr]   Downloaded once_cell v1.18.0
[INFO] [stderr]   Downloaded os_str_bytes v6.5.1
[INFO] [stderr]   Downloaded tempfile v3.6.0
[INFO] [stderr]   Downloaded crossbeam-channel v0.5.8
[INFO] [stderr]   Downloaded similar v2.2.1
[INFO] [stderr]   Downloaded rayon-core v1.11.0
[INFO] [stderr]   Downloaded itertools v0.10.0
[INFO] [stderr]   Downloaded rayon v1.7.0
[INFO] [stderr]   Downloaded serde_json v1.0.99
[INFO] [stderr]   Downloaded blake3 v1.4.0
[INFO] [stderr]   Downloaded syn v2.0.22
[INFO] [stderr]   Downloaded rustix v0.37.13
[INFO] [stderr]   Downloaded windows_x86_64_gnullvm v0.48.0
[INFO] [stderr]   Downloaded windows_aarch64_gnullvm v0.48.0
[INFO] [stderr]   Downloaded insta v1.30.0
[INFO] [stderr]   Downloaded windows_aarch64_msvc v0.48.0
[INFO] [stderr]   Downloaded windows_x86_64_msvc v0.48.0
[INFO] [stderr]   Downloaded windows_x86_64_gnu v0.48.0
[INFO] [stderr]   Downloaded libc v0.2.146
[INFO] [stderr]   Downloaded windows_i686_msvc v0.48.0
[INFO] [stderr]   Downloaded windows_i686_gnu v0.48.0
[INFO] running `Command { std: "docker" "create" "-v" "/var/lib/crater-agent-workspace/builds/worker-3-tc1/source:/opt/rustwide/workdir:ro,Z" "-v" "/var/lib/crater-agent-workspace/builds/worker-3-tc1/target:/opt/rustwide/target:rw,Z" "-v" "/var/lib/crater-agent-workspace/cargo-home:/opt/rustwide/cargo-home:ro,Z" "-v" "/var/lib/crater-agent-workspace/rustup-home:/opt/rustwide/rustup-home:ro,Z" "-m" "1610612736" "--network" "none" "ghcr.io/rust-lang/crates-build-env/linux@sha256:77db811e55d90add9212f6832c23229e3de5f1c1f9905e8cb07319ea15df73ac" "sleep" "infinity", kill_on_drop: false }`
[INFO] [stdout] 75d2750d8156c9e0b336dda8eec0d3fb4145a852d021d1a3414a48e9975db661
[INFO] running `Command { std: "docker" "start" "75d2750d8156c9e0b336dda8eec0d3fb4145a852d021d1a3414a48e9975db661", kill_on_drop: false }`
[INFO] running `Command { std: "docker" "inspect" "75d2750d8156c9e0b336dda8eec0d3fb4145a852d021d1a3414a48e9975db661", kill_on_drop: false }`
[INFO] running `Command { std: "docker" "exec" "-e" "SOURCE_DIR=/opt/rustwide/workdir" "-e" "CARGO_HOME=/opt/rustwide/cargo-home" "-e" "RUSTUP_HOME=/opt/rustwide/rustup-home" "-e" "CARGO_TARGET_DIR=/opt/rustwide/target" "-w" "/opt/rustwide/workdir" "--user" "0:0" "75d2750d8156c9e0b336dda8eec0d3fb4145a852d021d1a3414a48e9975db661" "/opt/rustwide/cargo-home/bin/cargo" "+1.99.0-beta.8" "metadata" "--no-deps" "--format-version=1", kill_on_drop: false }`
[INFO] running `Command { std: "docker" "inspect" "75d2750d8156c9e0b336dda8eec0d3fb4145a852d021d1a3414a48e9975db661", kill_on_drop: false }`
[INFO] running `Command { std: "docker" "exec" "-e" "SOURCE_DIR=/opt/rustwide/workdir" "-e" "CARGO_HOME=/opt/rustwide/cargo-home" "-e" "RUSTUP_HOME=/opt/rustwide/rustup-home" "-e" "CARGO_TARGET_DIR=/opt/rustwide/target" "-e" "CARGO_INCREMENTAL=0" "-e" "RUST_BACKTRACE=full" "-e" "RUSTFLAGS=--cap-lints=warn" "-e" "RUSTDOCFLAGS=--cap-lints=warn" "-w" "/opt/rustwide/workdir" "--user" "0:0" "75d2750d8156c9e0b336dda8eec0d3fb4145a852d021d1a3414a48e9975db661" "/opt/rustwide/cargo-home/bin/cargo" "+1.99.0-beta.8" "build" "--frozen" "--message-format=json" "--release", kill_on_drop: false }`
[INFO] [stderr]    Compiling autocfg v1.0.1
[INFO] [stderr]    Compiling version_check v0.9.2
[INFO] [stderr]    Compiling proc-macro2 v1.0.63
[INFO] [stderr]    Compiling libc v0.2.146
[INFO] [stderr]    Compiling quote v1.0.28
[INFO] [stderr]    Compiling unicode-ident v1.0.9
[INFO] [stderr]    Compiling memchr v2.3.4
[INFO] [stderr]    Compiling crossbeam-utils v0.8.16
[INFO] [stderr]    Compiling typenum v1.16.0
[INFO] [stderr]    Compiling thread_local v1.0.1
[INFO] [stderr]    Compiling generic-array v0.14.7
[INFO] [stderr]    Compiling memoffset v0.9.0
[INFO] [stderr]    Compiling crossbeam-epoch v0.9.15
[INFO] [stderr]    Compiling proc-macro-error-attr v1.0.4
[INFO] [stderr]    Compiling aho-corasick v0.7.15
[INFO] [stderr]    Compiling proc-macro-error v1.0.4
[INFO] [stderr]    Compiling log v0.4.11
[INFO] [stderr]    Compiling regex-syntax v0.6.21
[INFO] [stderr]    Compiling syn v1.0.109
[INFO] [stderr]    Compiling indexmap v1.9.3
[INFO] [stderr]    Compiling crossbeam-utils v0.7.2
[INFO] [stderr]    Compiling cc v1.0.79
[INFO] [stderr]    Compiling rayon-core v1.11.0
[INFO] [stderr]    Compiling bitflags v1.2.1
[INFO] [stderr]    Compiling crossbeam-deque v0.8.3
[INFO] [stderr]    Compiling num_cpus v1.15.0
[INFO] [stderr]    Compiling crossbeam-channel v0.5.8
[INFO] [stderr]    Compiling bstr v0.2.14
[INFO] [stderr]    Compiling crypto-common v0.1.6
[INFO] [stderr]    Compiling block-buffer v0.10.4
[INFO] [stderr]    Compiling anyhow v1.0.34
[INFO] [stderr]    Compiling blake3 v1.4.0
[INFO] [stderr]    Compiling regex v1.4.2
[INFO] [stderr]    Compiling subtle v2.5.0
[INFO] [stderr]    Compiling os_str_bytes v6.5.1
[INFO] [stderr]    Compiling either v1.6.1
[INFO] [stderr]    Compiling digest v0.10.7
[INFO] [stderr]    Compiling walkdir v2.3.1
[INFO] [stderr]    Compiling clap_lex v0.2.4
[INFO] [stderr]    Compiling atty v0.2.14
[INFO] [stderr]    Compiling terminal_size v0.1.15
[INFO] [stderr]    Compiling arrayvec v0.7.4
[INFO] [stderr]    Compiling arrayref v0.3.7
[INFO] [stderr]    Compiling constant_time_eq v0.2.6
[INFO] [stderr]    Compiling textwrap v0.16.0
[INFO] [stderr]    Compiling termcolor v1.2.0
[INFO] [stderr]    Compiling globset v0.4.6
[INFO] [stderr]    Compiling once_cell v1.18.0
[INFO] [stderr]    Compiling unicode-width v0.1.8
[INFO] [stderr]    Compiling console v0.13.0
[INFO] [stderr]    Compiling rayon v1.7.0
[INFO] [stderr]    Compiling ignore v0.4.16
[INFO] [stderr]    Compiling clap_derive v3.2.25
[INFO] [stderr]    Compiling thiserror-impl v1.0.22
[INFO] [stderr]    Compiling thiserror v1.0.22
[INFO] [stderr]    Compiling itertools v0.10.0
[INFO] [stderr]    Compiling clap v3.2.25
[INFO] [stderr]    Compiling similar v2.2.1
[INFO] [stderr]    Compiling spacemod v0.1.5 (/opt/rustwide/workdir)
[INFO] [stderr]     Finished `release` profile [optimized] target(s) in 1m 32s
[INFO] running `Command { std: "docker" "inspect" "75d2750d8156c9e0b336dda8eec0d3fb4145a852d021d1a3414a48e9975db661", kill_on_drop: false }`
[INFO] running `Command { std: "docker" "exec" "-e" "SOURCE_DIR=/opt/rustwide/workdir" "-e" "CARGO_HOME=/opt/rustwide/cargo-home" "-e" "RUSTUP_HOME=/opt/rustwide/rustup-home" "-e" "CARGO_TARGET_DIR=/opt/rustwide/target" "-e" "CARGO_INCREMENTAL=0" "-e" "RUST_BACKTRACE=full" "-e" "RUSTFLAGS=--cap-lints=warn" "-e" "RUSTDOCFLAGS=--cap-lints=warn" "-w" "/opt/rustwide/workdir" "--user" "0:0" "75d2750d8156c9e0b336dda8eec0d3fb4145a852d021d1a3414a48e9975db661" "/opt/rustwide/cargo-home/bin/cargo" "+1.99.0-beta.8" "test" "--frozen" "--no-run" "--message-format=json" "--release", kill_on_drop: false }`
[INFO] [stderr]    Compiling syn v2.0.22
[INFO] [stderr]    Compiling serde v1.0.164
[INFO] [stderr]    Compiling io-lifetimes v1.0.11
[INFO] [stderr]    Compiling linked-hash-map v0.5.6
[INFO] [stderr]    Compiling serde_json v1.0.99
[INFO] [stderr]    Compiling rustix v0.37.13
[INFO] [stderr]    Compiling console v0.15.5
[INFO] [stderr]    Compiling tempfile v3.6.0
[INFO] [stderr]    Compiling linux-raw-sys v0.3.8
[INFO] [stderr]    Compiling ryu v1.0.13
[INFO] [stderr]    Compiling itoa v1.0.6
[INFO] [stderr]    Compiling yaml-rust v0.4.5
[INFO] [stderr]    Compiling fastrand v1.9.0
[INFO] [stderr]    Compiling serde_derive v1.0.164
[INFO] [stderr]    Compiling insta v1.30.0
[INFO] [stderr]    Compiling insta-cmd v0.3.0
[INFO] [stderr]    Compiling spacemod v0.1.5 (/opt/rustwide/workdir)
[INFO] [stderr]     Finished `release` profile [optimized] target(s) in 37.04s
[INFO] running `Command { std: "docker" "inspect" "75d2750d8156c9e0b336dda8eec0d3fb4145a852d021d1a3414a48e9975db661", kill_on_drop: false }`
[INFO] running `Command { std: "docker" "exec" "-e" "SOURCE_DIR=/opt/rustwide/workdir" "-e" "CARGO_HOME=/opt/rustwide/cargo-home" "-e" "RUSTUP_HOME=/opt/rustwide/rustup-home" "-e" "CARGO_TARGET_DIR=/opt/rustwide/target" "-e" "CARGO_INCREMENTAL=0" "-e" "RUST_BACKTRACE=full" "-e" "RUSTFLAGS=--cap-lints=warn" "-e" "RUSTDOCFLAGS=--cap-lints=warn" "-w" "/opt/rustwide/workdir" "--user" "0:0" "75d2750d8156c9e0b336dda8eec0d3fb4145a852d021d1a3414a48e9975db661" "/opt/rustwide/cargo-home/bin/cargo" "+1.99.0-beta.8" "test" "--frozen" "--release", kill_on_drop: false }`
[INFO] [stderr]     Finished `release` profile [optimized] target(s) in 0.17s
[INFO] [stderr]      Running unittests src/main.rs (/opt/rustwide/target/release/deps/spacemod-c28c3d6ed2d4791d)
[INFO] [stdout] 
[INFO] [stdout] running 27 tests
[INFO] [stdout] test expr::test_basic_regex_with_backslash ... ok
[INFO] [stdout] test expr::test_example_bad ... ok
[INFO] [stdout] test expr::test_commas ... ok
[INFO] [stdout] test expr::test_example_good ... ok
[INFO] [stdout] test expr::test_multi_whitespace ... ok
[INFO] [stdout] test expr::test_copy_file ... ok
[INFO] [stdout] test expr::test_html5gum ... ok
[INFO] [stdout] test expr::test_basic_regex ... ok
[INFO] [stdout] test expr::test_parse_xml ... ok
[INFO] [stdout] test expr::test_nested_parens ... ok
[INFO] [stdout] test expr::test_regex_and_regular_parens ... ok
[INFO] [stdout] test expr::test_basic ... ok
[INFO] [stdout] test expr::test_garbage_string ... ok
[INFO] [stdout] test expr::test_no_match ... ok
[INFO] [stdout] test expr::test_regex_and_regular_parens2 ... ok
[INFO] [stdout] test expr::test_regex_and_regular_parens3 ... ok
[INFO] [stdout] test expr::test_regression_parens ... ok
[INFO] [stdout] test expr::test_regex_and_regular_parens4 ... ok
[INFO] [stdout] test expr::test_regression1 ... ok
[INFO] [stdout] test expr::test_regression_extra_parens ... ok
[INFO] [stdout] test expr::test_nested_expr ... ok
[INFO] [stdout] test expr::test_simple_string ... ok
[INFO] [stdout] test expr::test_relay_code ... ok
[INFO] [stdout] test expr::test_xml_without_balancing ... ok
[INFO] [stdout] test expr::test_xml_balanced ... ok
[INFO] [stdout] test expr::test_remaining_expr_parens ... ok
[INFO] [stdout] test expr::test_xml_without_parens ... ok
[INFO] [stdout] 
[INFO] [stdout] test result: ok. 27 passed; 0 failed; 0 ignored; 0 measured; 0 filtered out; finished in 0.09s
[INFO] [stdout] 
[INFO] [stderr]      Running tests/acceptance.rs (/opt/rustwide/target/release/deps/acceptance-05fe1a168f5dccb0)
[INFO] [stdout] 
[INFO] [stdout] running 4 tests
[INFO] [stdout] test test_no_parenthesis ... FAILED
[INFO] [stderr] error: test failed, to rerun pass `--test acceptance`
[INFO] [stdout] test test_fixed_string ... FAILED
[INFO] [stdout] test test_parenthesis ... FAILED
[INFO] [stdout] test test_basic ... FAILED
[INFO] [stdout] 
[INFO] [stdout] failures:
[INFO] [stdout] 
[INFO] [stdout] ---- test_no_parenthesis stdout ----
[INFO] [stdout] 
[INFO] [stdout] thread 'test_no_parenthesis' (1895) panicked at /opt/rustwide/cargo-home/registry/src/index.crates.io-1949cf8c6b5b557f/insta-cmd-0.3.0/src/spawn.rs:63:36:
[INFO] [stdout] called `Result::unwrap()` on an `Err` value: Os { code: 2, kind: NotFound, message: "No such file or directory" }
[INFO] [stdout] stack backtrace:
[INFO] [stdout]    0:     0x55b25c3eb151 - <<std[70759c8f55707aa4]::sys::backtrace::BacktraceLock>::print::DisplayBacktrace as core[df12db4294e9bfd3]::fmt::Display>::fmt
[INFO] [stdout]    1:     0x55b25c4020ea - core[df12db4294e9bfd3]::fmt::write
[INFO] [stdout]    2:     0x55b25c3efc3c - <alloc[2182bb758b4b3781]::vec::Vec<u8> as core[df12db4294e9bfd3]::io::write::Write>::write_fmt
[INFO] [stdout]    3:     0x55b25c3c53b6 - std[70759c8f55707aa4]::panicking::default_hook::{closure#0}
[INFO] [stdout]    4:     0x55b25c3e2a49 - std[70759c8f55707aa4]::panicking::default_hook
[INFO] [stdout]    5:     0x55b25c310210 - test[9d35eded1c95d3be]::test_main_inner::<test[9d35eded1c95d3be]::test_main_static::{closure#0}>::{closure#0}
[INFO] [stdout]    6:     0x55b25c3e2c02 - std[70759c8f55707aa4]::panicking::panic_with_hook
[INFO] [stdout]    7:     0x55b25c3c5462 - std[70759c8f55707aa4]::panicking::panic_handler::{closure#0}
[INFO] [stdout]    8:     0x55b25c3bdf09 - std[70759c8f55707aa4]::sys::backtrace::__rust_end_short_backtrace::<std[70759c8f55707aa4]::panicking::panic_handler::{closure#0}, !>
[INFO] [stdout]    9:     0x55b25c3c605d - __rustc[8fa7c3cbc660c2b3]::rust_begin_unwind
[INFO] [stdout]   10:     0x55b25c40284c - core[df12db4294e9bfd3]::panicking::panic_fmt
[INFO] [stdout]   11:     0x55b25c402622 - core[df12db4294e9bfd3]::result::unwrap_failed
[INFO] [stdout]   12:     0x55b25c30264e - <std[70759c8f55707aa4]::process::Command as insta_cmd[8172324a1e2c91f8]::spawn::Spawn>::spawn_with_info
[INFO] [stdout]   13:     0x55b25c301122 - <acceptance[d827414a597e53d8]::test_no_parenthesis::{closure#0} as core[df12db4294e9bfd3]::ops::function::FnOnce<()>>::call_once
[INFO] [stdout]   14:     0x55b25c3034fb - test[9d35eded1c95d3be]::__rust_begin_short_backtrace::<core[df12db4294e9bfd3]::result::Result<(), alloc[2182bb758b4b3781]::string::String>, fn() -> core[df12db4294e9bfd3]::result::Result<(), alloc[2182bb758b4b3781]::string::String>>
[INFO] [stdout]   15:     0x55b25c310b65 - test[9d35eded1c95d3be]::run_test::{closure#0}
[INFO] [stdout]   16:     0x55b25c30a424 - std[70759c8f55707aa4]::sys::backtrace::__rust_begin_short_backtrace::<test[9d35eded1c95d3be]::run_test::{closure#1}, ()>
[INFO] [stdout]   17:     0x55b25c313cc2 - <std[70759c8f55707aa4]::thread::lifecycle::spawn_unchecked<test[9d35eded1c95d3be]::run_test::{closure#1}, ()>::{closure#1} as core[df12db4294e9bfd3]::ops::function::FnOnce<()>>::call_once::{shim:vtable#0}
[INFO] [stdout]   18:     0x55b25c3ea4c9 - <std[70759c8f55707aa4]::sys::thread::unix::Thread>::new::thread_start
[INFO] [stdout]   19:     0x7cf368a7fdfa - <unknown>
[INFO] [stdout]   20:     0x7cf368b133d4 - clone
[INFO] [stdout]   21:                0x0 - <unknown>
[INFO] [stdout] 
[INFO] [stdout] ---- test_fixed_string stdout ----
[INFO] [stdout] 
[INFO] [stdout] thread 'test_fixed_string' (1894) panicked at /opt/rustwide/cargo-home/registry/src/index.crates.io-1949cf8c6b5b557f/insta-cmd-0.3.0/src/spawn.rs:63:36:
[INFO] [stdout] called `Result::unwrap()` on an `Err` value: Os { code: 2, kind: NotFound, message: "No such file or directory" }
[INFO] [stdout] stack backtrace:
[INFO] [stdout]    0:     0x55b25c3eb151 - <<std[70759c8f55707aa4]::sys::backtrace::BacktraceLock>::print::DisplayBacktrace as core[df12db4294e9bfd3]::fmt::Display>::fmt
[INFO] [stdout]    1:     0x55b25c4020ea - core[df12db4294e9bfd3]::fmt::write
[INFO] [stdout]    2:     0x55b25c3efc3c - <alloc[2182bb758b4b3781]::vec::Vec<u8> as core[df12db4294e9bfd3]::io::write::Write>::write_fmt
[INFO] [stdout]    3:     0x55b25c3c53b6 - std[70759c8f55707aa4]::panicking::default_hook::{closure#0}
[INFO] [stdout]    4:     0x55b25c3e2a49 - std[70759c8f55707aa4]::panicking::default_hook
[INFO] [stdout]    5:     0x55b25c310210 - test[9d35eded1c95d3be]::test_main_inner::<test[9d35eded1c95d3be]::test_main_static::{closure#0}>::{closure#0}
[INFO] [stdout]    6:     0x55b25c3e2c02 - std[70759c8f55707aa4]::panicking::panic_with_hook
[INFO] [stdout]    7:     0x55b25c3c5462 - std[70759c8f55707aa4]::panicking::panic_handler::{closure#0}
[INFO] [stdout]    8:     0x55b25c3bdf09 - std[70759c8f55707aa4]::sys::backtrace::__rust_end_short_backtrace::<std[70759c8f55707aa4]::panicking::panic_handler::{closure#0}, !>
[INFO] [stdout]    9:     0x55b25c3c605d - __rustc[8fa7c3cbc660c2b3]::rust_begin_unwind
[INFO] [stdout]   10:     0x55b25c40284c - core[df12db4294e9bfd3]::panicking::panic_fmt
[INFO] [stdout]   11:     0x55b25c402622 - core[df12db4294e9bfd3]::result::unwrap_failed
[INFO] [stdout]   12:     0x55b25c30264e - <std[70759c8f55707aa4]::process::Command as insta_cmd[8172324a1e2c91f8]::spawn::Spawn>::spawn_with_info
[INFO] [stdout]   13:     0x55b25c300a86 - <acceptance[d827414a597e53d8]::test_fixed_string::{closure#0} as core[df12db4294e9bfd3]::ops::function::FnOnce<()>>::call_once
[INFO] [stdout]   14:     0x55b25c3034fb - test[9d35eded1c95d3be]::__rust_begin_short_backtrace::<core[df12db4294e9bfd3]::result::Result<(), alloc[2182bb758b4b3781]::string::String>, fn() -> core[df12db4294e9bfd3]::result::Result<(), alloc[2182bb758b4b3781]::string::String>>
[INFO] [stdout]   15:     0x55b25c310b65 - test[9d35eded1c95d3be]::run_test::{closure#0}
[INFO] [stdout]   16:     0x55b25c30a424 - std[70759c8f55707aa4]::sys::backtrace::__rust_begin_short_backtrace::<test[9d35eded1c95d3be]::run_test::{closure#1}, ()>
[INFO] [stdout]   17:     0x55b25c313cc2 - <std[70759c8f55707aa4]::thread::lifecycle::spawn_unchecked<test[9d35eded1c95d3be]::run_test::{closure#1}, ()>::{closure#1} as core[df12db4294e9bfd3]::ops::function::FnOnce<()>>::call_once::{shim:vtable#0}
[INFO] [stdout]   18:     0x55b25c3ea4c9 - <std[70759c8f55707aa4]::sys::thread::unix::Thread>::new::thread_start
[INFO] [stdout]   19:     0x7cf368a7fdfa - <unknown>
[INFO] [stdout]   20:     0x7cf368b133d4 - clone
[INFO] [stdout]   21:                0x0 - <unknown>
[INFO] [stdout] 
[INFO] [stdout] ---- test_parenthesis stdout ----
[INFO] [stdout] 
[INFO] [stdout] thread 'test_parenthesis' (1896) panicked at /opt/rustwide/cargo-home/registry/src/index.crates.io-1949cf8c6b5b557f/insta-cmd-0.3.0/src/spawn.rs:63:36:
[INFO] [stdout] called `Result::unwrap()` on an `Err` value: Os { code: 2, kind: NotFound, message: "No such file or directory" }
[INFO] [stdout] stack backtrace:
[INFO] [stdout]    0:     0x55b25c3eb151 - <<std[70759c8f55707aa4]::sys::backtrace::BacktraceLock>::print::DisplayBacktrace as core[df12db4294e9bfd3]::fmt::Display>::fmt
[INFO] [stdout]    1:     0x55b25c4020ea - core[df12db4294e9bfd3]::fmt::write
[INFO] [stdout]    2:     0x55b25c3efc3c - <alloc[2182bb758b4b3781]::vec::Vec<u8> as core[df12db4294e9bfd3]::io::write::Write>::write_fmt
[INFO] [stdout]    3:     0x55b25c3c53b6 - std[70759c8f55707aa4]::panicking::default_hook::{closure#0}
[INFO] [stdout]    4:     0x55b25c3e2a49 - std[70759c8f55707aa4]::panicking::default_hook
[INFO] [stdout]    5:     0x55b25c310210 - test[9d35eded1c95d3be]::test_main_inner::<test[9d35eded1c95d3be]::test_main_static::{closure#0}>::{closure#0}
[INFO] [stdout]    6:     0x55b25c3e2c02 - std[70759c8f55707aa4]::panicking::panic_with_hook
[INFO] [stdout]    7:     0x55b25c3c5462 - std[70759c8f55707aa4]::panicking::panic_handler::{closure#0}
[INFO] [stdout]    8:     0x55b25c3bdf09 - std[70759c8f55707aa4]::sys::backtrace::__rust_end_short_backtrace::<std[70759c8f55707aa4]::panicking::panic_handler::{closure#0}, !>
[INFO] [stdout]    9:     0x55b25c3c605d - __rustc[8fa7c3cbc660c2b3]::rust_begin_unwind
[INFO] [stdout]   10:     0x55b25c40284c - core[df12db4294e9bfd3]::panicking::panic_fmt
[INFO] [stdout]   11:     0x55b25c402622 - core[df12db4294e9bfd3]::result::unwrap_failed
[INFO] [stdout]   12:     0x55b25c30264e - <std[70759c8f55707aa4]::process::Command as insta_cmd[8172324a1e2c91f8]::spawn::Spawn>::spawn_with_info
[INFO] [stdout]   13:     0x55b25c3003d6 - <acceptance[d827414a597e53d8]::test_parenthesis::{closure#0} as core[df12db4294e9bfd3]::ops::function::FnOnce<()>>::call_once
[INFO] [stdout]   14:     0x55b25c3034fb - test[9d35eded1c95d3be]::__rust_begin_short_backtrace::<core[df12db4294e9bfd3]::result::Result<(), alloc[2182bb758b4b3781]::string::String>, fn() -> core[df12db4294e9bfd3]::result::Result<(), alloc[2182bb758b4b3781]::string::String>>
[INFO] [stdout]   15:     0x55b25c310b65 - test[9d35eded1c95d3be]::run_test::{closure#0}
[INFO] [stdout]   16:     0x55b25c30a424 - std[70759c8f55707aa4]::sys::backtrace::__rust_begin_short_backtrace::<test[9d35eded1c95d3be]::run_test::{closure#1}, ()>
[INFO] [stdout]   17:     0x55b25c313cc2 - <std[70759c8f55707aa4]::thread::lifecycle::spawn_unchecked<test[9d35eded1c95d3be]::run_test::{closure#1}, ()>::{closure#1} as core[df12db4294e9bfd3]::ops::function::FnOnce<()>>::call_once::{shim:vtable#0}
[INFO] [stdout]   18:     0x55b25c3ea4c9 - <std[70759c8f55707aa4]::sys::thread::unix::Thread>::new::thread_start
[INFO] [stdout]   19:     0x7cf368a7fdfa - <unknown>
[INFO] [stdout]   20:     0x7cf368b133d4 - clone
[INFO] [stdout]   21:                0x0 - <unknown>
[INFO] [stdout] 
[INFO] [stdout] ---- test_basic stdout ----
[INFO] [stdout] 
[INFO] [stdout] thread 'test_basic' (1893) panicked at /opt/rustwide/cargo-home/registry/src/index.crates.io-1949cf8c6b5b557f/insta-cmd-0.3.0/src/spawn.rs:63:36:
[INFO] [stdout] called `Result::unwrap()` on an `Err` value: Os { code: 2, kind: NotFound, message: "No such file or directory" }
[INFO] [stdout] stack backtrace:
[INFO] [stdout]    0:     0x55b25c3eb151 - <<std[70759c8f55707aa4]::sys::backtrace::BacktraceLock>::print::DisplayBacktrace as core[df12db4294e9bfd3]::fmt::Display>::fmt
[INFO] [stdout]    1:     0x55b25c4020ea - core[df12db4294e9bfd3]::fmt::write
[INFO] [stdout]    2:     0x55b25c3efc3c - <alloc[2182bb758b4b3781]::vec::Vec<u8> as core[df12db4294e9bfd3]::io::write::Write>::write_fmt
[INFO] [stdout]    3:     0x55b25c3c53b6 - std[70759c8f55707aa4]::panicking::default_hook::{closure#0}
[INFO] [stdout]    4:     0x55b25c3e2a49 - std[70759c8f55707aa4]::panicking::default_hook
[INFO] [stdout]    5:     0x55b25c310210 - test[9d35eded1c95d3be]::test_main_inner::<test[9d35eded1c95d3be]::test_main_static::{closure#0}>::{closure#0}
[INFO] [stdout]    6:     0x55b25c3e2c02 - std[70759c8f55707aa4]::panicking::panic_with_hook
[INFO] [stdout]    7:     0x55b25c3c5462 - std[70759c8f55707aa4]::panicking::panic_handler::{closure#0}
[INFO] [stdout]    8:     0x55b25c3bdf09 - std[70759c8f55707aa4]::sys::backtrace::__rust_end_short_backtrace::<std[70759c8f55707aa4]::panicking::panic_handler::{closure#0}, !>
[INFO] [stdout]    9:     0x55b25c3c605d - __rustc[8fa7c3cbc660c2b3]::rust_begin_unwind
[INFO] [stdout]   10:     0x55b25c40284c - core[df12db4294e9bfd3]::panicking::panic_fmt
[INFO] [stdout]   11:     0x55b25c402622 - core[df12db4294e9bfd3]::result::unwrap_failed
[INFO] [stdout]   12:     0x55b25c30264e - <std[70759c8f55707aa4]::process::Command as insta_cmd[8172324a1e2c91f8]::spawn::Spawn>::spawn_with_info
[INFO] [stdout]   13:     0x55b25c2ffd1f - <acceptance[d827414a597e53d8]::test_basic::{closure#0} as core[df12db4294e9bfd3]::ops::function::FnOnce<()>>::call_once
[INFO] [stdout]   14:     0x55b25c3034fb - test[9d35eded1c95d3be]::__rust_begin_short_backtrace::<core[df12db4294e9bfd3]::result::Result<(), alloc[2182bb758b4b3781]::string::String>, fn() -> core[df12db4294e9bfd3]::result::Result<(), alloc[2182bb758b4b3781]::string::String>>
[INFO] [stdout]   15:     0x55b25c310b65 - test[9d35eded1c95d3be]::run_test::{closure#0}
[INFO] [stdout]   16:     0x55b25c30a424 - std[70759c8f55707aa4]::sys::backtrace::__rust_begin_short_backtrace::<test[9d35eded1c95d3be]::run_test::{closure#1}, ()>
[INFO] [stdout]   17:     0x55b25c313cc2 - <std[70759c8f55707aa4]::thread::lifecycle::spawn_unchecked<test[9d35eded1c95d3be]::run_test::{closure#1}, ()>::{closure#1} as core[df12db4294e9bfd3]::ops::function::FnOnce<()>>::call_once::{shim:vtable#0}
[INFO] [stdout]   18:     0x55b25c3ea4c9 - <std[70759c8f55707aa4]::sys::thread::unix::Thread>::new::thread_start
[INFO] [stdout]   19:     0x7cf368a7fdfa - <unknown>
[INFO] [stdout]   20:     0x7cf368b133d4 - clone
[INFO] [stdout]   21:                0x0 - <unknown>
[INFO] [stdout] 
[INFO] [stdout] 
[INFO] [stdout] failures:
[INFO] [stdout]     test_basic
[INFO] [stdout]     test_fixed_string
[INFO] [stdout]     test_no_parenthesis
[INFO] [stdout]     test_parenthesis
[INFO] [stdout] 
[INFO] [stdout] test result: FAILED. 0 passed; 4 failed; 0 ignored; 0 measured; 0 filtered out; finished in 0.02s
[INFO] [stdout] 
[INFO] running `Command { std: "docker" "inspect" "75d2750d8156c9e0b336dda8eec0d3fb4145a852d021d1a3414a48e9975db661", kill_on_drop: false }`
[INFO] running `Command { std: "docker" "rm" "-f" "75d2750d8156c9e0b336dda8eec0d3fb4145a852d021d1a3414a48e9975db661", kill_on_drop: false }`
[INFO] [stdout] 75d2750d8156c9e0b336dda8eec0d3fb4145a852d021d1a3414a48e9975db661
