[INFO] fetching crate spacecrab 0.7.0...
[INFO] testing spacecrab-0.7.0 against 1.100.0-beta.1+cargoflags=--release for beta-release-1.100-2
[INFO] extracting crate spacecrab 0.7.0 into /workspace/builds/worker-0-tc2/source
[INFO] started tweaking crates.io crate spacecrab 0.7.0
[INFO] removed 0 missing tests
[INFO] finished tweaking crates.io crate spacecrab 0.7.0
[INFO] tweaked toml for crates.io crate spacecrab 0.7.0 written to /workspace/builds/worker-0-tc2/source/Cargo.toml
[INFO] validating manifest of crates.io crate spacecrab 0.7.0 on toolchain 1.100.0-beta.1
[INFO] running `Command { std: CARGO_HOME="/workspace/cargo-home" RUSTUP_HOME="/workspace/rustup-home" "/workspace/cargo-home/bin/cargo" "+1.100.0-beta.1" "metadata" "--manifest-path" "Cargo.toml" "--no-deps", kill_on_drop: false }`
[INFO] crate crates.io crate spacecrab 0.7.0 already has a lockfile, it will not be regenerated
[INFO] running `Command { std: CARGO_HOME="/workspace/cargo-home" RUSTUP_HOME="/workspace/rustup-home" "/workspace/cargo-home/bin/cargo" "+1.100.0-beta.1" "fetch" "--manifest-path" "Cargo.toml", kill_on_drop: false }`
[INFO] running `Command { std: "docker" "create" "-v" "/var/lib/crater-agent-workspace/builds/worker-0-tc2/source:/opt/rustwide/workdir:ro,Z" "-v" "/var/lib/crater-agent-workspace/builds/worker-0-tc2/target:/opt/rustwide/target:rw,Z" "-v" "/var/lib/crater-agent-workspace/cargo-home:/opt/rustwide/cargo-home:ro,Z" "-v" "/var/lib/crater-agent-workspace/rustup-home:/opt/rustwide/rustup-home:ro,Z" "-m" "1610612736" "--network" "none" "ghcr.io/rust-lang/crates-build-env/linux@sha256:77db811e55d90add9212f6832c23229e3de5f1c1f9905e8cb07319ea15df73ac" "sleep" "infinity", kill_on_drop: false }`
[INFO] [stdout] dcef208bc40be12ffdcbf4a445ae4a9ddba4034d05ef1ff03cdf9774b963f24e
[INFO] running `Command { std: "docker" "start" "dcef208bc40be12ffdcbf4a445ae4a9ddba4034d05ef1ff03cdf9774b963f24e", kill_on_drop: false }`
[INFO] running `Command { std: "docker" "inspect" "dcef208bc40be12ffdcbf4a445ae4a9ddba4034d05ef1ff03cdf9774b963f24e", kill_on_drop: false }`
[INFO] running `Command { std: "docker" "exec" "-e" "SOURCE_DIR=/opt/rustwide/workdir" "-e" "CARGO_HOME=/opt/rustwide/cargo-home" "-e" "RUSTUP_HOME=/opt/rustwide/rustup-home" "-e" "CARGO_TARGET_DIR=/opt/rustwide/target" "-w" "/opt/rustwide/workdir" "--user" "0:0" "dcef208bc40be12ffdcbf4a445ae4a9ddba4034d05ef1ff03cdf9774b963f24e" "/opt/rustwide/cargo-home/bin/cargo" "+1.100.0-beta.1" "metadata" "--no-deps" "--format-version=1", kill_on_drop: false }`
[INFO] running `Command { std: "docker" "inspect" "dcef208bc40be12ffdcbf4a445ae4a9ddba4034d05ef1ff03cdf9774b963f24e", kill_on_drop: false }`
[INFO] running `Command { std: "docker" "exec" "-e" "SOURCE_DIR=/opt/rustwide/workdir" "-e" "CARGO_HOME=/opt/rustwide/cargo-home" "-e" "RUSTUP_HOME=/opt/rustwide/rustup-home" "-e" "CARGO_TARGET_DIR=/opt/rustwide/target" "-e" "CARGO_INCREMENTAL=0" "-e" "RUST_BACKTRACE=full" "-e" "RUSTFLAGS=--cap-lints=warn" "-e" "RUSTDOCFLAGS=--cap-lints=warn" "-w" "/opt/rustwide/workdir" "--user" "0:0" "dcef208bc40be12ffdcbf4a445ae4a9ddba4034d05ef1ff03cdf9774b963f24e" "/opt/rustwide/cargo-home/bin/cargo" "+1.100.0-beta.1" "build" "--frozen" "--message-format=json" "--release", kill_on_drop: false }`
[INFO] [stderr]    Compiling proc-macro2 v1.0.107
[INFO] [stderr]    Compiling unicode-ident v1.0.26
[INFO] [stderr]    Compiling quote v1.0.47
[INFO] [stderr]    Compiling utf8parse v0.2.2
[INFO] [stderr]    Compiling anstyle-query v1.1.5
[INFO] [stderr]    Compiling colorchoice v1.0.5
[INFO] [stderr]    Compiling is_terminal_polyfill v1.70.2
[INFO] [stderr]    Compiling anstyle v1.0.14
[INFO] [stderr]    Compiling clap_lex v1.1.1
[INFO] [stderr]    Compiling strsim v0.11.1
[INFO] [stderr]    Compiling heck v0.5.0
[INFO] [stderr]    Compiling spacecrab-core v0.7.0
[INFO] [stderr]    Compiling anstyle-parse v1.0.0
[INFO] [stderr]    Compiling anstream v1.0.0
[INFO] [stderr]    Compiling clap_builder v4.6.7
[INFO] [stderr]    Compiling syn v3.0.6
[INFO] [stderr]    Compiling clap_derive v4.6.7
[INFO] [stderr]    Compiling clap v4.6.7
[INFO] [stderr]    Compiling spacecrab v0.7.0 (/opt/rustwide/workdir)
[INFO] [stderr]     Finished `release` profile [optimized] target(s) in 13.24s
[INFO] running `Command { std: "docker" "inspect" "dcef208bc40be12ffdcbf4a445ae4a9ddba4034d05ef1ff03cdf9774b963f24e", kill_on_drop: false }`
[INFO] running `Command { std: "docker" "exec" "-e" "SOURCE_DIR=/opt/rustwide/workdir" "-e" "CARGO_HOME=/opt/rustwide/cargo-home" "-e" "RUSTUP_HOME=/opt/rustwide/rustup-home" "-e" "CARGO_TARGET_DIR=/opt/rustwide/target" "-e" "CARGO_INCREMENTAL=0" "-e" "RUST_BACKTRACE=full" "-e" "RUSTFLAGS=--cap-lints=warn" "-e" "RUSTDOCFLAGS=--cap-lints=warn" "-w" "/opt/rustwide/workdir" "--user" "0:0" "dcef208bc40be12ffdcbf4a445ae4a9ddba4034d05ef1ff03cdf9774b963f24e" "/opt/rustwide/cargo-home/bin/cargo" "+1.100.0-beta.1" "test" "--frozen" "--no-run" "--message-format=json" "--release", kill_on_drop: false }`
[INFO] [stderr]    Compiling libc v0.2.190
[INFO] [stderr]    Compiling getrandom v0.4.3
[INFO] [stderr]    Compiling rustix v1.1.5
[INFO] [stderr]    Compiling cfg-if v1.0.5
[INFO] [stderr]    Compiling bitflags v2.13.2
[INFO] [stderr]    Compiling linux-raw-sys v0.12.1
[INFO] [stderr]    Compiling fastrand v2.5.0
[INFO] [stderr]    Compiling once_cell v1.21.4
[INFO] [stderr]    Compiling tempfile v3.27.0
[INFO] [stderr]    Compiling spacecrab v0.7.0 (/opt/rustwide/workdir)
[INFO] [stderr]     Finished `release` profile [optimized] target(s) in 6.76s
[INFO] running `Command { std: "docker" "inspect" "dcef208bc40be12ffdcbf4a445ae4a9ddba4034d05ef1ff03cdf9774b963f24e", kill_on_drop: false }`
[INFO] running `Command { std: "docker" "exec" "-e" "SOURCE_DIR=/opt/rustwide/workdir" "-e" "CARGO_HOME=/opt/rustwide/cargo-home" "-e" "RUSTUP_HOME=/opt/rustwide/rustup-home" "-e" "CARGO_TARGET_DIR=/opt/rustwide/target" "-e" "CARGO_INCREMENTAL=0" "-e" "RUST_BACKTRACE=full" "-e" "RUSTFLAGS=--cap-lints=warn" "-e" "RUSTDOCFLAGS=--cap-lints=warn" "-w" "/opt/rustwide/workdir" "--user" "0:0" "dcef208bc40be12ffdcbf4a445ae4a9ddba4034d05ef1ff03cdf9774b963f24e" "/opt/rustwide/cargo-home/bin/cargo" "+1.100.0-beta.1" "test" "--frozen" "--release", kill_on_drop: false }`
[INFO] [stderr]     Finished `release` profile [optimized] target(s) in 0.05s
[INFO] [stderr]      Running unittests src/main.rs (/opt/rustwide/target/release/build/spacecrab/71837ad410d18961/out/spacecrab-71837ad410d18961)
[INFO] [stdout] 
[INFO] [stdout] running 6 tests
[INFO] [stdout] test formatter::tests::format_large_values ... ok
[INFO] [stdout] test formatter::tests::format_bytes_under_1kb ... ok
[INFO] [stderr]      Running tests/cli/main.rs (/opt/rustwide/target/release/build/spacecrab/87b75e095b9f8757/out/cli-87b75e095b9f8757)
[INFO] [stdout] test formatter::tests::format_exact_kib ... ok
[INFO] [stdout] test formatter::tests::format_rounds_up_to_next_unit ... ok
[INFO] [stdout] test formatter::tests::format_max_value_stays_in_pib ... ok
[INFO] [stdout] test formatter::tests::format_partial_units ... ok
[INFO] [stdout] 
[INFO] [stdout] test result: ok. 6 passed; 0 failed; 0 ignored; 0 measured; 0 filtered out; finished in 0.00s
[INFO] [stdout] 
[INFO] [stdout] 
[INFO] [stdout] running 31 tests
[INFO] [stdout] test args::file_path_prints_only_its_own_line ... ok
[INFO] [stdout] test args::missing_path_exits_1_without_output ... ok
[INFO] [stdout] test bytes::bytes_are_exact_and_root_is_the_sum ... ok
[INFO] [stdout] test args::path_argument_is_scanned ... ok
[INFO] [stdout] test args::double_dash_ends_options ... ok
[INFO] [stdout] test help::help_explains_sizes_and_exit_codes ... ok
[INFO] [stdout] test args::symlink_path_to_dir_is_scanned ... ok
[INFO] [stdout] test hard_links::hard_link_in_sibling_folder_counts_in_only_one ... ok
[INFO] [stdout] test bytes::bytes_lines_are_digits_then_tab ... ok
[INFO] [stdout] test help::help_and_version_win_over_path ... ok
[INFO] [stdout] test help::help_is_printed_without_scanning ... ok
[INFO] [stdout] test report::lines_split_at_first_tab_with_root_last ... ok
[INFO] [stdout] test disk_size::sparse_file_counts_only_whats_on_disk ... ok
[INFO] [stdout] test report::human_sizes_are_right_aligned ... ok
[INFO] [stdout] test help::version_is_printed ... ok
[INFO] [stdout] test args::unreadable_root_exits_1_without_output ... FAILED
[INFO] [stdout] test report::empty_dir_prints_only_the_root_line ... ok
[INFO] [stdout] test args::usage_error_exits_2_without_scanning ... ok
[INFO] [stdout] test report::children_with_folder_totals_sorted ... ok
[INFO] [stdout] test hard_links::hard_links_count_once ... ok
[INFO] [stdout] test args::one_file_system_flag_is_accepted ... ok
[INFO] [stdout] test report::symlink_child_is_listed_not_followed ... ok
[INFO] [stdout] test scan_errors::size_error_is_reported_and_scan_continues ... FAILED
[INFO] [stdout] test streams::closed_stderr_does_not_panic ... FAILED
[INFO] [stdout] test scan_errors::child_that_cant_be_read_is_listed_with_nothing_counted ... FAILED
[INFO] [stdout] test report::root_line_is_path_as_typed ... ok
[INFO] [stdout] test scan_errors::unreadable_dir_is_reported_and_scan_continues ... FAILED
[INFO] [stdout] test disk_size::written_file_counts_at_least_its_length ... ok
[INFO] [stdout] test streams::closed_stdout_exits_cleanly ... ok
[INFO] [stdout] test streams::output_write_error_is_reported ... ok
[INFO] [stdout] test du::root_matches_du ... ok
[INFO] [stdout] 
[INFO] [stdout] failures:
[INFO] [stdout] 
[INFO] [stdout] ---- args::unreadable_root_exits_1_without_output stdout ----
[INFO] [stdout] 
[INFO] [stdout] thread 'args::unreadable_root_exits_1_without_output' (720) panicked at tests/cli/args.rs:124:5:
[INFO] [stdout] assertion `left == right` failed
[INFO] [stdout]   left: Some(0)
[INFO] [stdout]  right: Some(1)
[INFO] [stdout] stack backtrace:
[INFO] [stdout]    0:     0x63c25b30cd81 - <<std[617be2ca0a6fd877]::sys::backtrace::BacktraceLock>::print::DisplayBacktrace as core[a373ad73a504971]::fmt::Display>::fmt
[INFO] [stdout]    1:     0x63c25b3214aa - core[a373ad73a504971]::fmt::write
[INFO] [stdout]    2:     0x63c25b31128c - <alloc[2e1b2a31b91974c5]::vec::Vec<u8> as core[a373ad73a504971]::io::write::Write>::write_fmt
[INFO] [stdout]    3:     0x63c25b2e6b46 - std[617be2ca0a6fd877]::panicking::default_hook::{closure#0}
[INFO] [stdout]    4:     0x63c25b3043e9 - std[617be2ca0a6fd877]::panicking::default_hook
[INFO] [stdout]    5:     0x63c25b29d990 - test[aada8e7e76ba119b]::test_main_inner::{closure#0}
[INFO] [stdout]    6:     0x63c25b3045a2 - std[617be2ca0a6fd877]::panicking::panic_with_hook
[INFO] [stdout]    7:     0x63c25b2e6bf2 - std[617be2ca0a6fd877]::panicking::panic_handler::{closure#0}
[INFO] [stdout]    8:     0x63c25b2df719 - std[617be2ca0a6fd877]::sys::backtrace::__rust_end_short_backtrace::<std[617be2ca0a6fd877]::panicking::panic_handler::{closure#0}, !>
[INFO] [stdout]    9:     0x63c25b2e7a9d - __rustc[ea4f61d10b84890b]::rust_begin_unwind
[INFO] [stdout]   10:     0x63c25b321bdc - core[a373ad73a504971]::panicking::panic_fmt
[INFO] [stdout]   11:     0x63c25b321af3 - core[a373ad73a504971]::panicking::assert_failed_inner
[INFO] [stdout]   12:     0x63c25b284dcf - core[a373ad73a504971]::panicking::assert_failed::<core[a373ad73a504971]::option::Option<i32>, core[a373ad73a504971]::option::Option<i32>>
[INFO] [stdout]   13:     0x63c25b279766 - <cli[ed6cbafee2f3581a]::args::unreadable_root_exits_1_without_output::{closure#0} as core[a373ad73a504971]::ops::function::FnOnce<()>>::call_once
[INFO] [stdout]   14:     0x63c25b290ddb - test[aada8e7e76ba119b]::__rust_begin_short_backtrace::<core[a373ad73a504971]::result::Result<(), alloc[2e1b2a31b91974c5]::string::String>, fn() -> core[a373ad73a504971]::result::Result<(), alloc[2e1b2a31b91974c5]::string::String>>
[INFO] [stdout]   15:     0x63c25b29dfb5 - test[aada8e7e76ba119b]::run_test::{closure#0}
[INFO] [stdout]   16:     0x63c25b2978a4 - std[617be2ca0a6fd877]::sys::backtrace::__rust_begin_short_backtrace::<test[aada8e7e76ba119b]::run_test::{closure#1}, ()>
[INFO] [stdout]   17:     0x63c25b2a1042 - <std[617be2ca0a6fd877]::thread::lifecycle::spawn_unchecked<test[aada8e7e76ba119b]::run_test::{closure#1}, ()>::{closure#1} as core[a373ad73a504971]::ops::function::FnOnce<()>>::call_once::{shim:vtable#0}
[INFO] [stdout]   18:     0x63c25b30c3ff - <std[617be2ca0a6fd877]::sys::thread::unix::Thread>::new::thread_start
[INFO] [stdout]   19:     0x762b55844dfa - <unknown>
[INFO] [stdout]   20:     0x762b558d83d4 - clone
[INFO] [stdout]   21:                0x0 - <unknown>
[INFO] [stdout] 
[INFO] [stdout] ---- scan_errors::size_error_is_reported_and_scan_continues stdout ----
[INFO] [stdout] 
[INFO] [stdout] thread 'scan_errors::size_error_is_reported_and_scan_continues' (770) panicked at tests/cli/scan_errors.rs:21:5:
[INFO] [stdout] assertion `left == right` failed
[INFO] [stdout]   left: Some(0)
[INFO] [stdout]  right: Some(1)
[INFO] [stdout] stack backtrace:
[INFO] [stdout]    0:     0x63c25b30cd81 - <<std[617be2ca0a6fd877]::sys::backtrace::BacktraceLock>::print::DisplayBacktrace as core[a373ad73a504971]::fmt::Display>::fmt
[INFO] [stdout]    1:     0x63c25b3214aa - core[a373ad73a504971]::fmt::write
[INFO] [stdout]    2:     0x63c25b31128c - <alloc[2e1b2a31b91974c5]::vec::Vec<u8> as core[a373ad73a504971]::io::write::Write>::write_fmt
[INFO] [stdout]    3:     0x63c25b2e6b46 - std[617be2ca0a6fd877]::panicking::default_hook::{closure#0}
[INFO] [stdout]    4:     0x63c25b3043e9 - std[617be2ca0a6fd877]::panicking::default_hook
[INFO] [stdout]    5:     0x63c25b29d990 - test[aada8e7e76ba119b]::test_main_inner::{closure#0}
[INFO] [stdout]    6:     0x63c25b3045a2 - std[617be2ca0a6fd877]::panicking::panic_with_hook
[INFO] [stdout]    7:     0x63c25b2e6bf2 - std[617be2ca0a6fd877]::panicking::panic_handler::{closure#0}
[INFO] [stdout]    8:     0x63c25b2df719 - std[617be2ca0a6fd877]::sys::backtrace::__rust_end_short_backtrace::<std[617be2ca0a6fd877]::panicking::panic_handler::{closure#0}, !>
[INFO] [stdout]    9:     0x63c25b2e7a9d - __rustc[ea4f61d10b84890b]::rust_begin_unwind
[INFO] [stdout]   10:     0x63c25b321bdc - core[a373ad73a504971]::panicking::panic_fmt
[INFO] [stdout]   11:     0x63c25b321af3 - core[a373ad73a504971]::panicking::assert_failed_inner
[INFO] [stdout]   12:     0x63c25b284dcf - core[a373ad73a504971]::panicking::assert_failed::<core[a373ad73a504971]::option::Option<i32>, core[a373ad73a504971]::option::Option<i32>>
[INFO] [stdout]   13:     0x63c25b28b1cf - <cli[ed6cbafee2f3581a]::scan_errors::size_error_is_reported_and_scan_continues::{closure#0} as core[a373ad73a504971]::ops::function::FnOnce<()>>::call_once
[INFO] [stdout]   14:     0x63c25b290ddb - test[aada8e7e76ba119b]::__rust_begin_short_backtrace::<core[a373ad73a504971]::result::Result<(), alloc[2e1b2a31b91974c5]::string::String>, fn() -> core[a373ad73a504971]::result::Result<(), alloc[2e1b2a31b91974c5]::string::String>>
[INFO] [stdout]   15:     0x63c25b29dfb5 - test[aada8e7e76ba119b]::run_test::{closure#0}
[INFO] [stdout]   16:     0x63c25b2978a4 - std[617be2ca0a6fd877]::sys::backtrace::__rust_begin_short_backtrace::<test[aada8e7e76ba119b]::run_test::{closure#1}, ()>
[INFO] [stdout]   17:     0x63c25b2a1042 - <std[617be2ca0a6fd877]::thread::lifecycle::spawn_unchecked<test[aada8e7e76ba119b]::run_test::{closure#1}, ()>::{closure#1} as core[a373ad73a504971]::ops::function::FnOnce<()>>::call_once::{shim:vtable#0}
[INFO] [stdout]   18:     0x63c25b30c3ff - <std[617be2ca0a6fd877]::sys::thread::unix::Thread>::new::thread_start
[INFO] [stdout]   19:     0x762b55844dfa - <unknown>
[INFO] [stdout]   20:     0x762b558d83d4 - clone
[INFO] [stdout]   21:                0x0 - <unknown>
[INFO] [stdout] 
[INFO] [stdout] ---- streams::closed_stderr_does_not_panic stdout ----
[INFO] [stdout] 
[INFO] [stdout] thread 'streams::closed_stderr_does_not_panic' (772) panicked at tests/cli/streams.rs:58:5:
[INFO] [stdout] assertion `left == right` failed
[INFO] [stdout]   left: Some(0)
[INFO] [stdout]  right: Some(1)
[INFO] [stdout] stack backtrace:
[INFO] [stdout]    0:     0x63c25b30cd81 - <<std[617be2ca0a6fd877]::sys::backtrace::BacktraceLock>::print::DisplayBacktrace as core[a373ad73a504971]::fmt::Display>::fmt
[INFO] [stdout]    1:     0x63c25b3214aa - core[a373ad73a504971]::fmt::write
[INFO] [stdout]    2:     0x63c25b31128c - <alloc[2e1b2a31b91974c5]::vec::Vec<u8> as core[a373ad73a504971]::io::write::Write>::write_fmt
[INFO] [stdout]    3:     0x63c25b2e6b46 - std[617be2ca0a6fd877]::panicking::default_hook::{closure#0}
[INFO] [stdout]    4:     0x63c25b3043e9 - std[617be2ca0a6fd877]::panicking::default_hook
[INFO] [stdout]    5:     0x63c25b29d990 - test[aada8e7e76ba119b]::test_main_inner::{closure#0}
[INFO] [stdout]    6:     0x63c25b3045a2 - std[617be2ca0a6fd877]::panicking::panic_with_hook
[INFO] [stdout]    7:     0x63c25b2e6bf2 - std[617be2ca0a6fd877]::panicking::panic_handler::{closure#0}
[INFO] [stdout]    8:     0x63c25b2df719 - std[617be2ca0a6fd877]::sys::backtrace::__rust_end_short_backtrace::<std[617be2ca0a6fd877]::panicking::panic_handler::{closure#0}, !>
[INFO] [stdout]    9:     0x63c25b2e7a9d - __rustc[ea4f61d10b84890b]::rust_begin_unwind
[INFO] [stdout]   10:     0x63c25b321bdc - core[a373ad73a504971]::panicking::panic_fmt
[INFO] [stdout]   11:     0x63c25b321af3 - core[a373ad73a504971]::panicking::assert_failed_inner
[INFO] [stdout]   12:     0x63c25b284dcf - core[a373ad73a504971]::panicking::assert_failed::<core[a373ad73a504971]::option::Option<i32>, core[a373ad73a504971]::option::Option<i32>>
[INFO] [stdout]   13:     0x63c25b28d8d1 - <cli[ed6cbafee2f3581a]::streams::closed_stderr_does_not_panic::{closure#0} as core[a373ad73a504971]::ops::function::FnOnce<()>>::call_once
[INFO] [stdout]   14:     0x63c25b290ddb - test[aada8e7e76ba119b]::__rust_begin_short_backtrace::<core[a373ad73a504971]::result::Result<(), alloc[2e1b2a31b91974c5]::string::String>, fn() -> core[a373ad73a504971]::result::Result<(), alloc[2e1b2a31b91974c5]::string::String>>
[INFO] [stdout]   15:     0x63c25b29dfb5 - test[aada8e7e76ba119b]::run_test::{closure#0}
[INFO] [stdout]   16:     0x63c25b2978a4 - std[617be2ca0a6fd877]::sys::backtrace::__rust_begin_short_backtrace::<test[aada8e7e76ba119b]::run_test::{closure#1}, ()>
[INFO] [stdout]   17:     0x63c25b2a1042 - <std[617be2ca0a6fd877]::thread::lifecycle::spawn_unchecked<test[aada8e7e76ba119b]::run_test::{closure#1}, ()>::{closure#1} as core[a373ad73a504971]::ops::function::FnOnce<()>>::call_once::{shim:vtable#0}
[INFO] [stdout]   18:     0x63c25b30c3ff - <std[617be2ca0a6fd877]::sys::thread::unix::Thread>::new::thread_start
[INFO] [stdout]   19:     0x762b55844dfa - <unknown>
[INFO] [stdout]   20:     0x762b558d83d4 - clone
[INFO] [stdout]   21:                0x0 - <unknown>
[INFO] [stdout] 
[INFO] [stdout] ---- scan_errors::child_that_cant_be_read_is_listed_with_nothing_counted stdout ----
[INFO] [stdout] 
[INFO] [stdout] thread 'scan_errors::child_that_cant_be_read_is_listed_with_nothing_counted' (767) panicked at tests/cli/scan_errors.rs:48:5:
[INFO] [stdout] assertion `left == right` failed
[INFO] [stdout]   left: Some(0)
[INFO] [stdout]  right: Some(1)
[INFO] [stdout] stack backtrace:
[INFO] [stdout]    0:     0x63c25b30cd81 - <<std[617be2ca0a6fd877]::sys::backtrace::BacktraceLock>::print::DisplayBacktrace as core[a373ad73a504971]::fmt::Display>::fmt
[INFO] [stdout]    1:     0x63c25b3214aa - core[a373ad73a504971]::fmt::write
[INFO] [stdout]    2:     0x63c25b31128c - <alloc[2e1b2a31b91974c5]::vec::Vec<u8> as core[a373ad73a504971]::io::write::Write>::write_fmt
[INFO] [stdout]    3:     0x63c25b2e6b46 - std[617be2ca0a6fd877]::panicking::default_hook::{closure#0}
[INFO] [stdout]    4:     0x63c25b3043e9 - std[617be2ca0a6fd877]::panicking::default_hook
[INFO] [stdout]    5:     0x63c25b29d990 - test[aada8e7e76ba119b]::test_main_inner::{closure#0}
[INFO] [stdout]    6:     0x63c25b3045a2 - std[617be2ca0a6fd877]::panicking::panic_with_hook
[INFO] [stdout]    7:     0x63c25b2e6bf2 - std[617be2ca0a6fd877]::panicking::panic_handler::{closure#0}
[INFO] [stdout]    8:     0x63c25b2df719 - std[617be2ca0a6fd877]::sys::backtrace::__rust_end_short_backtrace::<std[617be2ca0a6fd877]::panicking::panic_handler::{closure#0}, !>
[INFO] [stdout]    9:     0x63c25b2e7a9d - __rustc[ea4f61d10b84890b]::rust_begin_unwind
[INFO] [stdout]   10:     0x63c25b321bdc - core[a373ad73a504971]::panicking::panic_fmt
[INFO] [stdout]   11:     0x63c25b321af3 - core[a373ad73a504971]::panicking::assert_failed_inner
[INFO] [stdout]   12:     0x63c25b284dcf - core[a373ad73a504971]::panicking::assert_failed::<core[a373ad73a504971]::option::Option<i32>, core[a373ad73a504971]::option::Option<i32>>
[INFO] [stdout]   13:     0x63c25b28c4a0 - <cli[ed6cbafee2f3581a]::scan_errors::child_that_cant_be_read_is_listed_with_nothing_counted::{closure#0} as core[a373ad73a504971]::ops::function::FnOnce<()>>::call_once
[INFO] [stdout]   14:     0x63c25b290ddb - test[aada8e7e76ba119b]::__rust_begin_short_backtrace::<core[a373ad73a504971]::result::Result<(), alloc[2e1b2a31b91974c5]::string::String>, fn() -> core[a373ad73a504971]::result::Result<(), alloc[2e1b2a31b91974c5]::string::String>>
[INFO] [stdout]   15:     0x63c25b29dfb5 - test[aada8e7e76ba119b]::run_test::{closure#0}
[INFO] [stdout]   16:     0x63c25b2978a4 - std[617be2ca0a6fd877]::sys::backtrace::__rust_begin_short_backtrace::<test[aada8e7e76ba119b]::run_test::{closure#1}, ()>
[INFO] [stdout]   17:     0x63c25b2a1042 - <std[617be2ca0a6fd877]::thread::lifecycle::spawn_unchecked<test[aada8e7e76ba119b]::run_test::{closure#1}, ()>::{closure#1} as core[a373ad73a504971]::ops::function::FnOnce<()>>::call_once::{shim:vtable#0}
[INFO] [stdout]   18:     0x63c25b30c3ff - <std[617be2ca0a6fd877]::sys::thread::unix::Thread>::new::thread_start
[INFO] [stdout]   19:     0x762b55844dfa - <unknown>
[INFO] [stdout]   20:     0x762b558d83d4 - clone
[INFO] [stdout]   21:                0x0 - <unknown>
[INFO] [stdout] 
[INFO] [stdout] ---- scan_errors::unreadable_dir_is_reported_and_scan_continues stdout ----
[INFO] [stdout] 
[INFO] [stdout] thread 'scan_errors::unreadable_dir_is_reported_and_scan_continues' (771) panicked at tests/cli/scan_errors.rs:68:5:
[INFO] [stdout] assertion `left == right` failed
[INFO] [stdout]   left: Some(0)
[INFO] [stdout]  right: Some(1)
[INFO] [stdout] stack backtrace:
[INFO] [stdout]    0:     0x63c25b30cd81 - <<std[617be2ca0a6fd877]::sys::backtrace::BacktraceLock>::print::DisplayBacktrace as core[a373ad73a504971]::fmt::Display>::fmt
[INFO] [stdout]    1:     0x63c25b3214aa - core[a373ad73a504971]::fmt::write
[INFO] [stdout]    2:     0x63c25b31128c - <alloc[2e1b2a31b91974c5]::vec::Vec<u8> as core[a373ad73a504971]::io::write::Write>::write_fmt
[INFO] [stdout]    3:     0x63c25b2e6b46 - std[617be2ca0a6fd877]::panicking::default_hook::{closure#0}
[INFO] [stdout]    4:     0x63c25b3043e9 - std[617be2ca0a6fd877]::panicking::default_hook
[INFO] [stdout]    5:     0x63c25b29d990 - test[aada8e7e76ba119b]::test_main_inner::{closure#0}
[INFO] [stdout]    6:     0x63c25b3045a2 - std[617be2ca0a6fd877]::panicking::panic_with_hook
[INFO] [stdout]    7:     0x63c25b2e6bf2 - std[617be2ca0a6fd877]::panicking::panic_handler::{closure#0}
[INFO] [stdout]    8:     0x63c25b2df719 - std[617be2ca0a6fd877]::sys::backtrace::__rust_end_short_backtrace::<std[617be2ca0a6fd877]::panicking::panic_handler::{closure#0}, !>
[INFO] [stdout]    9:     0x63c25b2e7a9d - __rustc[ea4f61d10b84890b]::rust_begin_unwind
[INFO] [stdout]   10:     0x63c25b321bdc - core[a373ad73a504971]::panicking::panic_fmt
[INFO] [stdout]   11:     0x63c25b321af3 - core[a373ad73a504971]::panicking::assert_failed_inner
[INFO] [stdout]   12:     0x63c25b284dcf - core[a373ad73a504971]::panicking::assert_failed::<core[a373ad73a504971]::option::Option<i32>, core[a373ad73a504971]::option::Option<i32>>
[INFO] [stdout]   13:     0x63c25b28bafb - <cli[ed6cbafee2f3581a]::scan_errors::unreadable_dir_is_reported_and_scan_continues::{closure#0} as core[a373ad73a504971]::ops::function::FnOnce<()>>::call_once
[INFO] [stdout]   14:     0x63c25b290ddb - test[aada8e7e76ba119b]::__rust_begin_short_backtrace::<core[a373ad73a504971]::result::Result<(), alloc[2e1b2a31b91974c5]::string::String>, fn() -> core[a373ad73a504971]::result::Result<(), alloc[2e1b2a31b91974c5]::string::String>>
[INFO] [stdout]   15:     0x63c25b29dfb5 - test[aada8e7e76ba119b]::run_test::{closure#0}
[INFO] [stdout]   16:     0x63c25b2978a4 - std[617be2ca0a6fd877]::sys::backtrace::__rust_begin_short_backtrace::<test[aada8e7e76ba119b]::run_test::{closure#1}, ()>
[INFO] [stdout]   17:     0x63c25b2a1042 - <std[617be2ca0a6fd877]::thread::lifecycle::spawn_unchecked<test[aada8e7e76ba119b]::run_test::{closure#1}, ()>::{closure#1} as core[a373ad73a504971]::ops::function::FnOnce<()>>::call_once::{shim:vtable#0}
[INFO] [stdout]   18:     0x63c25b30c3ff - <std[617be2ca0a6fd877]::sys::thread::unix::Thread>::new::thread_start
[INFO] [stdout]   19:     0x762b55844dfa - <unknown>
[INFO] [stdout]   20:     0x762b558d83d4 - clone
[INFO] [stdout]   21:                0x0 - <unknown>
[INFO] [stdout] 
[INFO] [stdout] 
[INFO] [stdout] failures:
[INFO] [stdout]     args::unreadable_root_exits_1_without_output
[INFO] [stdout]     scan_errors::child_that_cant_be_read_is_listed_with_nothing_counted
[INFO] [stdout]     scan_errors::size_error_is_reported_and_scan_continues
[INFO] [stdout]     scan_errors::unreadable_dir_is_reported_and_scan_continues
[INFO] [stdout]     streams::closed_stderr_does_not_panic
[INFO] [stdout] 
[INFO] [stdout] test result: FAILED. 26 passed; 5 failed; 0 ignored; 0 measured; 0 filtered out; finished in 3.63s
[INFO] [stdout] 
[INFO] [stderr] error: test failed, to rerun pass `--test cli`
[INFO] running `Command { std: "docker" "inspect" "dcef208bc40be12ffdcbf4a445ae4a9ddba4034d05ef1ff03cdf9774b963f24e", kill_on_drop: false }`
[INFO] running `Command { std: "docker" "rm" "-f" "dcef208bc40be12ffdcbf4a445ae4a9ddba4034d05ef1ff03cdf9774b963f24e", kill_on_drop: false }`
[INFO] [stdout] dcef208bc40be12ffdcbf4a445ae4a9ddba4034d05ef1ff03cdf9774b963f24e
