[INFO] fetching crate spaceapi-dezentrale 0.8.2-rc1.1...
[INFO] testing spaceapi-dezentrale-0.8.2-rc1.1 against 1.99.0-beta.8+cargoflags=--release for beta-release-1.100-2
[INFO] extracting crate spaceapi-dezentrale 0.8.2-rc1.1 into /workspace/builds/worker-2-tc1/source
[INFO] started tweaking crates.io crate spaceapi-dezentrale 0.8.2-rc1.1
[INFO] finished tweaking crates.io crate spaceapi-dezentrale 0.8.2-rc1.1
[INFO] tweaked toml for crates.io crate spaceapi-dezentrale 0.8.2-rc1.1 written to /workspace/builds/worker-2-tc1/source/Cargo.toml
[INFO] validating manifest of crates.io crate spaceapi-dezentrale 0.8.2-rc1.1 on toolchain 1.99.0-beta.8
[INFO] running `Command { std: CARGO_HOME="/workspace/cargo-home" RUSTUP_HOME="/workspace/rustup-home" "/workspace/cargo-home/bin/cargo" "+1.99.0-beta.8" "metadata" "--manifest-path" "Cargo.toml" "--no-deps", kill_on_drop: false }`
[INFO] crate crates.io crate spaceapi-dezentrale 0.8.2-rc1.1 already has a lockfile, it will not be regenerated
[INFO] running `Command { std: CARGO_HOME="/workspace/cargo-home" RUSTUP_HOME="/workspace/rustup-home" "/workspace/cargo-home/bin/cargo" "+1.99.0-beta.8" "fetch" "--manifest-path" "Cargo.toml", kill_on_drop: false }`
[INFO] [stderr]  Downloading crates ...
[INFO] [stderr]   Downloaded serde_derive v1.0.152
[INFO] [stderr]   Downloaded syn v1.0.107
[INFO] [stderr]   Downloaded serde v1.0.152
[INFO] running `Command { std: "docker" "create" "-v" "/var/lib/crater-agent-workspace/builds/worker-2-tc1/source:/opt/rustwide/workdir:ro,Z" "-v" "/var/lib/crater-agent-workspace/builds/worker-2-tc1/target:/opt/rustwide/target:rw,Z" "-v" "/var/lib/crater-agent-workspace/cargo-home:/opt/rustwide/cargo-home:ro,Z" "-v" "/var/lib/crater-agent-workspace/rustup-home:/opt/rustwide/rustup-home:ro,Z" "-m" "1610612736" "--network" "none" "ghcr.io/rust-lang/crates-build-env/linux@sha256:77db811e55d90add9212f6832c23229e3de5f1c1f9905e8cb07319ea15df73ac" "sleep" "infinity", kill_on_drop: false }`
[INFO] [stdout] abddf3cdb4e27ad0a75d617fadf6531ed4f2c8054a11ccf3dc9a12587c76ee55
[INFO] running `Command { std: "docker" "start" "abddf3cdb4e27ad0a75d617fadf6531ed4f2c8054a11ccf3dc9a12587c76ee55", kill_on_drop: false }`
[INFO] running `Command { std: "docker" "inspect" "abddf3cdb4e27ad0a75d617fadf6531ed4f2c8054a11ccf3dc9a12587c76ee55", kill_on_drop: false }`
[INFO] running `Command { std: "docker" "exec" "-e" "SOURCE_DIR=/opt/rustwide/workdir" "-e" "CARGO_HOME=/opt/rustwide/cargo-home" "-e" "RUSTUP_HOME=/opt/rustwide/rustup-home" "-e" "CARGO_TARGET_DIR=/opt/rustwide/target" "-w" "/opt/rustwide/workdir" "--user" "0:0" "abddf3cdb4e27ad0a75d617fadf6531ed4f2c8054a11ccf3dc9a12587c76ee55" "/opt/rustwide/cargo-home/bin/cargo" "+1.99.0-beta.8" "metadata" "--no-deps" "--format-version=1", kill_on_drop: false }`
[INFO] running `Command { std: "docker" "inspect" "abddf3cdb4e27ad0a75d617fadf6531ed4f2c8054a11ccf3dc9a12587c76ee55", kill_on_drop: false }`
[INFO] running `Command { std: "docker" "exec" "-e" "SOURCE_DIR=/opt/rustwide/workdir" "-e" "CARGO_HOME=/opt/rustwide/cargo-home" "-e" "RUSTUP_HOME=/opt/rustwide/rustup-home" "-e" "CARGO_TARGET_DIR=/opt/rustwide/target" "-e" "CARGO_INCREMENTAL=0" "-e" "RUST_BACKTRACE=full" "-e" "RUSTFLAGS=--cap-lints=warn" "-e" "RUSTDOCFLAGS=--cap-lints=warn" "-w" "/opt/rustwide/workdir" "--user" "0:0" "abddf3cdb4e27ad0a75d617fadf6531ed4f2c8054a11ccf3dc9a12587c76ee55" "/opt/rustwide/cargo-home/bin/cargo" "+1.99.0-beta.8" "build" "--frozen" "--message-format=json" "--release", kill_on_drop: false }`
[INFO] [stderr]    Compiling proc-macro2 v1.0.51
[INFO] [stderr]    Compiling unicode-ident v1.0.6
[INFO] [stderr]    Compiling quote v1.0.23
[INFO] [stderr]    Compiling syn v1.0.107
[INFO] [stderr]    Compiling serde_derive v1.0.152
[INFO] [stderr]    Compiling serde v1.0.152
[INFO] [stderr]    Compiling serde_json v1.0.93
[INFO] [stderr]    Compiling log v0.4.17
[INFO] [stderr]    Compiling thiserror v1.0.38
[INFO] [stderr]    Compiling ryu v1.0.12
[INFO] [stderr]    Compiling itoa v1.0.5
[INFO] [stderr]    Compiling thiserror-impl v1.0.38
[INFO] [stderr]    Compiling spaceapi-dezentrale v0.8.2-rc1.1 (/opt/rustwide/workdir)
[INFO] [stderr]     Finished `release` profile [optimized] target(s) in 13.50s
[INFO] running `Command { std: "docker" "inspect" "abddf3cdb4e27ad0a75d617fadf6531ed4f2c8054a11ccf3dc9a12587c76ee55", kill_on_drop: false }`
[INFO] running `Command { std: "docker" "exec" "-e" "SOURCE_DIR=/opt/rustwide/workdir" "-e" "CARGO_HOME=/opt/rustwide/cargo-home" "-e" "RUSTUP_HOME=/opt/rustwide/rustup-home" "-e" "CARGO_TARGET_DIR=/opt/rustwide/target" "-e" "CARGO_INCREMENTAL=0" "-e" "RUST_BACKTRACE=full" "-e" "RUSTFLAGS=--cap-lints=warn" "-e" "RUSTDOCFLAGS=--cap-lints=warn" "-w" "/opt/rustwide/workdir" "--user" "0:0" "abddf3cdb4e27ad0a75d617fadf6531ed4f2c8054a11ccf3dc9a12587c76ee55" "/opt/rustwide/cargo-home/bin/cargo" "+1.99.0-beta.8" "test" "--frozen" "--no-run" "--message-format=json" "--release", kill_on_drop: false }`
[INFO] [stderr]    Compiling spaceapi-dezentrale v0.8.2-rc1.1 (/opt/rustwide/workdir)
[INFO] [stderr]     Finished `release` profile [optimized] target(s) in 9.63s
[INFO] running `Command { std: "docker" "inspect" "abddf3cdb4e27ad0a75d617fadf6531ed4f2c8054a11ccf3dc9a12587c76ee55", kill_on_drop: false }`
[INFO] running `Command { std: "docker" "exec" "-e" "SOURCE_DIR=/opt/rustwide/workdir" "-e" "CARGO_HOME=/opt/rustwide/cargo-home" "-e" "RUSTUP_HOME=/opt/rustwide/rustup-home" "-e" "CARGO_TARGET_DIR=/opt/rustwide/target" "-e" "CARGO_INCREMENTAL=0" "-e" "RUST_BACKTRACE=full" "-e" "RUSTFLAGS=--cap-lints=warn" "-e" "RUSTDOCFLAGS=--cap-lints=warn" "-w" "/opt/rustwide/workdir" "--user" "0:0" "abddf3cdb4e27ad0a75d617fadf6531ed4f2c8054a11ccf3dc9a12587c76ee55" "/opt/rustwide/cargo-home/bin/cargo" "+1.99.0-beta.8" "test" "--frozen" "--release", kill_on_drop: false }`
[INFO] [stderr]     Finished `release` profile [optimized] target(s) in 0.04s
[INFO] [stderr]      Running unittests src/lib.rs (/opt/rustwide/target/release/deps/spaceapi_dezentrale-cbf4fc351668c36c)
[INFO] [stdout] 
[INFO] [stdout] running 37 tests
[INFO] [stdout] test sensors::people_now_present::test::test_template ... ok
[INFO] [stdout] test status::test::deserialize::issue_report_channel_twitter ... ok
[INFO] [stdout] test sensors::temperature::test::test_template_bad_float ... ok
[INFO] [stdout] test status::test::deserialize::issue_report_channel_email ... ok
[INFO] [stdout] test status::test::serialize::stream_m4 ... ok
[INFO] [stdout] test status::test::serialize::issue_report_channel_twitter ... ok
[INFO] [stdout] test status::test::serialize::stream_default ... ok
[INFO] [stdout] test status::test::deserialize::issue_report_channel_issue_mail ... ok
[INFO] [stdout] test status::test::serialize::issue_report_channel_email ... ok
[INFO] [stdout] test status::test::deserialize::issue_report_channel_ml ... ok
[INFO] [stdout] test status::test::serialize_deserialize_full ... ok
[INFO] [stdout] test status::test::serialize::stream_ustream ... ok
[INFO] [stdout] test status::test::serialize_deserialize_full_with_optional ... ok
[INFO] [stdout] test status::test::serialize_deserialize_simple_contact ... ok
[INFO] [stdout] test sensors::temperature::test::test_template ... ok
[INFO] [stdout] test status::test::serialize_extension_fields ... ok
[INFO] [stdout] test sensors::test::serialize_deserialize_sensors ... ok
[INFO] [stdout] test status::test::serialize_extension_fields_empty ... ok
[INFO] [stdout] test sensors::people_now_present::test::test_template_bad_integer ... ok
[INFO] [stdout] test status::test::serialize::issue_report_channel_ml ... ok
[INFO] [stdout] test status::test::test_builder_mixed ... ok
[INFO] [stdout] test status::test::serialize_skip_none ... ok
[INFO] [stdout] test status::test::test_builder_v14 ... ok
[INFO] [stdout] test status::test::test_builder ... ok
[INFO] [stdout] test status::test::prepend_ext_to_extension_field_names ... ok
[INFO] [stdout] test status::test::deserialize_status ... ok
[INFO] [stdout] test status::test::test_builder_v13_fail_on_location_timezone ... ok
[INFO] [stdout] test status::test::test_builder_v13_fail_on_membership_plans ... ok
[INFO] [stdout] test status::test::test_builder_v13_fail_on_links ... ok
[INFO] [stdout] test status::test::serialize::stream_mjpeg ... ok
[INFO] [stdout] test status::test::test_builder_v14_fail_on_google ... ok
[INFO] [stdout] test status::test::test_builder_v14_fail_on_jabber ... ok
[INFO] [stdout] test status::test::test_builder_v14_fail_on_radio_show ... ok
[INFO] [stdout] test status::test::test_builder_v14_fail_on_spacephone ... ok
[INFO] [stdout] test status::test::serialize::issue_report_channel_issue_mail ... ok
[INFO] [stdout] test test::test_get_version ... FAILED
[INFO] [stdout] test status::test::serialize_deserialize_cache ... ok
[INFO] [stdout] 
[INFO] [stdout] failures:
[INFO] [stdout] 
[INFO] [stdout] ---- test::test_get_version stdout ----
[INFO] [stdout] 
[INFO] [stdout] thread 'test::test_get_version' (702) panicked at src/lib.rs:96:9:
[INFO] [stdout] assertion `left == right` failed
[INFO] [stdout]   left: 3
[INFO] [stdout]  right: 4
[INFO] [stdout] stack backtrace:
[INFO] [stdout]    0:     0x5ac9a4211df1 - <<std[70759c8f55707aa4]::sys::backtrace::BacktraceLock>::print::DisplayBacktrace as core[df12db4294e9bfd3]::fmt::Display>::fmt
[INFO] [stdout]    1:     0x5ac9a42272ea - core[df12db4294e9bfd3]::fmt::write
[INFO] [stdout]    2:     0x5ac9a421633c - <alloc[2182bb758b4b3781]::vec::Vec<u8> as core[df12db4294e9bfd3]::io::write::Write>::write_fmt
[INFO] [stdout]    3:     0x5ac9a41ee3e6 - std[70759c8f55707aa4]::panicking::default_hook::{closure#0}
[INFO] [stdout]    4:     0x5ac9a420a559 - std[70759c8f55707aa4]::panicking::default_hook
[INFO] [stdout]    5:     0x5ac9a41a1680 - test[9d35eded1c95d3be]::test_main_inner::<test[9d35eded1c95d3be]::test_main_static::{closure#0}>::{closure#0}
[INFO] [stdout]    6:     0x5ac9a420a712 - std[70759c8f55707aa4]::panicking::panic_with_hook
[INFO] [stdout]    7:     0x5ac9a41ee492 - std[70759c8f55707aa4]::panicking::panic_handler::{closure#0}
[INFO] [stdout]    8:     0x5ac9a41e71e9 - std[70759c8f55707aa4]::sys::backtrace::__rust_end_short_backtrace::<std[70759c8f55707aa4]::panicking::panic_handler::{closure#0}, !>
[INFO] [stdout]    9:     0x5ac9a41ef08d - __rustc[8fa7c3cbc660c2b3]::rust_begin_unwind
[INFO] [stdout]   10:     0x5ac9a4227a1c - core[df12db4294e9bfd3]::panicking::panic_fmt
[INFO] [stdout]   11:     0x5ac9a4227933 - core[df12db4294e9bfd3]::panicking::assert_failed_inner
[INFO] [stdout]   12:     0x5ac9a4222fe8 - core[df12db4294e9bfd3]::panicking::assert_failed::<usize, usize>
[INFO] [stdout]   13:     0x5ac9a4193ca0 - <spaceapi_dezentrale[44b39d7c994eef33]::test::test_get_version::{closure#0} as core[df12db4294e9bfd3]::ops::function::FnOnce<()>>::call_once
[INFO] [stdout]   14:     0x5ac9a419496b - test[9d35eded1c95d3be]::__rust_begin_short_backtrace::<core[df12db4294e9bfd3]::result::Result<(), alloc[2182bb758b4b3781]::string::String>, fn() -> core[df12db4294e9bfd3]::result::Result<(), alloc[2182bb758b4b3781]::string::String>>
[INFO] [stdout]   15:     0x5ac9a41a1fd5 - test[9d35eded1c95d3be]::run_test::{closure#0}
[INFO] [stdout]   16:     0x5ac9a419b894 - std[70759c8f55707aa4]::sys::backtrace::__rust_begin_short_backtrace::<test[9d35eded1c95d3be]::run_test::{closure#1}, ()>
[INFO] [stdout]   17:     0x5ac9a41a5132 - <std[70759c8f55707aa4]::thread::lifecycle::spawn_unchecked<test[9d35eded1c95d3be]::run_test::{closure#1}, ()>::{closure#1} as core[df12db4294e9bfd3]::ops::function::FnOnce<()>>::call_once::{shim:vtable#0}
[INFO] [stdout]   18:     0x5ac9a42116c9 - <std[70759c8f55707aa4]::sys::thread::unix::Thread>::new::thread_start
[INFO] [stdout]   19:     0x775b9b8c5dfa - <unknown>
[INFO] [stdout]   20:     0x775b9b9593d4 - clone
[INFO] [stdout]   21:                0x0 - <unknown>
[INFO] [stdout] 
[INFO] [stdout] 
[INFO] [stdout] failures:
[INFO] [stdout]     test::test_get_version
[INFO] [stdout] 
[INFO] [stdout] test result: FAILED. 36 passed; 1 failed; 0 ignored; 0 measured; 0 filtered out; finished in 0.02s
[INFO] [stdout] 
[INFO] [stderr] error: test failed, to rerun pass `--lib`
[INFO] running `Command { std: "docker" "inspect" "abddf3cdb4e27ad0a75d617fadf6531ed4f2c8054a11ccf3dc9a12587c76ee55", kill_on_drop: false }`
[INFO] running `Command { std: "docker" "rm" "-f" "abddf3cdb4e27ad0a75d617fadf6531ed4f2c8054a11ccf3dc9a12587c76ee55", kill_on_drop: false }`
[INFO] [stdout] abddf3cdb4e27ad0a75d617fadf6531ed4f2c8054a11ccf3dc9a12587c76ee55
