[INFO] fetching crate space_email_api 0.3.2...
[INFO] testing space_email_api-0.3.2 against 1.100.0-beta.1+cargoflags=--release for beta-release-1.100-2
[INFO] extracting crate space_email_api 0.3.2 into /workspace/builds/worker-5-tc2/source
[INFO] started tweaking crates.io crate space_email_api 0.3.2
[INFO] finished tweaking crates.io crate space_email_api 0.3.2
[INFO] tweaked toml for crates.io crate space_email_api 0.3.2 written to /workspace/builds/worker-5-tc2/source/Cargo.toml
[INFO] validating manifest of crates.io crate space_email_api 0.3.2 on toolchain 1.100.0-beta.1
[INFO] running `Command { std: CARGO_HOME="/workspace/cargo-home" RUSTUP_HOME="/workspace/rustup-home" "/workspace/cargo-home/bin/cargo" "+1.100.0-beta.1" "metadata" "--manifest-path" "Cargo.toml" "--no-deps", kill_on_drop: false }`
[INFO] running `Command { std: CARGO_HOME="/workspace/cargo-home" RUSTUP_HOME="/workspace/rustup-home" "/workspace/cargo-home/bin/cargo" "+1.100.0-beta.1" "generate-lockfile" "--manifest-path" "Cargo.toml", kill_on_drop: false }`
[INFO] [stderr]     Updating crates.io index
[INFO] [stderr]     Blocking waiting for file lock on package cache
[INFO] [stderr]      Locking 220 packages to highest compatible versions
[INFO] [stderr]       Adding async-stream v0.2.1 (available: v0.3.6)
[INFO] [stderr]       Adding reqwest v0.11.27 (available: v0.13.5)
[INFO] [stderr]       Adding tendril v0.4.3 (available: v0.5.1)
[INFO] running `Command { std: CARGO_HOME="/workspace/cargo-home" RUSTUP_HOME="/workspace/rustup-home" "/workspace/cargo-home/bin/cargo" "+1.100.0-beta.1" "fetch" "--manifest-path" "Cargo.toml", kill_on_drop: false }`
[INFO] [stderr]     Blocking waiting for file lock on package cache
[INFO] running `Command { std: "docker" "create" "-v" "/var/lib/crater-agent-workspace/builds/worker-5-tc2/source:/opt/rustwide/workdir:ro,Z" "-v" "/var/lib/crater-agent-workspace/builds/worker-5-tc2/target:/opt/rustwide/target:rw,Z" "-v" "/var/lib/crater-agent-workspace/cargo-home:/opt/rustwide/cargo-home:ro,Z" "-v" "/var/lib/crater-agent-workspace/rustup-home:/opt/rustwide/rustup-home:ro,Z" "-m" "1610612736" "--network" "none" "ghcr.io/rust-lang/crates-build-env/linux@sha256:77db811e55d90add9212f6832c23229e3de5f1c1f9905e8cb07319ea15df73ac" "sleep" "infinity", kill_on_drop: false }`
[INFO] [stdout] 6f9ea77da28e972dad1ad773328ce435b56551927e350c205237692bc50f65d6
[INFO] running `Command { std: "docker" "start" "6f9ea77da28e972dad1ad773328ce435b56551927e350c205237692bc50f65d6", kill_on_drop: false }`
[INFO] running `Command { std: "docker" "inspect" "6f9ea77da28e972dad1ad773328ce435b56551927e350c205237692bc50f65d6", kill_on_drop: false }`
[INFO] running `Command { std: "docker" "exec" "-e" "SOURCE_DIR=/opt/rustwide/workdir" "-e" "CARGO_HOME=/opt/rustwide/cargo-home" "-e" "RUSTUP_HOME=/opt/rustwide/rustup-home" "-e" "CARGO_TARGET_DIR=/opt/rustwide/target" "-w" "/opt/rustwide/workdir" "--user" "0:0" "6f9ea77da28e972dad1ad773328ce435b56551927e350c205237692bc50f65d6" "/opt/rustwide/cargo-home/bin/cargo" "+1.100.0-beta.1" "metadata" "--no-deps" "--format-version=1", kill_on_drop: false }`
[INFO] running `Command { std: "docker" "inspect" "6f9ea77da28e972dad1ad773328ce435b56551927e350c205237692bc50f65d6", kill_on_drop: false }`
[INFO] running `Command { std: "docker" "exec" "-e" "SOURCE_DIR=/opt/rustwide/workdir" "-e" "CARGO_HOME=/opt/rustwide/cargo-home" "-e" "RUSTUP_HOME=/opt/rustwide/rustup-home" "-e" "CARGO_TARGET_DIR=/opt/rustwide/target" "-e" "CARGO_INCREMENTAL=0" "-e" "RUST_BACKTRACE=full" "-e" "RUSTFLAGS=--cap-lints=warn" "-e" "RUSTDOCFLAGS=--cap-lints=warn" "-w" "/opt/rustwide/workdir" "--user" "0:0" "6f9ea77da28e972dad1ad773328ce435b56551927e350c205237692bc50f65d6" "/opt/rustwide/cargo-home/bin/cargo" "+1.100.0-beta.1" "build" "--frozen" "--message-format=json" "--release", kill_on_drop: false }`
[INFO] [stderr]    Compiling siphasher v1.0.4
[INFO] [stderr]    Compiling syn v1.0.109
[INFO] [stderr]    Compiling getrandom v0.2.17
[INFO] [stderr]    Compiling serde v1.0.229
[INFO] [stderr]    Compiling parking_lot_core v0.9.12
[INFO] [stderr]    Compiling futures-util v0.3.34
[INFO] [stderr]    Compiling tokio v1.53.3
[INFO] [stderr]    Compiling phf_shared v0.10.0
[INFO] [stderr]    Compiling utf-8 v0.7.6
[INFO] [stderr]    Compiling phf_shared v0.11.3
[INFO] [stderr]    Compiling time-macros v0.2.32
[INFO] [stderr]    Compiling cookie v0.17.0
[INFO] [stderr]    Compiling icu_normalizer v2.3.0
[INFO] [stderr]    Compiling openssl v0.10.81
[INFO] [stderr]    Compiling deranged v0.5.9
[INFO] [stderr]    Compiling psl-types v2.0.11
[INFO] [stderr]    Compiling rand_core v0.6.4
[INFO] [stderr]    Compiling tendril v0.4.3
[INFO] [stderr]    Compiling unicode-bidi v0.3.18
[INFO] [stderr]    Compiling serde_json v1.0.154
[INFO] [stderr]    Compiling bit-vec v0.6.3
[INFO] [stderr]    Compiling rand_chacha v0.3.1
[INFO] [stderr]    Compiling phf v0.10.1
[INFO] [stderr]    Compiling parking_lot v0.12.5
[INFO] [stderr]    Compiling chrono v0.4.45
[INFO] [stderr]    Compiling rand v0.8.8
[INFO] [stderr]    Compiling idna v0.3.0
[INFO] [stderr]    Compiling bit-set v0.5.3
[INFO] [stderr]    Compiling idna_adapter v1.2.2
[INFO] [stderr]    Compiling idna v1.1.0
[INFO] [stderr]    Compiling string_cache v0.8.9
[INFO] [stderr]    Compiling serde_urlencoded v0.7.1
[INFO] [stderr]    Compiling phf_generator v0.11.3
[INFO] [stderr]    Compiling phf_generator v0.10.0
[INFO] [stderr]    Compiling phf_codegen v0.10.0
[INFO] [stderr]    Compiling url v2.5.8
[INFO] [stderr]    Compiling publicsuffix v2.3.0
[INFO] [stderr]    Compiling string_cache_codegen v0.5.4
[INFO] [stderr]    Compiling time v0.3.55
[INFO] [stderr]    Compiling markup5ever v0.11.0
[INFO] [stderr]    Compiling xml5ever v0.17.0
[INFO] [stderr]    Compiling futures-executor v0.3.34
[INFO] [stderr]    Compiling futures v0.3.34
[INFO] [stderr]    Compiling native-tls v0.2.18
[INFO] [stderr]    Compiling html5ever v0.26.0
[INFO] [stderr]    Compiling async-stream-impl v0.2.1
[INFO] [stderr]    Compiling tokio-util v0.7.20
[INFO] [stderr]    Compiling tokio-native-tls v0.3.1
[INFO] [stderr]    Compiling cookie_store v0.20.0
[INFO] [stderr]    Compiling async-stream v0.2.1
[INFO] [stderr]    Compiling h2 v0.3.27
[INFO] [stderr]    Compiling markup5ever_rcdom v0.2.0
[INFO] [stderr]    Compiling select v0.6.1
[INFO] [stderr]    Compiling hyper v0.14.32
[INFO] [stderr]    Compiling hyper-tls v0.5.0
[INFO] [stderr]    Compiling reqwest v0.11.27
[INFO] [stderr]    Compiling space_email_api v0.3.2 (/opt/rustwide/workdir)
[INFO] [stderr] warning: unused dependency `regex`
[INFO] [stderr]   --> Cargo.toml:10:15
[INFO] [stderr]    |
[INFO] [stderr] 10 | [dependencies.regex]
[INFO] [stderr]    |               ^^^^^^
[INFO] [stderr]    |
[INFO] [stderr]    = note: `cargo::unused_dependencies` is set to `warn` by default
[INFO] [stderr] help: consider removing the dependency on `regex`
[INFO] [stderr] warning: `space_email_api` (manifest) generated 1 warning
[INFO] [stderr]     Finished `release` profile [optimized] target(s) in 56.68s
[INFO] running `Command { std: "docker" "inspect" "6f9ea77da28e972dad1ad773328ce435b56551927e350c205237692bc50f65d6", kill_on_drop: false }`
[INFO] running `Command { std: "docker" "exec" "-e" "SOURCE_DIR=/opt/rustwide/workdir" "-e" "CARGO_HOME=/opt/rustwide/cargo-home" "-e" "RUSTUP_HOME=/opt/rustwide/rustup-home" "-e" "CARGO_TARGET_DIR=/opt/rustwide/target" "-e" "CARGO_INCREMENTAL=0" "-e" "RUST_BACKTRACE=full" "-e" "RUSTFLAGS=--cap-lints=warn" "-e" "RUSTDOCFLAGS=--cap-lints=warn" "-w" "/opt/rustwide/workdir" "--user" "0:0" "6f9ea77da28e972dad1ad773328ce435b56551927e350c205237692bc50f65d6" "/opt/rustwide/cargo-home/bin/cargo" "+1.100.0-beta.1" "test" "--frozen" "--no-run" "--message-format=json" "--release", kill_on_drop: false }`
[INFO] [stderr]    Compiling space_email_api v0.3.2 (/opt/rustwide/workdir)
[INFO] [stderr] warning: unused dependency `regex`
[INFO] [stderr]   --> Cargo.toml:10:15
[INFO] [stderr]    |
[INFO] [stderr] 10 | [dependencies.regex]
[INFO] [stderr]    |               ^^^^^^
[INFO] [stderr]    |
[INFO] [stderr]    = note: `cargo::unused_dependencies` is set to `warn` by default
[INFO] [stderr] help: consider removing the dependency on `regex`
[INFO] [stderr] warning: `space_email_api` (manifest) generated 1 warning
[INFO] [stderr]     Finished `release` profile [optimized] target(s) in 2.51s
[INFO] running `Command { std: "docker" "inspect" "6f9ea77da28e972dad1ad773328ce435b56551927e350c205237692bc50f65d6", kill_on_drop: false }`
[INFO] running `Command { std: "docker" "exec" "-e" "SOURCE_DIR=/opt/rustwide/workdir" "-e" "CARGO_HOME=/opt/rustwide/cargo-home" "-e" "RUSTUP_HOME=/opt/rustwide/rustup-home" "-e" "CARGO_TARGET_DIR=/opt/rustwide/target" "-e" "CARGO_INCREMENTAL=0" "-e" "RUST_BACKTRACE=full" "-e" "RUSTFLAGS=--cap-lints=warn" "-e" "RUSTDOCFLAGS=--cap-lints=warn" "-w" "/opt/rustwide/workdir" "--user" "0:0" "6f9ea77da28e972dad1ad773328ce435b56551927e350c205237692bc50f65d6" "/opt/rustwide/cargo-home/bin/cargo" "+1.100.0-beta.1" "test" "--frozen" "--release", kill_on_drop: false }`
[INFO] [stderr] warning: unused dependency `regex`
[INFO] [stderr]   --> Cargo.toml:10:15
[INFO] [stderr]    |
[INFO] [stderr] 10 | [dependencies.regex]
[INFO] [stderr]    |               ^^^^^^
[INFO] [stderr]    |
[INFO] [stderr]    = note: `cargo::unused_dependencies` is set to `warn` by default
[INFO] [stderr] help: consider removing the dependency on `regex`
[INFO] [stderr] warning: `space_email_api` (manifest) generated 1 warning
[INFO] [stderr]     Finished `release` profile [optimized] target(s) in 0.20s
[INFO] [stderr]      Running unittests src/lib.rs (/opt/rustwide/target/release/build/space_email_api/6d5207af9ec41096/out/space_email_api-6d5207af9ec41096)
[INFO] [stdout] 
[INFO] [stdout] running 3 tests
[INFO] [stdout] test tests::get_email ... FAILED
[INFO] [stdout] test tests::get_random ... FAILED
[INFO] [stdout] test tests::send_email ... FAILED
[INFO] [stdout] 
[INFO] [stdout] failures:
[INFO] [stdout] 
[INFO] [stdout] ---- tests::get_email stdout ----
[INFO] [stdout] 
[INFO] [stdout] thread 'tests::get_email' (1131) panicked at src/tests.rs:12:49:
[INFO] [stdout] get_email: failed to get email by id: Network(reqwest::Error { kind: Request, url: Url { scheme: "https", cannot_be_a_base: false, username: "", password: None, host: Some(Domain("space.galaxybuster.net")), port: None, path: "/lib/view.php", query: None, fragment: None }, source: hyper::Error(Connect, ConnectError("dns error", Custom { kind: Uncategorized, error: "failed to lookup address information: Temporary failure in name resolution" })) })
[INFO] [stdout] stack backtrace:
[INFO] [stdout]    0:     0x588895823cb1 - <<std[617be2ca0a6fd877]::sys::backtrace::BacktraceLock>::print::DisplayBacktrace as core[a373ad73a504971]::fmt::Display>::fmt
[INFO] [stdout]    1:     0x588895839aca - core[a373ad73a504971]::fmt::write
[INFO] [stdout]    2:     0x5888958284dc - <alloc[2e1b2a31b91974c5]::vec::Vec<u8> as core[a373ad73a504971]::io::write::Write>::write_fmt
[INFO] [stdout]    3:     0x5888957feff6 - std[617be2ca0a6fd877]::panicking::default_hook::{closure#0}
[INFO] [stdout]    4:     0x58889581bca9 - std[617be2ca0a6fd877]::panicking::default_hook
[INFO] [stdout]    5:     0x5888956278f0 - test[aada8e7e76ba119b]::test_main_inner::{closure#0}
[INFO] [stdout]    6:     0x58889581bfd2 - std[617be2ca0a6fd877]::panicking::panic_with_hook
[INFO] [stdout]    7:     0x5888957ff0a2 - std[617be2ca0a6fd877]::panicking::panic_handler::{closure#0}
[INFO] [stdout]    8:     0x5888957f7cd9 - std[617be2ca0a6fd877]::sys::backtrace::__rust_end_short_backtrace::<std[617be2ca0a6fd877]::panicking::panic_handler::{closure#0}, !>
[INFO] [stdout]    9:     0x5888957ffe9d - __rustc[ea4f61d10b84890b]::rust_begin_unwind
[INFO] [stdout]   10:     0x58889583a22c - core[a373ad73a504971]::panicking::panic_fmt
[INFO] [stdout]   11:     0x58889583a002 - core[a373ad73a504971]::result::unwrap_failed
[INFO] [stdout]   12:     0x58889560e728 - space_email_api[542c28c5948cc4ec]::tests::get_email::{closure#0}
[INFO] [stdout]   13:     0x588895615633 - <tokio[91c0ae0703ce37e8]::runtime::scheduler::current_thread::Context>::enter::<core[a373ad73a504971]::task::poll::Poll<()>, <tokio[91c0ae0703ce37e8]::runtime::scheduler::current_thread::CoreGuard>::block_on<core[a373ad73a504971]::pin::Pin<&mut core[a373ad73a504971]::pin::Pin<&mut dyn core[a373ad73a504971]::future::future::Future<Output = ()>>>>::{closure#0}::{closure#0}>
[INFO] [stdout]   14:     0x5888956111c9 - <std[617be2ca0a6fd877]::thread::local::LocalKey<tokio[91c0ae0703ce37e8]::runtime::context::Context>>::with::<tokio[91c0ae0703ce37e8]::runtime::context::set_scheduler<(alloc[2e1b2a31b91974c5]::boxed::Box<tokio[91c0ae0703ce37e8]::runtime::scheduler::current_thread::Core>, core[a373ad73a504971]::option::Option<()>), <tokio[91c0ae0703ce37e8]::runtime::scheduler::current_thread::CoreGuard>::enter<<tokio[91c0ae0703ce37e8]::runtime::scheduler::current_thread::CoreGuard>::block_on<core[a373ad73a504971]::pin::Pin<&mut core[a373ad73a504971]::pin::Pin<&mut dyn core[a373ad73a504971]::future::future::Future<Output = ()>>>>::{closure#0}, core[a373ad73a504971]::option::Option<()>>::{closure#0}>::{closure#0}, (alloc[2e1b2a31b91974c5]::boxed::Box<tokio[91c0ae0703ce37e8]::runtime::scheduler::current_thread::Core>, core[a373ad73a504971]::option::Option<()>)>
[INFO] [stdout]   15:     0x58889561528e - <tokio[91c0ae0703ce37e8]::runtime::runtime::Runtime>::block_on::<core[a373ad73a504971]::pin::Pin<&mut dyn core[a373ad73a504971]::future::future::Future<Output = ()>>>
[INFO] [stdout]   16:     0x58889560f41f - <space_email_api[542c28c5948cc4ec]::tests::get_email::{closure#0} as core[a373ad73a504971]::ops::function::FnOnce<()>>::call_once
[INFO] [stdout]   17:     0x58889561ad3b - test[aada8e7e76ba119b]::__rust_begin_short_backtrace::<core[a373ad73a504971]::result::Result<(), alloc[2e1b2a31b91974c5]::string::String>, fn() -> core[a373ad73a504971]::result::Result<(), alloc[2e1b2a31b91974c5]::string::String>>
[INFO] [stdout]   18:     0x588895627f15 - test[aada8e7e76ba119b]::run_test::{closure#0}
[INFO] [stdout]   19:     0x588895621804 - std[617be2ca0a6fd877]::sys::backtrace::__rust_begin_short_backtrace::<test[aada8e7e76ba119b]::run_test::{closure#1}, ()>
[INFO] [stdout]   20:     0x58889562afa2 - <std[617be2ca0a6fd877]::thread::lifecycle::spawn_unchecked<test[aada8e7e76ba119b]::run_test::{closure#1}, ()>::{closure#1} as core[a373ad73a504971]::ops::function::FnOnce<()>>::call_once::{shim:vtable#0}
[INFO] [stdout]   21:     0x58889582315f - <std[617be2ca0a6fd877]::sys::thread::unix::Thread>::new::thread_start
[INFO] [stdout]   22:     0x750ecf48bdfa - <unknown>
[INFO] [stdout]   23:     0x750ecf51f3d4 - clone
[INFO] [stdout]   24:                0x0 - <unknown>
[INFO] [stdout] 
[INFO] [stdout] ---- tests::get_random stdout ----
[INFO] [stdout] 
[INFO] [stdout] thread 'tests::get_random' (1132) panicked at src/tests.rs:22:31:
[INFO] [stdout] get_random: failed to get a random email: Network(reqwest::Error { kind: Request, url: Url { scheme: "https", cannot_be_a_base: false, username: "", password: None, host: Some(Domain("space.galaxybuster.net")), port: None, path: "/lib/get.php", query: None, fragment: None }, source: hyper::Error(Connect, ConnectError("dns error", Custom { kind: Uncategorized, error: "failed to lookup address information: Temporary failure in name resolution" })) })
[INFO] [stdout] stack backtrace:
[INFO] [stdout]    0:     0x588895823cb1 - <<std[617be2ca0a6fd877]::sys::backtrace::BacktraceLock>::print::DisplayBacktrace as core[a373ad73a504971]::fmt::Display>::fmt
[INFO] [stdout]    1:     0x588895839aca - core[a373ad73a504971]::fmt::write
[INFO] [stdout]    2:     0x5888958284dc - <alloc[2e1b2a31b91974c5]::vec::Vec<u8> as core[a373ad73a504971]::io::write::Write>::write_fmt
[INFO] [stdout]    3:     0x5888957feff6 - std[617be2ca0a6fd877]::panicking::default_hook::{closure#0}
[INFO] [stdout]    4:     0x58889581bca9 - std[617be2ca0a6fd877]::panicking::default_hook
[INFO] [stdout]    5:     0x5888956278f0 - test[aada8e7e76ba119b]::test_main_inner::{closure#0}
[INFO] [stdout]    6:     0x58889581bfd2 - std[617be2ca0a6fd877]::panicking::panic_with_hook
[INFO] [stdout]    7:     0x5888957ff0a2 - std[617be2ca0a6fd877]::panicking::panic_handler::{closure#0}
[INFO] [stdout]    8:     0x5888957f7cd9 - std[617be2ca0a6fd877]::sys::backtrace::__rust_end_short_backtrace::<std[617be2ca0a6fd877]::panicking::panic_handler::{closure#0}, !>
[INFO] [stdout]    9:     0x5888957ffe9d - __rustc[ea4f61d10b84890b]::rust_begin_unwind
[INFO] [stdout]   10:     0x58889583a22c - core[a373ad73a504971]::panicking::panic_fmt
[INFO] [stdout]   11:     0x58889583a002 - core[a373ad73a504971]::result::unwrap_failed
[INFO] [stdout]   12:     0x58889560c4c3 - space_email_api[542c28c5948cc4ec]::tests::get_random::{closure#0}
[INFO] [stdout]   13:     0x588895615633 - <tokio[91c0ae0703ce37e8]::runtime::scheduler::current_thread::Context>::enter::<core[a373ad73a504971]::task::poll::Poll<()>, <tokio[91c0ae0703ce37e8]::runtime::scheduler::current_thread::CoreGuard>::block_on<core[a373ad73a504971]::pin::Pin<&mut core[a373ad73a504971]::pin::Pin<&mut dyn core[a373ad73a504971]::future::future::Future<Output = ()>>>>::{closure#0}::{closure#0}>
[INFO] [stdout]   14:     0x5888956111c9 - <std[617be2ca0a6fd877]::thread::local::LocalKey<tokio[91c0ae0703ce37e8]::runtime::context::Context>>::with::<tokio[91c0ae0703ce37e8]::runtime::context::set_scheduler<(alloc[2e1b2a31b91974c5]::boxed::Box<tokio[91c0ae0703ce37e8]::runtime::scheduler::current_thread::Core>, core[a373ad73a504971]::option::Option<()>), <tokio[91c0ae0703ce37e8]::runtime::scheduler::current_thread::CoreGuard>::enter<<tokio[91c0ae0703ce37e8]::runtime::scheduler::current_thread::CoreGuard>::block_on<core[a373ad73a504971]::pin::Pin<&mut core[a373ad73a504971]::pin::Pin<&mut dyn core[a373ad73a504971]::future::future::Future<Output = ()>>>>::{closure#0}, core[a373ad73a504971]::option::Option<()>>::{closure#0}>::{closure#0}, (alloc[2e1b2a31b91974c5]::boxed::Box<tokio[91c0ae0703ce37e8]::runtime::scheduler::current_thread::Core>, core[a373ad73a504971]::option::Option<()>)>
[INFO] [stdout]   15:     0x58889561528e - <tokio[91c0ae0703ce37e8]::runtime::runtime::Runtime>::block_on::<core[a373ad73a504971]::pin::Pin<&mut dyn core[a373ad73a504971]::future::future::Future<Output = ()>>>
[INFO] [stdout]   16:     0x58889560f13f - <space_email_api[542c28c5948cc4ec]::tests::get_random::{closure#0} as core[a373ad73a504971]::ops::function::FnOnce<()>>::call_once
[INFO] [stdout]   17:     0x58889561ad3b - test[aada8e7e76ba119b]::__rust_begin_short_backtrace::<core[a373ad73a504971]::result::Result<(), alloc[2e1b2a31b91974c5]::string::String>, fn() -> core[a373ad73a504971]::result::Result<(), alloc[2e1b2a31b91974c5]::string::String>>
[INFO] [stdout]   18:     0x588895627f15 - test[aada8e7e76ba119b]::run_test::{closure#0}
[INFO] [stdout]   19:     0x588895621804 - std[617be2ca0a6fd877]::sys::backtrace::__rust_begin_short_backtrace::<test[aada8e7e76ba119b]::run_test::{closure#1}, ()>
[INFO] [stdout]   20:     0x58889562afa2 - <std[617be2ca0a6fd877]::thread::lifecycle::spawn_unchecked<test[aada8e7e76ba119b]::run_test::{closure#1}, ()>::{closure#1} as core[a373ad73a504971]::ops::function::FnOnce<()>>::call_once::{shim:vtable#0}
[INFO] [stdout]   21:     0x58889582315f - <std[617be2ca0a6fd877]::sys::thread::unix::Thread>::new::thread_start
[INFO] [stdout]   22:     0x750ecf48bdfa - <unknown>
[INFO] [stdout]   23:     0x750ecf51f3d4 - clone
[INFO] [stdout]   24:                0x0 - <unknown>
[INFO] [stdout] 
[INFO] [stdout] ---- tests::send_email stdout ----
[INFO] [stdout] 
[INFO] [stdout] thread 'tests::send_email' (1133) panicked at src/tests.rs:33:14:
[INFO] [stdout] send_email: failed to send email: Network(reqwest::Error { kind: Request, url: Url { scheme: "https", cannot_be_a_base: false, username: "", password: None, host: Some(Domain("space.galaxybuster.net")), port: None, path: "/lib/send.php", query: None, fragment: None }, source: hyper::Error(Connect, ConnectError("dns error", Custom { kind: Uncategorized, error: "failed to lookup address information: Temporary failure in name resolution" })) })
[INFO] [stdout] stack backtrace:
[INFO] [stdout]    0:     0x588895823cb1 - <<std[617be2ca0a6fd877]::sys::backtrace::BacktraceLock>::print::DisplayBacktrace as core[a373ad73a504971]::fmt::Display>::fmt
[INFO] [stdout]    1:     0x588895839aca - core[a373ad73a504971]::fmt::write
[INFO] [stdout]    2:     0x5888958284dc - <alloc[2e1b2a31b91974c5]::vec::Vec<u8> as core[a373ad73a504971]::io::write::Write>::write_fmt
[INFO] [stdout]    3:     0x5888957feff6 - std[617be2ca0a6fd877]::panicking::default_hook::{closure#0}
[INFO] [stdout]    4:     0x58889581bca9 - std[617be2ca0a6fd877]::panicking::default_hook
[INFO] [stdout]    5:     0x5888956278f0 - test[aada8e7e76ba119b]::test_main_inner::{closure#0}
[INFO] [stdout]    6:     0x58889581bfd2 - std[617be2ca0a6fd877]::panicking::panic_with_hook
[INFO] [stdout]    7:     0x5888957ff0a2 - std[617be2ca0a6fd877]::panicking::panic_handler::{closure#0}
[INFO] [stdout]    8:     0x5888957f7cd9 - std[617be2ca0a6fd877]::sys::backtrace::__rust_end_short_backtrace::<std[617be2ca0a6fd877]::panicking::panic_handler::{closure#0}, !>
[INFO] [stdout]    9:     0x5888957ffe9d - __rustc[ea4f61d10b84890b]::rust_begin_unwind
[INFO] [stdout]   10:     0x58889583a22c - core[a373ad73a504971]::panicking::panic_fmt
[INFO] [stdout]   11:     0x58889583a002 - core[a373ad73a504971]::result::unwrap_failed
[INFO] [stdout]   12:     0x58889560d1fb - space_email_api[542c28c5948cc4ec]::tests::send_email::{closure#0}
[INFO] [stdout]   13:     0x588895615633 - <tokio[91c0ae0703ce37e8]::runtime::scheduler::current_thread::Context>::enter::<core[a373ad73a504971]::task::poll::Poll<()>, <tokio[91c0ae0703ce37e8]::runtime::scheduler::current_thread::CoreGuard>::block_on<core[a373ad73a504971]::pin::Pin<&mut core[a373ad73a504971]::pin::Pin<&mut dyn core[a373ad73a504971]::future::future::Future<Output = ()>>>>::{closure#0}::{closure#0}>
[INFO] [stdout]   14:     0x5888956111c9 - <std[617be2ca0a6fd877]::thread::local::LocalKey<tokio[91c0ae0703ce37e8]::runtime::context::Context>>::with::<tokio[91c0ae0703ce37e8]::runtime::context::set_scheduler<(alloc[2e1b2a31b91974c5]::boxed::Box<tokio[91c0ae0703ce37e8]::runtime::scheduler::current_thread::Core>, core[a373ad73a504971]::option::Option<()>), <tokio[91c0ae0703ce37e8]::runtime::scheduler::current_thread::CoreGuard>::enter<<tokio[91c0ae0703ce37e8]::runtime::scheduler::current_thread::CoreGuard>::block_on<core[a373ad73a504971]::pin::Pin<&mut core[a373ad73a504971]::pin::Pin<&mut dyn core[a373ad73a504971]::future::future::Future<Output = ()>>>>::{closure#0}, core[a373ad73a504971]::option::Option<()>>::{closure#0}>::{closure#0}, (alloc[2e1b2a31b91974c5]::boxed::Box<tokio[91c0ae0703ce37e8]::runtime::scheduler::current_thread::Core>, core[a373ad73a504971]::option::Option<()>)>
[INFO] [stdout]   15:     0x58889561528e - <tokio[91c0ae0703ce37e8]::runtime::runtime::Runtime>::block_on::<core[a373ad73a504971]::pin::Pin<&mut dyn core[a373ad73a504971]::future::future::Future<Output = ()>>>
[INFO] [stdout]   16:     0x58889560f2db - <space_email_api[542c28c5948cc4ec]::tests::send_email::{closure#0} as core[a373ad73a504971]::ops::function::FnOnce<()>>::call_once
[INFO] [stdout]   17:     0x58889561ad3b - test[aada8e7e76ba119b]::__rust_begin_short_backtrace::<core[a373ad73a504971]::result::Result<(), alloc[2e1b2a31b91974c5]::string::String>, fn() -> core[a373ad73a504971]::result::Result<(), alloc[2e1b2a31b91974c5]::string::String>>
[INFO] [stdout]   18:     0x588895627f15 - test[aada8e7e76ba119b]::run_test::{closure#0}
[INFO] [stdout]   19:     0x588895621804 - std[617be2ca0a6fd877]::sys::backtrace::__rust_begin_short_backtrace::<test[aada8e7e76ba119b]::run_test::{closure#1}, ()>
[INFO] [stdout]   20:     0x58889562afa2 - <std[617be2ca0a6fd877]::thread::lifecycle::spawn_unchecked<test[aada8e7e76ba119b]::run_test::{closure#1}, ()>::{closure#1} as core[a373ad73a504971]::ops::function::FnOnce<()>>::call_once::{shim:vtable#0}
[INFO] [stdout]   21:     0x58889582315f - <std[617be2ca0a6fd877]::sys::thread::unix::Thread>::new::thread_start
[INFO] [stdout]   22:     0x750ecf48bdfa - <unknown>
[INFO] [stdout]   23:     0x750ecf51f3d4 - clone
[INFO] [stdout]   24:                0x0 - <unknown>
[INFO] [stdout] 
[INFO] [stdout] 
[INFO] [stdout] failures:
[INFO] [stdout]     tests::get_email
[INFO] [stdout]     tests::get_random
[INFO] [stdout]     tests::send_email
[INFO] [stdout] 
[INFO] [stdout] test result: FAILED. 0 passed; 3 failed; 0 ignored; 0 measured; 0 filtered out; finished in 0.08s
[INFO] [stdout] 
[INFO] [stderr] error: test failed, to rerun pass `--lib`
[INFO] running `Command { std: "docker" "inspect" "6f9ea77da28e972dad1ad773328ce435b56551927e350c205237692bc50f65d6", kill_on_drop: false }`
[INFO] running `Command { std: "docker" "rm" "-f" "6f9ea77da28e972dad1ad773328ce435b56551927e350c205237692bc50f65d6", kill_on_drop: false }`
[INFO] [stdout] 6f9ea77da28e972dad1ad773328ce435b56551927e350c205237692bc50f65d6
