[INFO] fetching crate soxr-sys 0.1.3...
[INFO] testing soxr-sys-0.1.3 against 1.100.0-beta.1+cargoflags=--release for beta-release-1.100-2
[INFO] extracting crate soxr-sys 0.1.3 into /workspace/builds/worker-7-tc2/source
[INFO] started tweaking crates.io crate soxr-sys 0.1.3
[INFO] finished tweaking crates.io crate soxr-sys 0.1.3
[INFO] tweaked toml for crates.io crate soxr-sys 0.1.3 written to /workspace/builds/worker-7-tc2/source/Cargo.toml
[INFO] validating manifest of crates.io crate soxr-sys 0.1.3 on toolchain 1.100.0-beta.1
[INFO] running `Command { std: CARGO_HOME="/workspace/cargo-home" RUSTUP_HOME="/workspace/rustup-home" "/workspace/cargo-home/bin/cargo" "+1.100.0-beta.1" "metadata" "--manifest-path" "Cargo.toml" "--no-deps", kill_on_drop: false }`
[INFO] crate crates.io crate soxr-sys 0.1.3 already has a lockfile, it will not be regenerated
[INFO] running `Command { std: CARGO_HOME="/workspace/cargo-home" RUSTUP_HOME="/workspace/rustup-home" "/workspace/cargo-home/bin/cargo" "+1.100.0-beta.1" "fetch" "--manifest-path" "Cargo.toml", kill_on_drop: false }`
[INFO] running `Command { std: "docker" "create" "-v" "/var/lib/crater-agent-workspace/builds/worker-7-tc2/source:/opt/rustwide/workdir:ro,Z" "-v" "/var/lib/crater-agent-workspace/builds/worker-7-tc2/target:/opt/rustwide/target:rw,Z" "-v" "/var/lib/crater-agent-workspace/cargo-home:/opt/rustwide/cargo-home:ro,Z" "-v" "/var/lib/crater-agent-workspace/rustup-home:/opt/rustwide/rustup-home:ro,Z" "-m" "1610612736" "--network" "none" "ghcr.io/rust-lang/crates-build-env/linux@sha256:77db811e55d90add9212f6832c23229e3de5f1c1f9905e8cb07319ea15df73ac" "sleep" "infinity", kill_on_drop: false }`
[INFO] [stdout] 1cc9ac30f9b5e1933b225ffc3ffc91832c69283f3026f81d4b7609ff731654bb
[INFO] running `Command { std: "docker" "start" "1cc9ac30f9b5e1933b225ffc3ffc91832c69283f3026f81d4b7609ff731654bb", kill_on_drop: false }`
[INFO] running `Command { std: "docker" "inspect" "1cc9ac30f9b5e1933b225ffc3ffc91832c69283f3026f81d4b7609ff731654bb", kill_on_drop: false }`
[INFO] running `Command { std: "docker" "exec" "-e" "SOURCE_DIR=/opt/rustwide/workdir" "-e" "CARGO_HOME=/opt/rustwide/cargo-home" "-e" "RUSTUP_HOME=/opt/rustwide/rustup-home" "-e" "CARGO_TARGET_DIR=/opt/rustwide/target" "-w" "/opt/rustwide/workdir" "--user" "0:0" "1cc9ac30f9b5e1933b225ffc3ffc91832c69283f3026f81d4b7609ff731654bb" "/opt/rustwide/cargo-home/bin/cargo" "+1.100.0-beta.1" "metadata" "--no-deps" "--format-version=1", kill_on_drop: false }`
[INFO] running `Command { std: "docker" "inspect" "1cc9ac30f9b5e1933b225ffc3ffc91832c69283f3026f81d4b7609ff731654bb", kill_on_drop: false }`
[INFO] running `Command { std: "docker" "exec" "-e" "SOURCE_DIR=/opt/rustwide/workdir" "-e" "CARGO_HOME=/opt/rustwide/cargo-home" "-e" "RUSTUP_HOME=/opt/rustwide/rustup-home" "-e" "CARGO_TARGET_DIR=/opt/rustwide/target" "-e" "CARGO_INCREMENTAL=0" "-e" "RUST_BACKTRACE=full" "-e" "RUSTFLAGS=--cap-lints=warn" "-e" "RUSTDOCFLAGS=--cap-lints=warn" "-w" "/opt/rustwide/workdir" "--user" "0:0" "1cc9ac30f9b5e1933b225ffc3ffc91832c69283f3026f81d4b7609ff731654bb" "/opt/rustwide/cargo-home/bin/cargo" "+1.100.0-beta.1" "build" "--frozen" "--message-format=json" "--release", kill_on_drop: false }`
[INFO] [stderr]    Compiling soxr-sys v0.1.3 (/opt/rustwide/workdir)
[INFO] [stderr] warning: soxr-sys@0.1.3: src/soxr.c: In function 'soxr_create':
[INFO] [stderr] warning: soxr-sys@0.1.3: src/soxr.c:396:36: warning: 'calloc' sizes specified with 'sizeof' in the earlier argument and not in the later argument [-Wcalloc-transposed-args]
[INFO] [stderr] warning: soxr-sys@0.1.3:   396 |   if (!error && !(p = calloc(sizeof(*p), 1))) error = "malloc failed";
[INFO] [stderr] warning: soxr-sys@0.1.3:       |                                    ^
[INFO] [stderr] warning: soxr-sys@0.1.3: src/soxr.c:396:36: note: earlier argument should specify number of elements, later size of each element
[INFO] [stderr] warning: soxr-sys@0.1.3: src/soxr.c: In function 'initialise':
[INFO] [stderr] warning: soxr-sys@0.1.3: src/soxr.c:533:34: warning: 'calloc' sizes specified with 'sizeof' in the earlier argument and not in the later argument [-Wcalloc-transposed-args]
[INFO] [stderr] warning: soxr-sys@0.1.3:   533 |   p->channel_ptrs = calloc(sizeof(*p->channel_ptrs), p->num_channels);
[INFO] [stderr] warning: soxr-sys@0.1.3:       |                                  ^
[INFO] [stderr] warning: soxr-sys@0.1.3: src/soxr.c:533:34: note: earlier argument should specify number of elements, later size of each element
[INFO] [stderr] warning: soxr-sys@0.1.3: src/soxr.c:535:32: warning: 'calloc' sizes specified with 'sizeof' in the earlier argument and not in the later argument [-Wcalloc-transposed-args]
[INFO] [stderr] warning: soxr-sys@0.1.3:   535 |   p->resamplers = calloc(sizeof(*p->resamplers), p->num_channels);
[INFO] [stderr] warning: soxr-sys@0.1.3:       |                                ^
[INFO] [stderr] warning: soxr-sys@0.1.3: src/soxr.c:535:32: note: earlier argument should specify number of elements, later size of each element
[INFO] [stderr] warning: soxr-sys@0.1.3: In file included from src/data-io.c:61:
[INFO] [stderr] warning: soxr-sys@0.1.3: src/rint.h:19:3: warning: C++ style comments are not allowed in ISO C90 [-Wpedantic]
[INFO] [stderr] warning: soxr-sys@0.1.3:    19 |   //#define FE_INVALID 1
[INFO] [stderr] warning: soxr-sys@0.1.3:       |   ^
[INFO] [stderr] warning: soxr-sys@0.1.3: src/rint.h:19:3: note: (this will be reported only once per input file)
[INFO] [stderr]     Finished `release` profile [optimized] target(s) in 10.04s
[INFO] running `Command { std: "docker" "inspect" "1cc9ac30f9b5e1933b225ffc3ffc91832c69283f3026f81d4b7609ff731654bb", kill_on_drop: false }`
[INFO] running `Command { std: "docker" "exec" "-e" "SOURCE_DIR=/opt/rustwide/workdir" "-e" "CARGO_HOME=/opt/rustwide/cargo-home" "-e" "RUSTUP_HOME=/opt/rustwide/rustup-home" "-e" "CARGO_TARGET_DIR=/opt/rustwide/target" "-e" "CARGO_INCREMENTAL=0" "-e" "RUST_BACKTRACE=full" "-e" "RUSTFLAGS=--cap-lints=warn" "-e" "RUSTDOCFLAGS=--cap-lints=warn" "-w" "/opt/rustwide/workdir" "--user" "0:0" "1cc9ac30f9b5e1933b225ffc3ffc91832c69283f3026f81d4b7609ff731654bb" "/opt/rustwide/cargo-home/bin/cargo" "+1.100.0-beta.1" "test" "--frozen" "--no-run" "--message-format=json" "--release", kill_on_drop: false }`
[INFO] [stderr] warning: soxr-sys@0.1.3: src/soxr.c: In function 'soxr_create':
[INFO] [stderr] warning: soxr-sys@0.1.3: src/soxr.c:396:36: warning: 'calloc' sizes specified with 'sizeof' in the earlier argument and not in the later argument [-Wcalloc-transposed-args]
[INFO] [stderr] warning: soxr-sys@0.1.3:   396 |   if (!error && !(p = calloc(sizeof(*p), 1))) error = "malloc failed";
[INFO] [stderr] warning: soxr-sys@0.1.3:       |                                    ^
[INFO] [stderr] warning: soxr-sys@0.1.3: src/soxr.c:396:36: note: earlier argument should specify number of elements, later size of each element
[INFO] [stderr] warning: soxr-sys@0.1.3: src/soxr.c: In function 'initialise':
[INFO] [stderr] warning: soxr-sys@0.1.3: src/soxr.c:533:34: warning: 'calloc' sizes specified with 'sizeof' in the earlier argument and not in the later argument [-Wcalloc-transposed-args]
[INFO] [stderr] warning: soxr-sys@0.1.3:   533 |   p->channel_ptrs = calloc(sizeof(*p->channel_ptrs), p->num_channels);
[INFO] [stderr] warning: soxr-sys@0.1.3:       |                                  ^
[INFO] [stderr] warning: soxr-sys@0.1.3: src/soxr.c:533:34: note: earlier argument should specify number of elements, later size of each element
[INFO] [stderr] warning: soxr-sys@0.1.3: src/soxr.c:535:32: warning: 'calloc' sizes specified with 'sizeof' in the earlier argument and not in the later argument [-Wcalloc-transposed-args]
[INFO] [stderr] warning: soxr-sys@0.1.3:   535 |   p->resamplers = calloc(sizeof(*p->resamplers), p->num_channels);
[INFO] [stderr] warning: soxr-sys@0.1.3:       |                                ^
[INFO] [stderr] warning: soxr-sys@0.1.3: src/soxr.c:535:32: note: earlier argument should specify number of elements, later size of each element
[INFO] [stderr] warning: soxr-sys@0.1.3: In file included from src/data-io.c:61:
[INFO] [stderr] warning: soxr-sys@0.1.3: src/rint.h:19:3: warning: C++ style comments are not allowed in ISO C90 [-Wpedantic]
[INFO] [stderr] warning: soxr-sys@0.1.3:    19 |   //#define FE_INVALID 1
[INFO] [stderr] warning: soxr-sys@0.1.3:       |   ^
[INFO] [stderr] warning: soxr-sys@0.1.3: src/rint.h:19:3: note: (this will be reported only once per input file)
[INFO] [stderr]    Compiling hound v3.5.1
[INFO] [stderr]    Compiling soxr-sys v0.1.3 (/opt/rustwide/workdir)
[INFO] [stderr]     Finished `release` profile [optimized] target(s) in 1.07s
[INFO] running `Command { std: "docker" "inspect" "1cc9ac30f9b5e1933b225ffc3ffc91832c69283f3026f81d4b7609ff731654bb", kill_on_drop: false }`
[INFO] running `Command { std: "docker" "exec" "-e" "SOURCE_DIR=/opt/rustwide/workdir" "-e" "CARGO_HOME=/opt/rustwide/cargo-home" "-e" "RUSTUP_HOME=/opt/rustwide/rustup-home" "-e" "CARGO_TARGET_DIR=/opt/rustwide/target" "-e" "CARGO_INCREMENTAL=0" "-e" "RUST_BACKTRACE=full" "-e" "RUSTFLAGS=--cap-lints=warn" "-e" "RUSTDOCFLAGS=--cap-lints=warn" "-w" "/opt/rustwide/workdir" "--user" "0:0" "1cc9ac30f9b5e1933b225ffc3ffc91832c69283f3026f81d4b7609ff731654bb" "/opt/rustwide/cargo-home/bin/cargo" "+1.100.0-beta.1" "test" "--frozen" "--release", kill_on_drop: false }`
[INFO] [stderr] warning: soxr-sys@0.1.3: src/soxr.c: In function 'soxr_create':
[INFO] [stderr] warning: soxr-sys@0.1.3: src/soxr.c:396:36: warning: 'calloc' sizes specified with 'sizeof' in the earlier argument and not in the later argument [-Wcalloc-transposed-args]
[INFO] [stderr] warning: soxr-sys@0.1.3:   396 |   if (!error && !(p = calloc(sizeof(*p), 1))) error = "malloc failed";
[INFO] [stderr] warning: soxr-sys@0.1.3:       |                                    ^
[INFO] [stderr] warning: soxr-sys@0.1.3: src/soxr.c:396:36: note: earlier argument should specify number of elements, later size of each element
[INFO] [stderr] warning: soxr-sys@0.1.3: src/soxr.c: In function 'initialise':
[INFO] [stderr] warning: soxr-sys@0.1.3: src/soxr.c:533:34: warning: 'calloc' sizes specified with 'sizeof' in the earlier argument and not in the later argument [-Wcalloc-transposed-args]
[INFO] [stderr] warning: soxr-sys@0.1.3:   533 |   p->channel_ptrs = calloc(sizeof(*p->channel_ptrs), p->num_channels);
[INFO] [stderr] warning: soxr-sys@0.1.3:       |                                  ^
[INFO] [stderr] warning: soxr-sys@0.1.3: src/soxr.c:533:34: note: earlier argument should specify number of elements, later size of each element
[INFO] [stderr] warning: soxr-sys@0.1.3: src/soxr.c:535:32: warning: 'calloc' sizes specified with 'sizeof' in the earlier argument and not in the later argument [-Wcalloc-transposed-args]
[INFO] [stderr] warning: soxr-sys@0.1.3:   535 |   p->resamplers = calloc(sizeof(*p->resamplers), p->num_channels);
[INFO] [stderr] warning: soxr-sys@0.1.3:       |                                ^
[INFO] [stderr] warning: soxr-sys@0.1.3: src/soxr.c:535:32: note: earlier argument should specify number of elements, later size of each element
[INFO] [stderr] warning: soxr-sys@0.1.3: In file included from src/data-io.c:61:
[INFO] [stderr] warning: soxr-sys@0.1.3: src/rint.h:19:3: warning: C++ style comments are not allowed in ISO C90 [-Wpedantic]
[INFO] [stderr] warning: soxr-sys@0.1.3:    19 |   //#define FE_INVALID 1
[INFO] [stderr] warning: soxr-sys@0.1.3:       |   ^
[INFO] [stderr] warning: soxr-sys@0.1.3: src/rint.h:19:3: note: (this will be reported only once per input file)
[INFO] [stderr]     Finished `release` profile [optimized] target(s) in 0.02s
[INFO] [stderr]      Running unittests src/lib.rs (/opt/rustwide/target/release/build/soxr-sys/db4bb4b62eef0224/out/soxr_sys-db4bb4b62eef0224)
[INFO] [stdout] 
[INFO] [stdout] running 5 tests
[INFO] [stdout] test bindgen_test_layout_soxr_io_spec ... ok
[INFO] [stdout] test bindgen_test_layout_soxr_quality_spec ... ok
[INFO] [stdout] test tests::test_stream ... FAILED
[INFO] [stdout] test tests::it_works ... ok
[INFO] [stderr] error: test failed, to rerun pass `--lib`
[INFO] [stdout] test bindgen_test_layout_soxr_runtime_spec ... ok
[INFO] [stdout] 
[INFO] [stdout] failures:
[INFO] [stdout] 
[INFO] [stdout] ---- tests::test_stream stdout ----
[INFO] [stdout] 
[INFO] [stdout] thread 'tests::test_stream' (287) panicked at src/lib.rs:47:14:
[INFO] [stdout] Failed to create test input WAV file: IoError(Os { code: 30, kind: ReadOnlyFilesystem, message: "Read-only file system" })
[INFO] [stdout] stack backtrace:
[INFO] [stdout]    0:     0x589fd53c6a41 - <<std[617be2ca0a6fd877]::sys::backtrace::BacktraceLock>::print::DisplayBacktrace as core[a373ad73a504971]::fmt::Display>::fmt
[INFO] [stdout]    1:     0x589fd53dabaa - core[a373ad73a504971]::fmt::write
[INFO] [stdout]    2:     0x589fd53cad8c - <alloc[2e1b2a31b91974c5]::vec::Vec<u8> as core[a373ad73a504971]::io::write::Write>::write_fmt
[INFO] [stdout]    3:     0x589fd53a2dc6 - std[617be2ca0a6fd877]::panicking::default_hook::{closure#0}
[INFO] [stdout]    4:     0x589fd53beff9 - std[617be2ca0a6fd877]::panicking::default_hook
[INFO] [stdout]    5:     0x589fd535b590 - test[aada8e7e76ba119b]::test_main_inner::{closure#0}
[INFO] [stdout]    6:     0x589fd53bf1b2 - std[617be2ca0a6fd877]::panicking::panic_with_hook
[INFO] [stdout]    7:     0x589fd53a2e72 - std[617be2ca0a6fd877]::panicking::panic_handler::{closure#0}
[INFO] [stdout]    8:     0x589fd539baa9 - std[617be2ca0a6fd877]::sys::backtrace::__rust_end_short_backtrace::<std[617be2ca0a6fd877]::panicking::panic_handler::{closure#0}, !>
[INFO] [stdout]    9:     0x589fd53a3a7d - __rustc[ea4f61d10b84890b]::rust_begin_unwind
[INFO] [stdout]   10:     0x589fd53db2dc - core[a373ad73a504971]::panicking::panic_fmt
[INFO] [stdout]   11:     0x589fd53db0b2 - core[a373ad73a504971]::result::unwrap_failed
[INFO] [stdout]   12:     0x589fd532b543 - <soxr_sys[b47d29447b2639c4]::tests::test_stream::{closure#0} as core[a373ad73a504971]::ops::function::FnOnce<()>>::call_once
[INFO] [stdout]   13:     0x589fd534e9db - test[aada8e7e76ba119b]::__rust_begin_short_backtrace::<core[a373ad73a504971]::result::Result<(), alloc[2e1b2a31b91974c5]::string::String>, fn() -> core[a373ad73a504971]::result::Result<(), alloc[2e1b2a31b91974c5]::string::String>>
[INFO] [stdout]   14:     0x589fd535bbb5 - test[aada8e7e76ba119b]::run_test::{closure#0}
[INFO] [stdout]   15:     0x589fd53554a4 - std[617be2ca0a6fd877]::sys::backtrace::__rust_begin_short_backtrace::<test[aada8e7e76ba119b]::run_test::{closure#1}, ()>
[INFO] [stdout]   16:     0x589fd535ec42 - <std[617be2ca0a6fd877]::thread::lifecycle::spawn_unchecked<test[aada8e7e76ba119b]::run_test::{closure#1}, ()>::{closure#1} as core[a373ad73a504971]::ops::function::FnOnce<()>>::call_once::{shim:vtable#0}
[INFO] [stdout]   17:     0x589fd53c629f - <std[617be2ca0a6fd877]::sys::thread::unix::Thread>::new::thread_start
[INFO] [stdout]   18:     0x7f8bad1dddfa - <unknown>
[INFO] [stdout]   19:     0x7f8bad2713d4 - clone
[INFO] [stdout]   20:                0x0 - <unknown>
[INFO] [stdout] 
[INFO] [stdout] 
[INFO] [stdout] failures:
[INFO] [stdout]     tests::test_stream
[INFO] [stdout] 
[INFO] [stdout] test result: FAILED. 4 passed; 1 failed; 0 ignored; 0 measured; 0 filtered out; finished in 0.00s
[INFO] [stdout] 
[INFO] running `Command { std: "docker" "inspect" "1cc9ac30f9b5e1933b225ffc3ffc91832c69283f3026f81d4b7609ff731654bb", kill_on_drop: false }`
[INFO] running `Command { std: "docker" "rm" "-f" "1cc9ac30f9b5e1933b225ffc3ffc91832c69283f3026f81d4b7609ff731654bb", kill_on_drop: false }`
[INFO] [stdout] 1cc9ac30f9b5e1933b225ffc3ffc91832c69283f3026f81d4b7609ff731654bb
