[INFO] fetching crate sova-devtools 0.1.10...
[INFO] testing sova-devtools-0.1.10 against 1.99.0-beta.8+cargoflags=--release for beta-release-1.100-2
[INFO] extracting crate sova-devtools 0.1.10 into /workspace/builds/worker-6-tc1/source
[INFO] started tweaking crates.io crate sova-devtools 0.1.10
[INFO] removed 0 missing tests
[INFO] finished tweaking crates.io crate sova-devtools 0.1.10
[INFO] tweaked toml for crates.io crate sova-devtools 0.1.10 written to /workspace/builds/worker-6-tc1/source/Cargo.toml
[INFO] validating manifest of crates.io crate sova-devtools 0.1.10 on toolchain 1.99.0-beta.8
[INFO] running `Command { std: CARGO_HOME="/workspace/cargo-home" RUSTUP_HOME="/workspace/rustup-home" "/workspace/cargo-home/bin/cargo" "+1.99.0-beta.8" "metadata" "--manifest-path" "Cargo.toml" "--no-deps", kill_on_drop: false }`
[INFO] crate crates.io crate sova-devtools 0.1.10 already has a lockfile, it will not be regenerated
[INFO] running `Command { std: CARGO_HOME="/workspace/cargo-home" RUSTUP_HOME="/workspace/rustup-home" "/workspace/cargo-home/bin/cargo" "+1.99.0-beta.8" "fetch" "--manifest-path" "Cargo.toml", kill_on_drop: false }`
[INFO] [stderr]     Updating crates.io index
[INFO] [stderr]  Downloading crates ...
[INFO] [stderr]   Downloaded file-rotate v0.8.0
[INFO] [stderr]   Downloaded sova-tasks v0.1.4
[INFO] [stderr]   Downloaded sova-tasks-store v0.1.4
[INFO] [stderr]   Downloaded sova-store v0.1.6
[INFO] [stderr]   Downloaded sova-sse v0.1.1
[INFO] [stderr]   Downloaded sova-cookies v0.1.1
[INFO] [stderr]   Downloaded sea-schema-derive v0.3.0
[INFO] [stderr]   Downloaded sea-orm-arrow v2.0.0-rc.4
[INFO] [stderr]   Downloaded sova-rate-limit v0.1.3
[INFO] [stderr]   Downloaded sova-rabbit v0.1.1
[INFO] [stderr]   Downloaded sova-fs v0.1.0
[INFO] [stderr]   Downloaded sova-csrf v0.1.3
[INFO] [stderr]   Downloaded sova-http v0.1.1
[INFO] [stderr]   Downloaded sova-redis v0.1.4
[INFO] [stderr]   Downloaded sova-i18n v0.1.2
[INFO] [stderr]   Downloaded sova-grpc v0.1.2
[INFO] [stderr]   Downloaded sova-graphql v0.1.2
[INFO] [stderr]   Downloaded sova-notifications v0.1.5
[INFO] [stderr]   Downloaded sova-mail v0.1.2
[INFO] [stderr]   Downloaded email-encoding v0.4.2
[INFO] [stderr]   Downloaded sova-acme v0.1.1
[INFO] [stderr]   Downloaded sea-orm-cli v2.0.1
[INFO] [stderr]   Downloaded arrow-string v58.4.0
[INFO] [stderr]   Downloaded sea-orm-migration v2.0.1
[INFO] [stderr]   Downloaded sova-session v0.1.5
[INFO] [stderr]   Downloaded sova-db v0.1.6
[INFO] [stderr]   Downloaded arrow-row v58.4.0
[INFO] [stderr]   Downloaded sova-core v0.1.15
[INFO] [stderr]   Downloaded totp-rs v5.7.2
[INFO] [stderr]   Downloaded arrow-arith v58.4.0
[INFO] [stderr]   Downloaded sova-auth v0.1.8
[INFO] [stderr]   Downloaded sea-orm-macros v2.0.1
[INFO] [stderr]   Downloaded sova-passport v0.1.3
[INFO] [stderr]   Downloaded arrow-ord v58.4.0
[INFO] [stderr]   Downloaded arrow-data v58.4.0
[INFO] [stderr]   Downloaded arrow-schema v58.4.0
[INFO] [stderr]   Downloaded arrow v58.4.0
[INFO] [stderr]   Downloaded arrow-buffer v58.4.0
[INFO] [stderr]   Downloaded arrow-select v58.4.0
[INFO] [stderr]   Downloaded arrow-cast v58.4.0
[INFO] [stderr]   Downloaded handlebars v6.3.2
[INFO] [stderr]   Downloaded lettre v0.11.23
[INFO] [stderr]   Downloaded arrow-array v58.4.0
[INFO] [stderr]   Downloaded sea-query v1.0.1
[INFO] [stderr]   Downloaded sea-schema v0.18.1
[INFO] [stderr]   Downloaded sea-orm v2.0.1
[INFO] running `Command { std: "docker" "create" "-v" "/var/lib/crater-agent-workspace/builds/worker-6-tc1/source:/opt/rustwide/workdir:ro,Z" "-v" "/var/lib/crater-agent-workspace/builds/worker-6-tc1/target:/opt/rustwide/target:rw,Z" "-v" "/var/lib/crater-agent-workspace/cargo-home:/opt/rustwide/cargo-home:ro,Z" "-v" "/var/lib/crater-agent-workspace/rustup-home:/opt/rustwide/rustup-home:ro,Z" "-m" "1610612736" "--network" "none" "ghcr.io/rust-lang/crates-build-env/linux@sha256:77db811e55d90add9212f6832c23229e3de5f1c1f9905e8cb07319ea15df73ac" "sleep" "infinity", kill_on_drop: false }`
[INFO] [stdout] 11275395004f32f81c4f7328fe1326df58ca140a7d3502a222f2f3e00b1e8967
[INFO] running `Command { std: "docker" "start" "11275395004f32f81c4f7328fe1326df58ca140a7d3502a222f2f3e00b1e8967", kill_on_drop: false }`
[INFO] running `Command { std: "docker" "inspect" "11275395004f32f81c4f7328fe1326df58ca140a7d3502a222f2f3e00b1e8967", kill_on_drop: false }`
[INFO] running `Command { std: "docker" "exec" "-e" "SOURCE_DIR=/opt/rustwide/workdir" "-e" "CARGO_HOME=/opt/rustwide/cargo-home" "-e" "RUSTUP_HOME=/opt/rustwide/rustup-home" "-e" "CARGO_TARGET_DIR=/opt/rustwide/target" "-w" "/opt/rustwide/workdir" "--user" "0:0" "11275395004f32f81c4f7328fe1326df58ca140a7d3502a222f2f3e00b1e8967" "/opt/rustwide/cargo-home/bin/cargo" "+1.99.0-beta.8" "metadata" "--no-deps" "--format-version=1", kill_on_drop: false }`
[INFO] running `Command { std: "docker" "inspect" "11275395004f32f81c4f7328fe1326df58ca140a7d3502a222f2f3e00b1e8967", kill_on_drop: false }`
[INFO] running `Command { std: "docker" "exec" "-e" "SOURCE_DIR=/opt/rustwide/workdir" "-e" "CARGO_HOME=/opt/rustwide/cargo-home" "-e" "RUSTUP_HOME=/opt/rustwide/rustup-home" "-e" "CARGO_TARGET_DIR=/opt/rustwide/target" "-e" "CARGO_INCREMENTAL=0" "-e" "RUST_BACKTRACE=full" "-e" "RUSTFLAGS=--cap-lints=warn" "-e" "RUSTDOCFLAGS=--cap-lints=warn" "-w" "/opt/rustwide/workdir" "--user" "0:0" "11275395004f32f81c4f7328fe1326df58ca140a7d3502a222f2f3e00b1e8967" "/opt/rustwide/cargo-home/bin/cargo" "+1.99.0-beta.8" "build" "--frozen" "--message-format=json" "--release", kill_on_drop: false }`
[INFO] [stderr]    Compiling syn v2.0.119
[INFO] [stderr]    Compiling regex-automata v0.4.16
[INFO] [stderr]    Compiling serde v1.0.229
[INFO] [stderr]    Compiling futures-channel v0.3.33
[INFO] [stderr]    Compiling tokio v1.53.1
[INFO] [stderr]    Compiling crossbeam-channel v0.5.16
[INFO] [stderr]    Compiling futures-util v0.3.33
[INFO] [stderr]    Compiling time v0.3.55
[INFO] [stderr]    Compiling chrono v0.4.45
[INFO] [stderr]    Compiling symlink v0.1.0
[INFO] [stderr]    Compiling http-body-util v0.1.4
[INFO] [stderr]    Compiling matchit v0.9.2
[INFO] [stderr]    Compiling toml_datetime v0.6.11
[INFO] [stderr]    Compiling serde_spanned v0.6.9
[INFO] [stderr]    Compiling serde_urlencoded v0.7.1
[INFO] [stderr]    Compiling toml_edit v0.22.27
[INFO] [stderr]    Compiling file-rotate v0.8.0
[INFO] [stderr]    Compiling matchers v0.2.0
[INFO] [stderr]    Compiling tracing-attributes v0.1.31
[INFO] [stderr]    Compiling toml v0.8.23
[INFO] [stderr]    Compiling tracing v0.1.44
[INFO] [stderr]    Compiling tracing-subscriber v0.3.23
[INFO] [stderr]    Compiling tracing-appender v0.2.5
[INFO] [stderr]    Compiling tokio-util v0.7.19
[INFO] [stderr]    Compiling h2 v0.4.15
[INFO] [stderr]    Compiling tokio-stream v0.1.19
[INFO] [stderr]    Compiling hyper v1.11.0
[INFO] [stderr]    Compiling hyper-util v0.1.20
[INFO] [stderr]    Compiling sova-core v0.1.15
[INFO] [stderr]    Compiling sova-sse v0.1.1
[INFO] [stderr]    Compiling sova-devtools v0.1.10 (/opt/rustwide/workdir)
[INFO] [stdout] warning: unused import: `AppDispatch`
[INFO] [stdout]   --> src/plugin.rs:15:30
[INFO] [stdout]    |
[INFO] [stdout] 15 |     add_log_event_hook, App, AppDispatch, DevToolsConfigRegistry, LogRecord, Plugin, PluginMeta,
[INFO] [stdout]    |                              ^^^^^^^^^^^
[INFO] [stdout]    |
[INFO] [stdout]    = note: `#[warn(unused_imports)]` (part of `#[warn(unused)]`) on by default
[INFO] [stdout] 
[INFO] [stdout] 
[INFO] [stdout] warning: constant `DEFAULT_BODY_LIMIT` is never used
[INFO] [stdout]  --> src/console.rs:6:11
[INFO] [stdout]   |
[INFO] [stdout] 6 | pub const DEFAULT_BODY_LIMIT: usize = 1024 * 1024;
[INFO] [stdout]   |           ^^^^^^^^^^^^^^^^^^
[INFO] [stdout]   |
[INFO] [stdout]   = note: `#[warn(dead_code)]` (part of `#[warn(unused)]`) on by default
[INFO] [stdout] 
[INFO] [stdout] 
[INFO] [stdout] warning: struct `DevToolsConsole` is never constructed
[INFO] [stdout]  --> src/console.rs:9:12
[INFO] [stdout]   |
[INFO] [stdout] 9 | pub struct DevToolsConsole {
[INFO] [stdout]   |            ^^^^^^^^^^^^^^^
[INFO] [stdout] 
[INFO] [stdout] 
[INFO] [stdout] warning: associated function `new` is never used
[INFO] [stdout]   --> src/console.rs:32:12
[INFO] [stdout]    |
[INFO] [stdout] 31 | impl DevToolsConsole {
[INFO] [stdout]    | -------------------- associated function in this implementation
[INFO] [stdout] 32 |     pub fn new(
[INFO] [stdout]    |            ^^^
[INFO] [stdout] 
[INFO] [stdout] 
[INFO] [stderr]     Finished `release` profile [optimized] target(s) in 1m 10s
[INFO] running `Command { std: "docker" "inspect" "11275395004f32f81c4f7328fe1326df58ca140a7d3502a222f2f3e00b1e8967", kill_on_drop: false }`
[INFO] running `Command { std: "docker" "exec" "-e" "SOURCE_DIR=/opt/rustwide/workdir" "-e" "CARGO_HOME=/opt/rustwide/cargo-home" "-e" "RUSTUP_HOME=/opt/rustwide/rustup-home" "-e" "CARGO_TARGET_DIR=/opt/rustwide/target" "-e" "CARGO_INCREMENTAL=0" "-e" "RUST_BACKTRACE=full" "-e" "RUSTFLAGS=--cap-lints=warn" "-e" "RUSTDOCFLAGS=--cap-lints=warn" "-w" "/opt/rustwide/workdir" "--user" "0:0" "11275395004f32f81c4f7328fe1326df58ca140a7d3502a222f2f3e00b1e8967" "/opt/rustwide/cargo-home/bin/cargo" "+1.99.0-beta.8" "test" "--frozen" "--no-run" "--message-format=json" "--release", kill_on_drop: false }`
[INFO] [stderr]    Compiling h2 v0.4.15
[INFO] [stderr]    Compiling ring v0.17.14
[INFO] [stderr]    Compiling zerotrie v0.2.4
[INFO] [stderr]    Compiling rustls v0.23.43
[INFO] [stderr]    Compiling tracing-subscriber v0.3.23
[INFO] [stderr]    Compiling tinystr v0.8.3
[INFO] [stderr]    Compiling icu_collections v2.2.0
[INFO] [stderr]    Compiling tower v0.5.3
[INFO] [stderr]    Compiling icu_locale_core v2.2.0
[INFO] [stderr]    Compiling rustls-webpki v0.103.13
[INFO] [stderr]    Compiling icu_provider v2.2.0
[INFO] [stderr]    Compiling tracing-appender v0.2.5
[INFO] [stderr]    Compiling icu_normalizer v2.2.0
[INFO] [stderr]    Compiling icu_properties v2.2.0
[INFO] [stderr]    Compiling idna_adapter v1.2.2
[INFO] [stderr]    Compiling idna v1.1.0
[INFO] [stderr]    Compiling url v2.5.8
[INFO] [stderr]    Compiling hyper v1.11.0
[INFO] [stderr]    Compiling tower-http v0.6.11
[INFO] [stderr]    Compiling hyper-util v0.1.20
[INFO] [stderr]    Compiling tokio-rustls v0.26.4
[INFO] [stderr]    Compiling sova-core v0.1.15
[INFO] [stderr]    Compiling hyper-rustls v0.27.9
[INFO] [stderr]    Compiling reqwest v0.12.28
[INFO] [stderr]    Compiling sova-sse v0.1.1
[INFO] [stderr]    Compiling sova-grpc v0.1.2
[INFO] [stderr]    Compiling sova-devtools v0.1.10 (/opt/rustwide/workdir)
[INFO] [stdout] warning: unused import: `AppDispatch`
[INFO] [stdout]   --> src/plugin.rs:15:30
[INFO] [stdout]    |
[INFO] [stdout] 15 |     add_log_event_hook, App, AppDispatch, DevToolsConfigRegistry, LogRecord, Plugin, PluginMeta,
[INFO] [stdout]    |                              ^^^^^^^^^^^
[INFO] [stdout]    |
[INFO] [stdout]    = note: `#[warn(unused_imports)]` (part of `#[warn(unused)]`) on by default
[INFO] [stdout] 
[INFO] [stdout] 
[INFO] [stdout] warning: constant `DEFAULT_BODY_LIMIT` is never used
[INFO] [stdout]  --> src/console.rs:6:11
[INFO] [stdout]   |
[INFO] [stdout] 6 | pub const DEFAULT_BODY_LIMIT: usize = 1024 * 1024;
[INFO] [stdout]   |           ^^^^^^^^^^^^^^^^^^
[INFO] [stdout]   |
[INFO] [stdout]   = note: `#[warn(dead_code)]` (part of `#[warn(unused)]`) on by default
[INFO] [stdout] 
[INFO] [stdout] 
[INFO] [stdout] warning: struct `DevToolsConsole` is never constructed
[INFO] [stdout]  --> src/console.rs:9:12
[INFO] [stdout]   |
[INFO] [stdout] 9 | pub struct DevToolsConsole {
[INFO] [stdout]   |            ^^^^^^^^^^^^^^^
[INFO] [stdout] 
[INFO] [stdout] 
[INFO] [stdout] warning: associated function `new` is never used
[INFO] [stdout]   --> src/console.rs:32:12
[INFO] [stdout]    |
[INFO] [stdout] 31 | impl DevToolsConsole {
[INFO] [stdout]    | -------------------- associated function in this implementation
[INFO] [stdout] 32 |     pub fn new(
[INFO] [stdout]    |            ^^^
[INFO] [stdout] 
[INFO] [stdout] 
[INFO] [stdout] warning: unused import: `AppDispatch`
[INFO] [stdout]   --> src/plugin.rs:15:30
[INFO] [stdout]    |
[INFO] [stdout] 15 |     add_log_event_hook, App, AppDispatch, DevToolsConfigRegistry, LogRecord, Plugin, PluginMeta,
[INFO] [stdout]    |                              ^^^^^^^^^^^
[INFO] [stdout]    |
[INFO] [stdout]    = note: `#[warn(unused_imports)]` (part of `#[warn(unused)]`) on by default
[INFO] [stdout] 
[INFO] [stdout] 
[INFO] [stdout] warning: constant `DEFAULT_BODY_LIMIT` is never used
[INFO] [stdout]  --> src/console.rs:6:11
[INFO] [stdout]   |
[INFO] [stdout] 6 | pub const DEFAULT_BODY_LIMIT: usize = 1024 * 1024;
[INFO] [stdout]   |           ^^^^^^^^^^^^^^^^^^
[INFO] [stdout]   |
[INFO] [stdout]   = note: `#[warn(dead_code)]` (part of `#[warn(unused)]`) on by default
[INFO] [stdout] 
[INFO] [stdout] 
[INFO] [stdout] warning: struct `DevToolsConsole` is never constructed
[INFO] [stdout]  --> src/console.rs:9:12
[INFO] [stdout]   |
[INFO] [stdout] 9 | pub struct DevToolsConsole {
[INFO] [stdout]   |            ^^^^^^^^^^^^^^^
[INFO] [stdout] 
[INFO] [stdout] 
[INFO] [stdout] warning: associated function `new` is never used
[INFO] [stdout]   --> src/console.rs:32:12
[INFO] [stdout]    |
[INFO] [stdout] 31 | impl DevToolsConsole {
[INFO] [stdout]    | -------------------- associated function in this implementation
[INFO] [stdout] 32 |     pub fn new(
[INFO] [stdout]    |            ^^^
[INFO] [stdout] 
[INFO] [stdout] 
[INFO] [stderr]     Finished `release` profile [optimized] target(s) in 1m 09s
[INFO] running `Command { std: "docker" "inspect" "11275395004f32f81c4f7328fe1326df58ca140a7d3502a222f2f3e00b1e8967", kill_on_drop: false }`
[INFO] running `Command { std: "docker" "exec" "-e" "SOURCE_DIR=/opt/rustwide/workdir" "-e" "CARGO_HOME=/opt/rustwide/cargo-home" "-e" "RUSTUP_HOME=/opt/rustwide/rustup-home" "-e" "CARGO_TARGET_DIR=/opt/rustwide/target" "-e" "CARGO_INCREMENTAL=0" "-e" "RUST_BACKTRACE=full" "-e" "RUSTFLAGS=--cap-lints=warn" "-e" "RUSTDOCFLAGS=--cap-lints=warn" "-w" "/opt/rustwide/workdir" "--user" "0:0" "11275395004f32f81c4f7328fe1326df58ca140a7d3502a222f2f3e00b1e8967" "/opt/rustwide/cargo-home/bin/cargo" "+1.99.0-beta.8" "test" "--frozen" "--release", kill_on_drop: false }`
[INFO] [stderr] warning: unused import: `AppDispatch`
[INFO] [stderr]   --> src/plugin.rs:15:30
[INFO] [stderr]    |
[INFO] [stderr] 15 |     add_log_event_hook, App, AppDispatch, DevToolsConfigRegistry, LogRecord, Plugin, PluginMeta,
[INFO] [stderr]    |                              ^^^^^^^^^^^
[INFO] [stderr]    |
[INFO] [stderr]    = note: `#[warn(unused_imports)]` (part of `#[warn(unused)]`) on by default
[INFO] [stderr] 
[INFO] [stderr] warning: constant `DEFAULT_BODY_LIMIT` is never used
[INFO] [stderr]  --> src/console.rs:6:11
[INFO] [stderr]   |
[INFO] [stderr] 6 | pub const DEFAULT_BODY_LIMIT: usize = 1024 * 1024;
[INFO] [stderr]   |           ^^^^^^^^^^^^^^^^^^
[INFO] [stderr]   |
[INFO] [stderr]   = note: `#[warn(dead_code)]` (part of `#[warn(unused)]`) on by default
[INFO] [stderr] 
[INFO] [stderr] warning: struct `DevToolsConsole` is never constructed
[INFO] [stderr]  --> src/console.rs:9:12
[INFO] [stderr]   |
[INFO] [stderr] 9 | pub struct DevToolsConsole {
[INFO] [stderr]   |            ^^^^^^^^^^^^^^^
[INFO] [stderr] 
[INFO] [stderr] warning: associated function `new` is never used
[INFO] [stderr]   --> src/console.rs:32:12
[INFO] [stderr]    |
[INFO] [stderr] 31 | impl DevToolsConsole {
[INFO] [stderr]    | -------------------- associated function in this implementation
[INFO] [stderr] 32 |     pub fn new(
[INFO] [stderr]    |            ^^^
[INFO] [stderr] 
[INFO] [stderr] warning: `sova-devtools` (lib) generated 4 warnings (run `cargo fix --lib -p sova-devtools` to apply 1 suggestion)
[INFO] [stderr] warning: `sova-devtools` (lib test) generated 4 warnings (4 duplicates)
[INFO] [stderr]     Finished `release` profile [optimized] target(s) in 0.25s
[INFO] [stderr]      Running unittests src/lib.rs (/opt/rustwide/target/release/deps/sova_devtools-0171ea3fad5b45fe)
[INFO] [stdout] 
[INFO] [stdout] running 2 tests
[INFO] [stdout] test inject::tests::idempotent ... ok
[INFO] [stdout] test inject::tests::injects_before_body_close ... ok
[INFO] [stdout] 
[INFO] [stdout] test result: ok. 2 passed; 0 failed; 0 ignored; 0 measured; 0 filtered out; finished in 0.00s
[INFO] [stdout] 
[INFO] [stderr]      Running tests/inject_http.rs (/opt/rustwide/target/release/deps/inject_http-3f085eb5b6dfda45)
[INFO] [stdout] 
[INFO] [stdout] running 5 tests
[INFO] [stdout] [2m2026-10-18T17:27:11.141310Z[0m [34mDEBUG[0m [1mhttp.server[0m[1m{[0m[3mrequest_id[0m[2m=[0mreq-373b13a080973cc1-1 [3mmethod[0m[2m=[0mGET [3mpath[0m[2m=[0m/cache-demo [3motel.kind[0m[2m=[0m"server"[1m}[0m[2m:[0m sova.store [3mop[0m[2m=[0m"get" [3mbackend[0m[2m=[0m"cache" [3mkey[0m[2m=[0m"demo:key" [3mhit[0m[2m=[0mtrue [3mduration_ms[0m[2m=[0m1.5
[INFO] [stdout] [2m2026-10-18T17:27:11.145113Z[0m [34mDEBUG[0m [1mhttp.server[0m[1m{[0m[3mrequest_id[0m[2m=[0mreq-bc27e8d8a535365d-6 [3mmethod[0m[2m=[0mGET [3mpath[0m[2m=[0m/job-demo [3motel.kind[0m[2m=[0m"server"[1m}[0m[2m:[0m sova.tasks enqueue [3mname[0m[2m=[0m"ping" [3mqueue[0m[2m=[0m"default" [3mid[0m[2m=[0m"t_test" [3mstatus[0m[2m=[0m"enqueued" [3mduration_ms[0m[2m=[0m0.5
[INFO] [stdout] test store_tracing_fills_cache_lines ... FAILED
[INFO] [stdout] test requests_api_lists_snapshots ... FAILED
[INFO] [stdout] test injects_html_skips_json ... FAILED
[INFO] [stdout] test snapshot_has_route_and_encoding ... FAILED
[INFO] [stdout] test tasks_tracing_fills_jobs ... FAILED
[INFO] [stdout] 
[INFO] [stdout] failures:
[INFO] [stdout] 
[INFO] [stdout] ---- store_tracing_fills_cache_lines stdout ----
[INFO] [stdout] 
[INFO] [stdout] thread 'store_tracing_fills_cache_lines' (1403) panicked at tests/inject_http.rs:115:66:
[INFO] [stdout] json: Error("expected value", line: 1, column: 1)
[INFO] [stdout] stack backtrace:
[INFO] [stdout]    0:     0x5f4c73cab761 - <<std[70759c8f55707aa4]::sys::backtrace::BacktraceLock>::print::DisplayBacktrace as core[df12db4294e9bfd3]::fmt::Display>::fmt
[INFO] [stdout]    1:     0x5f4c73cc215a - core[df12db4294e9bfd3]::fmt::write
[INFO] [stdout]    2:     0x5f4c73cb006c - <alloc[2182bb758b4b3781]::vec::Vec<u8> as core[df12db4294e9bfd3]::io::write::Write>::write_fmt
[INFO] [stdout]    3:     0x5f4c73c85626 - std[70759c8f55707aa4]::panicking::default_hook::{closure#0}
[INFO] [stdout]    4:     0x5f4c73ca2bf9 - std[70759c8f55707aa4]::panicking::default_hook
[INFO] [stdout]    5:     0x5f4c73ab8af0 - test[9d35eded1c95d3be]::test_main_inner::<test[9d35eded1c95d3be]::test_main_static::{closure#0}>::{closure#0}
[INFO] [stdout]    6:     0x5f4c73ca2f22 - std[70759c8f55707aa4]::panicking::panic_with_hook
[INFO] [stdout]    7:     0x5f4c73c856d2 - std[70759c8f55707aa4]::panicking::panic_handler::{closure#0}
[INFO] [stdout]    8:     0x5f4c73c7e0a9 - std[70759c8f55707aa4]::sys::backtrace::__rust_end_short_backtrace::<std[70759c8f55707aa4]::panicking::panic_handler::{closure#0}, !>
[INFO] [stdout]    9:     0x5f4c73c863bd - __rustc[8fa7c3cbc660c2b3]::rust_begin_unwind
[INFO] [stdout]   10:     0x5f4c73cc293c - core[df12db4294e9bfd3]::panicking::panic_fmt
[INFO] [stdout]   11:     0x5f4c73cc2712 - core[df12db4294e9bfd3]::result::unwrap_failed
[INFO] [stdout]   12:     0x5f4c73a9ae1d - inject_http[e57f2f716d7ba936]::store_tracing_fills_cache_lines::{closure#0}
[INFO] [stdout]   13:     0x5f4c73aa3eb3 - <tokio[f45e06a05842b0bf]::runtime::scheduler::current_thread::Context>::enter::<core[df12db4294e9bfd3]::task::poll::Poll<()>, <tokio[f45e06a05842b0bf]::runtime::scheduler::current_thread::CoreGuard>::block_on<core[df12db4294e9bfd3]::pin::Pin<&mut core[df12db4294e9bfd3]::pin::Pin<&mut dyn core[df12db4294e9bfd3]::future::future::Future<Output = ()>>>>::{closure#0}::{closure#0}>
[INFO] [stdout]   14:     0x5f4c73aa219c - <tokio[f45e06a05842b0bf]::runtime::context::scoped::Scoped<tokio[f45e06a05842b0bf]::runtime::scheduler::Context>>::set::<<tokio[f45e06a05842b0bf]::runtime::scheduler::current_thread::CoreGuard>::enter<<tokio[f45e06a05842b0bf]::runtime::scheduler::current_thread::CoreGuard>::block_on<core[df12db4294e9bfd3]::pin::Pin<&mut core[df12db4294e9bfd3]::pin::Pin<&mut dyn core[df12db4294e9bfd3]::future::future::Future<Output = ()>>>>::{closure#0}, core[df12db4294e9bfd3]::option::Option<()>>::{closure#0}, (alloc[2182bb758b4b3781]::boxed::Box<tokio[f45e06a05842b0bf]::runtime::scheduler::current_thread::Core>, core[df12db4294e9bfd3]::option::Option<()>)>
[INFO] [stdout]   15:     0x5f4c73aa4057 - <tokio[f45e06a05842b0bf]::runtime::scheduler::current_thread::CoreGuard>::block_on::<core[df12db4294e9bfd3]::pin::Pin<&mut core[df12db4294e9bfd3]::pin::Pin<&mut dyn core[df12db4294e9bfd3]::future::future::Future<Output = ()>>>>
[INFO] [stdout]   16:     0x5f4c73aa87ad - tokio[f45e06a05842b0bf]::runtime::context::runtime::enter_runtime::<<tokio[f45e06a05842b0bf]::runtime::scheduler::current_thread::CurrentThread>::block_on<core[df12db4294e9bfd3]::pin::Pin<&mut dyn core[df12db4294e9bfd3]::future::future::Future<Output = ()>>>::{closure#0}, ()>
[INFO] [stdout]   17:     0x5f4c73aa7903 - <tokio[f45e06a05842b0bf]::runtime::runtime::Runtime>::block_on::<core[df12db4294e9bfd3]::pin::Pin<&mut dyn core[df12db4294e9bfd3]::future::future::Future<Output = ()>>>
[INFO] [stdout]   18:     0x5f4c73a9c10e - <inject_http[e57f2f716d7ba936]::store_tracing_fills_cache_lines::{closure#0} as core[df12db4294e9bfd3]::ops::function::FnOnce<()>>::call_once
[INFO] [stdout]   19:     0x5f4c73aabddb - test[9d35eded1c95d3be]::__rust_begin_short_backtrace::<core[df12db4294e9bfd3]::result::Result<(), alloc[2182bb758b4b3781]::string::String>, fn() -> core[df12db4294e9bfd3]::result::Result<(), alloc[2182bb758b4b3781]::string::String>>
[INFO] [stdout]   20:     0x5f4c73ab9445 - test[9d35eded1c95d3be]::run_test::{closure#0}
[INFO] [stdout]   21:     0x5f4c73ab2d04 - std[70759c8f55707aa4]::sys::backtrace::__rust_begin_short_backtrace::<test[9d35eded1c95d3be]::run_test::{closure#1}, ()>
[INFO] [stdout]   22:     0x5f4c73abc5a2 - <std[70759c8f55707aa4]::thread::lifecycle::spawn_unchecked<test[9d35eded1c95d3be]::run_test::{closure#1}, ()>::{closure#1} as core[df12db4294e9bfd3]::ops::function::FnOnce<()>>::call_once::{shim:vtable#0}
[INFO] [stdout]   23:     0x5f4c73caa969 - <std[70759c8f55707aa4]::sys::thread::unix::Thread>::new::thread_start
[INFO] [stdout]   24:     0x77e7e349edfa - <unknown>
[INFO] [stdout]   25:     0x77e7e35323d4 - clone
[INFO] [stdout]   26:                0x0 - <unknown>
[INFO] [stdout] 
[INFO] [stdout] ---- requests_api_lists_snapshots stdout ----
[INFO] [stdout] 
[INFO] [stdout] thread 'requests_api_lists_snapshots' (1401) panicked at /opt/rustwide/cargo-home/registry/src/index.crates.io-1949cf8c6b5b557f/sova-core-0.1.15/src/test_client.rs:215:9:
[INFO] [stdout] assertion `left == right` failed: unexpected status 404, body: Some("Not Found")
[INFO] [stdout]   left: 404
[INFO] [stdout]  right: 200
[INFO] [stdout] stack backtrace:
[INFO] [stdout]    0:     0x5f4c73cab761 - <<std[70759c8f55707aa4]::sys::backtrace::BacktraceLock>::print::DisplayBacktrace as core[df12db4294e9bfd3]::fmt::Display>::fmt
[INFO] [stdout]    1:     0x5f4c73cc215a - core[df12db4294e9bfd3]::fmt::write
[INFO] [stdout]    2:     0x5f4c73cb006c - <alloc[2182bb758b4b3781]::vec::Vec<u8> as core[df12db4294e9bfd3]::io::write::Write>::write_fmt
[INFO] [stdout]    3:     0x5f4c73c85626 - std[70759c8f55707aa4]::panicking::default_hook::{closure#0}
[INFO] [stdout]    4:     0x5f4c73ca2bf9 - std[70759c8f55707aa4]::panicking::default_hook
[INFO] [stdout]    5:     0x5f4c73ab8af0 - test[9d35eded1c95d3be]::test_main_inner::<test[9d35eded1c95d3be]::test_main_static::{closure#0}>::{closure#0}
[INFO] [stdout]    6:     0x5f4c73ca2f22 - std[70759c8f55707aa4]::panicking::panic_with_hook
[INFO] [stdout]    7:     0x5f4c73c856d2 - std[70759c8f55707aa4]::panicking::panic_handler::{closure#0}
[INFO] [stdout]    8:     0x5f4c73c7e0a9 - std[70759c8f55707aa4]::sys::backtrace::__rust_end_short_backtrace::<std[70759c8f55707aa4]::panicking::panic_handler::{closure#0}, !>
[INFO] [stdout]    9:     0x5f4c73c863bd - __rustc[8fa7c3cbc660c2b3]::rust_begin_unwind
[INFO] [stdout]   10:     0x5f4c73cc293c - core[df12db4294e9bfd3]::panicking::panic_fmt
[INFO] [stdout]   11:     0x5f4c73cc28b3 - core[df12db4294e9bfd3]::panicking::assert_failed_inner
[INFO] [stdout]   12:     0x5f4c73bf00ef - core[df12db4294e9bfd3]::panicking::assert_failed::<u16, u16>
[INFO] [stdout]   13:     0x5f4c73b6d834 - <sova_core[3dc19bf6630bdd89]::response::Response as sova_core[3dc19bf6630bdd89]::test_client::ResponseAssert>::assert_status
[INFO] [stdout]   14:     0x5f4c73a997f2 - inject_http[e57f2f716d7ba936]::requests_api_lists_snapshots::{closure#0}
[INFO] [stdout]   15:     0x5f4c73aa3eb3 - <tokio[f45e06a05842b0bf]::runtime::scheduler::current_thread::Context>::enter::<core[df12db4294e9bfd3]::task::poll::Poll<()>, <tokio[f45e06a05842b0bf]::runtime::scheduler::current_thread::CoreGuard>::block_on<core[df12db4294e9bfd3]::pin::Pin<&mut core[df12db4294e9bfd3]::pin::Pin<&mut dyn core[df12db4294e9bfd3]::future::future::Future<Output = ()>>>>::{closure#0}::{closure#0}>
[INFO] [stdout]   16:     0x5f4c73aa219c - <tokio[f45e06a05842b0bf]::runtime::context::scoped::Scoped<tokio[f45e06a05842b0bf]::runtime::scheduler::Context>>::set::<<tokio[f45e06a05842b0bf]::runtime::scheduler::current_thread::CoreGuard>::enter<<tokio[f45e06a05842b0bf]::runtime::scheduler::current_thread::CoreGuard>::block_on<core[df12db4294e9bfd3]::pin::Pin<&mut core[df12db4294e9bfd3]::pin::Pin<&mut dyn core[df12db4294e9bfd3]::future::future::Future<Output = ()>>>>::{closure#0}, core[df12db4294e9bfd3]::option::Option<()>>::{closure#0}, (alloc[2182bb758b4b3781]::boxed::Box<tokio[f45e06a05842b0bf]::runtime::scheduler::current_thread::Core>, core[df12db4294e9bfd3]::option::Option<()>)>
[INFO] [stdout]   17:     0x5f4c73aa4057 - <tokio[f45e06a05842b0bf]::runtime::scheduler::current_thread::CoreGuard>::block_on::<core[df12db4294e9bfd3]::pin::Pin<&mut core[df12db4294e9bfd3]::pin::Pin<&mut dyn core[df12db4294e9bfd3]::future::future::Future<Output = ()>>>>
[INFO] [stdout]   18:     0x5f4c73aa87ad - tokio[f45e06a05842b0bf]::runtime::context::runtime::enter_runtime::<<tokio[f45e06a05842b0bf]::runtime::scheduler::current_thread::CurrentThread>::block_on<core[df12db4294e9bfd3]::pin::Pin<&mut dyn core[df12db4294e9bfd3]::future::future::Future<Output = ()>>>::{closure#0}, ()>
[INFO] [stdout]   19:     0x5f4c73aa7903 - <tokio[f45e06a05842b0bf]::runtime::runtime::Runtime>::block_on::<core[df12db4294e9bfd3]::pin::Pin<&mut dyn core[df12db4294e9bfd3]::future::future::Future<Output = ()>>>
[INFO] [stdout]   20:     0x5f4c73a9be4e - <inject_http[e57f2f716d7ba936]::requests_api_lists_snapshots::{closure#0} as core[df12db4294e9bfd3]::ops::function::FnOnce<()>>::call_once
[INFO] [stdout]   21:     0x5f4c73aabddb - test[9d35eded1c95d3be]::__rust_begin_short_backtrace::<core[df12db4294e9bfd3]::result::Result<(), alloc[2182bb758b4b3781]::string::String>, fn() -> core[df12db4294e9bfd3]::result::Result<(), alloc[2182bb758b4b3781]::string::String>>
[INFO] [stdout]   22:     0x5f4c73ab9445 - test[9d35eded1c95d3be]::run_test::{closure#0}
[INFO] [stdout]   23:     0x5f4c73ab2d04 - std[70759c8f55707aa4]::sys::backtrace::__rust_begin_short_backtrace::<test[9d35eded1c95d3be]::run_test::{closure#1}, ()>
[INFO] [stdout]   24:     0x5f4c73abc5a2 - <std[70759c8f55707aa4]::thread::lifecycle::spawn_unchecked<test[9d35eded1c95d3be]::run_test::{closure#1}, ()>::{closure#1} as core[df12db4294e9bfd3]::ops::function::FnOnce<()>>::call_once::{shim:vtable#0}
[INFO] [stdout]   25:     0x5f4c73caa969 - <std[70759c8f55707aa4]::sys::thread::unix::Thread>::new::thread_start
[INFO] [stdout]   26:     0x77e7e349edfa - <unknown>
[INFO] [stdout]   27:     0x77e7e35323d4 - clone
[INFO] [stdout]   28:                0x0 - <unknown>
[INFO] [stdout] 
[INFO] [stdout] ---- injects_html_skips_json stdout ----
[INFO] [stdout] 
[INFO] [stdout] thread 'injects_html_skips_json' (1400) panicked at tests/inject_http.rs:22:5:
[INFO] [stdout] html should disable bfcache, got ""
[INFO] [stdout] stack backtrace:
[INFO] [stdout]    0:     0x5f4c73cab761 - <<std[70759c8f55707aa4]::sys::backtrace::BacktraceLock>::print::DisplayBacktrace as core[df12db4294e9bfd3]::fmt::Display>::fmt
[INFO] [stdout]    1:     0x5f4c73cc215a - core[df12db4294e9bfd3]::fmt::write
[INFO] [stdout]    2:     0x5f4c73cb006c - <alloc[2182bb758b4b3781]::vec::Vec<u8> as core[df12db4294e9bfd3]::io::write::Write>::write_fmt
[INFO] [stdout]    3:     0x5f4c73c85626 - std[70759c8f55707aa4]::panicking::default_hook::{closure#0}
[INFO] [stdout]    4:     0x5f4c73ca2bf9 - std[70759c8f55707aa4]::panicking::default_hook
[INFO] [stdout]    5:     0x5f4c73ab8af0 - test[9d35eded1c95d3be]::test_main_inner::<test[9d35eded1c95d3be]::test_main_static::{closure#0}>::{closure#0}
[INFO] [stdout]    6:     0x5f4c73ca2f22 - std[70759c8f55707aa4]::panicking::panic_with_hook
[INFO] [stdout]    7:     0x5f4c73c856d2 - std[70759c8f55707aa4]::panicking::panic_handler::{closure#0}
[INFO] [stdout]    8:     0x5f4c73c7e0a9 - std[70759c8f55707aa4]::sys::backtrace::__rust_end_short_backtrace::<std[70759c8f55707aa4]::panicking::panic_handler::{closure#0}, !>
[INFO] [stdout]    9:     0x5f4c73c863bd - __rustc[8fa7c3cbc660c2b3]::rust_begin_unwind
[INFO] [stdout]   10:     0x5f4c73cc293c - core[df12db4294e9bfd3]::panicking::panic_fmt
[INFO] [stdout]   11:     0x5f4c73a98531 - inject_http[e57f2f716d7ba936]::injects_html_skips_json::{closure#0}
[INFO] [stdout]   12:     0x5f4c73aa3eb3 - <tokio[f45e06a05842b0bf]::runtime::scheduler::current_thread::Context>::enter::<core[df12db4294e9bfd3]::task::poll::Poll<()>, <tokio[f45e06a05842b0bf]::runtime::scheduler::current_thread::CoreGuard>::block_on<core[df12db4294e9bfd3]::pin::Pin<&mut core[df12db4294e9bfd3]::pin::Pin<&mut dyn core[df12db4294e9bfd3]::future::future::Future<Output = ()>>>>::{closure#0}::{closure#0}>
[INFO] [stdout]   13:     0x5f4c73aa219c - <tokio[f45e06a05842b0bf]::runtime::context::scoped::Scoped<tokio[f45e06a05842b0bf]::runtime::scheduler::Context>>::set::<<tokio[f45e06a05842b0bf]::runtime::scheduler::current_thread::CoreGuard>::enter<<tokio[f45e06a05842b0bf]::runtime::scheduler::current_thread::CoreGuard>::block_on<core[df12db4294e9bfd3]::pin::Pin<&mut core[df12db4294e9bfd3]::pin::Pin<&mut dyn core[df12db4294e9bfd3]::future::future::Future<Output = ()>>>>::{closure#0}, core[df12db4294e9bfd3]::option::Option<()>>::{closure#0}, (alloc[2182bb758b4b3781]::boxed::Box<tokio[f45e06a05842b0bf]::runtime::scheduler::current_thread::Core>, core[df12db4294e9bfd3]::option::Option<()>)>
[INFO] [stdout]   14:     0x5f4c73aa4057 - <tokio[f45e06a05842b0bf]::runtime::scheduler::current_thread::CoreGuard>::block_on::<core[df12db4294e9bfd3]::pin::Pin<&mut core[df12db4294e9bfd3]::pin::Pin<&mut dyn core[df12db4294e9bfd3]::future::future::Future<Output = ()>>>>
[INFO] [stdout]   15:     0x5f4c73aa87ad - tokio[f45e06a05842b0bf]::runtime::context::runtime::enter_runtime::<<tokio[f45e06a05842b0bf]::runtime::scheduler::current_thread::CurrentThread>::block_on<core[df12db4294e9bfd3]::pin::Pin<&mut dyn core[df12db4294e9bfd3]::future::future::Future<Output = ()>>>::{closure#0}, ()>
[INFO] [stdout]   16:     0x5f4c73aa7903 - <tokio[f45e06a05842b0bf]::runtime::runtime::Runtime>::block_on::<core[df12db4294e9bfd3]::pin::Pin<&mut dyn core[df12db4294e9bfd3]::future::future::Future<Output = ()>>>
[INFO] [stdout]   17:     0x5f4c73a9bb8e - <inject_http[e57f2f716d7ba936]::injects_html_skips_json::{closure#0} as core[df12db4294e9bfd3]::ops::function::FnOnce<()>>::call_once
[INFO] [stdout]   18:     0x5f4c73aabddb - test[9d35eded1c95d3be]::__rust_begin_short_backtrace::<core[df12db4294e9bfd3]::result::Result<(), alloc[2182bb758b4b3781]::string::String>, fn() -> core[df12db4294e9bfd3]::result::Result<(), alloc[2182bb758b4b3781]::string::String>>
[INFO] [stdout]   19:     0x5f4c73ab9445 - test[9d35eded1c95d3be]::run_test::{closure#0}
[INFO] [stdout]   20:     0x5f4c73ab2d04 - std[70759c8f55707aa4]::sys::backtrace::__rust_begin_short_backtrace::<test[9d35eded1c95d3be]::run_test::{closure#1}, ()>
[INFO] [stdout]   21:     0x5f4c73abc5a2 - <std[70759c8f55707aa4]::thread::lifecycle::spawn_unchecked<test[9d35eded1c95d3be]::run_test::{closure#1}, ()>::{closure#1} as core[df12db4294e9bfd3]::ops::function::FnOnce<()>>::call_once::{shim:vtable#0}
[INFO] [stdout]   22:     0x5f4c73caa969 - <std[70759c8f55707aa4]::sys::thread::unix::Thread>::new::thread_start
[INFO] [stdout]   23:     0x77e7e349edfa - <unknown>
[INFO] [stdout]   24:     0x77e7e35323d4 - clone
[INFO] [stdout]   25:                0x0 - <unknown>
[INFO] [stdout] 
[INFO] [stdout] ---- snapshot_has_route_and_encoding stdout ----
[INFO] [stdout] 
[INFO] [stdout] thread 'snapshot_has_route_and_encoding' (1402) panicked at /opt/rustwide/cargo-home/registry/src/index.crates.io-1949cf8c6b5b557f/sova-core-0.1.15/src/test_client.rs:215:9:
[INFO] [stdout] assertion `left == right` failed: unexpected status 404, body: Some("Not Found")
[INFO] [stdout]   left: 404
[INFO] [stdout]  right: 200
[INFO] [stdout] stack backtrace:
[INFO] [stdout]    0:     0x5f4c73cab761 - <<std[70759c8f55707aa4]::sys::backtrace::BacktraceLock>::print::DisplayBacktrace as core[df12db4294e9bfd3]::fmt::Display>::fmt
[INFO] [stdout]    1:     0x5f4c73cc215a - core[df12db4294e9bfd3]::fmt::write
[INFO] [stdout]    2:     0x5f4c73cb006c - <alloc[2182bb758b4b3781]::vec::Vec<u8> as core[df12db4294e9bfd3]::io::write::Write>::write_fmt
[INFO] [stdout]    3:     0x5f4c73c85626 - std[70759c8f55707aa4]::panicking::default_hook::{closure#0}
[INFO] [stdout]    4:     0x5f4c73ca2bf9 - std[70759c8f55707aa4]::panicking::default_hook
[INFO] [stdout]    5:     0x5f4c73ab8af0 - test[9d35eded1c95d3be]::test_main_inner::<test[9d35eded1c95d3be]::test_main_static::{closure#0}>::{closure#0}
[INFO] [stdout]    6:     0x5f4c73ca2f22 - std[70759c8f55707aa4]::panicking::panic_with_hook
[INFO] [stdout]    7:     0x5f4c73c856d2 - std[70759c8f55707aa4]::panicking::panic_handler::{closure#0}
[INFO] [stdout]    8:     0x5f4c73c7e0a9 - std[70759c8f55707aa4]::sys::backtrace::__rust_end_short_backtrace::<std[70759c8f55707aa4]::panicking::panic_handler::{closure#0}, !>
[INFO] [stdout]    9:     0x5f4c73c863bd - __rustc[8fa7c3cbc660c2b3]::rust_begin_unwind
[INFO] [stdout]   10:     0x5f4c73cc293c - core[df12db4294e9bfd3]::panicking::panic_fmt
[INFO] [stdout]   11:     0x5f4c73cc28b3 - core[df12db4294e9bfd3]::panicking::assert_failed_inner
[INFO] [stdout]   12:     0x5f4c73bf00ef - core[df12db4294e9bfd3]::panicking::assert_failed::<u16, u16>
[INFO] [stdout]   13:     0x5f4c73b6d834 - <sova_core[3dc19bf6630bdd89]::response::Response as sova_core[3dc19bf6630bdd89]::test_client::ResponseAssert>::assert_status
[INFO] [stdout]   14:     0x5f4c73a99d17 - inject_http[e57f2f716d7ba936]::snapshot_has_route_and_encoding::{closure#0}
[INFO] [stdout]   15:     0x5f4c73aa3eb3 - <tokio[f45e06a05842b0bf]::runtime::scheduler::current_thread::Context>::enter::<core[df12db4294e9bfd3]::task::poll::Poll<()>, <tokio[f45e06a05842b0bf]::runtime::scheduler::current_thread::CoreGuard>::block_on<core[df12db4294e9bfd3]::pin::Pin<&mut core[df12db4294e9bfd3]::pin::Pin<&mut dyn core[df12db4294e9bfd3]::future::future::Future<Output = ()>>>>::{closure#0}::{closure#0}>
[INFO] [stdout]   16:     0x5f4c73aa219c - <tokio[f45e06a05842b0bf]::runtime::context::scoped::Scoped<tokio[f45e06a05842b0bf]::runtime::scheduler::Context>>::set::<<tokio[f45e06a05842b0bf]::runtime::scheduler::current_thread::CoreGuard>::enter<<tokio[f45e06a05842b0bf]::runtime::scheduler::current_thread::CoreGuard>::block_on<core[df12db4294e9bfd3]::pin::Pin<&mut core[df12db4294e9bfd3]::pin::Pin<&mut dyn core[df12db4294e9bfd3]::future::future::Future<Output = ()>>>>::{closure#0}, core[df12db4294e9bfd3]::option::Option<()>>::{closure#0}, (alloc[2182bb758b4b3781]::boxed::Box<tokio[f45e06a05842b0bf]::runtime::scheduler::current_thread::Core>, core[df12db4294e9bfd3]::option::Option<()>)>
[INFO] [stdout]   17:     0x5f4c73aa4057 - <tokio[f45e06a05842b0bf]::runtime::scheduler::current_thread::CoreGuard>::block_on::<core[df12db4294e9bfd3]::pin::Pin<&mut core[df12db4294e9bfd3]::pin::Pin<&mut dyn core[df12db4294e9bfd3]::future::future::Future<Output = ()>>>>
[INFO] [stdout]   18:     0x5f4c73aa87ad - tokio[f45e06a05842b0bf]::runtime::context::runtime::enter_runtime::<<tokio[f45e06a05842b0bf]::runtime::scheduler::current_thread::CurrentThread>::block_on<core[df12db4294e9bfd3]::pin::Pin<&mut dyn core[df12db4294e9bfd3]::future::future::Future<Output = ()>>>::{closure#0}, ()>
[INFO] [stdout]   19:     0x5f4c73aa7903 - <tokio[f45e06a05842b0bf]::runtime::runtime::Runtime>::block_on::<core[df12db4294e9bfd3]::pin::Pin<&mut dyn core[df12db4294e9bfd3]::future::future::Future<Output = ()>>>
[INFO] [stdout]   20:     0x5f4c73a9bfae - <inject_http[e57f2f716d7ba936]::snapshot_has_route_and_encoding::{closure#0} as core[df12db4294e9bfd3]::ops::function::FnOnce<()>>::call_once
[INFO] [stdout]   21:     0x5f4c73aabddb - test[9d35eded1c95d3be]::__rust_begin_short_backtrace::<core[df12db4294e9bfd3]::result::Result<(), alloc[2182bb758b4b3781]::string::String>, fn() -> core[df12db4294e9bfd3]::result::Result<(), alloc[2182bb758b4b3781]::string::String>>
[INFO] [stdout]   22:     0x5f4c73ab9445 - test[9d35eded1c95d3be]::run_test::{closure#0}
[INFO] [stdout]   23:     0x5f4c73ab2d04 - std[70759c8f55707aa4]::sys::backtrace::__rust_begin_short_backtrace::<test[9d35eded1c95d3be]::run_test::{closure#1}, ()>
[INFO] [stdout]   24:     0x5f4c73abc5a2 - <std[70759c8f55707aa4]::thread::lifecycle::spawn_unchecked<test[9d35eded1c95d3be]::run_test::{closure#1}, ()>::{closure#1} as core[df12db4294e9bfd3]::ops::function::FnOnce<()>>::call_once::{shim:vtable#0}
[INFO] [stdout]   25:     0x5f4c73caa969 - <std[70759c8f55707aa4]::sys::thread::unix::Thread>::new::thread_start
[INFO] [stdout]   26:     0x77e7e349edfa - <unknown>
[INFO] [stdout]   27:     0x77e7e35323d4 - clone
[INFO] [stdout]   28:                0x0 - <unknown>
[INFO] [stdout] 
[INFO] [stdout] ---- tasks_tracing_fills_jobs stdout ----
[INFO] [stdout] 
[INFO] [stdout] thread 'tasks_tracing_fills_jobs' (1404) panicked at tests/inject_http.rs:158:66:
[INFO] [stdout] json: Error("expected value", line: 1, column: 1)
[INFO] [stdout] stack backtrace:
[INFO] [stdout]    0:     0x5f4c73cab761 - <<std[70759c8f55707aa4]::sys::backtrace::BacktraceLock>::print::DisplayBacktrace as core[df12db4294e9bfd3]::fmt::Display>::fmt
[INFO] [stdout]    1:     0x5f4c73cc215a - core[df12db4294e9bfd3]::fmt::write
[INFO] [stdout]    2:     0x5f4c73cb006c - <alloc[2182bb758b4b3781]::vec::Vec<u8> as core[df12db4294e9bfd3]::io::write::Write>::write_fmt
[INFO] [stdout]    3:     0x5f4c73c85626 - std[70759c8f55707aa4]::panicking::default_hook::{closure#0}
[INFO] [stdout]    4:     0x5f4c73ca2bf9 - std[70759c8f55707aa4]::panicking::default_hook
[INFO] [stdout]    5:     0x5f4c73ab8af0 - test[9d35eded1c95d3be]::test_main_inner::<test[9d35eded1c95d3be]::test_main_static::{closure#0}>::{closure#0}
[INFO] [stdout]    6:     0x5f4c73ca2f22 - std[70759c8f55707aa4]::panicking::panic_with_hook
[INFO] [stdout]    7:     0x5f4c73c856d2 - std[70759c8f55707aa4]::panicking::panic_handler::{closure#0}
[INFO] [stdout]    8:     0x5f4c73c7e0a9 - std[70759c8f55707aa4]::sys::backtrace::__rust_end_short_backtrace::<std[70759c8f55707aa4]::panicking::panic_handler::{closure#0}, !>
[INFO] [stdout]    9:     0x5f4c73c863bd - __rustc[8fa7c3cbc660c2b3]::rust_begin_unwind
[INFO] [stdout]   10:     0x5f4c73cc293c - core[df12db4294e9bfd3]::panicking::panic_fmt
[INFO] [stdout]   11:     0x5f4c73cc2712 - core[df12db4294e9bfd3]::result::unwrap_failed
[INFO] [stdout]   12:     0x5f4c73a99120 - inject_http[e57f2f716d7ba936]::tasks_tracing_fills_jobs::{closure#0}
[INFO] [stdout]   13:     0x5f4c73aa3eb3 - <tokio[f45e06a05842b0bf]::runtime::scheduler::current_thread::Context>::enter::<core[df12db4294e9bfd3]::task::poll::Poll<()>, <tokio[f45e06a05842b0bf]::runtime::scheduler::current_thread::CoreGuard>::block_on<core[df12db4294e9bfd3]::pin::Pin<&mut core[df12db4294e9bfd3]::pin::Pin<&mut dyn core[df12db4294e9bfd3]::future::future::Future<Output = ()>>>>::{closure#0}::{closure#0}>
[INFO] [stdout]   14:     0x5f4c73aa219c - <tokio[f45e06a05842b0bf]::runtime::context::scoped::Scoped<tokio[f45e06a05842b0bf]::runtime::scheduler::Context>>::set::<<tokio[f45e06a05842b0bf]::runtime::scheduler::current_thread::CoreGuard>::enter<<tokio[f45e06a05842b0bf]::runtime::scheduler::current_thread::CoreGuard>::block_on<core[df12db4294e9bfd3]::pin::Pin<&mut core[df12db4294e9bfd3]::pin::Pin<&mut dyn core[df12db4294e9bfd3]::future::future::Future<Output = ()>>>>::{closure#0}, core[df12db4294e9bfd3]::option::Option<()>>::{closure#0}, (alloc[2182bb758b4b3781]::boxed::Box<tokio[f45e06a05842b0bf]::runtime::scheduler::current_thread::Core>, core[df12db4294e9bfd3]::option::Option<()>)>
[INFO] [stdout]   15:     0x5f4c73aa4057 - <tokio[f45e06a05842b0bf]::runtime::scheduler::current_thread::CoreGuard>::block_on::<core[df12db4294e9bfd3]::pin::Pin<&mut core[df12db4294e9bfd3]::pin::Pin<&mut dyn core[df12db4294e9bfd3]::future::future::Future<Output = ()>>>>
[INFO] [stdout]   16:     0x5f4c73aa87ad - tokio[f45e06a05842b0bf]::runtime::context::runtime::enter_runtime::<<tokio[f45e06a05842b0bf]::runtime::scheduler::current_thread::CurrentThread>::block_on<core[df12db4294e9bfd3]::pin::Pin<&mut dyn core[df12db4294e9bfd3]::future::future::Future<Output = ()>>>::{closure#0}, ()>
[INFO] [stdout]   17:     0x5f4c73aa7903 - <tokio[f45e06a05842b0bf]::runtime::runtime::Runtime>::block_on::<core[df12db4294e9bfd3]::pin::Pin<&mut dyn core[df12db4294e9bfd3]::future::future::Future<Output = ()>>>
[INFO] [stdout]   18:     0x5f4c73a9bcee - <inject_http[e57f2f716d7ba936]::tasks_tracing_fills_jobs::{closure#0} as core[df12db4294e9bfd3]::ops::function::FnOnce<()>>::call_once
[INFO] [stdout]   19:     0x5f4c73aabddb - test[9d35eded1c95d3be]::__rust_begin_short_backtrace::<core[df12db4294e9bfd3]::result::Result<(), alloc[2182bb758b4b3781]::string::String>, fn() -> core[df12db4294e9bfd3]::result::Result<(), alloc[2182bb758b4b3781]::string::String>>
[INFO] [stdout]   20:     0x5f4c73ab9445 - test[9d35eded1c95d3be]::run_test::{closure#0}
[INFO] [stdout]   21:     0x5f4c73ab2d04 - std[70759c8f55707aa4]::sys::backtrace::__rust_begin_short_backtrace::<test[9d35eded1c95d3be]::run_test::{closure#1}, ()>
[INFO] [stdout]   22:     0x5f4c73abc5a2 - <std[70759c8f55707aa4]::thread::lifecycle::spawn_unchecked<test[9d35eded1c95d3be]::run_test::{closure#1}, ()>::{closure#1} as core[df12db4294e9bfd3]::ops::function::FnOnce<()>>::call_once::{shim:vtable#0}
[INFO] [stdout]   23:     0x5f4c73caa969 - <std[70759c8f55707aa4]::sys::thread::unix::Thread>::new::thread_start
[INFO] [stdout]   24:     0x77e7e349edfa - <unknown>
[INFO] [stdout]   25:     0x77e7e35323d4 - clone
[INFO] [stdout]   26:                0x0 - <unknown>
[INFO] [stdout] 
[INFO] [stdout] 
[INFO] [stdout] failures:
[INFO] [stdout]     injects_html_skips_json
[INFO] [stdout]     requests_api_lists_snapshots
[INFO] [stdout]     snapshot_has_route_and_encoding
[INFO] [stdout]     store_tracing_fills_cache_lines
[INFO] [stdout]     tasks_tracing_fills_jobs
[INFO] [stdout] 
[INFO] [stdout] test result: FAILED. 0 passed; 5 failed; 0 ignored; 0 measured; 0 filtered out; finished in 0.01s
[INFO] [stdout] 
[INFO] [stderr] error: test failed, to rerun pass `--test inject_http`
[INFO] running `Command { std: "docker" "inspect" "11275395004f32f81c4f7328fe1326df58ca140a7d3502a222f2f3e00b1e8967", kill_on_drop: false }`
[INFO] running `Command { std: "docker" "rm" "-f" "11275395004f32f81c4f7328fe1326df58ca140a7d3502a222f2f3e00b1e8967", kill_on_drop: false }`
[INFO] [stdout] 11275395004f32f81c4f7328fe1326df58ca140a7d3502a222f2f3e00b1e8967
