[INFO] fetching crate sourmash 0.23.0...
[INFO] testing sourmash-0.23.0 against 1.100.0-beta.1+cargoflags=--release for beta-release-1.100-2
[INFO] extracting crate sourmash 0.23.0 into /workspace/builds/worker-0-tc2/source
[INFO] started tweaking crates.io crate sourmash 0.23.0
[INFO] removed 0 missing tests
[INFO] finished tweaking crates.io crate sourmash 0.23.0
[INFO] tweaked toml for crates.io crate sourmash 0.23.0 written to /workspace/builds/worker-0-tc2/source/Cargo.toml
[INFO] validating manifest of crates.io crate sourmash 0.23.0 on toolchain 1.100.0-beta.1
[INFO] running `Command { std: CARGO_HOME="/workspace/cargo-home" RUSTUP_HOME="/workspace/rustup-home" "/workspace/cargo-home/bin/cargo" "+1.100.0-beta.1" "metadata" "--manifest-path" "Cargo.toml" "--no-deps", kill_on_drop: false }`
[INFO] crate crates.io crate sourmash 0.23.0 already has a lockfile, it will not be regenerated
[INFO] running `Command { std: CARGO_HOME="/workspace/cargo-home" RUSTUP_HOME="/workspace/rustup-home" "/workspace/cargo-home/bin/cargo" "+1.100.0-beta.1" "fetch" "--manifest-path" "Cargo.toml", kill_on_drop: false }`
[INFO] running `Command { std: "docker" "create" "-v" "/var/lib/crater-agent-workspace/builds/worker-0-tc2/source:/opt/rustwide/workdir:ro,Z" "-v" "/var/lib/crater-agent-workspace/builds/worker-0-tc2/target:/opt/rustwide/target:rw,Z" "-v" "/var/lib/crater-agent-workspace/cargo-home:/opt/rustwide/cargo-home:ro,Z" "-v" "/var/lib/crater-agent-workspace/rustup-home:/opt/rustwide/rustup-home:ro,Z" "-m" "1610612736" "--network" "none" "ghcr.io/rust-lang/crates-build-env/linux@sha256:77db811e55d90add9212f6832c23229e3de5f1c1f9905e8cb07319ea15df73ac" "sleep" "infinity", kill_on_drop: false }`
[INFO] [stdout] 91c3e91093c1e994d10e8f009a270c4428ad0bcc7764083fdf67209c9e5ee5fa
[INFO] running `Command { std: "docker" "start" "91c3e91093c1e994d10e8f009a270c4428ad0bcc7764083fdf67209c9e5ee5fa", kill_on_drop: false }`
[INFO] running `Command { std: "docker" "inspect" "91c3e91093c1e994d10e8f009a270c4428ad0bcc7764083fdf67209c9e5ee5fa", kill_on_drop: false }`
[INFO] running `Command { std: "docker" "exec" "-e" "SOURCE_DIR=/opt/rustwide/workdir" "-e" "CARGO_HOME=/opt/rustwide/cargo-home" "-e" "RUSTUP_HOME=/opt/rustwide/rustup-home" "-e" "CARGO_TARGET_DIR=/opt/rustwide/target" "-w" "/opt/rustwide/workdir" "--user" "0:0" "91c3e91093c1e994d10e8f009a270c4428ad0bcc7764083fdf67209c9e5ee5fa" "/opt/rustwide/cargo-home/bin/cargo" "+1.100.0-beta.1" "metadata" "--no-deps" "--format-version=1", kill_on_drop: false }`
[INFO] running `Command { std: "docker" "inspect" "91c3e91093c1e994d10e8f009a270c4428ad0bcc7764083fdf67209c9e5ee5fa", kill_on_drop: false }`
[INFO] running `Command { std: "docker" "exec" "-e" "SOURCE_DIR=/opt/rustwide/workdir" "-e" "CARGO_HOME=/opt/rustwide/cargo-home" "-e" "RUSTUP_HOME=/opt/rustwide/rustup-home" "-e" "CARGO_TARGET_DIR=/opt/rustwide/target" "-e" "CARGO_INCREMENTAL=0" "-e" "RUST_BACKTRACE=full" "-e" "RUSTFLAGS=--cap-lints=warn" "-e" "RUSTDOCFLAGS=--cap-lints=warn" "-w" "/opt/rustwide/workdir" "--user" "0:0" "91c3e91093c1e994d10e8f009a270c4428ad0bcc7764083fdf67209c9e5ee5fa" "/opt/rustwide/cargo-home/bin/cargo" "+1.100.0-beta.1" "build" "--frozen" "--message-format=json" "--release", kill_on_drop: false }`
[INFO] [stderr]    Compiling serde_core v1.0.228
[INFO] [stderr]    Compiling libc v0.2.183
[INFO] [stderr]    Compiling zerocopy v0.8.40
[INFO] [stderr]    Compiling memchr v2.8.0
[INFO] [stderr]    Compiling bytemuck v1.25.0
[INFO] [stderr]    Compiling num-traits v0.2.19
[INFO] [stderr]    Compiling ryu v1.0.23
[INFO] [stderr]    Compiling getrandom v0.2.17
[INFO] [stderr]    Compiling matrixmultiply v0.3.10
[INFO] [stderr]    Compiling proc-macro2-diagnostics v0.10.1
[INFO] [stderr]    Compiling zstd-safe v7.2.4
[INFO] [stderr]    Compiling rawpointer v0.2.1
[INFO] [stderr]    Compiling camino v1.2.2
[INFO] [stderr]    Compiling yansi v1.0.1
[INFO] [stderr]    Compiling thiserror-impl v1.0.69
[INFO] [stderr]    Compiling proc-macro-error2 v2.0.1
[INFO] [stderr]    Compiling rayon v1.12.0
[INFO] [stderr]    Compiling parking_lot_core v0.9.12
[INFO] [stderr]    Compiling rand_core v0.6.4
[INFO] [stderr]    Compiling safe_arch v0.7.4
[INFO] [stderr]    Compiling inplace-vec-builder v0.1.1
[INFO] [stderr]    Compiling typed-builder-macro v0.22.0
[INFO] [stderr]    Compiling csv-core v0.1.13
[INFO] [stderr]    Compiling buffer-redux v1.1.0
[INFO] [stderr]    Compiling binary-merge v0.1.2
[INFO] [stderr]    Compiling sourmash v0.23.0 (/opt/rustwide/workdir)
[INFO] [stderr]    Compiling hashbrown v0.14.5
[INFO] [stderr]    Compiling sorted-iter v0.1.11
[INFO] [stderr]    Compiling aliasable v0.1.3
[INFO] [stderr]    Compiling enum_dispatch v0.3.13
[INFO] [stderr]    Compiling ouroboros_macro v0.18.5
[INFO] [stderr]    Compiling needletail v0.7.3
[INFO] [stderr]    Compiling wide v0.7.33
[INFO] [stderr]    Compiling roaring v0.11.3
[INFO] [stderr]    Compiling getset v0.1.6
[INFO] [stderr]    Compiling num-integer v0.1.46
[INFO] [stderr]    Compiling jobserver v0.1.34
[INFO] [stderr]    Compiling num-complex v0.4.6
[INFO] [stderr]    Compiling approx v0.5.1
[INFO] [stderr]    Compiling thiserror v1.0.69
[INFO] [stderr]    Compiling chrono v0.4.44
[INFO] [stderr]    Compiling ouroboros v0.18.5
[INFO] [stderr]    Compiling counter v0.6.0
[INFO] [stderr]    Compiling streaming-stats v0.2.3
[INFO] [stderr]    Compiling histogram v1.3.1
[INFO] [stderr]    Compiling cc v1.2.56
[INFO] [stderr]    Compiling num-rational v0.4.2
[INFO] [stderr]    Compiling primal-check v0.3.4
[INFO] [stderr]    Compiling num-iter v0.1.45
[INFO] [stderr]    Compiling replace_with v0.1.8
[INFO] [stderr]    Compiling typed-builder v0.22.0
[INFO] [stderr]    Compiling twox-hash v2.1.2
[INFO] [stderr]    Compiling fixedbitset v0.4.2
[INFO] [stderr]    Compiling roots v0.0.8
[INFO] [stderr]    Compiling nohash-hasher v0.2.0
[INFO] [stderr]    Compiling murmurhash3 v0.0.5
[INFO] [stderr]    Compiling md5 v0.8.0
[INFO] [stderr]    Compiling az v1.3.0
[INFO] [stderr]    Compiling dashmap v6.2.1
[INFO] [stderr]    Compiling zstd-sys v2.0.16+zstd.1.5.7
[INFO] [stderr]    Compiling csv v1.4.0
[INFO] [stderr]    Compiling simba v0.9.1
[INFO] [stderr]    Compiling serde v1.0.228
[INFO] [stderr]    Compiling serde_json v1.0.149
[INFO] [stderr]    Compiling codepage-437 v0.1.0
[INFO] [stderr]    Compiling piz v0.5.1
[INFO] [stderr]    Compiling vec-collections v0.4.3
[INFO] [stderr]    Compiling ppv-lite86 v0.2.21
[INFO] [stderr]    Compiling rand_chacha v0.3.1
[INFO] [stderr]    Compiling rand v0.8.5
[INFO] [stderr]    Compiling rand_distr v0.4.3
[INFO] [stderr]    Compiling nalgebra v0.33.2
[INFO] [stderr]    Compiling statrs v0.18.0
[INFO] [stderr]    Compiling zstd v0.13.3
[INFO] [stderr]    Compiling niffler v3.0.1
[INFO] [stderr] warning: unused dependency `dashmap`
[INFO] [stderr]   --> Cargo.toml:40:15
[INFO] [stderr]    |
[INFO] [stderr] 40 | [dependencies.dashmap]
[INFO] [stderr]    |               ^^^^^^^^
[INFO] [stderr]    |
[INFO] [stderr]    = note: `cargo::unused_dependencies` is set to `warn` by default
[INFO] [stderr] help: consider removing the dependency on `dashmap`
[INFO] [stderr] warning: unused dependency `enum_dispatch`
[INFO] [stderr]   --> Cargo.toml:44:15
[INFO] [stderr]    |
[INFO] [stderr] 44 | [dependencies.enum_dispatch]
[INFO] [stderr]    |               ^^^^^^^^^^^^^^
[INFO] [stderr]    |
[INFO] [stderr] help: consider removing the dependency on `enum_dispatch`
[INFO] [stderr] warning: unused dependency `histogram`
[INFO] [stderr]   --> Cargo.toml:53:15
[INFO] [stderr]    |
[INFO] [stderr] 53 | [dependencies.histogram]
[INFO] [stderr]    |               ^^^^^^^^^^
[INFO] [stderr]    |
[INFO] [stderr] help: consider removing the dependency on `histogram`
[INFO] [stderr] warning: unused dependency `needletail`
[INFO] [stderr]   --> Cargo.toml:71:15
[INFO] [stderr]    |
[INFO] [stderr] 71 | [dependencies.needletail]
[INFO] [stderr]    |               ^^^^^^^^^^^
[INFO] [stderr]    |
[INFO] [stderr] help: consider removing the dependency on `needletail`
[INFO] [stderr] warning: unused dependency `roaring`
[INFO] [stderr]    --> Cargo.toml:109:15
[INFO] [stderr]     |
[INFO] [stderr] 109 | [dependencies.roaring]
[INFO] [stderr]     |               ^^^^^^^^
[INFO] [stderr]     |
[INFO] [stderr] help: consider removing the dependency on `roaring`
[INFO] [stderr] warning: `sourmash` (manifest) generated 5 warnings
[INFO] [stderr]     Finished `release` profile [optimized] target(s) in 1m 19s
[INFO] [stderr] warning: the following packages contain code that will be rejected by a future version of Rust: proc-macro-error2 v2.0.1
[INFO] [stderr] note: to see what the problems were, use the option `--future-incompat-report`, or run `cargo report future-incompatibilities --id 5`
[INFO] running `Command { std: "docker" "inspect" "91c3e91093c1e994d10e8f009a270c4428ad0bcc7764083fdf67209c9e5ee5fa", kill_on_drop: false }`
[INFO] running `Command { std: "docker" "exec" "-e" "SOURCE_DIR=/opt/rustwide/workdir" "-e" "CARGO_HOME=/opt/rustwide/cargo-home" "-e" "RUSTUP_HOME=/opt/rustwide/rustup-home" "-e" "CARGO_TARGET_DIR=/opt/rustwide/target" "-e" "CARGO_INCREMENTAL=0" "-e" "RUST_BACKTRACE=full" "-e" "RUSTFLAGS=--cap-lints=warn" "-e" "RUSTDOCFLAGS=--cap-lints=warn" "-w" "/opt/rustwide/workdir" "--user" "0:0" "91c3e91093c1e994d10e8f009a270c4428ad0bcc7764083fdf67209c9e5ee5fa" "/opt/rustwide/cargo-home/bin/cargo" "+1.100.0-beta.1" "test" "--frozen" "--no-run" "--message-format=json" "--release", kill_on_drop: false }`
[INFO] [stderr]    Compiling libc v0.2.183
[INFO] [stderr]    Compiling zerocopy v0.8.40
[INFO] [stderr]    Compiling zerocopy-derive v0.8.40
[INFO] [stderr]    Compiling serde_core v1.0.228
[INFO] [stderr]    Compiling nix v0.31.2
[INFO] [stderr]    Compiling plotters-backend v0.3.7
[INFO] [stderr]    Compiling cast v0.3.0
[INFO] [stderr]    Compiling ciborium-io v0.2.2
[INFO] [stderr]    Compiling clap_builder v4.5.60
[INFO] [stderr]    Compiling regex-automata v0.4.14
[INFO] [stderr]    Compiling codspeed v4.6.0
[INFO] [stderr]    Compiling rand_core v0.10.0
[INFO] [stderr]    Compiling alloca v0.4.0
[INFO] [stderr]    Compiling itertools v0.10.5
[INFO] [stderr]    Compiling anes v0.1.6
[INFO] [stderr]    Compiling oorandom v11.1.5
[INFO] [stderr]    Compiling itertools v0.13.0
[INFO] [stderr]    Compiling codspeed-criterion-compat v4.6.0
[INFO] [stderr]    Compiling rustix v1.1.4
[INFO] [stderr]    Compiling chacha20 v0.10.0
[INFO] [stderr]    Compiling plotters-svg v0.3.7
[INFO] [stderr]    Compiling plotters v0.3.7
[INFO] [stderr]    Compiling criterion-plot v0.5.0
[INFO] [stderr]    Compiling criterion-plot v0.8.2
[INFO] [stderr]    Compiling regex v1.12.3
[INFO] [stderr]    Compiling getrandom v0.2.17
[INFO] [stderr]    Compiling getrandom v0.3.4
[INFO] [stderr]    Compiling rand_core v0.6.4
[INFO] [stderr]    Compiling parking_lot_core v0.9.12
[INFO] [stderr]    Compiling getrandom v0.4.2
[INFO] [stderr]    Compiling is-terminal v0.4.17
[INFO] [stderr]    Compiling rand_core v0.9.5
[INFO] [stderr]    Compiling serde v1.0.228
[INFO] [stderr]    Compiling serde_json v1.0.149
[INFO] [stderr]    Compiling camino v1.2.2
[INFO] [stderr]    Compiling dashmap v6.2.1
[INFO] [stderr]    Compiling rand v0.9.2
[INFO] [stderr]    Compiling rand_xorshift v0.4.0
[INFO] [stderr]    Compiling csv v1.4.0
[INFO] [stderr]    Compiling clap v4.5.60
[INFO] [stderr]    Compiling memmap2 v0.9.10
[INFO] [stderr]    Compiling page_size v0.6.0
[INFO] [stderr]    Compiling tempfile v3.27.0
[INFO] [stderr]    Compiling rand v0.10.1
[INFO] [stderr]    Compiling piz v0.5.1
[INFO] [stderr]    Compiling vec-collections v0.4.3
[INFO] [stderr]    Compiling tinytemplate v1.2.1
[INFO] [stderr]    Compiling ppv-lite86 v0.2.21
[INFO] [stderr]    Compiling half v2.7.1
[INFO] [stderr]    Compiling ciborium-ll v0.2.2
[INFO] [stderr]    Compiling rand_chacha v0.3.1
[INFO] [stderr]    Compiling rand_chacha v0.9.0
[INFO] [stderr]    Compiling ciborium v0.2.2
[INFO] [stderr]    Compiling proptest v1.11.0
[INFO] [stderr]    Compiling rand v0.8.5
[INFO] [stderr]    Compiling criterion v0.8.2
[INFO] [stderr]    Compiling rand_distr v0.4.3
[INFO] [stderr]    Compiling nalgebra v0.33.2
[INFO] [stderr]    Compiling statrs v0.18.0
[INFO] [stderr]    Compiling sourmash v0.23.0 (/opt/rustwide/workdir)
[INFO] [stderr]    Compiling codspeed-criterion-compat-walltime v4.6.0
[INFO] [stdout] warning: use of deprecated constant `std::f64::EPSILON`: replaced by the `EPSILON` associated constant on `f64`
[INFO] [stdout]    --> src/ani_utils.rs:150:19
[INFO] [stdout]     |
[INFO] [stdout] 150 |     use std::f64::EPSILON;
[INFO] [stdout]     |                   ^^^^^^^
[INFO] [stdout]     |
[INFO] [stdout]     = note: `#[warn(deprecated)]` on by default
[INFO] [stdout] 
[INFO] [stdout] 
[INFO] [stdout] warning: use of deprecated constant `std::f64::EPSILON`: replaced by the `EPSILON` associated constant on `f64`
[INFO] [stdout]    --> src/ani_utils.rs:195:46
[INFO] [stdout]     |
[INFO] [stdout] 195 |         assert!((ani - 0.9675317785238916) < EPSILON);
[INFO] [stdout]     |                                              ^^^^^^^
[INFO] [stdout] 
[INFO] [stdout] 
[INFO] [stdout] warning: use of deprecated constant `std::f64::EPSILON`: replaced by the `EPSILON` associated constant on `f64`
[INFO] [stdout]    --> src/ani_utils.rs:199:49
[INFO] [stdout]     |
[INFO] [stdout] 199 |         assert!((ci_low - 0.9635213980271021) < EPSILON);
[INFO] [stdout]     |                                                 ^^^^^^^
[INFO] [stdout] 
[INFO] [stdout] 
[INFO] [stdout] warning: use of deprecated constant `std::f64::EPSILON`: replaced by the `EPSILON` associated constant on `f64`
[INFO] [stdout]    --> src/ani_utils.rs:200:50
[INFO] [stdout]     |
[INFO] [stdout] 200 |         assert!((ci_high - 0.9712900870335944) < EPSILON);
[INFO] [stdout]     |                                                  ^^^^^^^
[INFO] [stdout] 
[INFO] [stdout] 
[INFO] [stdout] warning: use of deprecated constant `std::f64::EPSILON`: replaced by the `EPSILON` associated constant on `f64`
[INFO] [stdout]    --> src/ani_utils.rs:211:46
[INFO] [stdout]     |
[INFO] [stdout] 211 |         assert!((ani - 0.9284145445194744) < EPSILON);
[INFO] [stdout]     |                                              ^^^^^^^
[INFO] [stdout] 
[INFO] [stdout] 
[INFO] [stdout] warning: use of deprecated constant `std::f64::EPSILON`: replaced by the `EPSILON` associated constant on `f64`
[INFO] [stdout]    --> src/ani_utils.rs:215:49
[INFO] [stdout]     |
[INFO] [stdout] 215 |         assert!((ci_low - 0.9094445232754665) < EPSILON);
[INFO] [stdout]     |                                                 ^^^^^^^
[INFO] [stdout] 
[INFO] [stdout] 
[INFO] [stdout] warning: use of deprecated constant `std::f64::EPSILON`: replaced by the `EPSILON` associated constant on `f64`
[INFO] [stdout]    --> src/ani_utils.rs:216:50
[INFO] [stdout]     |
[INFO] [stdout] 216 |         assert!((ci_high - 0.9467922076143345) < EPSILON);
[INFO] [stdout]     |                                                  ^^^^^^^
[INFO] [stdout] 
[INFO] [stdout] 
[INFO] [stdout] warning: use of deprecated constant `std::f64::EPSILON`: replaced by the `EPSILON` associated constant on `f64`
[INFO] [stdout]    --> src/ani_utils.rs:227:46
[INFO] [stdout]     |
[INFO] [stdout] 227 |         assert!((ani - 0.9675317785238916) < EPSILON);
[INFO] [stdout]     |                                              ^^^^^^^
[INFO] [stdout] 
[INFO] [stdout] 
[INFO] [stdout] warning: use of deprecated constant `std::f64::EPSILON`: replaced by the `EPSILON` associated constant on `f64`
[INFO] [stdout]    --> src/ani_utils.rs:231:49
[INFO] [stdout]     |
[INFO] [stdout] 231 |         assert!((ci_low - 0.9569003945603415) < EPSILON);
[INFO] [stdout]     |                                                 ^^^^^^^
[INFO] [stdout] 
[INFO] [stdout] 
[INFO] [stdout] warning: use of deprecated constant `std::f64::EPSILON`: replaced by the `EPSILON` associated constant on `f64`
[INFO] [stdout]    --> src/ani_utils.rs:232:50
[INFO] [stdout]     |
[INFO] [stdout] 232 |         assert!((ci_high - 0.9762879360833708) < EPSILON);
[INFO] [stdout]     |                                                  ^^^^^^^
[INFO] [stdout] 
[INFO] [stdout] 
[INFO] [stdout] warning: use of deprecated constant `std::f64::EPSILON`: replaced by the `EPSILON` associated constant on `f64`
[INFO] [stdout]    --> src/ani_utils.rs:280:41
[INFO] [stdout]     |
[INFO] [stdout] 280 |             (result - expected).abs() < EPSILON,
[INFO] [stdout]     |                                         ^^^^^^^
[INFO] [stdout] 
[INFO] [stdout] 
[INFO] [stdout] warning: use of deprecated constant `std::f64::EPSILON`: replaced by the `EPSILON` associated constant on `f64`
[INFO] [stdout]    --> src/ani_utils.rs:302:48
[INFO] [stdout]     |
[INFO] [stdout] 302 |             (result - expected_result).abs() < EPSILON,
[INFO] [stdout]     |                                                ^^^^^^^
[INFO] [stdout] 
[INFO] [stdout] 
[INFO] [stdout] warning: use of deprecated constant `std::f64::EPSILON`: replaced by the `EPSILON` associated constant on `f64`
[INFO] [stdout]    --> src/ani_utils.rs:360:54
[INFO] [stdout]     |
[INFO] [stdout] 360 |         assert!((result - 0.000026561398887587855) < EPSILON);
[INFO] [stdout]     |                                                      ^^^^^^^
[INFO] [stdout] 
[INFO] [stdout] 
[INFO] [stderr] warning: unused dependency `dashmap`
[INFO] [stderr]   --> Cargo.toml:40:15
[INFO] [stderr]    |
[INFO] [stderr] 40 | [dependencies.dashmap]
[INFO] [stderr]    |               ^^^^^^^^
[INFO] [stderr]    |
[INFO] [stderr]    = note: `cargo::unused_dependencies` is set to `warn` by default
[INFO] [stderr] help: consider removing the dependency on `dashmap`
[INFO] [stderr] warning: unused dependency `enum_dispatch`
[INFO] [stderr]   --> Cargo.toml:44:15
[INFO] [stderr]    |
[INFO] [stderr] 44 | [dependencies.enum_dispatch]
[INFO] [stderr]    |               ^^^^^^^^^^^^^^
[INFO] [stderr]    |
[INFO] [stderr] help: consider removing the dependency on `enum_dispatch`
[INFO] [stderr] warning: unused dependency `histogram`
[INFO] [stderr]   --> Cargo.toml:53:15
[INFO] [stderr]    |
[INFO] [stderr] 53 | [dependencies.histogram]
[INFO] [stderr]    |               ^^^^^^^^^^
[INFO] [stderr]    |
[INFO] [stderr] help: consider removing the dependency on `histogram`
[INFO] [stderr] warning: unused dependency `needletail`
[INFO] [stderr]   --> Cargo.toml:71:15
[INFO] [stderr]    |
[INFO] [stderr] 71 | [dependencies.needletail]
[INFO] [stderr]    |               ^^^^^^^^^^^
[INFO] [stderr]    |
[INFO] [stderr] help: consider removing the dependency on `needletail`
[INFO] [stderr] help: to still use for development builds, move to `dev-dependencies`
[INFO] [stderr] warning: unused dependency `roaring`
[INFO] [stderr]    --> Cargo.toml:109:15
[INFO] [stderr]     |
[INFO] [stderr] 109 | [dependencies.roaring]
[INFO] [stderr]     |               ^^^^^^^^
[INFO] [stderr]     |
[INFO] [stderr] help: consider removing the dependency on `roaring`
[INFO] [stderr] warning: `sourmash` (manifest) generated 5 warnings
[INFO] [stderr]     Finished `release` profile [optimized] target(s) in 1m 35s
[INFO] [stderr] warning: the following packages contain code that will be rejected by a future version of Rust: nix v0.31.2, proc-macro-error2 v2.0.1
[INFO] [stderr] note: to see what the problems were, use the option `--future-incompat-report`, or run `cargo report future-incompatibilities --id 10`
[INFO] running `Command { std: "docker" "inspect" "91c3e91093c1e994d10e8f009a270c4428ad0bcc7764083fdf67209c9e5ee5fa", kill_on_drop: false }`
[INFO] running `Command { std: "docker" "exec" "-e" "SOURCE_DIR=/opt/rustwide/workdir" "-e" "CARGO_HOME=/opt/rustwide/cargo-home" "-e" "RUSTUP_HOME=/opt/rustwide/rustup-home" "-e" "CARGO_TARGET_DIR=/opt/rustwide/target" "-e" "CARGO_INCREMENTAL=0" "-e" "RUST_BACKTRACE=full" "-e" "RUSTFLAGS=--cap-lints=warn" "-e" "RUSTDOCFLAGS=--cap-lints=warn" "-w" "/opt/rustwide/workdir" "--user" "0:0" "91c3e91093c1e994d10e8f009a270c4428ad0bcc7764083fdf67209c9e5ee5fa" "/opt/rustwide/cargo-home/bin/cargo" "+1.100.0-beta.1" "test" "--frozen" "--release", kill_on_drop: false }`
[INFO] [stderr] warning: use of deprecated constant `std::f64::EPSILON`: replaced by the `EPSILON` associated constant on `f64`
[INFO] [stderr]    --> src/ani_utils.rs:150:19
[INFO] [stderr]     |
[INFO] [stderr] 150 |     use std::f64::EPSILON;
[INFO] [stderr]     |                   ^^^^^^^
[INFO] [stderr]     |
[INFO] [stderr]     = note: `#[warn(deprecated)]` on by default
[INFO] [stderr] 
[INFO] [stderr] warning: use of deprecated constant `std::f64::EPSILON`: replaced by the `EPSILON` associated constant on `f64`
[INFO] [stderr]    --> src/ani_utils.rs:195:46
[INFO] [stderr]     |
[INFO] [stderr] 195 |         assert!((ani - 0.9675317785238916) < EPSILON);
[INFO] [stderr]     |                                              ^^^^^^^
[INFO] [stderr] 
[INFO] [stderr] warning: use of deprecated constant `std::f64::EPSILON`: replaced by the `EPSILON` associated constant on `f64`
[INFO] [stderr]    --> src/ani_utils.rs:199:49
[INFO] [stderr]     |
[INFO] [stderr] 199 |         assert!((ci_low - 0.9635213980271021) < EPSILON);
[INFO] [stderr]     |                                                 ^^^^^^^
[INFO] [stderr] 
[INFO] [stderr] warning: use of deprecated constant `std::f64::EPSILON`: replaced by the `EPSILON` associated constant on `f64`
[INFO] [stderr]    --> src/ani_utils.rs:200:50
[INFO] [stderr]     |
[INFO] [stderr] 200 |         assert!((ci_high - 0.9712900870335944) < EPSILON);
[INFO] [stderr]     |                                                  ^^^^^^^
[INFO] [stderr] 
[INFO] [stderr] warning: use of deprecated constant `std::f64::EPSILON`: replaced by the `EPSILON` associated constant on `f64`
[INFO] [stderr]    --> src/ani_utils.rs:211:46
[INFO] [stderr]     |
[INFO] [stderr] 211 |         assert!((ani - 0.9284145445194744) < EPSILON);
[INFO] [stderr]     |                                              ^^^^^^^
[INFO] [stderr] 
[INFO] [stderr] warning: use of deprecated constant `std::f64::EPSILON`: replaced by the `EPSILON` associated constant on `f64`
[INFO] [stderr]    --> src/ani_utils.rs:215:49
[INFO] [stderr]     |
[INFO] [stderr] 215 |         assert!((ci_low - 0.9094445232754665) < EPSILON);
[INFO] [stderr]     |                                                 ^^^^^^^
[INFO] [stderr] 
[INFO] [stderr] warning: use of deprecated constant `std::f64::EPSILON`: replaced by the `EPSILON` associated constant on `f64`
[INFO] [stderr]    --> src/ani_utils.rs:216:50
[INFO] [stderr]     |
[INFO] [stderr] 216 |         assert!((ci_high - 0.9467922076143345) < EPSILON);
[INFO] [stderr]     |                                                  ^^^^^^^
[INFO] [stderr] 
[INFO] [stderr] warning: use of deprecated constant `std::f64::EPSILON`: replaced by the `EPSILON` associated constant on `f64`
[INFO] [stderr]    --> src/ani_utils.rs:227:46
[INFO] [stderr]     |
[INFO] [stderr] 227 |         assert!((ani - 0.9675317785238916) < EPSILON);
[INFO] [stderr]     |                                              ^^^^^^^
[INFO] [stderr] 
[INFO] [stderr] warning: use of deprecated constant `std::f64::EPSILON`: replaced by the `EPSILON` associated constant on `f64`
[INFO] [stderr]    --> src/ani_utils.rs:231:49
[INFO] [stderr]     |
[INFO] [stderr] 231 |         assert!((ci_low - 0.9569003945603415) < EPSILON);
[INFO] [stderr]     |                                                 ^^^^^^^
[INFO] [stderr] 
[INFO] [stderr] warning: use of deprecated constant `std::f64::EPSILON`: replaced by the `EPSILON` associated constant on `f64`
[INFO] [stderr]    --> src/ani_utils.rs:232:50
[INFO] [stderr]     |
[INFO] [stderr] 232 |         assert!((ci_high - 0.9762879360833708) < EPSILON);
[INFO] [stderr]     |                                                  ^^^^^^^
[INFO] [stderr] 
[INFO] [stderr] warning: use of deprecated constant `std::f64::EPSILON`: replaced by the `EPSILON` associated constant on `f64`
[INFO] [stderr]    --> src/ani_utils.rs:280:41
[INFO] [stderr]     |
[INFO] [stderr] 280 |             (result - expected).abs() < EPSILON,
[INFO] [stderr]     |                                         ^^^^^^^
[INFO] [stderr] 
[INFO] [stderr] warning: use of deprecated constant `std::f64::EPSILON`: replaced by the `EPSILON` associated constant on `f64`
[INFO] [stderr]    --> src/ani_utils.rs:302:48
[INFO] [stderr]     |
[INFO] [stderr] 302 |             (result - expected_result).abs() < EPSILON,
[INFO] [stderr]     |                                                ^^^^^^^
[INFO] [stderr] 
[INFO] [stderr] warning: use of deprecated constant `std::f64::EPSILON`: replaced by the `EPSILON` associated constant on `f64`
[INFO] [stderr]    --> src/ani_utils.rs:360:54
[INFO] [stderr]     |
[INFO] [stderr] 360 |         assert!((result - 0.000026561398887587855) < EPSILON);
[INFO] [stderr]     |                                                      ^^^^^^^
[INFO] [stderr] 
[INFO] [stderr] warning: `sourmash` (lib test) generated 13 warnings
[INFO] [stderr] warning: unused dependency `dashmap`
[INFO] [stderr]   --> Cargo.toml:40:15
[INFO] [stderr]    |
[INFO] [stderr] 40 | [dependencies.dashmap]
[INFO] [stderr]    |               ^^^^^^^^
[INFO] [stderr]    |
[INFO] [stderr]    = note: `cargo::unused_dependencies` is set to `warn` by default
[INFO] [stderr] help: consider removing the dependency on `dashmap`
[INFO] [stderr] warning: unused dependency `enum_dispatch`
[INFO] [stderr]   --> Cargo.toml:44:15
[INFO] [stderr]    |
[INFO] [stderr] 44 | [dependencies.enum_dispatch]
[INFO] [stderr]    |               ^^^^^^^^^^^^^^
[INFO] [stderr]    |
[INFO] [stderr] help: consider removing the dependency on `enum_dispatch`
[INFO] [stderr] warning: unused dependency `histogram`
[INFO] [stderr]   --> Cargo.toml:53:15
[INFO] [stderr]    |
[INFO] [stderr] 53 | [dependencies.histogram]
[INFO] [stderr]    |               ^^^^^^^^^^
[INFO] [stderr]    |
[INFO] [stderr] help: consider removing the dependency on `histogram`
[INFO] [stderr] warning: unused dependency `needletail`
[INFO] [stderr]   --> Cargo.toml:71:15
[INFO] [stderr]    |
[INFO] [stderr] 71 | [dependencies.needletail]
[INFO] [stderr]    |               ^^^^^^^^^^^
[INFO] [stderr]    |
[INFO] [stderr] help: consider removing the dependency on `needletail`
[INFO] [stderr] help: to still use for development builds, move to `dev-dependencies`
[INFO] [stderr] warning: unused dependency `roaring`
[INFO] [stderr]    --> Cargo.toml:109:15
[INFO] [stderr]     |
[INFO] [stderr] 109 | [dependencies.roaring]
[INFO] [stderr]     |               ^^^^^^^^
[INFO] [stderr]     |
[INFO] [stderr] help: consider removing the dependency on `roaring`
[INFO] [stderr] warning: `sourmash` (manifest) generated 5 warnings
[INFO] [stderr]     Finished `release` profile [optimized] target(s) in 0.30s
[INFO] [stderr] warning: the following packages contain code that will be rejected by a future version of Rust: nix v0.31.2, proc-macro-error2 v2.0.1
[INFO] [stderr] note: to see what the problems were, use the option `--future-incompat-report`, or run `cargo report future-incompatibilities --id 10`
[INFO] [stderr]      Running unittests src/lib.rs (/opt/rustwide/target/release/build/sourmash/e76495bdd42bee1f/out/sourmash-e76495bdd42bee1f)
[INFO] [stdout] 
[INFO] [stdout] running 111 tests
[INFO] [stdout] test ani_utils::tests::test_containment_to_ani_one ... ok
[INFO] [stdout] test ani_utils::tests::test_var_n_mutated_zero ... ok
[INFO] [stdout] test ani_utils::tests::test_get_exp_probability_nothing_common_ani_one ... ok
[INFO] [stdout] test ani_utils::tests::test_containment_to_ani_scaled1 ... ok
[INFO] [stdout] test ani_utils::tests::test_var_n_mutated_success ... ok
[INFO] [stdout] test ani_utils::tests::test_containment_to_ani_scaled100_2 ... ok
[INFO] [stdout] test ani_utils::tests::test_containment_to_ani_zero ... ok
[INFO] [stdout] test ani_utils::tests::test_get_exp_probability_nothing_common_ani_zero ... ok
[INFO] [stdout] test collection::test::collection_intersect_manifest ... FAILED
[INFO] [stdout] test ani_utils::tests::test_var_n_mutated_value_error ... ok
[INFO] [stdout] test collection::test::collection_selection ... FAILED
[INFO] [stdout] test collection::test::sigstore_selection_moltype_sig ... FAILED
[INFO] [stdout] test collection::test::collection_from_collectionset_fail - should panic ... ok
[INFO] [stdout] test ani_utils::tests::test_exp_n_mutated ... ok
[INFO] [stdout] test ani_utils::tests::test_r1_to_q ... ok
[INFO] [stdout] test collection::test::collection_from_collectionset ... FAILED
[INFO] [stdout] test collection::test::sigstore_selection_moltype_zip ... FAILED
[INFO] [stdout] test collection::test::sigstore_selection_with_downsample ... FAILED
[INFO] [stdout] test collection::test::sigstore_selection_with_downsample_too_low ... FAILED
[INFO] [stdout] test ani_utils::tests::test_containment_to_ani_scaled100 ... ok
[INFO] [stdout] test ani_utils::tests::test_get_exp_probability_nothing_common ... ok
[INFO] [stdout] test collection::test::sigstore_selection_scaled_handle_num_sig ... FAILED
[INFO] [stdout] test collection::test::sigstore_selection_num ... FAILED
[INFO] [stdout] test encodings::test::colors_retain ... ok
[INFO] [stdout] test encodings::test::test_display_hashfunctions ... ok
[INFO] [stdout] test collection::test::sigstore_selection_num_handle_scaled_sig ... FAILED
[INFO] [stdout] test collection::test::sigstore_sig_from_record_2 - should panic ... ok
[INFO] [stdout] test encodings::test::colors_update ... ok
[INFO] [stdout] test collection::test::sigstore_sig_from_record ... FAILED
[INFO] [stdout] test encodings::test::test_skipm1n3_method ... ok
[INFO] [stdout] test encodings::test::test_try_from_str_valid ... ok
[INFO] [stdout] test index::test_calculate_gather_stats::test_calculate_gather_stats ... ok
[INFO] [stdout] test manifest::test::manifest_from_pathlist ... FAILED
[INFO] [stdout] test manifest::test::manifest_from_pathlist_badfile - should panic ... ok
[INFO] [stdout] test encodings::test::test_dayhoff_method ... ok
[INFO] [stdout] test signature::test::get_sketch_multisketch_panic - should panic ... ok
[INFO] [stdout] test manifest::test::manifest_to_writer_moltype_dna ... FAILED
[INFO] [stdout] test manifest::test::manifest_selection ... FAILED
[INFO] [stdout] test manifest::test::manifest_intersect ... FAILED
[INFO] [stdout] test signature::test::load_signature ... FAILED
[INFO] [stdout] test signature::test::load_single_sketch_from_signature ... FAILED
[INFO] [stdout] test encodings::test::test_try_from_str_invalid ... ok
[INFO] [stdout] test signature::test::load_minhash_from_signature ... FAILED
[INFO] [stdout] test signature::test::selection_protein ... FAILED
[INFO] [stdout] test signature::test::load_minhash_multisketch_panic - should panic ... ok
[INFO] [stdout] test signature::test::selection_protein2 ... FAILED
[INFO] [stdout] test signature::test::load_sig ... FAILED
[INFO] [stdout] test signature::test::selection_with_downsample ... FAILED
[INFO] [stdout] test signature::test::selection_hp ... FAILED
[INFO] [stdout] test signature::test::signature_add_sequence_protein ... ok
[INFO] [stdout] test signature::test::signature_add_protein ... ok
[INFO] [stdout] test signature::test::selection_dayhoff ... FAILED
[INFO] [stdout] test signature::test::signature_from_computeparams ... ok
[INFO] [stdout] test manifest::test::manifest_to_writer_bools ... FAILED
[INFO] [stdout] test signature::test::selection_scaled_too_low ... FAILED
[INFO] [stdout] test signature::test::signature_add_sequence_cp ... FAILED
[INFO] [stdout] test signature::test::signature_skipm1n3_add_sequence_too_small ... ok
[INFO] [stdout] test signature::test::signature_skipm1n3_add_sequence ... ok
[INFO] [stdout] test signature::test::signature_skipm2n3_add_sequence ... ok
[INFO] [stdout] test signature::test::signature_skipm2n3_add_sequence_too_small ... ok
[INFO] [stdout] test signature::test::signature_slow_path ... ok
[INFO] [stdout] test signature::test::test_fw_protein ... ok
[INFO] [stdout] test encodings::test::test_dna_method ... ok
[INFO] [stdout] test encodings::test::test_hp_method ... ok
[INFO] [stdout] test encodings::test::test_protein_method ... ok
[INFO] [stdout] test encodings::test::test_skipm2n3_method ... ok
[INFO] [stdout] test manifest::test::manifest_from_pathlist_nonexistent_file - should panic ... ok
[INFO] [stdout] test manifest::test::manifest_from_paths_badpath - should panic ... ok
[INFO] [stdout] test signature::test::test_rc_dna ... ok
[INFO] [stdout] test signature::test::test_length_dna ... ok
[INFO] [stdout] test signature::test::test_frame_type_dna ... ok
[INFO] [stdout] test signature::test::test_rc_protein_panics - should panic ... ok
[INFO] [stdout] test signature::test::test_seqtohashes_frames_is_protein ... ok
[INFO] [stdout] test signature::test::test_fw_dna ... ok
[INFO] [stdout] test signature::test::test_readingframe_translate ... ok
[INFO] [stdout] test signature::test::test_length_protein ... ok
[INFO] [stdout] test signature::test::test_frame_type_protein ... ok
[INFO] [stdout] test signature::test::test_seqtohashes_frames_dna ... ok
[INFO] [stdout] test signature::test::test_seq2hashes_skipm2n3 ... ok
[INFO] [stdout] test signature::test::test_readingframe_skipmer ... ok
[INFO] [stdout] test signature::test::test_seqtohashes_dna_2 ... ok
[INFO] [stdout] test signature::test::test_readingframe_dna ... ok
[INFO] [stdout] test signature::test::test_readingframe_protein ... ok
[INFO] [stdout] test signature::test::test_readingframe_display_protein ... ok
[INFO] [stdout] test signature::test::test_seqtohashes_dna ... ok
[INFO] [stdout] test signature::test::test_seqtohashes_frames_is_protein_dayhoff ... ok
[INFO] [stdout] test signature::test::test_seqtohashes_frames_skipmer_m1n3 ... ok
[INFO] [stdout] test signature::test::test_seqtohashes_translate ... ok
[INFO] [stdout] test sketch::nodegraph::test::binary_repr_save ... ok
[INFO] [stdout] test sketch::nodegraph::test::containment ... ok
[INFO] [stdout] test signature::test::test_seqtohashes_is_protein ... ok
[INFO] [stdout] test signature::test::test_seqtohashes_skipm2n3_2 ... ok
[INFO] [stdout] test sketch::nodegraph::test::count_and_get_nodegraph ... ok
[INFO] [stdout] test signature::test::test_seqtohashes_frames_is_protein_try_access_rc - should panic ... ok
[INFO] [stdout] test signature::test::test_seqtohashes_frames_is_protein_hp ... ok
[INFO] [stdout] test sketch::nodegraph::test::load_compressed ... ok
[INFO] [stdout] test sketch::nodegraph::test::update_nodegraph ... FAILED
[INFO] [stdout] test signature::test::test_seqtohashes_frames_skipmer_m2n3 ... ok
[INFO] [stdout] test sketch::nodegraph::test::update_nodegraph_many ... ok
[INFO] [stdout] test sketch::minhash::tests::test_deserialize_invalid_molecule ... ok
[INFO] [stdout] test signature::test::test_seqtohashes_frames_translate_protein ... ok
[INFO] [stdout] test sketch::hyperloglog::test::hll_joint_mle ... FAILED
[INFO] [stdout] test sketch::minhash::tests::test_deserialize_valid ... ok
[INFO] [stdout] test signature::test::test_seqtohashes_skipm1n3 ... ok
[INFO] [stdout] test sketch::nodegraph::test::binary_repr_load ... ok
[INFO] [stdout] test sketch::hyperloglog::test::save_load_hll ... ok
[INFO] [stdout] test sketch::hyperloglog::test::hll_add ... FAILED
[INFO] [stdout] test sketch::nodegraph::test::count_and_get ... ok
[INFO] [stdout] test sketch::nodegraph::test::load_nodegraph ... FAILED
[INFO] [stdout] test sketch::nodegraph::test::load_save_nodegraph ... FAILED
[INFO] [stdout] test sketch::hyperloglog::test::test_mle_corner_cases ... ok
[INFO] [stdout] 
[INFO] [stdout] failures:
[INFO] [stdout] 
[INFO] [stdout] ---- collection::test::collection_intersect_manifest stdout ----
[INFO] [stdout] 
[INFO] [stdout] thread 'collection::test::collection_intersect_manifest' (3010) panicked at src/collection.rs:397:41:
[INFO] [stdout] called `Result::unwrap()` on an `Err` value: Os { code: 2, kind: NotFound, message: "No such file or directory" }
[INFO] [stdout] stack backtrace:
[INFO] [stdout]    0:     0x622b355629e1 - <<std[617be2ca0a6fd877]::sys::backtrace::BacktraceLock>::print::DisplayBacktrace as core[a373ad73a504971]::fmt::Display>::fmt
[INFO] [stdout]    1:     0x622b3557939a - core[a373ad73a504971]::fmt::write
[INFO] [stdout]    2:     0x622b35566ebc - <alloc[2e1b2a31b91974c5]::vec::Vec<u8> as core[a373ad73a504971]::io::write::Write>::write_fmt
[INFO] [stdout]    3:     0x622b3553d376 - std[617be2ca0a6fd877]::panicking::default_hook::{closure#0}
[INFO] [stdout]    4:     0x622b3555a4d9 - std[617be2ca0a6fd877]::panicking::default_hook
[INFO] [stdout]    5:     0x622b354dead0 - test[aada8e7e76ba119b]::test_main_inner::{closure#0}
[INFO] [stdout]    6:     0x622b3555a692 - std[617be2ca0a6fd877]::panicking::panic_with_hook
[INFO] [stdout]    7:     0x622b3553d422 - std[617be2ca0a6fd877]::panicking::panic_handler::{closure#0}
[INFO] [stdout]    8:     0x622b35535e89 - std[617be2ca0a6fd877]::sys::backtrace::__rust_end_short_backtrace::<std[617be2ca0a6fd877]::panicking::panic_handler::{closure#0}, !>
[INFO] [stdout]    9:     0x622b3553e02d - __rustc[ea4f61d10b84890b]::rust_begin_unwind
[INFO] [stdout]   10:     0x622b35579acc - core[a373ad73a504971]::panicking::panic_fmt
[INFO] [stdout]   11:     0x622b355798a2 - core[a373ad73a504971]::result::unwrap_failed
[INFO] [stdout]   12:     0x622b3547ffce - <sourmash[a48fe8240afb1c14]::collection::test::collection_intersect_manifest::{closure#0} as core[a373ad73a504971]::ops::function::FnOnce<()>>::call_once
[INFO] [stdout]   13:     0x622b354d1f1b - test[aada8e7e76ba119b]::__rust_begin_short_backtrace::<core[a373ad73a504971]::result::Result<(), alloc[2e1b2a31b91974c5]::string::String>, fn() -> core[a373ad73a504971]::result::Result<(), alloc[2e1b2a31b91974c5]::string::String>>
[INFO] [stdout]   14:     0x622b354df0f5 - test[aada8e7e76ba119b]::run_test::{closure#0}
[INFO] [stdout]   15:     0x622b354d89e4 - std[617be2ca0a6fd877]::sys::backtrace::__rust_begin_short_backtrace::<test[aada8e7e76ba119b]::run_test::{closure#1}, ()>
[INFO] [stdout]   16:     0x622b354e2182 - <std[617be2ca0a6fd877]::thread::lifecycle::spawn_unchecked<test[aada8e7e76ba119b]::run_test::{closure#1}, ()>::{closure#1} as core[a373ad73a504971]::ops::function::FnOnce<()>>::call_once::{shim:vtable#0}
[INFO] [stdout]   17:     0x622b35561eff - <std[617be2ca0a6fd877]::sys::thread::unix::Thread>::new::thread_start
[INFO] [stdout]   18:     0x785d6493ddfa - <unknown>
[INFO] [stdout]   19:     0x785d649d13d4 - clone
[INFO] [stdout]   20:                0x0 - <unknown>
[INFO] [stdout] 
[INFO] [stdout] ---- collection::test::collection_selection stdout ----
[INFO] [stdout] 
[INFO] [stdout] thread 'collection::test::collection_selection' (3011) panicked at src/collection.rs:549:67:
[INFO] [stdout] called `Result::unwrap()` on an `Err` value: IOError(Os { code: 2, kind: NotFound, message: "No such file or directory" })
[INFO] [stdout] stack backtrace:
[INFO] [stdout]    0:     0x622b355629e1 - <<std[617be2ca0a6fd877]::sys::backtrace::BacktraceLock>::print::DisplayBacktrace as core[a373ad73a504971]::fmt::Display>::fmt
[INFO] [stdout]    1:     0x622b3557939a - core[a373ad73a504971]::fmt::write
[INFO] [stdout]    2:     0x622b35566ebc - <alloc[2e1b2a31b91974c5]::vec::Vec<u8> as core[a373ad73a504971]::io::write::Write>::write_fmt
[INFO] [stdout]    3:     0x622b3553d376 - std[617be2ca0a6fd877]::panicking::default_hook::{closure#0}
[INFO] [stdout]    4:     0x622b3555a4d9 - std[617be2ca0a6fd877]::panicking::default_hook
[INFO] [stdout]    5:     0x622b354dead0 - test[aada8e7e76ba119b]::test_main_inner::{closure#0}
[INFO] [stdout]    6:     0x622b3555a692 - std[617be2ca0a6fd877]::panicking::panic_with_hook
[INFO] [stdout]    7:     0x622b3553d422 - std[617be2ca0a6fd877]::panicking::panic_handler::{closure#0}
[INFO] [stdout]    8:     0x622b35535e89 - std[617be2ca0a6fd877]::sys::backtrace::__rust_end_short_backtrace::<std[617be2ca0a6fd877]::panicking::panic_handler::{closure#0}, !>
[INFO] [stdout]    9:     0x622b3553e02d - __rustc[ea4f61d10b84890b]::rust_begin_unwind
[INFO] [stdout]   10:     0x622b35579acc - core[a373ad73a504971]::panicking::panic_fmt
[INFO] [stdout]   11:     0x622b355798a2 - core[a373ad73a504971]::result::unwrap_failed
[INFO] [stdout]   12:     0x622b3547d81e - <sourmash[a48fe8240afb1c14]::collection::test::collection_selection::{closure#0} as core[a373ad73a504971]::ops::function::FnOnce<()>>::call_once
[INFO] [stdout]   13:     0x622b354d1f1b - test[aada8e7e76ba119b]::__rust_begin_short_backtrace::<core[a373ad73a504971]::result::Result<(), alloc[2e1b2a31b91974c5]::string::String>, fn() -> core[a373ad73a504971]::result::Result<(), alloc[2e1b2a31b91974c5]::string::String>>
[INFO] [stdout]   14:     0x622b354df0f5 - test[aada8e7e76ba119b]::run_test::{closure#0}
[INFO] [stdout]   15:     0x622b354d89e4 - std[617be2ca0a6fd877]::sys::backtrace::__rust_begin_short_backtrace::<test[aada8e7e76ba119b]::run_test::{closure#1}, ()>
[INFO] [stdout]   16:     0x622b354e2182 - <std[617be2ca0a6fd877]::thread::lifecycle::spawn_unchecked<test[aada8e7e76ba119b]::run_test::{closure#1}, ()>::{closure#1} as core[a373ad73a504971]::ops::function::FnOnce<()>>::call_once::{shim:vtable#0}
[INFO] [stdout]   17:     0x622b35561eff - <std[617be2ca0a6fd877]::sys::thread::unix::Thread>::new::thread_start
[INFO] [stdout]   18:     0x785d6493ddfa - <unknown>
[INFO] [stdout]   19:     0x785d649d13d4 - clone
[INFO] [stdout]   20:                0x0 - <unknown>
[INFO] [stdout] 
[INFO] [stdout] ---- collection::test::sigstore_selection_moltype_sig stdout ----
[INFO] [stdout] 
[INFO] [stdout] thread 'collection::test::sigstore_selection_moltype_sig' (3012) panicked at src/collection.rs:489:41:
[INFO] [stdout] called `Result::unwrap()` on an `Err` value: Os { code: 2, kind: NotFound, message: "No such file or directory" }
[INFO] [stdout] stack backtrace:
[INFO] [stdout]    0:     0x622b355629e1 - <<std[617be2ca0a6fd877]::sys::backtrace::BacktraceLock>::print::DisplayBacktrace as core[a373ad73a504971]::fmt::Display>::fmt
[INFO] [stdout]    1:     0x622b3557939a - core[a373ad73a504971]::fmt::write
[INFO] [stdout]    2:     0x622b35566ebc - <alloc[2e1b2a31b91974c5]::vec::Vec<u8> as core[a373ad73a504971]::io::write::Write>::write_fmt
[INFO] [stdout]    3:     0x622b3553d376 - std[617be2ca0a6fd877]::panicking::default_hook::{closure#0}
[INFO] [stdout]    4:     0x622b3555a4d9 - std[617be2ca0a6fd877]::panicking::default_hook
[INFO] [stdout]    5:     0x622b354dead0 - test[aada8e7e76ba119b]::test_main_inner::{closure#0}
[INFO] [stdout]    6:     0x622b3555a692 - std[617be2ca0a6fd877]::panicking::panic_with_hook
[INFO] [stdout]    7:     0x622b3553d422 - std[617be2ca0a6fd877]::panicking::panic_handler::{closure#0}
[INFO] [stdout]    8:     0x622b35535e89 - std[617be2ca0a6fd877]::sys::backtrace::__rust_end_short_backtrace::<std[617be2ca0a6fd877]::panicking::panic_handler::{closure#0}, !>
[INFO] [stdout]    9:     0x622b3553e02d - __rustc[ea4f61d10b84890b]::rust_begin_unwind
[INFO] [stdout]   10:     0x622b35579acc - core[a373ad73a504971]::panicking::panic_fmt
[INFO] [stdout]   11:     0x622b355798a2 - core[a373ad73a504971]::result::unwrap_failed
[INFO] [stdout]   12:     0x622b354806ba - <sourmash[a48fe8240afb1c14]::collection::test::sigstore_selection_moltype_sig::{closure#0} as core[a373ad73a504971]::ops::function::FnOnce<()>>::call_once
[INFO] [stdout]   13:     0x622b354d1f1b - test[aada8e7e76ba119b]::__rust_begin_short_backtrace::<core[a373ad73a504971]::result::Result<(), alloc[2e1b2a31b91974c5]::string::String>, fn() -> core[a373ad73a504971]::result::Result<(), alloc[2e1b2a31b91974c5]::string::String>>
[INFO] [stdout]   14:     0x622b354df0f5 - test[aada8e7e76ba119b]::run_test::{closure#0}
[INFO] [stdout]   15:     0x622b354d89e4 - std[617be2ca0a6fd877]::sys::backtrace::__rust_begin_short_backtrace::<test[aada8e7e76ba119b]::run_test::{closure#1}, ()>
[INFO] [stdout]   16:     0x622b354e2182 - <std[617be2ca0a6fd877]::thread::lifecycle::spawn_unchecked<test[aada8e7e76ba119b]::run_test::{closure#1}, ()>::{closure#1} as core[a373ad73a504971]::ops::function::FnOnce<()>>::call_once::{shim:vtable#0}
[INFO] [stdout]   17:     0x622b35561eff - <std[617be2ca0a6fd877]::sys::thread::unix::Thread>::new::thread_start
[INFO] [stdout]   18:     0x785d6493ddfa - <unknown>
[INFO] [stdout]   19:     0x785d649d13d4 - clone
[INFO] [stdout]   20:                0x0 - <unknown>
[INFO] [stdout] 
[INFO] [stdout] ---- collection::test::collection_from_collectionset stdout ----
[INFO] [stdout] 
[INFO] [stdout] thread 'collection::test::collection_from_collectionset' (3008) panicked at src/collection.rs:523:67:
[INFO] [stdout] called `Result::unwrap()` on an `Err` value: IOError(Os { code: 2, kind: NotFound, message: "No such file or directory" })
[INFO] [stdout] stack backtrace:
[INFO] [stdout]    0:     0x622b355629e1 - <<std[617be2ca0a6fd877]::sys::backtrace::BacktraceLock>::print::DisplayBacktrace as core[a373ad73a504971]::fmt::Display>::fmt
[INFO] [stdout]    1:     0x622b3557939a - core[a373ad73a504971]::fmt::write
[INFO] [stdout]    2:     0x622b35566ebc - <alloc[2e1b2a31b91974c5]::vec::Vec<u8> as core[a373ad73a504971]::io::write::Write>::write_fmt
[INFO] [stdout]    3:     0x622b3553d376 - std[617be2ca0a6fd877]::panicking::default_hook::{closure#0}
[INFO] [stdout]    4:     0x622b3555a4d9 - std[617be2ca0a6fd877]::panicking::default_hook
[INFO] [stdout]    5:     0x622b354dead0 - test[aada8e7e76ba119b]::test_main_inner::{closure#0}
[INFO] [stdout]    6:     0x622b3555a692 - std[617be2ca0a6fd877]::panicking::panic_with_hook
[INFO] [stdout]    7:     0x622b3553d422 - std[617be2ca0a6fd877]::panicking::panic_handler::{closure#0}
[INFO] [stdout]    8:     0x622b35535e89 - std[617be2ca0a6fd877]::sys::backtrace::__rust_end_short_backtrace::<std[617be2ca0a6fd877]::panicking::panic_handler::{closure#0}, !>
[INFO] [stdout]    9:     0x622b3553e02d - __rustc[ea4f61d10b84890b]::rust_begin_unwind
[INFO] [stdout]   10:     0x622b35579acc - core[a373ad73a504971]::panicking::panic_fmt
[INFO] [stdout]   11:     0x622b355798a2 - core[a373ad73a504971]::result::unwrap_failed
[INFO] [stdout]   12:     0x622b3547f981 - <sourmash[a48fe8240afb1c14]::collection::test::collection_from_collectionset::{closure#0} as core[a373ad73a504971]::ops::function::FnOnce<()>>::call_once
[INFO] [stdout]   13:     0x622b354d1f1b - test[aada8e7e76ba119b]::__rust_begin_short_backtrace::<core[a373ad73a504971]::result::Result<(), alloc[2e1b2a31b91974c5]::string::String>, fn() -> core[a373ad73a504971]::result::Result<(), alloc[2e1b2a31b91974c5]::string::String>>
[INFO] [stdout]   14:     0x622b354df0f5 - test[aada8e7e76ba119b]::run_test::{closure#0}
[INFO] [stdout]   15:     0x622b354d89e4 - std[617be2ca0a6fd877]::sys::backtrace::__rust_begin_short_backtrace::<test[aada8e7e76ba119b]::run_test::{closure#1}, ()>
[INFO] [stdout]   16:     0x622b354e2182 - <std[617be2ca0a6fd877]::thread::lifecycle::spawn_unchecked<test[aada8e7e76ba119b]::run_test::{closure#1}, ()>::{closure#1} as core[a373ad73a504971]::ops::function::FnOnce<()>>::call_once::{shim:vtable#0}
[INFO] [stdout]   17:     0x622b35561eff - <std[617be2ca0a6fd877]::sys::thread::unix::Thread>::new::thread_start
[INFO] [stdout]   18:     0x785d6493ddfa - <unknown>
[INFO] [stdout]   19:     0x785d649d13d4 - clone
[INFO] [stdout]   20:                0x0 - <unknown>
[INFO] [stdout] 
[INFO] [stdout] ---- collection::test::sigstore_selection_moltype_zip stdout ----
[INFO] [stdout] 
[INFO] [stdout] thread 'collection::test::sigstore_selection_moltype_zip' (3013) panicked at src/collection.rs:471:14:
[INFO] [stdout] called `Result::unwrap()` on an `Err` value: IOError(Os { code: 2, kind: NotFound, message: "No such file or directory" })
[INFO] [stdout] stack backtrace:
[INFO] [stdout]    0:     0x622b355629e1 - <<std[617be2ca0a6fd877]::sys::backtrace::BacktraceLock>::print::DisplayBacktrace as core[a373ad73a504971]::fmt::Display>::fmt
[INFO] [stdout]    1:     0x622b3557939a - core[a373ad73a504971]::fmt::write
[INFO] [stdout]    2:     0x622b35566ebc - <alloc[2e1b2a31b91974c5]::vec::Vec<u8> as core[a373ad73a504971]::io::write::Write>::write_fmt
[INFO] [stdout]    3:     0x622b3553d376 - std[617be2ca0a6fd877]::panicking::default_hook::{closure#0}
[INFO] [stdout]    4:     0x622b3555a4d9 - std[617be2ca0a6fd877]::panicking::default_hook
[INFO] [stdout]    5:     0x622b354dead0 - test[aada8e7e76ba119b]::test_main_inner::{closure#0}
[INFO] [stdout]    6:     0x622b3555a692 - std[617be2ca0a6fd877]::panicking::panic_with_hook
[INFO] [stdout]    7:     0x622b3553d422 - std[617be2ca0a6fd877]::panicking::panic_handler::{closure#0}
[INFO] [stdout]    8:     0x622b35535e89 - std[617be2ca0a6fd877]::sys::backtrace::__rust_end_short_backtrace::<std[617be2ca0a6fd877]::panicking::panic_handler::{closure#0}, !>
[INFO] [stdout]    9:     0x622b3553e02d - __rustc[ea4f61d10b84890b]::rust_begin_unwind
[INFO] [stdout]   10:     0x622b35579acc - core[a373ad73a504971]::panicking::panic_fmt
[INFO] [stdout]   11:     0x622b355798a2 - core[a373ad73a504971]::result::unwrap_failed
[INFO] [stdout]   12:     0x622b35480e57 - <sourmash[a48fe8240afb1c14]::collection::test::sigstore_selection_moltype_zip::{closure#0} as core[a373ad73a504971]::ops::function::FnOnce<()>>::call_once
[INFO] [stdout]   13:     0x622b354d1f1b - test[aada8e7e76ba119b]::__rust_begin_short_backtrace::<core[a373ad73a504971]::result::Result<(), alloc[2e1b2a31b91974c5]::string::String>, fn() -> core[a373ad73a504971]::result::Result<(), alloc[2e1b2a31b91974c5]::string::String>>
[INFO] [stdout]   14:     0x622b354df0f5 - test[aada8e7e76ba119b]::run_test::{closure#0}
[INFO] [stdout]   15:     0x622b354d89e4 - std[617be2ca0a6fd877]::sys::backtrace::__rust_begin_short_backtrace::<test[aada8e7e76ba119b]::run_test::{closure#1}, ()>
[INFO] [stdout]   16:     0x622b354e2182 - <std[617be2ca0a6fd877]::thread::lifecycle::spawn_unchecked<test[aada8e7e76ba119b]::run_test::{closure#1}, ()>::{closure#1} as core[a373ad73a504971]::ops::function::FnOnce<()>>::call_once::{shim:vtable#0}
[INFO] [stdout]   17:     0x622b35561eff - <std[617be2ca0a6fd877]::sys::thread::unix::Thread>::new::thread_start
[INFO] [stdout]   18:     0x785d6493ddfa - <unknown>
[INFO] [stdout]   19:     0x785d649d13d4 - clone
[INFO] [stdout]   20:                0x0 - <unknown>
[INFO] [stdout] 
[INFO] [stdout] ---- collection::test::sigstore_selection_with_downsample stdout ----
[INFO] [stdout] 
[INFO] [stdout] thread 'collection::test::sigstore_selection_with_downsample' (3017) panicked at src/collection.rs:276:41:
[INFO] [stdout] called `Result::unwrap()` on an `Err` value: Os { code: 2, kind: NotFound, message: "No such file or directory" }
[INFO] [stdout] stack backtrace:
[INFO] [stdout]    0:     0x622b355629e1 - <<std[617be2ca0a6fd877]::sys::backtrace::BacktraceLock>::print::DisplayBacktrace as core[a373ad73a504971]::fmt::Display>::fmt
[INFO] [stdout]    1:     0x622b3557939a - core[a373ad73a504971]::fmt::write
[INFO] [stdout]    2:     0x622b35566ebc - <alloc[2e1b2a31b91974c5]::vec::Vec<u8> as core[a373ad73a504971]::io::write::Write>::write_fmt
[INFO] [stdout]    3:     0x622b3553d376 - std[617be2ca0a6fd877]::panicking::default_hook::{closure#0}
[INFO] [stdout]    4:     0x622b3555a4d9 - std[617be2ca0a6fd877]::panicking::default_hook
[INFO] [stdout]    5:     0x622b354dead0 - test[aada8e7e76ba119b]::test_main_inner::{closure#0}
[INFO] [stdout]    6:     0x622b3555a692 - std[617be2ca0a6fd877]::panicking::panic_with_hook
[INFO] [stdout]    7:     0x622b3553d422 - std[617be2ca0a6fd877]::panicking::panic_handler::{closure#0}
[INFO] [stdout]    8:     0x622b35535e89 - std[617be2ca0a6fd877]::sys::backtrace::__rust_end_short_backtrace::<std[617be2ca0a6fd877]::panicking::panic_handler::{closure#0}, !>
[INFO] [stdout]    9:     0x622b3553e02d - __rustc[ea4f61d10b84890b]::rust_begin_unwind
[INFO] [stdout]   10:     0x622b35579acc - core[a373ad73a504971]::panicking::panic_fmt
[INFO] [stdout]   11:     0x622b355798a2 - core[a373ad73a504971]::result::unwrap_failed
[INFO] [stdout]   12:     0x622b35481e19 - <sourmash[a48fe8240afb1c14]::collection::test::sigstore_selection_with_downsample::{closure#0} as core[a373ad73a504971]::ops::function::FnOnce<()>>::call_once
[INFO] [stdout]   13:     0x622b354d1f1b - test[aada8e7e76ba119b]::__rust_begin_short_backtrace::<core[a373ad73a504971]::result::Result<(), alloc[2e1b2a31b91974c5]::string::String>, fn() -> core[a373ad73a504971]::result::Result<(), alloc[2e1b2a31b91974c5]::string::String>>
[INFO] [stdout]   14:     0x622b354df0f5 - test[aada8e7e76ba119b]::run_test::{closure#0}
[INFO] [stdout]   15:     0x622b354d89e4 - std[617be2ca0a6fd877]::sys::backtrace::__rust_begin_short_backtrace::<test[aada8e7e76ba119b]::run_test::{closure#1}, ()>
[INFO] [stdout]   16:     0x622b354e2182 - <std[617be2ca0a6fd877]::thread::lifecycle::spawn_unchecked<test[aada8e7e76ba119b]::run_test::{closure#1}, ()>::{closure#1} as core[a373ad73a504971]::ops::function::FnOnce<()>>::call_once::{shim:vtable#0}
[INFO] [stdout]   17:     0x622b35561eff - <std[617be2ca0a6fd877]::sys::thread::unix::Thread>::new::thread_start
[INFO] [stdout]   18:     0x785d6493ddfa - <unknown>
[INFO] [stdout]   19:     0x785d649d13d4 - clone
[INFO] [stdout]   20:                0x0 - <unknown>
[INFO] [stdout] 
[INFO] [stdout] ---- collection::test::sigstore_selection_with_downsample_too_low stdout ----
[INFO] [stdout] 
[INFO] [stdout] thread 'collection::test::sigstore_selection_with_downsample_too_low' (3018) panicked at src/collection.rs:302:41:
[INFO] [stdout] called `Result::unwrap()` on an `Err` value: Os { code: 2, kind: NotFound, message: "No such file or directory" }
[INFO] [stdout] stack backtrace:
[INFO] [stdout]    0:     0x622b355629e1 - <<std[617be2ca0a6fd877]::sys::backtrace::BacktraceLock>::print::DisplayBacktrace as core[a373ad73a504971]::fmt::Display>::fmt
[INFO] [stdout]    1:     0x622b3557939a - core[a373ad73a504971]::fmt::write
[INFO] [stdout]    2:     0x622b35566ebc - <alloc[2e1b2a31b91974c5]::vec::Vec<u8> as core[a373ad73a504971]::io::write::Write>::write_fmt
[INFO] [stdout]    3:     0x622b3553d376 - std[617be2ca0a6fd877]::panicking::default_hook::{closure#0}
[INFO] [stdout]    4:     0x622b3555a4d9 - std[617be2ca0a6fd877]::panicking::default_hook
[INFO] [stdout]    5:     0x622b354dead0 - test[aada8e7e76ba119b]::test_main_inner::{closure#0}
[INFO] [stdout]    6:     0x622b3555a692 - std[617be2ca0a6fd877]::panicking::panic_with_hook
[INFO] [stdout]    7:     0x622b3553d422 - std[617be2ca0a6fd877]::panicking::panic_handler::{closure#0}
[INFO] [stdout]    8:     0x622b35535e89 - std[617be2ca0a6fd877]::sys::backtrace::__rust_end_short_backtrace::<std[617be2ca0a6fd877]::panicking::panic_handler::{closure#0}, !>
[INFO] [stdout]    9:     0x622b3553e02d - __rustc[ea4f61d10b84890b]::rust_begin_unwind
[INFO] [stdout]   10:     0x622b35579acc - core[a373ad73a504971]::panicking::panic_fmt
[INFO] [stdout]   11:     0x622b355798a2 - core[a373ad73a504971]::result::unwrap_failed
[INFO] [stdout]   12:     0x622b35482d4a - <sourmash[a48fe8240afb1c14]::collection::test::sigstore_selection_with_downsample_too_low::{closure#0} as core[a373ad73a504971]::ops::function::FnOnce<()>>::call_once
[INFO] [stdout]   13:     0x622b354d1f1b - test[aada8e7e76ba119b]::__rust_begin_short_backtrace::<core[a373ad73a504971]::result::Result<(), alloc[2e1b2a31b91974c5]::string::String>, fn() -> core[a373ad73a504971]::result::Result<(), alloc[2e1b2a31b91974c5]::string::String>>
[INFO] [stdout]   14:     0x622b354df0f5 - test[aada8e7e76ba119b]::run_test::{closure#0}
[INFO] [stdout]   15:     0x622b354d89e4 - std[617be2ca0a6fd877]::sys::backtrace::__rust_begin_short_backtrace::<test[aada8e7e76ba119b]::run_test::{closure#1}, ()>
[INFO] [stdout]   16:     0x622b354e2182 - <std[617be2ca0a6fd877]::thread::lifecycle::spawn_unchecked<test[aada8e7e76ba119b]::run_test::{closure#1}, ()>::{closure#1} as core[a373ad73a504971]::ops::function::FnOnce<()>>::call_once::{shim:vtable#0}
[INFO] [stdout]   17:     0x622b35561eff - <std[617be2ca0a6fd877]::sys::thread::unix::Thread>::new::thread_start
[INFO] [stdout]   18:     0x785d6493ddfa - <unknown>
[INFO] [stdout]   19:     0x785d649d13d4 - clone
[INFO] [stdout]   20:                0x0 - <unknown>
[INFO] [stdout] 
[INFO] [stdout] ---- collection::test::sigstore_selection_scaled_handle_num_sig stdout ----
[INFO] [stdout] 
[INFO] [stdout] thread 'collection::test::sigstore_selection_scaled_handle_num_sig' (3016) panicked at src/collection.rs:323:41:
[INFO] [stdout] called `Result::unwrap()` on an `Err` value: Os { code: 2, kind: NotFound, message: "No such file or directory" }
[INFO] [stdout] stack backtrace:
[INFO] [stdout]    0:     0x622b355629e1 - <<std[617be2ca0a6fd877]::sys::backtrace::BacktraceLock>::print::DisplayBacktrace as core[a373ad73a504971]::fmt::Display>::fmt
[INFO] [stdout]    1:     0x622b3557939a - core[a373ad73a504971]::fmt::write
[INFO] [stdout]    2:     0x622b35566ebc - <alloc[2e1b2a31b91974c5]::vec::Vec<u8> as core[a373ad73a504971]::io::write::Write>::write_fmt
[INFO] [stdout]    3:     0x622b3553d376 - std[617be2ca0a6fd877]::panicking::default_hook::{closure#0}
[INFO] [stdout]    4:     0x622b3555a4d9 - std[617be2ca0a6fd877]::panicking::default_hook
[INFO] [stdout]    5:     0x622b354dead0 - test[aada8e7e76ba119b]::test_main_inner::{closure#0}
[INFO] [stdout]    6:     0x622b3555a692 - std[617be2ca0a6fd877]::panicking::panic_with_hook
[INFO] [stdout]    7:     0x622b3553d422 - std[617be2ca0a6fd877]::panicking::panic_handler::{closure#0}
[INFO] [stdout]    8:     0x622b35535e89 - std[617be2ca0a6fd877]::sys::backtrace::__rust_end_short_backtrace::<std[617be2ca0a6fd877]::panicking::panic_handler::{closure#0}, !>
[INFO] [stdout]    9:     0x622b3553e02d - __rustc[ea4f61d10b84890b]::rust_begin_unwind
[INFO] [stdout]   10:     0x622b35579acc - core[a373ad73a504971]::panicking::panic_fmt
[INFO] [stdout]   11:     0x622b355798a2 - core[a373ad73a504971]::result::unwrap_failed
[INFO] [stdout]   12:     0x622b35482870 - <sourmash[a48fe8240afb1c14]::collection::test::sigstore_selection_scaled_handle_num_sig::{closure#0} as core[a373ad73a504971]::ops::function::FnOnce<()>>::call_once
[INFO] [stdout]   13:     0x622b354d1f1b - test[aada8e7e76ba119b]::__rust_begin_short_backtrace::<core[a373ad73a504971]::result::Result<(), alloc[2e1b2a31b91974c5]::string::String>, fn() -> core[a373ad73a504971]::result::Result<(), alloc[2e1b2a31b91974c5]::string::String>>
[INFO] [stdout]   14:     0x622b354df0f5 - test[aada8e7e76ba119b]::run_test::{closure#0}
[INFO] [stdout]   15:     0x622b354d89e4 - std[617be2ca0a6fd877]::sys::backtrace::__rust_begin_short_backtrace::<test[aada8e7e76ba119b]::run_test::{closure#1}, ()>
[INFO] [stdout]   16:     0x622b354e2182 - <std[617be2ca0a6fd877]::thread::lifecycle::spawn_unchecked<test[aada8e7e76ba119b]::run_test::{closure#1}, ()>::{closure#1} as core[a373ad73a504971]::ops::function::FnOnce<()>>::call_once::{shim:vtable#0}
[INFO] [stdout]   17:     0x622b35561eff - <std[617be2ca0a6fd877]::sys::thread::unix::Thread>::new::thread_start
[INFO] [stdout]   18:     0x785d6493ddfa - <unknown>
[INFO] [stdout]   19:     0x785d649d13d4 - clone
[INFO] [stdout]   20:                0x0 - <unknown>
[INFO] [stdout] 
[INFO] [stdout] ---- collection::test::sigstore_selection_num stdout ----
[INFO] [stdout] 
[INFO] [stdout] thread 'collection::test::sigstore_selection_num' (3014) panicked at src/collection.rs:345:41:
[INFO] [stdout] called `Result::unwrap()` on an `Err` value: Os { code: 2, kind: NotFound, message: "No such file or directory" }
[INFO] [stdout] stack backtrace:
[INFO] [stdout]    0:     0x622b355629e1 - <<std[617be2ca0a6fd877]::sys::backtrace::BacktraceLock>::print::DisplayBacktrace as core[a373ad73a504971]::fmt::Display>::fmt
[INFO] [stdout]    1:     0x622b3557939a - core[a373ad73a504971]::fmt::write
[INFO] [stdout]    2:     0x622b35566ebc - <alloc[2e1b2a31b91974c5]::vec::Vec<u8> as core[a373ad73a504971]::io::write::Write>::write_fmt
[INFO] [stdout]    3:     0x622b3553d376 - std[617be2ca0a6fd877]::panicking::default_hook::{closure#0}
[INFO] [stdout]    4:     0x622b3555a4d9 - std[617be2ca0a6fd877]::panicking::default_hook
[INFO] [stdout]    5:     0x622b354dead0 - test[aada8e7e76ba119b]::test_main_inner::{closure#0}
[INFO] [stdout]    6:     0x622b3555a692 - std[617be2ca0a6fd877]::panicking::panic_with_hook
[INFO] [stdout]    7:     0x622b3553d422 - std[617be2ca0a6fd877]::panicking::panic_handler::{closure#0}
[INFO] [stdout]    8:     0x622b35535e89 - std[617be2ca0a6fd877]::sys::backtrace::__rust_end_short_backtrace::<std[617be2ca0a6fd877]::panicking::panic_handler::{closure#0}, !>
[INFO] [stdout]    9:     0x622b3553e02d - __rustc[ea4f61d10b84890b]::rust_begin_unwind
[INFO] [stdout]   10:     0x622b35579acc - core[a373ad73a504971]::panicking::panic_fmt
[INFO] [stdout]   11:     0x622b355798a2 - core[a373ad73a504971]::result::unwrap_failed
[INFO] [stdout]   12:     0x622b3547de10 - <sourmash[a48fe8240afb1c14]::collection::test::sigstore_selection_num::{closure#0} as core[a373ad73a504971]::ops::function::FnOnce<()>>::call_once
[INFO] [stdout]   13:     0x622b354d1f1b - test[aada8e7e76ba119b]::__rust_begin_short_backtrace::<core[a373ad73a504971]::result::Result<(), alloc[2e1b2a31b91974c5]::string::String>, fn() -> core[a373ad73a504971]::result::Result<(), alloc[2e1b2a31b91974c5]::string::String>>
[INFO] [stdout]   14:     0x622b354df0f5 - test[aada8e7e76ba119b]::run_test::{closure#0}
[INFO] [stdout]   15:     0x622b354d89e4 - std[617be2ca0a6fd877]::sys::backtrace::__rust_begin_short_backtrace::<test[aada8e7e76ba119b]::run_test::{closure#1}, ()>
[INFO] [stdout]   16:     0x622b354e2182 - <std[617be2ca0a6fd877]::thread::lifecycle::spawn_unchecked<test[aada8e7e76ba119b]::run_test::{closure#1}, ()>::{closure#1} as core[a373ad73a504971]::ops::function::FnOnce<()>>::call_once::{shim:vtable#0}
[INFO] [stdout]   17:     0x622b35561eff - <std[617be2ca0a6fd877]::sys::thread::unix::Thread>::new::thread_start
[INFO] [stdout]   18:     0x785d6493ddfa - <unknown>
[INFO] [stdout]   19:     0x785d649d13d4 - clone
[INFO] [stdout]   20:                0x0 - <unknown>
[INFO] [stdout] 
[INFO] [stdout] ---- collection::test::sigstore_selection_num_handle_scaled_sig stdout ----
[INFO] [stdout] 
[INFO] [stdout] thread 'collection::test::sigstore_selection_num_handle_scaled_sig' (3015) panicked at src/collection.rs:375:41:
[INFO] [stdout] called `Result::unwrap()` on an `Err` value: Os { code: 2, kind: NotFound, message: "No such file or directory" }
[INFO] [stdout] stack backtrace:
[INFO] [stdout]    0:     0x622b355629e1 - <<std[617be2ca0a6fd877]::sys::backtrace::BacktraceLock>::print::DisplayBacktrace as core[a373ad73a504971]::fmt::Display>::fmt
[INFO] [stdout]    1:     0x622b3557939a - core[a373ad73a504971]::fmt::write
[INFO] [stdout]    2:     0x622b35566ebc - <alloc[2e1b2a31b91974c5]::vec::Vec<u8> as core[a373ad73a504971]::io::write::Write>::write_fmt
[INFO] [stdout]    3:     0x622b3553d376 - std[617be2ca0a6fd877]::panicking::default_hook::{closure#0}
[INFO] [stdout]    4:     0x622b3555a4d9 - std[617be2ca0a6fd877]::panicking::default_hook
[INFO] [stdout]    5:     0x622b354dead0 - test[aada8e7e76ba119b]::test_main_inner::{closure#0}
[INFO] [stdout]    6:     0x622b3555a692 - std[617be2ca0a6fd877]::panicking::panic_with_hook
[INFO] [stdout]    7:     0x622b3553d422 - std[617be2ca0a6fd877]::panicking::panic_handler::{closure#0}
[INFO] [stdout]    8:     0x622b35535e89 - std[617be2ca0a6fd877]::sys::backtrace::__rust_end_short_backtrace::<std[617be2ca0a6fd877]::panicking::panic_handler::{closure#0}, !>
[INFO] [stdout]    9:     0x622b3553e02d - __rustc[ea4f61d10b84890b]::rust_begin_unwind
[INFO] [stdout]   10:     0x622b35579acc - core[a373ad73a504971]::panicking::panic_fmt
[INFO] [stdout]   11:     0x622b355798a2 - core[a373ad73a504971]::result::unwrap_failed
[INFO] [stdout]   12:     0x622b35482370 - <sourmash[a48fe8240afb1c14]::collection::test::sigstore_selection_num_handle_scaled_sig::{closure#0} as core[a373ad73a504971]::ops::function::FnOnce<()>>::call_once
[INFO] [stdout]   13:     0x622b354d1f1b - test[aada8e7e76ba119b]::__rust_begin_short_backtrace::<core[a373ad73a504971]::result::Result<(), alloc[2e1b2a31b91974c5]::string::String>, fn() -> core[a373ad73a504971]::result::Result<(), alloc[2e1b2a31b91974c5]::string::String>>
[INFO] [stdout]   14:     0x622b354df0f5 - test[aada8e7e76ba119b]::run_test::{closure#0}
[INFO] [stdout]   15:     0x622b354d89e4 - std[617be2ca0a6fd877]::sys::backtrace::__rust_begin_short_backtrace::<test[aada8e7e76ba119b]::run_test::{closure#1}, ()>
[INFO] [stdout]   16:     0x622b354e2182 - <std[617be2ca0a6fd877]::thread::lifecycle::spawn_unchecked<test[aada8e7e76ba119b]::run_test::{closure#1}, ()>::{closure#1} as core[a373ad73a504971]::ops::function::FnOnce<()>>::call_once::{shim:vtable#0}
[INFO] [stdout]   17:     0x622b35561eff - <std[617be2ca0a6fd877]::sys::thread::unix::Thread>::new::thread_start
[INFO] [stdout]   18:     0x785d6493ddfa - <unknown>
[INFO] [stdout]   19:     0x785d649d13d4 - clone
[INFO] [stdout]   20:                0x0 - <unknown>
[INFO] [stdout] 
[INFO] [stdout] ---- collection::test::sigstore_sig_from_record stdout ----
[INFO] [stdout] 
[INFO] [stdout] thread 'collection::test::sigstore_sig_from_record' (3019) panicked at src/collection.rs:422:41:
[INFO] [stdout] called `Result::unwrap()` on an `Err` value: Os { code: 2, kind: NotFound, message: "No such file or directory" }
[INFO] [stdout] stack backtrace:
[INFO] [stdout]    0:     0x622b355629e1 - <<std[617be2ca0a6fd877]::sys::backtrace::BacktraceLock>::print::DisplayBacktrace as core[a373ad73a504971]::fmt::Display>::fmt
[INFO] [stdout]    1:     0x622b3557939a - core[a373ad73a504971]::fmt::write
[INFO] [stdout]    2:     0x622b35566ebc - <alloc[2e1b2a31b91974c5]::vec::Vec<u8> as core[a373ad73a504971]::io::write::Write>::write_fmt
[INFO] [stdout]    3:     0x622b3553d376 - std[617be2ca0a6fd877]::panicking::default_hook::{closure#0}
[INFO] [stdout]    4:     0x622b3555a4d9 - std[617be2ca0a6fd877]::panicking::default_hook
[INFO] [stdout]    5:     0x622b354dead0 - test[aada8e7e76ba119b]::test_main_inner::{closure#0}
[INFO] [stdout]    6:     0x622b3555a692 - std[617be2ca0a6fd877]::panicking::panic_with_hook
[INFO] [stdout]    7:     0x622b3553d422 - std[617be2ca0a6fd877]::panicking::panic_handler::{closure#0}
[INFO] [stdout]    8:     0x622b35535e89 - std[617be2ca0a6fd877]::sys::backtrace::__rust_end_short_backtrace::<std[617be2ca0a6fd877]::panicking::panic_handler::{closure#0}, !>
[INFO] [stdout]    9:     0x622b3553e02d - __rustc[ea4f61d10b84890b]::rust_begin_unwind
[INFO] [stdout]   10:     0x622b35579acc - core[a373ad73a504971]::panicking::panic_fmt
[INFO] [stdout]   11:     0x622b355798a2 - core[a373ad73a504971]::result::unwrap_failed
[INFO] [stdout]   12:     0x622b3547ee26 - <sourmash[a48fe8240afb1c14]::collection::test::sigstore_sig_from_record::{closure#0} as core[a373ad73a504971]::ops::function::FnOnce<()>>::call_once
[INFO] [stdout]   13:     0x622b354d1f1b - test[aada8e7e76ba119b]::__rust_begin_short_backtrace::<core[a373ad73a504971]::result::Result<(), alloc[2e1b2a31b91974c5]::string::String>, fn() -> core[a373ad73a504971]::result::Result<(), alloc[2e1b2a31b91974c5]::string::String>>
[INFO] [stdout]   14:     0x622b354df0f5 - test[aada8e7e76ba119b]::run_test::{closure#0}
[INFO] [stdout]   15:     0x622b354d89e4 - std[617be2ca0a6fd877]::sys::backtrace::__rust_begin_short_backtrace::<test[aada8e7e76ba119b]::run_test::{closure#1}, ()>
[INFO] [stdout]   16:     0x622b354e2182 - <std[617be2ca0a6fd877]::thread::lifecycle::spawn_unchecked<test[aada8e7e76ba119b]::run_test::{closure#1}, ()>::{closure#1} as core[a373ad73a504971]::ops::function::FnOnce<()>>::call_once::{shim:vtable#0}
[INFO] [stdout]   17:     0x622b35561eff - <std[617be2ca0a6fd877]::sys::thread::unix::Thread>::new::thread_start
[INFO] [stdout]   18:     0x785d6493ddfa - <unknown>
[INFO] [stdout]   19:     0x785d649d13d4 - clone
[INFO] [stdout]   20:                0x0 - <unknown>
[INFO] [stdout] 
[INFO] [stdout] ---- manifest::test::manifest_from_pathlist stdout ----
[INFO] [stdout] 
[INFO] [stdout] thread 'manifest::test::manifest_from_pathlist' (3033) panicked at src/manifest.rs:354:41:
[INFO] [stdout] Error processing "/opt/rustwide/workdir/../../tests/test-data/47.fa.sig"
[INFO] [stdout] stack backtrace:
[INFO] [stdout]    0:     0x622b355629e1 - <<std[617be2ca0a6fd877]::sys::backtrace::BacktraceLock>::print::DisplayBacktrace as core[a373ad73a504971]::fmt::Display>::fmt
[INFO] [stdout]    1:     0x622b3557939a - core[a373ad73a504971]::fmt::write
[INFO] [stdout]    2:     0x622b35566ebc - <alloc[2e1b2a31b91974c5]::vec::Vec<u8> as core[a373ad73a504971]::io::write::Write>::write_fmt
[INFO] [stdout]    3:     0x622b3553d376 - std[617be2ca0a6fd877]::panicking::default_hook::{closure#0}
[INFO] [stdout]    4:     0x622b3555a4d9 - std[617be2ca0a6fd877]::panicking::default_hook
[INFO] [stdout]    5:     0x622b354dead0 - test[aada8e7e76ba119b]::test_main_inner::{closure#0}
[INFO] [stdout]    6:     0x622b3555a692 - std[617be2ca0a6fd877]::panicking::panic_with_hook
[INFO] [stdout]    7:     0x622b3553d422 - std[617be2ca0a6fd877]::panicking::panic_handler::{closure#0}
[INFO] [stdout]    8:     0x622b35535e89 - std[617be2ca0a6fd877]::sys::backtrace::__rust_end_short_backtrace::<std[617be2ca0a6fd877]::panicking::panic_handler::{closure#0}, !>
[INFO] [stdout]    9:     0x622b3553e02d - __rustc[ea4f61d10b84890b]::rust_begin_unwind
[INFO] [stdout]   10:     0x622b35579acc - core[a373ad73a504971]::panicking::panic_fmt
[INFO] [stdout]   11:     0x622b35405e24 - <sourmash[a48fe8240afb1c14]::manifest::Manifest as core[a373ad73a504971]::convert::From<&[camino[b047a51c7e09ad81]::Utf8PathBuf]>>::from::{closure#0}::{closure#0}
[INFO] [stdout]   12:     0x622b3540b8cb - <core[a373ad73a504971]::iter::adapters::flatten::FlatMap<core[a373ad73a504971]::slice::iter::Iter<camino[b047a51c7e09ad81]::Utf8PathBuf>, alloc[2e1b2a31b91974c5]::vec::Vec<sourmash[a48fe8240afb1c14]::manifest::Record>, <sourmash[a48fe8240afb1c14]::manifest::Manifest as core[a373ad73a504971]::convert::From<&[camino[b047a51c7e09ad81]::Utf8PathBuf]>>::from::{closure#0}> as core[a373ad73a504971]::iter::traits::iterator::Iterator>::next
[INFO] [stdout]   13:     0x622b35407f31 - <alloc[2e1b2a31b91974c5]::vec::Vec<sourmash[a48fe8240afb1c14]::manifest::Record> as alloc[2e1b2a31b91974c5]::vec::spec_from_iter_nested::SpecFromIterNested<sourmash[a48fe8240afb1c14]::manifest::Record, core[a373ad73a504971]::iter::adapters::flatten::FlatMap<core[a373ad73a504971]::slice::iter::Iter<camino[b047a51c7e09ad81]::Utf8PathBuf>, alloc[2e1b2a31b91974c5]::vec::Vec<sourmash[a48fe8240afb1c14]::manifest::Record>, <sourmash[a48fe8240afb1c14]::manifest::Manifest as core[a373ad73a504971]::convert::From<&[camino[b047a51c7e09ad81]::Utf8PathBuf]>>::from::{closure#0}>>>::from_iter
[INFO] [stdout]   14:     0x622b354291c1 - <sourmash[a48fe8240afb1c14]::manifest::Manifest as core[a373ad73a504971]::convert::From<&camino[b047a51c7e09ad81]::Utf8PathBuf>>::from
[INFO] [stdout]   15:     0x622b3542c194 - <sourmash[a48fe8240afb1c14]::manifest::test::manifest_from_pathlist::{closure#0} as core[a373ad73a504971]::ops::function::FnOnce<()>>::call_once
[INFO] [stdout]   16:     0x622b354d1f1b - test[aada8e7e76ba119b]::__rust_begin_short_backtrace::<core[a373ad73a504971]::result::Result<(), alloc[2e1b2a31b91974c5]::string::String>, fn() -> core[a373ad73a504971]::result::Result<(), alloc[2e1b2a31b91974c5]::string::String>>
[INFO] [stdout]   17:     0x622b354df0f5 - test[aada8e7e76ba119b]::run_test::{closure#0}
[INFO] [stdout]   18:     0x622b354d89e4 - std[617be2ca0a6fd877]::sys::backtrace::__rust_begin_short_backtrace::<test[aada8e7e76ba119b]::run_test::{closure#1}, ()>
[INFO] [stdout]   19:     0x622b354e2182 - <std[617be2ca0a6fd877]::thread::lifecycle::spawn_unchecked<test[aada8e7e76ba119b]::run_test::{closure#1}, ()>::{closure#1} as core[a373ad73a504971]::ops::function::FnOnce<()>>::call_once::{shim:vtable#0}
[INFO] [stdout]   20:     0x622b35561eff - <std[617be2ca0a6fd877]::sys::thread::unix::Thread>::new::thread_start
[INFO] [stdout]   21:     0x785d6493ddfa - <unknown>
[INFO] [stdout]   22:     0x785d649d13d4 - clone
[INFO] [stdout]   23:                0x0 - <unknown>
[INFO] [stdout] 
[INFO] [stdout] ---- manifest::test::manifest_to_writer_moltype_dna stdout ----
[INFO] [stdout] 
[INFO] [stdout] thread 'manifest::test::manifest_to_writer_moltype_dna' (3040) panicked at src/manifest.rs:354:41:
[INFO] [stdout] Error processing "/opt/rustwide/workdir/../../tests/test-data/47.fa.sig"
[INFO] [stdout] stack backtrace:
[INFO] [stdout]    0:     0x622b355629e1 - <<std[617be2ca0a6fd877]::sys::backtrace::BacktraceLock>::print::DisplayBacktrace as core[a373ad73a504971]::fmt::Display>::fmt
[INFO] [stdout]    1:     0x622b3557939a - core[a373ad73a504971]::fmt::write
[INFO] [stdout]    2:     0x622b35566ebc - <alloc[2e1b2a31b91974c5]::vec::Vec<u8> as core[a373ad73a504971]::io::write::Write>::write_fmt
[INFO] [stdout]    3:     0x622b3553d376 - std[617be2ca0a6fd877]::panicking::default_hook::{closure#0}
[INFO] [stdout]    4:     0x622b3555a4d9 - std[617be2ca0a6fd877]::panicking::default_hook
[INFO] [stdout]    5:     0x622b354dead0 - test[aada8e7e76ba119b]::test_main_inner::{closure#0}
[INFO] [stdout]    6:     0x622b3555a692 - std[617be2ca0a6fd877]::panicking::panic_with_hook
[INFO] [stdout]    7:     0x622b3553d422 - std[617be2ca0a6fd877]::panicking::panic_handler::{closure#0}
[INFO] [stdout]    8:     0x622b35535e89 - std[617be2ca0a6fd877]::sys::backtrace::__rust_end_short_backtrace::<std[617be2ca0a6fd877]::panicking::panic_handler::{closure#0}, !>
[INFO] [stdout]    9:     0x622b3553e02d - __rustc[ea4f61d10b84890b]::rust_begin_unwind
[INFO] [stdout]   10:     0x622b35579acc - core[a373ad73a504971]::panicking::panic_fmt
[INFO] [stdout]   11:     0x622b35405e24 - <sourmash[a48fe8240afb1c14]::manifest::Manifest as core[a373ad73a504971]::convert::From<&[camino[b047a51c7e09ad81]::Utf8PathBuf]>>::from::{closure#0}::{closure#0}
[INFO] [stdout]   12:     0x622b3540b8cb - <core[a373ad73a504971]::iter::adapters::flatten::FlatMap<core[a373ad73a504971]::slice::iter::Iter<camino[b047a51c7e09ad81]::Utf8PathBuf>, alloc[2e1b2a31b91974c5]::vec::Vec<sourmash[a48fe8240afb1c14]::manifest::Record>, <sourmash[a48fe8240afb1c14]::manifest::Manifest as core[a373ad73a504971]::convert::From<&[camino[b047a51c7e09ad81]::Utf8PathBuf]>>::from::{closure#0}> as core[a373ad73a504971]::iter::traits::iterator::Iterator>::next
[INFO] [stdout]   13:     0x622b35407f31 - <alloc[2e1b2a31b91974c5]::vec::Vec<sourmash[a48fe8240afb1c14]::manifest::Record> as alloc[2e1b2a31b91974c5]::vec::spec_from_iter_nested::SpecFromIterNested<sourmash[a48fe8240afb1c14]::manifest::Record, core[a373ad73a504971]::iter::adapters::flatten::FlatMap<core[a373ad73a504971]::slice::iter::Iter<camino[b047a51c7e09ad81]::Utf8PathBuf>, alloc[2e1b2a31b91974c5]::vec::Vec<sourmash[a48fe8240afb1c14]::manifest::Record>, <sourmash[a48fe8240afb1c14]::manifest::Manifest as core[a373ad73a504971]::convert::From<&[camino[b047a51c7e09ad81]::Utf8PathBuf]>>::from::{closure#0}>>>::from_iter
[INFO] [stdout]   14:     0x622b3542ddf6 - <sourmash[a48fe8240afb1c14]::manifest::test::manifest_to_writer_moltype_dna::{closure#0} as core[a373ad73a504971]::ops::function::FnOnce<()>>::call_once
[INFO] [stdout]   15:     0x622b354d1f1b - test[aada8e7e76ba119b]::__rust_begin_short_backtrace::<core[a373ad73a504971]::result::Result<(), alloc[2e1b2a31b91974c5]::string::String>, fn() -> core[a373ad73a504971]::result::Result<(), alloc[2e1b2a31b91974c5]::string::String>>
[INFO] [stdout]   16:     0x622b354df0f5 - test[aada8e7e76ba119b]::run_test::{closure#0}
[INFO] [stdout]   17:     0x622b354d89e4 - std[617be2ca0a6fd877]::sys::backtrace::__rust_begin_short_backtrace::<test[aada8e7e76ba119b]::run_test::{closure#1}, ()>
[INFO] [stdout]   18:     0x622b354e2182 - <std[617be2ca0a6fd877]::thread::lifecycle::spawn_unchecked<test[aada8e7e76ba119b]::run_test::{closure#1}, ()>::{closure#1} as core[a373ad73a504971]::ops::function::FnOnce<()>>::call_once::{shim:vtable#0}
[INFO] [stdout]   19:     0x622b35561eff - <std[617be2ca0a6fd877]::sys::thread::unix::Thread>::new::thread_start
[INFO] [stdout]   20:     0x785d6493ddfa - <unknown>
[INFO] [stdout]   21:     0x785d649d13d4 - clone
[INFO] [stdout]   22:                0x0 - <unknown>
[INFO] [stdout] 
[INFO] [stdout] ---- manifest::test::manifest_selection stdout ----
[INFO] [stdout] 
[INFO] [stdout] thread 'manifest::test::manifest_selection' (3038) panicked at src/manifest.rs:555:67:
[INFO] [stdout] called `Result::unwrap()` on an `Err` value: IOError(Os { code: 2, kind: NotFound, message: "No such file or directory" })
[INFO] [stdout] stack backtrace:
[INFO] [stdout]    0:     0x622b355629e1 - <<std[617be2ca0a6fd877]::sys::backtrace::BacktraceLock>::print::DisplayBacktrace as core[a373ad73a504971]::fmt::Display>::fmt
[INFO] [stdout]    1:     0x622b3557939a - core[a373ad73a504971]::fmt::write
[INFO] [stdout]    2:     0x622b35566ebc - <alloc[2e1b2a31b91974c5]::vec::Vec<u8> as core[a373ad73a504971]::io::write::Write>::write_fmt
[INFO] [stdout]    3:     0x622b3553d376 - std[617be2ca0a6fd877]::panicking::default_hook::{closure#0}
[INFO] [stdout]    4:     0x622b3555a4d9 - std[617be2ca0a6fd877]::panicking::default_hook
[INFO] [stdout]    5:     0x622b354dead0 - test[aada8e7e76ba119b]::test_main_inner::{closure#0}
[INFO] [stdout]    6:     0x622b3555a692 - std[617be2ca0a6fd877]::panicking::panic_with_hook
[INFO] [stdout]    7:     0x622b3553d422 - std[617be2ca0a6fd877]::panicking::panic_handler::{closure#0}
[INFO] [stdout]    8:     0x622b35535e89 - std[617be2ca0a6fd877]::sys::backtrace::__rust_end_short_backtrace::<std[617be2ca0a6fd877]::panicking::panic_handler::{closure#0}, !>
[INFO] [stdout]    9:     0x622b3553e02d - __rustc[ea4f61d10b84890b]::rust_begin_unwind
[INFO] [stdout]   10:     0x622b35579acc - core[a373ad73a504971]::panicking::panic_fmt
[INFO] [stdout]   11:     0x622b355798a2 - core[a373ad73a504971]::result::unwrap_failed
[INFO] [stdout]   12:     0x622b3542bbdf - <sourmash[a48fe8240afb1c14]::manifest::test::manifest_selection::{closure#0} as core[a373ad73a504971]::ops::function::FnOnce<()>>::call_once
[INFO] [stdout]   13:     0x622b354d1f1b - test[aada8e7e76ba119b]::__rust_begin_short_backtrace::<core[a373ad73a504971]::result::Result<(), alloc[2e1b2a31b91974c5]::string::String>, fn() -> core[a373ad73a504971]::result::Result<(), alloc[2e1b2a31b91974c5]::string::String>>
[INFO] [stdout]   14:     0x622b354df0f5 - test[aada8e7e76ba119b]::run_test::{closure#0}
[INFO] [stdout]   15:     0x622b354d89e4 - std[617be2ca0a6fd877]::sys::backtrace::__rust_begin_short_backtrace::<test[aada8e7e76ba119b]::run_test::{closure#1}, ()>
[INFO] [stdout]   16:     0x622b354e2182 - <std[617be2ca0a6fd877]::thread::lifecycle::spawn_unchecked<test[aada8e7e76ba119b]::run_test::{closure#1}, ()>::{closure#1} as core[a373ad73a504971]::ops::function::FnOnce<()>>::call_once::{shim:vtable#0}
[INFO] [stdout]   17:     0x622b35561eff - <std[617be2ca0a6fd877]::sys::thread::unix::Thread>::new::thread_start
[INFO] [stdout]   18:     0x785d6493ddfa - <unknown>
[INFO] [stdout]   19:     0x785d649d13d4 - clone
[INFO] [stdout]   20:                0x0 - <unknown>
[INFO] [stdout] 
[INFO] [stdout] ---- manifest::test::manifest_intersect stdout ----
[INFO] [stdout] 
[INFO] [stdout] thread 'manifest::test::manifest_intersect' (3037) panicked at src/manifest.rs:354:41:
[INFO] [stdout] Error processing "/opt/rustwide/workdir/../../tests/test-data/47.fa.sig"
[INFO] [stdout] stack backtrace:
[INFO] [stdout]    0:     0x622b355629e1 - <<std[617be2ca0a6fd877]::sys::backtrace::BacktraceLock>::print::DisplayBacktrace as core[a373ad73a504971]::fmt::Display>::fmt
[INFO] [stdout]    1:     0x622b3557939a - core[a373ad73a504971]::fmt::write
[INFO] [stdout]    2:     0x622b35566ebc - <alloc[2e1b2a31b91974c5]::vec::Vec<u8> as core[a373ad73a504971]::io::write::Write>::write_fmt
[INFO] [stdout]    3:     0x622b3553d376 - std[617be2ca0a6fd877]::panicking::default_hook::{closure#0}
[INFO] [stdout]    4:     0x622b3555a4d9 - std[617be2ca0a6fd877]::panicking::default_hook
[INFO] [stdout]    5:     0x622b354dead0 - test[aada8e7e76ba119b]::test_main_inner::{closure#0}
[INFO] [stdout]    6:     0x622b3555a692 - std[617be2ca0a6fd877]::panicking::panic_with_hook
[INFO] [stdout]    7:     0x622b3553d422 - std[617be2ca0a6fd877]::panicking::panic_handler::{closure#0}
[INFO] [stdout]    8:     0x622b35535e89 - std[617be2ca0a6fd877]::sys::backtrace::__rust_end_short_backtrace::<std[617be2ca0a6fd877]::panicking::panic_handler::{closure#0}, !>
[INFO] [stdout]    9:     0x622b3553e02d - __rustc[ea4f61d10b84890b]::rust_begin_unwind
[INFO] [stdout]   10:     0x622b35579acc - core[a373ad73a504971]::panicking::panic_fmt
[INFO] [stdout]   11:     0x622b35405e24 - <sourmash[a48fe8240afb1c14]::manifest::Manifest as core[a373ad73a504971]::convert::From<&[camino[b047a51c7e09ad81]::Utf8PathBuf]>>::from::{closure#0}::{closure#0}
[INFO] [stdout]   12:     0x622b3540b8cb - <core[a373ad73a504971]::iter::adapters::flatten::FlatMap<core[a373ad73a504971]::slice::iter::Iter<camino[b047a51c7e09ad81]::Utf8PathBuf>, alloc[2e1b2a31b91974c5]::vec::Vec<sourmash[a48fe8240afb1c14]::manifest::Record>, <sourmash[a48fe8240afb1c14]::manifest::Manifest as core[a373ad73a504971]::convert::From<&[camino[b047a51c7e09ad81]::Utf8PathBuf]>>::from::{closure#0}> as core[a373ad73a504971]::iter::traits::iterator::Iterator>::next
[INFO] [stdout]   13:     0x622b35407f31 - <alloc[2e1b2a31b91974c5]::vec::Vec<sourmash[a48fe8240afb1c14]::manifest::Record> as alloc[2e1b2a31b91974c5]::vec::spec_from_iter_nested::SpecFromIterNested<sourmash[a48fe8240afb1c14]::manifest::Record, core[a373ad73a504971]::iter::adapters::flatten::FlatMap<core[a373ad73a504971]::slice::iter::Iter<camino[b047a51c7e09ad81]::Utf8PathBuf>, alloc[2e1b2a31b91974c5]::vec::Vec<sourmash[a48fe8240afb1c14]::manifest::Record>, <sourmash[a48fe8240afb1c14]::manifest::Manifest as core[a373ad73a504971]::convert::From<&[camino[b047a51c7e09ad81]::Utf8PathBuf]>>::from::{closure#0}>>>::from_iter
[INFO] [stdout]   14:     0x622b354291c1 - <sourmash[a48fe8240afb1c14]::manifest::Manifest as core[a373ad73a504971]::convert::From<&camino[b047a51c7e09ad81]::Utf8PathBuf>>::from
[INFO] [stdout]   15:     0x622b3542aa46 - <sourmash[a48fe8240afb1c14]::manifest::test::manifest_intersect::{closure#0} as core[a373ad73a504971]::ops::function::FnOnce<()>>::call_once
[INFO] [stdout]   16:     0x622b354d1f1b - test[aada8e7e76ba119b]::__rust_begin_short_backtrace::<core[a373ad73a504971]::result::Result<(), alloc[2e1b2a31b91974c5]::string::String>, fn() -> core[a373ad73a504971]::result::Result<(), alloc[2e1b2a31b91974c5]::string::String>>
[INFO] [stdout]   17:     0x622b354df0f5 - test[aada8e7e76ba119b]::run_test::{closure#0}
[INFO] [stdout]   18:     0x622b354d89e4 - std[617be2ca0a6fd877]::sys::backtrace::__rust_begin_short_backtrace::<test[aada8e7e76ba119b]::run_test::{closure#1}, ()>
[INFO] [stdout]   19:     0x622b354e2182 - <std[617be2ca0a6fd877]::thread::lifecycle::spawn_unchecked<test[aada8e7e76ba119b]::run_test::{closure#1}, ()>::{closure#1} as core[a373ad73a504971]::ops::function::FnOnce<()>>::call_once::{shim:vtable#0}
[INFO] [stdout]   20:     0x622b35561eff - <std[617be2ca0a6fd877]::sys::thread::unix::Thread>::new::thread_start
[INFO] [stdout]   21:     0x785d6493ddfa - <unknown>
[INFO] [stdout]   22:     0x785d649d13d4 - clone
[INFO] [stdout]   23:                0x0 - <unknown>
[INFO] [stdout] 
[INFO] [stdout] ---- signature::test::load_signature stdout ----
[INFO] [stdout] 
[INFO] [stdout] thread 'signature::test::load_signature' (3045) panicked at src/signature.rs:1064:41:
[INFO] [stdout] called `Result::unwrap()` on an `Err` value: Os { code: 2, kind: NotFound, message: "No such file or directory" }
[INFO] [stdout] stack backtrace:
[INFO] [stdout]    0:     0x622b355629e1 - <<std[617be2ca0a6fd877]::sys::backtrace::BacktraceLock>::print::DisplayBacktrace as core[a373ad73a504971]::fmt::Display>::fmt
[INFO] [stdout]    1:     0x622b3557939a - core[a373ad73a504971]::fmt::write
[INFO] [stdout]    2:     0x622b35566ebc - <alloc[2e1b2a31b91974c5]::vec::Vec<u8> as core[a373ad73a504971]::io::write::Write>::write_fmt
[INFO] [stdout]    3:     0x622b3553d376 - std[617be2ca0a6fd877]::panicking::default_hook::{closure#0}
[INFO] [stdout]    4:     0x622b3555a4d9 - std[617be2ca0a6fd877]::panicking::default_hook
[INFO] [stdout]    5:     0x622b354dead0 - test[aada8e7e76ba119b]::test_main_inner::{closure#0}
[INFO] [stdout]    6:     0x622b3555a692 - std[617be2ca0a6fd877]::panicking::panic_with_hook
[INFO] [stdout]    7:     0x622b3553d422 - std[617be2ca0a6fd877]::panicking::panic_handler::{closure#0}
[INFO] [stdout]    8:     0x622b35535e89 - std[617be2ca0a6fd877]::sys::backtrace::__rust_end_short_backtrace::<std[617be2ca0a6fd877]::panicking::panic_handler::{closure#0}, !>
[INFO] [stdout]    9:     0x622b3553e02d - __rustc[ea4f61d10b84890b]::rust_begin_unwind
[INFO] [stdout]   10:     0x622b35579acc - core[a373ad73a504971]::panicking::panic_fmt
[INFO] [stdout]   11:     0x622b355798a2 - core[a373ad73a504971]::result::unwrap_failed
[INFO] [stdout]   12:     0x622b35464a13 - <sourmash[a48fe8240afb1c14]::signature::test::load_signature::{closure#0} as core[a373ad73a504971]::ops::function::FnOnce<()>>::call_once
[INFO] [stdout]   13:     0x622b354d1f1b - test[aada8e7e76ba119b]::__rust_begin_short_backtrace::<core[a373ad73a504971]::result::Result<(), alloc[2e1b2a31b91974c5]::string::String>, fn() -> core[a373ad73a504971]::result::Result<(), alloc[2e1b2a31b91974c5]::string::String>>
[INFO] [stdout]   14:     0x622b354df0f5 - test[aada8e7e76ba119b]::run_test::{closure#0}
[INFO] [stdout]   15:     0x622b354d89e4 - std[617be2ca0a6fd877]::sys::backtrace::__rust_begin_short_backtrace::<test[aada8e7e76ba119b]::run_test::{closure#1}, ()>
[INFO] [stdout]   16:     0x622b354e2182 - <std[617be2ca0a6fd877]::thread::lifecycle::spawn_unchecked<test[aada8e7e76ba119b]::run_test::{closure#1}, ()>::{closure#1} as core[a373ad73a504971]::ops::function::FnOnce<()>>::call_once::{shim:vtable#0}
[INFO] [stdout]   17:     0x622b35561eff - <std[617be2ca0a6fd877]::sys::thread::unix::Thread>::new::thread_start
[INFO] [stdout]   18:     0x785d6493ddfa - <unknown>
[INFO] [stdout]   19:     0x785d649d13d4 - clone
[INFO] [stdout]   20:                0x0 - <unknown>
[INFO] [stdout] 
[INFO] [stdout] ---- signature::test::load_single_sketch_from_signature stdout ----
[INFO] [stdout] 
[INFO] [stdout] thread 'signature::test::load_single_sketch_from_signature' (3046) panicked at src/signature.rs:1295:41:
[INFO] [stdout] called `Result::unwrap()` on an `Err` value: Os { code: 2, kind: NotFound, message: "No such file or directory" }
[INFO] [stdout] stack backtrace:
[INFO] [stdout]    0:     0x622b355629e1 - <<std[617be2ca0a6fd877]::sys::backtrace::BacktraceLock>::print::DisplayBacktrace as core[a373ad73a504971]::fmt::Display>::fmt
[INFO] [stdout]    1:     0x622b3557939a - core[a373ad73a504971]::fmt::write
[INFO] [stdout]    2:     0x622b35566ebc - <alloc[2e1b2a31b91974c5]::vec::Vec<u8> as core[a373ad73a504971]::io::write::Write>::write_fmt
[INFO] [stdout]    3:     0x622b3553d376 - std[617be2ca0a6fd877]::panicking::default_hook::{closure#0}
[INFO] [stdout]    4:     0x622b3555a4d9 - std[617be2ca0a6fd877]::panicking::default_hook
[INFO] [stdout]    5:     0x622b354dead0 - test[aada8e7e76ba119b]::test_main_inner::{closure#0}
[INFO] [stdout]    6:     0x622b3555a692 - std[617be2ca0a6fd877]::panicking::panic_with_hook
[INFO] [stdout]    7:     0x622b3553d422 - std[617be2ca0a6fd877]::panicking::panic_handler::{closure#0}
[INFO] [stdout]    8:     0x622b35535e89 - std[617be2ca0a6fd877]::sys::backtrace::__rust_end_short_backtrace::<std[617be2ca0a6fd877]::panicking::panic_handler::{closure#0}, !>
[INFO] [stdout]    9:     0x622b3553e02d - __rustc[ea4f61d10b84890b]::rust_begin_unwind
[INFO] [stdout]   10:     0x622b35579acc - core[a373ad73a504971]::panicking::panic_fmt
[INFO] [stdout]   11:     0x622b355798a2 - core[a373ad73a504971]::result::unwrap_failed
[INFO] [stdout]   12:     0x622b3546d563 - <sourmash[a48fe8240afb1c14]::signature::test::load_single_sketch_from_signature::{closure#0} as core[a373ad73a504971]::ops::function::FnOnce<()>>::call_once
[INFO] [stdout]   13:     0x622b354d1f1b - test[aada8e7e76ba119b]::__rust_begin_short_backtrace::<core[a373ad73a504971]::result::Result<(), alloc[2e1b2a31b91974c5]::string::String>, fn() -> core[a373ad73a504971]::result::Result<(), alloc[2e1b2a31b91974c5]::string::String>>
[INFO] [stdout]   14:     0x622b354df0f5 - test[aada8e7e76ba119b]::run_test::{closure#0}
[INFO] [stdout]   15:     0x622b354d89e4 - std[617be2ca0a6fd877]::sys::backtrace::__rust_begin_short_backtrace::<test[aada8e7e76ba119b]::run_test::{closure#1}, ()>
[INFO] [stdout]   16:     0x622b354e2182 - <std[617be2ca0a6fd877]::thread::lifecycle::spawn_unchecked<test[aada8e7e76ba119b]::run_test::{closure#1}, ()>::{closure#1} as core[a373ad73a504971]::ops::function::FnOnce<()>>::call_once::{shim:vtable#0}
[INFO] [stdout]   17:     0x622b35561eff - <std[617be2ca0a6fd877]::sys::thread::unix::Thread>::new::thread_start
[INFO] [stdout]   18:     0x785d6493ddfa - <unknown>
[INFO] [stdout]   19:     0x785d649d13d4 - clone
[INFO] [stdout]   20:                0x0 - <unknown>
[INFO] [stdout] 
[INFO] [stdout] ---- signature::test::load_minhash_from_signature stdout ----
[INFO] [stdout] 
[INFO] [stdout] thread 'signature::test::load_minhash_from_signature' (3042) panicked at src/signature.rs:1279:41:
[INFO] [stdout] called `Result::unwrap()` on an `Err` value: Os { code: 2, kind: NotFound, message: "No such file or directory" }
[INFO] [stdout] stack backtrace:
[INFO] [stdout]    0:     0x622b355629e1 - <<std[617be2ca0a6fd877]::sys::backtrace::BacktraceLock>::print::DisplayBacktrace as core[a373ad73a504971]::fmt::Display>::fmt
[INFO] [stdout]    1:     0x622b3557939a - core[a373ad73a504971]::fmt::write
[INFO] [stdout]    2:     0x622b35566ebc - <alloc[2e1b2a31b91974c5]::vec::Vec<u8> as core[a373ad73a504971]::io::write::Write>::write_fmt
[INFO] [stdout]    3:     0x622b3553d376 - std[617be2ca0a6fd877]::panicking::default_hook::{closure#0}
[INFO] [stdout]    4:     0x622b3555a4d9 - std[617be2ca0a6fd877]::panicking::default_hook
[INFO] [stdout]    5:     0x622b354dead0 - test[aada8e7e76ba119b]::test_main_inner::{closure#0}
[INFO] [stdout]    6:     0x622b3555a692 - std[617be2ca0a6fd877]::panicking::panic_with_hook
[INFO] [stdout]    7:     0x622b3553d422 - std[617be2ca0a6fd877]::panicking::panic_handler::{closure#0}
[INFO] [stdout]    8:     0x622b35535e89 - std[617be2ca0a6fd877]::sys::backtrace::__rust_end_short_backtrace::<std[617be2ca0a6fd877]::panicking::panic_handler::{closure#0}, !>
[INFO] [stdout]    9:     0x622b3553e02d - __rustc[ea4f61d10b84890b]::rust_begin_unwind
[INFO] [stdout]   10:     0x622b35579acc - core[a373ad73a504971]::panicking::panic_fmt
[INFO] [stdout]   11:     0x622b355798a2 - core[a373ad73a504971]::result::unwrap_failed
[INFO] [stdout]   12:     0x622b35469c22 - <sourmash[a48fe8240afb1c14]::signature::test::load_minhash_from_signature::{closure#0} as core[a373ad73a504971]::ops::function::FnOnce<()>>::call_once
[INFO] [stdout]   13:     0x622b354d1f1b - test[aada8e7e76ba119b]::__rust_begin_short_backtrace::<core[a373ad73a504971]::result::Result<(), alloc[2e1b2a31b91974c5]::string::String>, fn() -> core[a373ad73a504971]::result::Result<(), alloc[2e1b2a31b91974c5]::string::String>>
[INFO] [stdout]   14:     0x622b354df0f5 - test[aada8e7e76ba119b]::run_test::{closure#0}
[INFO] [stdout]   15:     0x622b354d89e4 - std[617be2ca0a6fd877]::sys::backtrace::__rust_begin_short_backtrace::<test[aada8e7e76ba119b]::run_test::{closure#1}, ()>
[INFO] [stdout]   16:     0x622b354e2182 - <std[617be2ca0a6fd877]::thread::lifecycle::spawn_unchecked<test[aada8e7e76ba119b]::run_test::{closure#1}, ()>::{closure#1} as core[a373ad73a504971]::ops::function::FnOnce<()>>::call_once::{shim:vtable#0}
[INFO] [stdout]   17:     0x622b35561eff - <std[617be2ca0a6fd877]::sys::thread::unix::Thread>::new::thread_start
[INFO] [stdout]   18:     0x785d6493ddfa - <unknown>
[INFO] [stdout]   19:     0x785d649d13d4 - clone
[INFO] [stdout]   20:                0x0 - <unknown>
[INFO] [stdout] 
[INFO] [stdout] ---- signature::test::selection_protein stdout ----
[INFO] [stdout] 
[INFO] [stdout] thread 'signature::test::selection_protein' (3049) panicked at src/signature.rs:1394:41:
[INFO] [stdout] called `Result::unwrap()` on an `Err` value: Os { code: 2, kind: NotFound, message: "No such file or directory" }
[INFO] [stdout] stack backtrace:
[INFO] [stdout]    0:     0x622b355629e1 - <<std[617be2ca0a6fd877]::sys::backtrace::BacktraceLock>::print::DisplayBacktrace as core[a373ad73a504971]::fmt::Display>::fmt
[INFO] [stdout]    1:     0x622b3557939a - core[a373ad73a504971]::fmt::write
[INFO] [stdout]    2:     0x622b35566ebc - <alloc[2e1b2a31b91974c5]::vec::Vec<u8> as core[a373ad73a504971]::io::write::Write>::write_fmt
[INFO] [stdout]    3:     0x622b3553d376 - std[617be2ca0a6fd877]::panicking::default_hook::{closure#0}
[INFO] [stdout]    4:     0x622b3555a4d9 - std[617be2ca0a6fd877]::panicking::default_hook
[INFO] [stdout]    5:     0x622b354dead0 - test[aada8e7e76ba119b]::test_main_inner::{closure#0}
[INFO] [stdout]    6:     0x622b3555a692 - std[617be2ca0a6fd877]::panicking::panic_with_hook
[INFO] [stdout]    7:     0x622b3553d422 - std[617be2ca0a6fd877]::panicking::panic_handler::{closure#0}
[INFO] [stdout]    8:     0x622b35535e89 - std[617be2ca0a6fd877]::sys::backtrace::__rust_end_short_backtrace::<std[617be2ca0a6fd877]::panicking::panic_handler::{closure#0}, !>
[INFO] [stdout]    9:     0x622b3553e02d - __rustc[ea4f61d10b84890b]::rust_begin_unwind
[INFO] [stdout]   10:     0x622b35579acc - core[a373ad73a504971]::panicking::panic_fmt
[INFO] [stdout]   11:     0x622b355798a2 - core[a373ad73a504971]::result::unwrap_failed
[INFO] [stdout]   12:     0x622b3546547e - <sourmash[a48fe8240afb1c14]::signature::test::selection_protein::{closure#0} as core[a373ad73a504971]::ops::function::FnOnce<()>>::call_once
[INFO] [stdout]   13:     0x622b354d1f1b - test[aada8e7e76ba119b]::__rust_begin_short_backtrace::<core[a373ad73a504971]::result::Result<(), alloc[2e1b2a31b91974c5]::string::String>, fn() -> core[a373ad73a504971]::result::Result<(), alloc[2e1b2a31b91974c5]::string::String>>
[INFO] [stdout]   14:     0x622b354df0f5 - test[aada8e7e76ba119b]::run_test::{closure#0}
[INFO] [stdout]   15:     0x622b354d89e4 - std[617be2ca0a6fd877]::sys::backtrace::__rust_begin_short_backtrace::<test[aada8e7e76ba119b]::run_test::{closure#1}, ()>
[INFO] [stdout]   16:     0x622b354e2182 - <std[617be2ca0a6fd877]::thread::lifecycle::spawn_unchecked<test[aada8e7e76ba119b]::run_test::{closure#1}, ()>::{closure#1} as core[a373ad73a504971]::ops::function::FnOnce<()>>::call_once::{shim:vtable#0}
[INFO] [stdout]   17:     0x622b35561eff - <std[617be2ca0a6fd877]::sys::thread::unix::Thread>::new::thread_start
[INFO] [stdout]   18:     0x785d6493ddfa - <unknown>
[INFO] [stdout]   19:     0x785d649d13d4 - clone
[INFO] [stdout]   20:                0x0 - <unknown>
[INFO] [stdout] 
[INFO] [stdout] ---- signature::test::selection_protein2 stdout ----
[INFO] [stdout] 
[INFO] [stdout] thread 'signature::test::selection_protein2' (3050) panicked at src/signature.rs:1455:41:
[INFO] [stdout] called `Result::unwrap()` on an `Err` value: Os { code: 2, kind: NotFound, message: "No such file or directory" }
[INFO] [stdout] stack backtrace:
[INFO] [stdout]    0:     0x622b355629e1 - <<std[617be2ca0a6fd877]::sys::backtrace::BacktraceLock>::print::DisplayBacktrace as core[a373ad73a504971]::fmt::Display>::fmt
[INFO] [stdout]    1:     0x622b3557939a - core[a373ad73a504971]::fmt::write
[INFO] [stdout]    2:     0x622b35566ebc - <alloc[2e1b2a31b91974c5]::vec::Vec<u8> as core[a373ad73a504971]::io::write::Write>::write_fmt
[INFO] [stdout]    3:     0x622b3553d376 - std[617be2ca0a6fd877]::panicking::default_hook::{closure#0}
[INFO] [stdout]    4:     0x622b3555a4d9 - std[617be2ca0a6fd877]::panicking::default_hook
[INFO] [stdout]    5:     0x622b354dead0 - test[aada8e7e76ba119b]::test_main_inner::{closure#0}
[INFO] [stdout]    6:     0x622b3555a692 - std[617be2ca0a6fd877]::panicking::panic_with_hook
[INFO] [stdout]    7:     0x622b3553d422 - std[617be2ca0a6fd877]::panicking::panic_handler::{closure#0}
[INFO] [stdout]    8:     0x622b35535e89 - std[617be2ca0a6fd877]::sys::backtrace::__rust_end_short_backtrace::<std[617be2ca0a6fd877]::panicking::panic_handler::{closure#0}, !>
[INFO] [stdout]    9:     0x622b3553e02d - __rustc[ea4f61d10b84890b]::rust_begin_unwind
[INFO] [stdout]   10:     0x622b35579acc - core[a373ad73a504971]::panicking::panic_fmt
[INFO] [stdout]   11:     0x622b355798a2 - core[a373ad73a504971]::result::unwrap_failed
[INFO] [stdout]   12:     0x622b354659c3 - <sourmash[a48fe8240afb1c14]::signature::test::selection_protein2::{closure#0} as core[a373ad73a504971]::ops::function::FnOnce<()>>::call_once
[INFO] [stdout]   13:     0x622b354d1f1b - test[aada8e7e76ba119b]::__rust_begin_short_backtrace::<core[a373ad73a504971]::result::Result<(), alloc[2e1b2a31b91974c5]::string::String>, fn() -> core[a373ad73a504971]::result::Result<(), alloc[2e1b2a31b91974c5]::string::String>>
[INFO] [stdout]   14:     0x622b354df0f5 - test[aada8e7e76ba119b]::run_test::{closure#0}
[INFO] [stdout]   15:     0x622b354d89e4 - std[617be2ca0a6fd877]::sys::backtrace::__rust_begin_short_backtrace::<test[aada8e7e76ba119b]::run_test::{closure#1}, ()>
[INFO] [stdout]   16:     0x622b354e2182 - <std[617be2ca0a6fd877]::thread::lifecycle::spawn_unchecked<test[aada8e7e76ba119b]::run_test::{closure#1}, ()>::{closure#1} as core[a373ad73a504971]::ops::function::FnOnce<()>>::call_once::{shim:vtable#0}
[INFO] [stdout]   17:     0x622b35561eff - <std[617be2ca0a6fd877]::sys::thread::unix::Thread>::new::thread_start
[INFO] [stdout]   18:     0x785d6493ddfa - <unknown>
[INFO] [stdout]   19:     0x785d649d13d4 - clone
[INFO] [stdout]   20:                0x0 - <unknown>
[INFO] [stdout] 
[INFO] [stdout] ---- signature::test::load_sig stdout ----
[INFO] [stdout] 
[INFO] [stdout] thread 'signature::test::load_sig' (3044) panicked at src/signature.rs:1047:62:
[INFO] [stdout] called `Result::unwrap()` on an `Err` value: Os { code: 2, kind: NotFound, message: "No such file or directory" }
[INFO] [stdout] stack backtrace:
[INFO] [stdout]    0:     0x622b355629e1 - <<std[617be2ca0a6fd877]::sys::backtrace::BacktraceLock>::print::DisplayBacktrace as core[a373ad73a504971]::fmt::Display>::fmt
[INFO] [stdout]    1:     0x622b3557939a - core[a373ad73a504971]::fmt::write
[INFO] [stdout]    2:     0x622b35566ebc - <alloc[2e1b2a31b91974c5]::vec::Vec<u8> as core[a373ad73a504971]::io::write::Write>::write_fmt
[INFO] [stdout]    3:     0x622b3553d376 - std[617be2ca0a6fd877]::panicking::default_hook::{closure#0}
[INFO] [stdout]    4:     0x622b3555a4d9 - std[617be2ca0a6fd877]::panicking::default_hook
[INFO] [stdout]    5:     0x622b354dead0 - test[aada8e7e76ba119b]::test_main_inner::{closure#0}
[INFO] [stdout]    6:     0x622b3555a692 - std[617be2ca0a6fd877]::panicking::panic_with_hook
[INFO] [stdout]    7:     0x622b3553d422 - std[617be2ca0a6fd877]::panicking::panic_handler::{closure#0}
[INFO] [stdout]    8:     0x622b35535e89 - std[617be2ca0a6fd877]::sys::backtrace::__rust_end_short_backtrace::<std[617be2ca0a6fd877]::panicking::panic_handler::{closure#0}, !>
[INFO] [stdout]    9:     0x622b3553e02d - __rustc[ea4f61d10b84890b]::rust_begin_unwind
[INFO] [stdout]   10:     0x622b35579acc - core[a373ad73a504971]::panicking::panic_fmt
[INFO] [stdout]   11:     0x622b355798a2 - core[a373ad73a504971]::result::unwrap_failed
[INFO] [stdout]   12:     0x622b3546fefd - <sourmash[a48fe8240afb1c14]::signature::test::load_sig::{closure#0} as core[a373ad73a504971]::ops::function::FnOnce<()>>::call_once
[INFO] [stdout]   13:     0x622b354d1f1b - test[aada8e7e76ba119b]::__rust_begin_short_backtrace::<core[a373ad73a504971]::result::Result<(), alloc[2e1b2a31b91974c5]::string::String>, fn() -> core[a373ad73a504971]::result::Result<(), alloc[2e1b2a31b91974c5]::string::String>>
[INFO] [stdout]   14:     0x622b354df0f5 - test[aada8e7e76ba119b]::run_test::{closure#0}
[INFO] [stdout]   15:     0x622b354d89e4 - std[617be2ca0a6fd877]::sys::backtrace::__rust_begin_short_backtrace::<test[aada8e7e76ba119b]::run_test::{closure#1}, ()>
[INFO] [stdout]   16:     0x622b354e2182 - <std[617be2ca0a6fd877]::thread::lifecycle::spawn_unchecked<test[aada8e7e76ba119b]::run_test::{closure#1}, ()>::{closure#1} as core[a373ad73a504971]::ops::function::FnOnce<()>>::call_once::{shim:vtable#0}
[INFO] [stdout]   17:     0x622b35561eff - <std[617be2ca0a6fd877]::sys::thread::unix::Thread>::new::thread_start
[INFO] [stdout]   18:     0x785d6493ddfa - <unknown>
[INFO] [stdout]   19:     0x785d649d13d4 - clone
[INFO] [stdout]   20:                0x0 - <unknown>
[INFO] [stdout] 
[INFO] [stdout] ---- signature::test::selection_with_downsample stdout ----
[INFO] [stdout] 
[INFO] [stdout] thread 'signature::test::selection_with_downsample' (3052) panicked at src/signature.rs:1368:41:
[INFO] [stdout] called `Result::unwrap()` on an `Err` value: Os { code: 2, kind: NotFound, message: "No such file or directory" }
[INFO] [stdout] stack backtrace:
[INFO] [stdout]    0:     0x622b355629e1 - <<std[617be2ca0a6fd877]::sys::backtrace::BacktraceLock>::print::DisplayBacktrace as core[a373ad73a504971]::fmt::Display>::fmt
[INFO] [stdout]    1:     0x622b3557939a - core[a373ad73a504971]::fmt::write
[INFO] [stdout]    2:     0x622b35566ebc - <alloc[2e1b2a31b91974c5]::vec::Vec<u8> as core[a373ad73a504971]::io::write::Write>::write_fmt
[INFO] [stdout]    3:     0x622b3553d376 - std[617be2ca0a6fd877]::panicking::default_hook::{closure#0}
[INFO] [stdout]    4:     0x622b3555a4d9 - std[617be2ca0a6fd877]::panicking::default_hook
[INFO] [stdout]    5:     0x622b354dead0 - test[aada8e7e76ba119b]::test_main_inner::{closure#0}
[INFO] [stdout]    6:     0x622b3555a692 - std[617be2ca0a6fd877]::panicking::panic_with_hook
[INFO] [stdout]    7:     0x622b3553d422 - std[617be2ca0a6fd877]::panicking::panic_handler::{closure#0}
[INFO] [stdout]    8:     0x622b35535e89 - std[617be2ca0a6fd877]::sys::backtrace::__rust_end_short_backtrace::<std[617be2ca0a6fd877]::panicking::panic_handler::{closure#0}, !>
[INFO] [stdout]    9:     0x622b3553e02d - __rustc[ea4f61d10b84890b]::rust_begin_unwind
[INFO] [stdout]   10:     0x622b35579acc - core[a373ad73a504971]::panicking::panic_fmt
[INFO] [stdout]   11:     0x622b355798a2 - core[a373ad73a504971]::result::unwrap_failed
[INFO] [stdout]   12:     0x622b35468196 - <sourmash[a48fe8240afb1c14]::signature::test::selection_with_downsample::{closure#0} as core[a373ad73a504971]::ops::function::FnOnce<()>>::call_once
[INFO] [stdout]   13:     0x622b354d1f1b - test[aada8e7e76ba119b]::__rust_begin_short_backtrace::<core[a373ad73a504971]::result::Result<(), alloc[2e1b2a31b91974c5]::string::String>, fn() -> core[a373ad73a504971]::result::Result<(), alloc[2e1b2a31b91974c5]::string::String>>
[INFO] [stdout]   14:     0x622b354df0f5 - test[aada8e7e76ba119b]::run_test::{closure#0}
[INFO] [stdout]   15:     0x622b354d89e4 - std[617be2ca0a6fd877]::sys::backtrace::__rust_begin_short_backtrace::<test[aada8e7e76ba119b]::run_test::{closure#1}, ()>
[INFO] [stdout]   16:     0x622b354e2182 - <std[617be2ca0a6fd877]::thread::lifecycle::spawn_unchecked<test[aada8e7e76ba119b]::run_test::{closure#1}, ()>::{closure#1} as core[a373ad73a504971]::ops::function::FnOnce<()>>::call_once::{shim:vtable#0}
[INFO] [stdout]   17:     0x622b35561eff - <std[617be2ca0a6fd877]::sys::thread::unix::Thread>::new::thread_start
[INFO] [stdout]   18:     0x785d6493ddfa - <unknown>
[INFO] [stdout]   19:     0x785d649d13d4 - clone
[INFO] [stdout]   20:                0x0 - <unknown>
[INFO] [stdout] 
[INFO] [stdout] ---- signature::test::selection_hp stdout ----
[INFO] [stdout] 
[INFO] [stdout] thread 'signature::test::selection_hp' (3048) panicked at src/signature.rs:1434:41:
[INFO] [stdout] called `Result::unwrap()` on an `Err` value: Os { code: 2, kind: NotFound, message: "No such file or directory" }
[INFO] [stdout] stack backtrace:
[INFO] [stdout]    0:     0x622b355629e1 - <<std[617be2ca0a6fd877]::sys::backtrace::BacktraceLock>::print::DisplayBacktrace as core[a373ad73a504971]::fmt::Display>::fmt
[INFO] [stdout]    1:     0x622b3557939a - core[a373ad73a504971]::fmt::write
[INFO] [stdout]    2:     0x622b35566ebc - <alloc[2e1b2a31b91974c5]::vec::Vec<u8> as core[a373ad73a504971]::io::write::Write>::write_fmt
[INFO] [stdout]    3:     0x622b3553d376 - std[617be2ca0a6fd877]::panicking::default_hook::{closure#0}
[INFO] [stdout]    4:     0x622b3555a4d9 - std[617be2ca0a6fd877]::panicking::default_hook
[INFO] [stdout]    5:     0x622b354dead0 - test[aada8e7e76ba119b]::test_main_inner::{closure#0}
[INFO] [stdout]    6:     0x622b3555a692 - std[617be2ca0a6fd877]::panicking::panic_with_hook
[INFO] [stdout]    7:     0x622b3553d422 - std[617be2ca0a6fd877]::panicking::panic_handler::{closure#0}
[INFO] [stdout]    8:     0x622b35535e89 - std[617be2ca0a6fd877]::sys::backtrace::__rust_end_short_backtrace::<std[617be2ca0a6fd877]::panicking::panic_handler::{closure#0}, !>
[INFO] [stdout]    9:     0x622b3553e02d - __rustc[ea4f61d10b84890b]::rust_begin_unwind
[INFO] [stdout]   10:     0x622b35579acc - core[a373ad73a504971]::panicking::panic_fmt
[INFO] [stdout]   11:     0x622b355798a2 - core[a373ad73a504971]::result::unwrap_failed
[INFO] [stdout]   12:     0x622b3546444e - <sourmash[a48fe8240afb1c14]::signature::test::selection_hp::{closure#0} as core[a373ad73a504971]::ops::function::FnOnce<()>>::call_once
[INFO] [stdout]   13:     0x622b354d1f1b - test[aada8e7e76ba119b]::__rust_begin_short_backtrace::<core[a373ad73a504971]::result::Result<(), alloc[2e1b2a31b91974c5]::string::String>, fn() -> core[a373ad73a504971]::result::Result<(), alloc[2e1b2a31b91974c5]::string::String>>
[INFO] [stdout]   14:     0x622b354df0f5 - test[aada8e7e76ba119b]::run_test::{closure#0}
[INFO] [stdout]   15:     0x622b354d89e4 - std[617be2ca0a6fd877]::sys::backtrace::__rust_begin_short_backtrace::<test[aada8e7e76ba119b]::run_test::{closure#1}, ()>
[INFO] [stdout]   16:     0x622b354e2182 - <std[617be2ca0a6fd877]::thread::lifecycle::spawn_unchecked<test[aada8e7e76ba119b]::run_test::{closure#1}, ()>::{closure#1} as core[a373ad73a504971]::ops::function::FnOnce<()>>::call_once::{shim:vtable#0}
[INFO] [stdout]   17:     0x622b35561eff - <std[617be2ca0a6fd877]::sys::thread::unix::Thread>::new::thread_start
[INFO] [stdout]   18:     0x785d6493ddfa - <unknown>
[INFO] [stdout]   19:     0x785d649d13d4 - clone
[INFO] [stdout]   20:                0x0 - <unknown>
[INFO] [stdout] 
[INFO] [stdout] ---- signature::test::selection_dayhoff stdout ----
[INFO] [stdout] 
[INFO] [stdout] thread 'signature::test::selection_dayhoff' (3047) panicked at src/signature.rs:1414:41:
[INFO] [stdout] called `Result::unwrap()` on an `Err` value: Os { code: 2, kind: NotFound, message: "No such file or directory" }
[INFO] [stdout] stack backtrace:
[INFO] [stdout]    0:     0x622b355629e1 - <<std[617be2ca0a6fd877]::sys::backtrace::BacktraceLock>::print::DisplayBacktrace as core[a373ad73a504971]::fmt::Display>::fmt
[INFO] [stdout]    1:     0x622b3557939a - core[a373ad73a504971]::fmt::write
[INFO] [stdout]    2:     0x622b35566ebc - <alloc[2e1b2a31b91974c5]::vec::Vec<u8> as core[a373ad73a504971]::io::write::Write>::write_fmt
[INFO] [stdout]    3:     0x622b3553d376 - std[617be2ca0a6fd877]::panicking::default_hook::{closure#0}
[INFO] [stdout]    4:     0x622b3555a4d9 - std[617be2ca0a6fd877]::panicking::default_hook
[INFO] [stdout]    5:     0x622b354dead0 - test[aada8e7e76ba119b]::test_main_inner::{closure#0}
[INFO] [stdout]    6:     0x622b3555a692 - std[617be2ca0a6fd877]::panicking::panic_with_hook
[INFO] [stdout]    7:     0x622b3553d422 - std[617be2ca0a6fd877]::panicking::panic_handler::{closure#0}
[INFO] [stdout]    8:     0x622b35535e89 - std[617be2ca0a6fd877]::sys::backtrace::__rust_end_short_backtrace::<std[617be2ca0a6fd877]::panicking::panic_handler::{closure#0}, !>
[INFO] [stdout]    9:     0x622b3553e02d - __rustc[ea4f61d10b84890b]::rust_begin_unwind
[INFO] [stdout]   10:     0x622b35579acc - core[a373ad73a504971]::panicking::panic_fmt
[INFO] [stdout]   11:     0x622b355798a2 - core[a373ad73a504971]::result::unwrap_failed
[INFO] [stdout]   12:     0x622b35464f1e - <sourmash[a48fe8240afb1c14]::signature::test::selection_dayhoff::{closure#0} as core[a373ad73a504971]::ops::function::FnOnce<()>>::call_once
[INFO] [stdout]   13:     0x622b354d1f1b - test[aada8e7e76ba119b]::__rust_begin_short_backtrace::<core[a373ad73a504971]::result::Result<(), alloc[2e1b2a31b91974c5]::string::String>, fn() -> core[a373ad73a504971]::result::Result<(), alloc[2e1b2a31b91974c5]::string::String>>
[INFO] [stdout]   14:     0x622b354df0f5 - test[aada8e7e76ba119b]::run_test::{closure#0}
[INFO] [stdout]   15:     0x622b354d89e4 - std[617be2ca0a6fd877]::sys::backtrace::__rust_begin_short_backtrace::<test[aada8e7e76ba119b]::run_test::{closure#1}, ()>
[INFO] [stdout]   16:     0x622b354e2182 - <std[617be2ca0a6fd877]::thread::lifecycle::spawn_unchecked<test[aada8e7e76ba119b]::run_test::{closure#1}, ()>::{closure#1} as core[a373ad73a504971]::ops::function::FnOnce<()>>::call_once::{shim:vtable#0}
[INFO] [stdout]   17:     0x622b35561eff - <std[617be2ca0a6fd877]::sys::thread::unix::Thread>::new::thread_start
[INFO] [stdout]   18:     0x785d6493ddfa - <unknown>
[INFO] [stdout]   19:     0x785d649d13d4 - clone
[INFO] [stdout]   20:                0x0 - <unknown>
[INFO] [stdout] 
[INFO] [stdout] ---- manifest::test::manifest_to_writer_bools stdout ----
[INFO] [stdout] 
[INFO] [stdout] thread 'manifest::test::manifest_to_writer_bools' (3039) panicked at src/manifest.rs:354:41:
[INFO] [stdout] Error processing "/opt/rustwide/workdir/../../tests/test-data/47.fa.sig"
[INFO] [stdout] stack backtrace:
[INFO] [stdout]    0:     0x622b355629e1 - <<std[617be2ca0a6fd877]::sys::backtrace::BacktraceLock>::print::DisplayBacktrace as core[a373ad73a504971]::fmt::Display>::fmt
[INFO] [stdout]    1:     0x622b3557939a - core[a373ad73a504971]::fmt::write
[INFO] [stdout]    2:     0x622b35566ebc - <alloc[2e1b2a31b91974c5]::vec::Vec<u8> as core[a373ad73a504971]::io::write::Write>::write_fmt
[INFO] [stdout]    3:     0x622b3553d376 - std[617be2ca0a6fd877]::panicking::default_hook::{closure#0}
[INFO] [stderr] error: test failed, to rerun pass `--lib`
[INFO] [stdout]    4:     0x622b3555a4d9 - std[617be2ca0a6fd877]::panicking::default_hook
[INFO] [stdout]    5:     0x622b354dead0 - test[aada8e7e76ba119b]::test_main_inner::{closure#0}
[INFO] [stdout]    6:     0x622b3555a692 - std[617be2ca0a6fd877]::panicking::panic_with_hook
[INFO] [stdout]    7:     0x622b3553d422 - std[617be2ca0a6fd877]::panicking::panic_handler::{closure#0}
[INFO] [stdout]    8:     0x622b35535e89 - std[617be2ca0a6fd877]::sys::backtrace::__rust_end_short_backtrace::<std[617be2ca0a6fd877]::panicking::panic_handler::{closure#0}, !>
[INFO] [stdout]    9:     0x622b3553e02d - __rustc[ea4f61d10b84890b]::rust_begin_unwind
[INFO] [stdout]   10:     0x622b35579acc - core[a373ad73a504971]::panicking::panic_fmt
[INFO] [stdout]   11:     0x622b35405e24 - <sourmash[a48fe8240afb1c14]::manifest::Manifest as core[a373ad73a504971]::convert::From<&[camino[b047a51c7e09ad81]::Utf8PathBuf]>>::from::{closure#0}::{closure#0}
[INFO] [stdout]   12:     0x622b3540b8cb - <core[a373ad73a504971]::iter::adapters::flatten::FlatMap<core[a373ad73a504971]::slice::iter::Iter<camino[b047a51c7e09ad81]::Utf8PathBuf>, alloc[2e1b2a31b91974c5]::vec::Vec<sourmash[a48fe8240afb1c14]::manifest::Record>, <sourmash[a48fe8240afb1c14]::manifest::Manifest as core[a373ad73a504971]::convert::From<&[camino[b047a51c7e09ad81]::Utf8PathBuf]>>::from::{closure#0}> as core[a373ad73a504971]::iter::traits::iterator::Iterator>::next
[INFO] [stdout]   13:     0x622b35407f31 - <alloc[2e1b2a31b91974c5]::vec::Vec<sourmash[a48fe8240afb1c14]::manifest::Record> as alloc[2e1b2a31b91974c5]::vec::spec_from_iter_nested::SpecFromIterNested<sourmash[a48fe8240afb1c14]::manifest::Record, core[a373ad73a504971]::iter::adapters::flatten::FlatMap<core[a373ad73a504971]::slice::iter::Iter<camino[b047a51c7e09ad81]::Utf8PathBuf>, alloc[2e1b2a31b91974c5]::vec::Vec<sourmash[a48fe8240afb1c14]::manifest::Record>, <sourmash[a48fe8240afb1c14]::manifest::Manifest as core[a373ad73a504971]::convert::From<&[camino[b047a51c7e09ad81]::Utf8PathBuf]>>::from::{closure#0}>>>::from_iter
[INFO] [stdout]   14:     0x622b3542c75b - <sourmash[a48fe8240afb1c14]::manifest::test::manifest_to_writer_bools::{closure#0} as core[a373ad73a504971]::ops::function::FnOnce<()>>::call_once
[INFO] [stdout]   15:     0x622b354d1f1b - test[aada8e7e76ba119b]::__rust_begin_short_backtrace::<core[a373ad73a504971]::result::Result<(), alloc[2e1b2a31b91974c5]::string::String>, fn() -> core[a373ad73a504971]::result::Result<(), alloc[2e1b2a31b91974c5]::string::String>>
[INFO] [stdout]   16:     0x622b354df0f5 - test[aada8e7e76ba119b]::run_test::{closure#0}
[INFO] [stdout]   17:     0x622b354d89e4 - std[617be2ca0a6fd877]::sys::backtrace::__rust_begin_short_backtrace::<test[aada8e7e76ba119b]::run_test::{closure#1}, ()>
[INFO] [stdout]   18:     0x622b354e2182 - <std[617be2ca0a6fd877]::thread::lifecycle::spawn_unchecked<test[aada8e7e76ba119b]::run_test::{closure#1}, ()>::{closure#1} as core[a373ad73a504971]::ops::function::FnOnce<()>>::call_once::{shim:vtable#0}
[INFO] [stdout]   19:     0x622b35561eff - <std[617be2ca0a6fd877]::sys::thread::unix::Thread>::new::thread_start
[INFO] [stdout]   20:     0x785d6493ddfa - <unknown>
[INFO] [stdout]   21:     0x785d649d13d4 - clone
[INFO] [stdout]   22:                0x0 - <unknown>
[INFO] [stdout] 
[INFO] [stdout] ---- signature::test::selection_scaled_too_low stdout ----
[INFO] [stdout] 
[INFO] [stdout] thread 'signature::test::selection_scaled_too_low' (3051) panicked at src/signature.rs:1473:41:
[INFO] [stdout] called `Result::unwrap()` on an `Err` value: Os { code: 2, kind: NotFound, message: "No such file or directory" }
[INFO] [stdout] stack backtrace:
[INFO] [stdout]    0:     0x622b355629e1 - <<std[617be2ca0a6fd877]::sys::backtrace::BacktraceLock>::print::DisplayBacktrace as core[a373ad73a504971]::fmt::Display>::fmt
[INFO] [stdout]    1:     0x622b3557939a - core[a373ad73a504971]::fmt::write
[INFO] [stdout]    2:     0x622b35566ebc - <alloc[2e1b2a31b91974c5]::vec::Vec<u8> as core[a373ad73a504971]::io::write::Write>::write_fmt
[INFO] [stdout]    3:     0x622b3553d376 - std[617be2ca0a6fd877]::panicking::default_hook::{closure#0}
[INFO] [stdout]    4:     0x622b3555a4d9 - std[617be2ca0a6fd877]::panicking::default_hook
[INFO] [stdout]    5:     0x622b354dead0 - test[aada8e7e76ba119b]::test_main_inner::{closure#0}
[INFO] [stdout]    6:     0x622b3555a692 - std[617be2ca0a6fd877]::panicking::panic_with_hook
[INFO] [stdout]    7:     0x622b3553d422 - std[617be2ca0a6fd877]::panicking::panic_handler::{closure#0}
[INFO] [stdout]    8:     0x622b35535e89 - std[617be2ca0a6fd877]::sys::backtrace::__rust_end_short_backtrace::<std[617be2ca0a6fd877]::panicking::panic_handler::{closure#0}, !>
[INFO] [stdout]    9:     0x622b3553e02d - __rustc[ea4f61d10b84890b]::rust_begin_unwind
[INFO] [stdout]   10:     0x622b35579acc - core[a373ad73a504971]::panicking::panic_fmt
[INFO] [stdout]   11:     0x622b355798a2 - core[a373ad73a504971]::result::unwrap_failed
[INFO] [stdout]   12:     0x622b354675ef - <sourmash[a48fe8240afb1c14]::signature::test::selection_scaled_too_low::{closure#0} as core[a373ad73a504971]::ops::function::FnOnce<()>>::call_once
[INFO] [stdout]   13:     0x622b354d1f1b - test[aada8e7e76ba119b]::__rust_begin_short_backtrace::<core[a373ad73a504971]::result::Result<(), alloc[2e1b2a31b91974c5]::string::String>, fn() -> core[a373ad73a504971]::result::Result<(), alloc[2e1b2a31b91974c5]::string::String>>
[INFO] [stdout]   14:     0x622b354df0f5 - test[aada8e7e76ba119b]::run_test::{closure#0}
[INFO] [stdout]   15:     0x622b354d89e4 - std[617be2ca0a6fd877]::sys::backtrace::__rust_begin_short_backtrace::<test[aada8e7e76ba119b]::run_test::{closure#1}, ()>
[INFO] [stdout]   16:     0x622b354e2182 - <std[617be2ca0a6fd877]::thread::lifecycle::spawn_unchecked<test[aada8e7e76ba119b]::run_test::{closure#1}, ()>::{closure#1} as core[a373ad73a504971]::ops::function::FnOnce<()>>::call_once::{shim:vtable#0}
[INFO] [stdout]   17:     0x622b35561eff - <std[617be2ca0a6fd877]::sys::thread::unix::Thread>::new::thread_start
[INFO] [stdout]   18:     0x785d6493ddfa - <unknown>
[INFO] [stdout]   19:     0x785d649d13d4 - clone
[INFO] [stdout]   20:                0x0 - <unknown>
[INFO] [stdout] 
[INFO] [stdout] ---- signature::test::signature_add_sequence_cp stdout ----
[INFO] [stdout] 
[INFO] [stdout] thread 'signature::test::signature_add_sequence_cp' (3054) panicked at src/signature.rs:1259:73:
[INFO] [stdout] called `Result::unwrap()` on an `Err` value: Os { code: 2, kind: NotFound, message: "No such file or directory" }
[INFO] [stdout] stack backtrace:
[INFO] [stdout]    0:     0x622b355629e1 - <<std[617be2ca0a6fd877]::sys::backtrace::BacktraceLock>::print::DisplayBacktrace as core[a373ad73a504971]::fmt::Display>::fmt
[INFO] [stdout]    1:     0x622b3557939a - core[a373ad73a504971]::fmt::write
[INFO] [stdout]    2:     0x622b35566ebc - <alloc[2e1b2a31b91974c5]::vec::Vec<u8> as core[a373ad73a504971]::io::write::Write>::write_fmt
[INFO] [stdout]    3:     0x622b3553d376 - std[617be2ca0a6fd877]::panicking::default_hook::{closure#0}
[INFO] [stdout]    4:     0x622b3555a4d9 - std[617be2ca0a6fd877]::panicking::default_hook
[INFO] [stdout]    5:     0x622b354dead0 - test[aada8e7e76ba119b]::test_main_inner::{closure#0}
[INFO] [stdout]    6:     0x622b3555a692 - std[617be2ca0a6fd877]::panicking::panic_with_hook
[INFO] [stdout]    7:     0x622b3553d422 - std[617be2ca0a6fd877]::panicking::panic_handler::{closure#0}
[INFO] [stdout]    8:     0x622b35535e89 - std[617be2ca0a6fd877]::sys::backtrace::__rust_end_short_backtrace::<std[617be2ca0a6fd877]::panicking::panic_handler::{closure#0}, !>
[INFO] [stdout]    9:     0x622b3553e02d - __rustc[ea4f61d10b84890b]::rust_begin_unwind
[INFO] [stdout]   10:     0x622b35579acc - core[a373ad73a504971]::panicking::panic_fmt
[INFO] [stdout]   11:     0x622b355798a2 - core[a373ad73a504971]::result::unwrap_failed
[INFO] [stdout]   12:     0x622b35468c24 - <sourmash[a48fe8240afb1c14]::signature::test::signature_add_sequence_cp::{closure#0} as core[a373ad73a504971]::ops::function::FnOnce<()>>::call_once
[INFO] [stdout]   13:     0x622b354d1f1b - test[aada8e7e76ba119b]::__rust_begin_short_backtrace::<core[a373ad73a504971]::result::Result<(), alloc[2e1b2a31b91974c5]::string::String>, fn() -> core[a373ad73a504971]::result::Result<(), alloc[2e1b2a31b91974c5]::string::String>>
[INFO] [stdout]   14:     0x622b354df0f5 - test[aada8e7e76ba119b]::run_test::{closure#0}
[INFO] [stdout]   15:     0x622b354d89e4 - std[617be2ca0a6fd877]::sys::backtrace::__rust_begin_short_backtrace::<test[aada8e7e76ba119b]::run_test::{closure#1}, ()>
[INFO] [stdout]   16:     0x622b354e2182 - <std[617be2ca0a6fd877]::thread::lifecycle::spawn_unchecked<test[aada8e7e76ba119b]::run_test::{closure#1}, ()>::{closure#1} as core[a373ad73a504971]::ops::function::FnOnce<()>>::call_once::{shim:vtable#0}
[INFO] [stdout]   17:     0x622b35561eff - <std[617be2ca0a6fd877]::sys::thread::unix::Thread>::new::thread_start
[INFO] [stdout]   18:     0x785d6493ddfa - <unknown>
[INFO] [stdout]   19:     0x785d649d13d4 - clone
[INFO] [stdout]   20:                0x0 - <unknown>
[INFO] [stdout] 
[INFO] [stdout] ---- sketch::nodegraph::test::update_nodegraph stdout ----
[INFO] [stdout] 
[INFO] [stdout] thread 'sketch::nodegraph::test::update_nodegraph' (3104) panicked at src/sketch/nodegraph.rs:536:67:
[INFO] [stdout] Loading error: IOError(Os { code: 2, kind: NotFound, message: "No such file or directory" })
[INFO] [stdout] stack backtrace:
[INFO] [stdout]    0:     0x622b355629e1 - <<std[617be2ca0a6fd877]::sys::backtrace::BacktraceLock>::print::DisplayBacktrace as core[a373ad73a504971]::fmt::Display>::fmt
[INFO] [stdout]    1:     0x622b3557939a - core[a373ad73a504971]::fmt::write
[INFO] [stdout]    2:     0x622b35566ebc - <alloc[2e1b2a31b91974c5]::vec::Vec<u8> as core[a373ad73a504971]::io::write::Write>::write_fmt
[INFO] [stdout]    3:     0x622b3553d376 - std[617be2ca0a6fd877]::panicking::default_hook::{closure#0}
[INFO] [stdout]    4:     0x622b3555a4d9 - std[617be2ca0a6fd877]::panicking::default_hook
[INFO] [stdout]    5:     0x622b354dead0 - test[aada8e7e76ba119b]::test_main_inner::{closure#0}
[INFO] [stdout]    6:     0x622b3555a692 - std[617be2ca0a6fd877]::panicking::panic_with_hook
[INFO] [stdout]    7:     0x622b3553d422 - std[617be2ca0a6fd877]::panicking::panic_handler::{closure#0}
[INFO] [stdout]    8:     0x622b35535e89 - std[617be2ca0a6fd877]::sys::backtrace::__rust_end_short_backtrace::<std[617be2ca0a6fd877]::panicking::panic_handler::{closure#0}, !>
[INFO] [stdout]    9:     0x622b3553e02d - __rustc[ea4f61d10b84890b]::rust_begin_unwind
[INFO] [stdout]   10:     0x622b35579acc - core[a373ad73a504971]::panicking::panic_fmt
[INFO] [stdout]   11:     0x622b355798a2 - core[a373ad73a504971]::result::unwrap_failed
[INFO] [stdout]   12:     0x622b354479ac - <sourmash[a48fe8240afb1c14]::sketch::nodegraph::test::update_nodegraph::{closure#0} as core[a373ad73a504971]::ops::function::FnOnce<()>>::call_once
[INFO] [stdout]   13:     0x622b354d1f1b - test[aada8e7e76ba119b]::__rust_begin_short_backtrace::<core[a373ad73a504971]::result::Result<(), alloc[2e1b2a31b91974c5]::string::String>, fn() -> core[a373ad73a504971]::result::Result<(), alloc[2e1b2a31b91974c5]::string::String>>
[INFO] [stdout]   14:     0x622b354df0f5 - test[aada8e7e76ba119b]::run_test::{closure#0}
[INFO] [stdout]   15:     0x622b354d89e4 - std[617be2ca0a6fd877]::sys::backtrace::__rust_begin_short_backtrace::<test[aada8e7e76ba119b]::run_test::{closure#1}, ()>
[INFO] [stdout]   16:     0x622b354e2182 - <std[617be2ca0a6fd877]::thread::lifecycle::spawn_unchecked<test[aada8e7e76ba119b]::run_test::{closure#1}, ()>::{closure#1} as core[a373ad73a504971]::ops::function::FnOnce<()>>::call_once::{shim:vtable#0}
[INFO] [stdout]   17:     0x622b35561eff - <std[617be2ca0a6fd877]::sys::thread::unix::Thread>::new::thread_start
[INFO] [stdout]   18:     0x785d6493ddfa - <unknown>
[INFO] [stdout]   19:     0x785d649d13d4 - clone
[INFO] [stdout]   20:                0x0 - <unknown>
[INFO] [stdout] 
[INFO] [stdout] ---- sketch::hyperloglog::test::hll_joint_mle stdout ----
[INFO] [stdout] 
[INFO] [stdout] thread 'sketch::hyperloglog::test::hll_joint_mle' (3091) panicked at src/sketch/hyperloglog/mod.rs:318:60:
[INFO] [stdout] called `Result::unwrap()` on an `Err` value: IOError(Os { code: 2, kind: NotFound, message: "No such file or directory" })
[INFO] [stdout] stack backtrace:
[INFO] [stdout]    0:     0x622b355629e1 - <<std[617be2ca0a6fd877]::sys::backtrace::BacktraceLock>::print::DisplayBacktrace as core[a373ad73a504971]::fmt::Display>::fmt
[INFO] [stdout]    1:     0x622b3557939a - core[a373ad73a504971]::fmt::write
[INFO] [stdout]    2:     0x622b35566ebc - <alloc[2e1b2a31b91974c5]::vec::Vec<u8> as core[a373ad73a504971]::io::write::Write>::write_fmt
[INFO] [stdout]    3:     0x622b3553d376 - std[617be2ca0a6fd877]::panicking::default_hook::{closure#0}
[INFO] [stdout]    4:     0x622b3555a4d9 - std[617be2ca0a6fd877]::panicking::default_hook
[INFO] [stdout]    5:     0x622b354dead0 - test[aada8e7e76ba119b]::test_main_inner::{closure#0}
[INFO] [stdout]    6:     0x622b3555a692 - std[617be2ca0a6fd877]::panicking::panic_with_hook
[INFO] [stdout]    7:     0x622b3553d422 - std[617be2ca0a6fd877]::panicking::panic_handler::{closure#0}
[INFO] [stdout]    8:     0x622b35535e89 - std[617be2ca0a6fd877]::sys::backtrace::__rust_end_short_backtrace::<std[617be2ca0a6fd877]::panicking::panic_handler::{closure#0}, !>
[INFO] [stdout]    9:     0x622b3553e02d - __rustc[ea4f61d10b84890b]::rust_begin_unwind
[INFO] [stdout]   10:     0x622b35579acc - core[a373ad73a504971]::panicking::panic_fmt
[INFO] [stdout]   11:     0x622b355798a2 - core[a373ad73a504971]::result::unwrap_failed
[INFO] [stdout]   12:     0x622b35476129 - <sourmash[a48fe8240afb1c14]::sketch::hyperloglog::test::hll_joint_mle::{closure#0} as core[a373ad73a504971]::ops::function::FnOnce<()>>::call_once
[INFO] [stdout]   13:     0x622b354d1f1b - test[aada8e7e76ba119b]::__rust_begin_short_backtrace::<core[a373ad73a504971]::result::Result<(), alloc[2e1b2a31b91974c5]::string::String>, fn() -> core[a373ad73a504971]::result::Result<(), alloc[2e1b2a31b91974c5]::string::String>>
[INFO] [stdout]   14:     0x622b354df0f5 - test[aada8e7e76ba119b]::run_test::{closure#0}
[INFO] [stdout]   15:     0x622b354d89e4 - std[617be2ca0a6fd877]::sys::backtrace::__rust_begin_short_backtrace::<test[aada8e7e76ba119b]::run_test::{closure#1}, ()>
[INFO] [stdout]   16:     0x622b354e2182 - <std[617be2ca0a6fd877]::thread::lifecycle::spawn_unchecked<test[aada8e7e76ba119b]::run_test::{closure#1}, ()>::{closure#1} as core[a373ad73a504971]::ops::function::FnOnce<()>>::call_once::{shim:vtable#0}
[INFO] [stdout]   17:     0x622b35561eff - <std[617be2ca0a6fd877]::sys::thread::unix::Thread>::new::thread_start
[INFO] [stdout]   18:     0x785d6493ddfa - <unknown>
[INFO] [stdout]   19:     0x785d649d13d4 - clone
[INFO] [stdout]   20:                0x0 - <unknown>
[INFO] [stdout] 
[INFO] [stdout] ---- sketch::hyperloglog::test::hll_add stdout ----
[INFO] [stdout] 
[INFO] [stdout] thread 'sketch::hyperloglog::test::hll_add' (3090) panicked at src/sketch/hyperloglog/mod.rs:278:53:
[INFO] [stdout] called `Result::unwrap()` on an `Err` value: ParseError { msg: "No such file or directory (os error 2)", kind: Io, position: ErrorPosition { line: 0, id: None }, format: None }
[INFO] [stdout] stack backtrace:
[INFO] [stdout]    0:     0x622b355629e1 - <<std[617be2ca0a6fd877]::sys::backtrace::BacktraceLock>::print::DisplayBacktrace as core[a373ad73a504971]::fmt::Display>::fmt
[INFO] [stdout]    1:     0x622b3557939a - core[a373ad73a504971]::fmt::write
[INFO] [stdout]    2:     0x622b35566ebc - <alloc[2e1b2a31b91974c5]::vec::Vec<u8> as core[a373ad73a504971]::io::write::Write>::write_fmt
[INFO] [stdout]    3:     0x622b3553d376 - std[617be2ca0a6fd877]::panicking::default_hook::{closure#0}
[INFO] [stdout]    4:     0x622b3555a4d9 - std[617be2ca0a6fd877]::panicking::default_hook
[INFO] [stdout]    5:     0x622b354dead0 - test[aada8e7e76ba119b]::test_main_inner::{closure#0}
[INFO] [stdout]    6:     0x622b3555a692 - std[617be2ca0a6fd877]::panicking::panic_with_hook
[INFO] [stdout]    7:     0x622b3553d422 - std[617be2ca0a6fd877]::panicking::panic_handler::{closure#0}
[INFO] [stdout]    8:     0x622b35535e89 - std[617be2ca0a6fd877]::sys::backtrace::__rust_end_short_backtrace::<std[617be2ca0a6fd877]::panicking::panic_handler::{closure#0}, !>
[INFO] [stdout]    9:     0x622b3553e02d - __rustc[ea4f61d10b84890b]::rust_begin_unwind
[INFO] [stdout]   10:     0x622b35579acc - core[a373ad73a504971]::panicking::panic_fmt
[INFO] [stdout]   11:     0x622b355798a2 - core[a373ad73a504971]::result::unwrap_failed
[INFO] [stdout]   12:     0x622b35477dff - <sourmash[a48fe8240afb1c14]::sketch::hyperloglog::test::hll_add::{closure#0} as core[a373ad73a504971]::ops::function::FnOnce<()>>::call_once
[INFO] [stdout]   13:     0x622b354d1f1b - test[aada8e7e76ba119b]::__rust_begin_short_backtrace::<core[a373ad73a504971]::result::Result<(), alloc[2e1b2a31b91974c5]::string::String>, fn() -> core[a373ad73a504971]::result::Result<(), alloc[2e1b2a31b91974c5]::string::String>>
[INFO] [stdout]   14:     0x622b354df0f5 - test[aada8e7e76ba119b]::run_test::{closure#0}
[INFO] [stdout]   15:     0x622b354d89e4 - std[617be2ca0a6fd877]::sys::backtrace::__rust_begin_short_backtrace::<test[aada8e7e76ba119b]::run_test::{closure#1}, ()>
[INFO] [stdout]   16:     0x622b354e2182 - <std[617be2ca0a6fd877]::thread::lifecycle::spawn_unchecked<test[aada8e7e76ba119b]::run_test::{closure#1}, ()>::{closure#1} as core[a373ad73a504971]::ops::function::FnOnce<()>>::call_once::{shim:vtable#0}
[INFO] [stdout]   17:     0x622b35561eff - <std[617be2ca0a6fd877]::sys::thread::unix::Thread>::new::thread_start
[INFO] [stdout]   18:     0x785d6493ddfa - <unknown>
[INFO] [stdout]   19:     0x785d649d13d4 - clone
[INFO] [stdout]   20:                0x0 - <unknown>
[INFO] [stdout] 
[INFO] [stdout] ---- sketch::nodegraph::test::load_nodegraph stdout ----
[INFO] [stdout] 
[INFO] [stdout] thread 'sketch::nodegraph::test::load_nodegraph' (3102) panicked at src/sketch/nodegraph.rs:599:60:
[INFO] [stdout] Loading error: IOError(Os { code: 2, kind: NotFound, message: "No such file or directory" })
[INFO] [stdout] stack backtrace:
[INFO] [stdout]    0:     0x622b355629e1 - <<std[617be2ca0a6fd877]::sys::backtrace::BacktraceLock>::print::DisplayBacktrace as core[a373ad73a504971]::fmt::Display>::fmt
[INFO] [stdout]    1:     0x622b3557939a - core[a373ad73a504971]::fmt::write
[INFO] [stdout]    2:     0x622b35566ebc - <alloc[2e1b2a31b91974c5]::vec::Vec<u8> as core[a373ad73a504971]::io::write::Write>::write_fmt
[INFO] [stdout]    3:     0x622b3553d376 - std[617be2ca0a6fd877]::panicking::default_hook::{closure#0}
[INFO] [stdout]    4:     0x622b3555a4d9 - std[617be2ca0a6fd877]::panicking::default_hook
[INFO] [stdout]    5:     0x622b354dead0 - test[aada8e7e76ba119b]::test_main_inner::{closure#0}
[INFO] [stdout]    6:     0x622b3555a692 - std[617be2ca0a6fd877]::panicking::panic_with_hook
[INFO] [stdout]    7:     0x622b3553d422 - std[617be2ca0a6fd877]::panicking::panic_handler::{closure#0}
[INFO] [stdout]    8:     0x622b35535e89 - std[617be2ca0a6fd877]::sys::backtrace::__rust_end_short_backtrace::<std[617be2ca0a6fd877]::panicking::panic_handler::{closure#0}, !>
[INFO] [stdout]    9:     0x622b3553e02d - __rustc[ea4f61d10b84890b]::rust_begin_unwind
[INFO] [stdout]   10:     0x622b35579acc - core[a373ad73a504971]::panicking::panic_fmt
[INFO] [stdout]   11:     0x622b355798a2 - core[a373ad73a504971]::result::unwrap_failed
[INFO] [stdout]   12:     0x622b35444113 - <sourmash[a48fe8240afb1c14]::sketch::nodegraph::test::load_nodegraph::{closure#0} as core[a373ad73a504971]::ops::function::FnOnce<()>>::call_once
[INFO] [stdout]   13:     0x622b354d1f1b - test[aada8e7e76ba119b]::__rust_begin_short_backtrace::<core[a373ad73a504971]::result::Result<(), alloc[2e1b2a31b91974c5]::string::String>, fn() -> core[a373ad73a504971]::result::Result<(), alloc[2e1b2a31b91974c5]::string::String>>
[INFO] [stdout]   14:     0x622b354df0f5 - test[aada8e7e76ba119b]::run_test::{closure#0}
[INFO] [stdout]   15:     0x622b354d89e4 - std[617be2ca0a6fd877]::sys::backtrace::__rust_begin_short_backtrace::<test[aada8e7e76ba119b]::run_test::{closure#1}, ()>
[INFO] [stdout]   16:     0x622b354e2182 - <std[617be2ca0a6fd877]::thread::lifecycle::spawn_unchecked<test[aada8e7e76ba119b]::run_test::{closure#1}, ()>::{closure#1} as core[a373ad73a504971]::ops::function::FnOnce<()>>::call_once::{shim:vtable#0}
[INFO] [stdout]   17:     0x622b35561eff - <std[617be2ca0a6fd877]::sys::thread::unix::Thread>::new::thread_start
[INFO] [stdout]   18:     0x785d6493ddfa - <unknown>
[INFO] [stdout]   19:     0x785d649d13d4 - clone
[INFO] [stdout]   20:                0x0 - <unknown>
[INFO] [stdout] 
[INFO] [stdout] ---- sketch::nodegraph::test::load_save_nodegraph stdout ----
[INFO] [stdout] 
[INFO] [stdout] thread 'sketch::nodegraph::test::load_save_nodegraph' (3103) panicked at src/sketch/nodegraph.rs:463:48:
[INFO] [stdout] called `Result::unwrap()` on an `Err` value: Os { code: 2, kind: NotFound, message: "No such file or directory" }
[INFO] [stdout] stack backtrace:
[INFO] [stdout]    0:     0x622b355629e1 - <<std[617be2ca0a6fd877]::sys::backtrace::BacktraceLock>::print::DisplayBacktrace as core[a373ad73a504971]::fmt::Display>::fmt
[INFO] [stdout]    1:     0x622b3557939a - core[a373ad73a504971]::fmt::write
[INFO] [stdout]    2:     0x622b35566ebc - <alloc[2e1b2a31b91974c5]::vec::Vec<u8> as core[a373ad73a504971]::io::write::Write>::write_fmt
[INFO] [stdout]    3:     0x622b3553d376 - std[617be2ca0a6fd877]::panicking::default_hook::{closure#0}
[INFO] [stdout]    4:     0x622b3555a4d9 - std[617be2ca0a6fd877]::panicking::default_hook
[INFO] [stdout]    5:     0x622b354dead0 - test[aada8e7e76ba119b]::test_main_inner::{closure#0}
[INFO] [stdout]    6:     0x622b3555a692 - std[617be2ca0a6fd877]::panicking::panic_with_hook
[INFO] [stdout]    7:     0x622b3553d422 - std[617be2ca0a6fd877]::panicking::panic_handler::{closure#0}
[INFO] [stdout]    8:     0x622b35535e89 - std[617be2ca0a6fd877]::sys::backtrace::__rust_end_short_backtrace::<std[617be2ca0a6fd877]::panicking::panic_handler::{closure#0}, !>
[INFO] [stdout]    9:     0x622b3553e02d - __rustc[ea4f61d10b84890b]::rust_begin_unwind
[INFO] [stdout]   10:     0x622b35579acc - core[a373ad73a504971]::panicking::panic_fmt
[INFO] [stdout]   11:     0x622b355798a2 - core[a373ad73a504971]::result::unwrap_failed
[INFO] [stdout]   12:     0x622b354481ae - <sourmash[a48fe8240afb1c14]::sketch::nodegraph::test::load_save_nodegraph::{closure#0} as core[a373ad73a504971]::ops::function::FnOnce<()>>::call_once
[INFO] [stdout]   13:     0x622b354d1f1b - test[aada8e7e76ba119b]::__rust_begin_short_backtrace::<core[a373ad73a504971]::result::Result<(), alloc[2e1b2a31b91974c5]::string::String>, fn() -> core[a373ad73a504971]::result::Result<(), alloc[2e1b2a31b91974c5]::string::String>>
[INFO] [stdout]   14:     0x622b354df0f5 - test[aada8e7e76ba119b]::run_test::{closure#0}
[INFO] [stdout]   15:     0x622b354d89e4 - std[617be2ca0a6fd877]::sys::backtrace::__rust_begin_short_backtrace::<test[aada8e7e76ba119b]::run_test::{closure#1}, ()>
[INFO] [stdout]   16:     0x622b354e2182 - <std[617be2ca0a6fd877]::thread::lifecycle::spawn_unchecked<test[aada8e7e76ba119b]::run_test::{closure#1}, ()>::{closure#1} as core[a373ad73a504971]::ops::function::FnOnce<()>>::call_once::{shim:vtable#0}
[INFO] [stdout]   17:     0x622b35561eff - <std[617be2ca0a6fd877]::sys::thread::unix::Thread>::new::thread_start
[INFO] [stdout]   18:     0x785d6493ddfa - <unknown>
[INFO] [stdout]   19:     0x785d649d13d4 - clone
[INFO] [stdout]   20:                0x0 - <unknown>
[INFO] [stdout] 
[INFO] [stdout] 
[INFO] [stdout] failures:
[INFO] [stdout]     collection::test::collection_from_collectionset
[INFO] [stdout]     collection::test::collection_intersect_manifest
[INFO] [stdout]     collection::test::collection_selection
[INFO] [stdout]     collection::test::sigstore_selection_moltype_sig
[INFO] [stdout]     collection::test::sigstore_selection_moltype_zip
[INFO] [stdout]     collection::test::sigstore_selection_num
[INFO] [stdout]     collection::test::sigstore_selection_num_handle_scaled_sig
[INFO] [stdout]     collection::test::sigstore_selection_scaled_handle_num_sig
[INFO] [stdout]     collection::test::sigstore_selection_with_downsample
[INFO] [stdout]     collection::test::sigstore_selection_with_downsample_too_low
[INFO] [stdout]     collection::test::sigstore_sig_from_record
[INFO] [stdout]     manifest::test::manifest_from_pathlist
[INFO] [stdout]     manifest::test::manifest_intersect
[INFO] [stdout]     manifest::test::manifest_selection
[INFO] [stdout]     manifest::test::manifest_to_writer_bools
[INFO] [stdout]     manifest::test::manifest_to_writer_moltype_dna
[INFO] [stdout]     signature::test::load_minhash_from_signature
[INFO] [stdout]     signature::test::load_sig
[INFO] [stdout]     signature::test::load_signature
[INFO] [stdout]     signature::test::load_single_sketch_from_signature
[INFO] [stdout]     signature::test::selection_dayhoff
[INFO] [stdout]     signature::test::selection_hp
[INFO] [stdout]     signature::test::selection_protein
[INFO] [stdout]     signature::test::selection_protein2
[INFO] [stdout]     signature::test::selection_scaled_too_low
[INFO] [stdout]     signature::test::selection_with_downsample
[INFO] [stdout]     signature::test::signature_add_sequence_cp
[INFO] [stdout]     sketch::hyperloglog::test::hll_add
[INFO] [stdout]     sketch::hyperloglog::test::hll_joint_mle
[INFO] [stdout]     sketch::nodegraph::test::load_nodegraph
[INFO] [stdout]     sketch::nodegraph::test::load_save_nodegraph
[INFO] [stdout]     sketch::nodegraph::test::update_nodegraph
[INFO] [stdout] 
[INFO] [stdout] test result: FAILED. 79 passed; 32 failed; 0 ignored; 0 measured; 0 filtered out; finished in 0.03s
[INFO] [stdout] 
[INFO] running `Command { std: "docker" "inspect" "91c3e91093c1e994d10e8f009a270c4428ad0bcc7764083fdf67209c9e5ee5fa", kill_on_drop: false }`
[INFO] running `Command { std: "docker" "rm" "-f" "91c3e91093c1e994d10e8f009a270c4428ad0bcc7764083fdf67209c9e5ee5fa", kill_on_drop: false }`
[INFO] [stdout] 91c3e91093c1e994d10e8f009a270c4428ad0bcc7764083fdf67209c9e5ee5fa
