[INFO] fetching crate sourcery 0.2.0...
[INFO] testing sourcery-0.2.0 against 1.99.0-beta.8+cargoflags=--release for beta-release-1.100-2
[INFO] extracting crate sourcery 0.2.0 into /workspace/builds/worker-1-tc1/source
[INFO] started tweaking crates.io crate sourcery 0.2.0
[INFO] removed 0 missing examples
[INFO] removed 0 missing tests
[INFO] finished tweaking crates.io crate sourcery 0.2.0
[INFO] tweaked toml for crates.io crate sourcery 0.2.0 written to /workspace/builds/worker-1-tc1/source/Cargo.toml
[INFO] validating manifest of crates.io crate sourcery 0.2.0 on toolchain 1.99.0-beta.8
[INFO] running `Command { std: CARGO_HOME="/workspace/cargo-home" RUSTUP_HOME="/workspace/rustup-home" "/workspace/cargo-home/bin/cargo" "+1.99.0-beta.8" "metadata" "--manifest-path" "Cargo.toml" "--no-deps", kill_on_drop: false }`
[INFO] crate crates.io crate sourcery 0.2.0 already has a lockfile, it will not be regenerated
[INFO] running `Command { std: CARGO_HOME="/workspace/cargo-home" RUSTUP_HOME="/workspace/rustup-home" "/workspace/cargo-home/bin/cargo" "+1.99.0-beta.8" "fetch" "--manifest-path" "Cargo.toml", kill_on_drop: false }`
[INFO] [stderr]     Updating crates.io index
[INFO] [stderr]  Downloading crates ...
[INFO] [stderr]   Downloaded sourcery-postgres v0.2.0
[INFO] [stderr]   Downloaded zmij v1.0.15
[INFO] [stderr]   Downloaded sourcery-macros v0.2.0
[INFO] [stderr]   Downloaded sourcery-core v0.2.0
[INFO] [stderr]   Downloaded nonempty v0.10.0
[INFO] [stderr]   Downloaded serde-evolve v0.1.0
[INFO] [stderr]   Downloaded serde-evolve-macros v0.1.0
[INFO] running `Command { std: "docker" "create" "-v" "/var/lib/crater-agent-workspace/builds/worker-1-tc1/source:/opt/rustwide/workdir:ro,Z" "-v" "/var/lib/crater-agent-workspace/builds/worker-1-tc1/target:/opt/rustwide/target:rw,Z" "-v" "/var/lib/crater-agent-workspace/cargo-home:/opt/rustwide/cargo-home:ro,Z" "-v" "/var/lib/crater-agent-workspace/rustup-home:/opt/rustwide/rustup-home:ro,Z" "-m" "1610612736" "--network" "none" "ghcr.io/rust-lang/crates-build-env/linux@sha256:77db811e55d90add9212f6832c23229e3de5f1c1f9905e8cb07319ea15df73ac" "sleep" "infinity", kill_on_drop: false }`
[INFO] [stdout] fd6bb76b59552f2b2f4da065b03e80be46ea6ce95fc71a715035344585b1de40
[INFO] running `Command { std: "docker" "start" "fd6bb76b59552f2b2f4da065b03e80be46ea6ce95fc71a715035344585b1de40", kill_on_drop: false }`
[INFO] running `Command { std: "docker" "inspect" "fd6bb76b59552f2b2f4da065b03e80be46ea6ce95fc71a715035344585b1de40", kill_on_drop: false }`
[INFO] running `Command { std: "docker" "exec" "-e" "SOURCE_DIR=/opt/rustwide/workdir" "-e" "CARGO_HOME=/opt/rustwide/cargo-home" "-e" "RUSTUP_HOME=/opt/rustwide/rustup-home" "-e" "CARGO_TARGET_DIR=/opt/rustwide/target" "-w" "/opt/rustwide/workdir" "--user" "0:0" "fd6bb76b59552f2b2f4da065b03e80be46ea6ce95fc71a715035344585b1de40" "/opt/rustwide/cargo-home/bin/cargo" "+1.99.0-beta.8" "metadata" "--no-deps" "--format-version=1", kill_on_drop: false }`
[INFO] running `Command { std: "docker" "inspect" "fd6bb76b59552f2b2f4da065b03e80be46ea6ce95fc71a715035344585b1de40", kill_on_drop: false }`
[INFO] running `Command { std: "docker" "exec" "-e" "SOURCE_DIR=/opt/rustwide/workdir" "-e" "CARGO_HOME=/opt/rustwide/cargo-home" "-e" "RUSTUP_HOME=/opt/rustwide/rustup-home" "-e" "CARGO_TARGET_DIR=/opt/rustwide/target" "-e" "CARGO_INCREMENTAL=0" "-e" "RUST_BACKTRACE=full" "-e" "RUSTFLAGS=--cap-lints=warn" "-e" "RUSTDOCFLAGS=--cap-lints=warn" "-w" "/opt/rustwide/workdir" "--user" "0:0" "fd6bb76b59552f2b2f4da065b03e80be46ea6ce95fc71a715035344585b1de40" "/opt/rustwide/cargo-home/bin/cargo" "+1.99.0-beta.8" "build" "--frozen" "--message-format=json" "--release", kill_on_drop: false }`
[INFO] [stderr]    Compiling zmij v1.0.15
[INFO] [stderr]    Compiling serde v1.0.228
[INFO] [stderr]    Compiling serde_json v1.0.149
[INFO] [stderr]    Compiling thiserror v2.0.17
[INFO] [stderr]    Compiling tracing-core v0.1.36
[INFO] [stderr]    Compiling nonempty v0.10.0
[INFO] [stderr]    Compiling darling_core v0.23.0
[INFO] [stderr]    Compiling async-stream-impl v0.3.6
[INFO] [stderr]    Compiling tokio v1.49.0
[INFO] [stderr]    Compiling async-stream v0.3.6
[INFO] [stderr]    Compiling tracing v0.1.44
[INFO] [stderr]    Compiling tokio-stream v0.1.18
[INFO] [stderr]    Compiling darling_macro v0.23.0
[INFO] [stderr]    Compiling sourcery-core v0.2.0
[INFO] [stderr]    Compiling darling v0.23.0
[INFO] [stderr]    Compiling sourcery-macros v0.2.0
[INFO] [stderr]    Compiling sourcery v0.2.0 (/opt/rustwide/workdir)
[INFO] [stderr]     Finished `release` profile [optimized] target(s) in 9.63s
[INFO] running `Command { std: "docker" "inspect" "fd6bb76b59552f2b2f4da065b03e80be46ea6ce95fc71a715035344585b1de40", kill_on_drop: false }`
[INFO] running `Command { std: "docker" "exec" "-e" "SOURCE_DIR=/opt/rustwide/workdir" "-e" "CARGO_HOME=/opt/rustwide/cargo-home" "-e" "RUSTUP_HOME=/opt/rustwide/rustup-home" "-e" "CARGO_TARGET_DIR=/opt/rustwide/target" "-e" "CARGO_INCREMENTAL=0" "-e" "RUST_BACKTRACE=full" "-e" "RUSTFLAGS=--cap-lints=warn" "-e" "RUSTDOCFLAGS=--cap-lints=warn" "-w" "/opt/rustwide/workdir" "--user" "0:0" "fd6bb76b59552f2b2f4da065b03e80be46ea6ce95fc71a715035344585b1de40" "/opt/rustwide/cargo-home/bin/cargo" "+1.99.0-beta.8" "test" "--frozen" "--no-run" "--message-format=json" "--release", kill_on_drop: false }`
[INFO] [stderr]    Compiling darling_core v0.21.3
[INFO] [stderr]    Compiling tokio v1.49.0
[INFO] [stderr]    Compiling darling_macro v0.21.3
[INFO] [stderr]    Compiling darling v0.21.3
[INFO] [stderr]    Compiling serde-evolve-macros v0.1.0
[INFO] [stderr]    Compiling serde-evolve v0.1.0
[INFO] [stderr]    Compiling tokio-stream v0.1.18
[INFO] [stderr]    Compiling sourcery-core v0.2.0
[INFO] [stderr]    Compiling sourcery v0.2.0 (/opt/rustwide/workdir)
[INFO] [stderr]     Finished `release` profile [optimized] target(s) in 21.76s
[INFO] running `Command { std: "docker" "inspect" "fd6bb76b59552f2b2f4da065b03e80be46ea6ce95fc71a715035344585b1de40", kill_on_drop: false }`
[INFO] running `Command { std: "docker" "exec" "-e" "SOURCE_DIR=/opt/rustwide/workdir" "-e" "CARGO_HOME=/opt/rustwide/cargo-home" "-e" "RUSTUP_HOME=/opt/rustwide/rustup-home" "-e" "CARGO_TARGET_DIR=/opt/rustwide/target" "-e" "CARGO_INCREMENTAL=0" "-e" "RUST_BACKTRACE=full" "-e" "RUSTFLAGS=--cap-lints=warn" "-e" "RUSTDOCFLAGS=--cap-lints=warn" "-w" "/opt/rustwide/workdir" "--user" "0:0" "fd6bb76b59552f2b2f4da065b03e80be46ea6ce95fc71a715035344585b1de40" "/opt/rustwide/cargo-home/bin/cargo" "+1.99.0-beta.8" "test" "--frozen" "--release", kill_on_drop: false }`
[INFO] [stderr]     Finished `release` profile [optimized] target(s) in 0.12s
[INFO] [stderr]      Running unittests src/lib.rs (/opt/rustwide/target/release/deps/sourcery-d7de777226037855)
[INFO] [stdout] 
[INFO] [stderr]      Running tests/projection.rs (/opt/rustwide/target/release/deps/projection-5a97b1c3051893a9)
[INFO] [stdout] running 0 tests
[INFO] [stdout] 
[INFO] [stdout] test result: ok. 0 passed; 0 failed; 0 ignored; 0 measured; 0 filtered out; finished in 0.00s
[INFO] [stdout] 
[INFO] [stderr]      Running tests/repository.rs (/opt/rustwide/target/release/deps/repository-21fd6eba2ca83207)
[INFO] [stdout] 
[INFO] [stdout] running 0 tests
[INFO] [stdout] 
[INFO] [stdout] test result: ok. 0 passed; 0 failed; 0 ignored; 0 measured; 0 filtered out; finished in 0.00s
[INFO] [stdout] 
[INFO] [stdout] 
[INFO] [stderr]      Running tests/subscription.rs (/opt/rustwide/target/release/deps/subscription-9e440b29fa582450)
[INFO] [stdout] running 0 tests
[INFO] [stdout] 
[INFO] [stdout] test result: ok. 0 passed; 0 failed; 0 ignored; 0 measured; 0 filtered out; finished in 0.00s
[INFO] [stdout] 
[INFO] [stderr]      Running tests/test_executor.rs (/opt/rustwide/target/release/deps/test_executor-3f1b0722ef385264)
[INFO] [stdout] 
[INFO] [stdout] running 0 tests
[INFO] [stdout] 
[INFO] [stdout] test result: ok. 0 passed; 0 failed; 0 ignored; 0 measured; 0 filtered out; finished in 0.00s
[INFO] [stdout] 
[INFO] [stdout] 
[INFO] [stdout] running 1 test
[INFO] [stdout] test test_util_feature_is_required ... FAILED
[INFO] [stdout] 
[INFO] [stdout] failures:
[INFO] [stdout] 
[INFO] [stdout] ---- test_util_feature_is_required stdout ----
[INFO] [stdout] 
[INFO] [stdout] thread 'test_util_feature_is_required' (1062) panicked at tests/test_executor.rs:260:5:
[INFO] [stdout] Integration tests require the `test-util` feature. Run `cargo test --features test-util` to execute them.
[INFO] [stdout] stack backtrace:
[INFO] [stdout]    0:     0x61a19bee3b51 - <<std[70759c8f55707aa4]::sys::backtrace::BacktraceLock>::print::DisplayBacktrace as core[df12db4294e9bfd3]::fmt::Display>::fmt
[INFO] [stdout]    1:     0x61a19bef7d2a - core[df12db4294e9bfd3]::fmt::write
[INFO] [stdout]    2:     0x61a19bee7fec - <alloc[2182bb758b4b3781]::vec::Vec<u8> as core[df12db4294e9bfd3]::io::write::Write>::write_fmt
[INFO] [stdout]    3:     0x61a19bec0146 - std[70759c8f55707aa4]::panicking::default_hook::{closure#0}
[INFO] [stdout]    4:     0x61a19bedc2b9 - std[70759c8f55707aa4]::panicking::default_hook
[INFO] [stdout]    5:     0x61a19be78740 - test[9d35eded1c95d3be]::test_main_inner::<test[9d35eded1c95d3be]::test_main_static::{closure#0}>::{closure#0}
[INFO] [stdout]    6:     0x61a19bedc472 - std[70759c8f55707aa4]::panicking::panic_with_hook
[INFO] [stdout]    7:     0x61a19bec0224 - std[70759c8f55707aa4]::panicking::panic_handler::{closure#0}
[INFO] [stdout]    8:     0x61a19beb8f79 - std[70759c8f55707aa4]::sys::backtrace::__rust_end_short_backtrace::<std[70759c8f55707aa4]::panicking::panic_handler::{closure#0}, !>
[INFO] [stdout]    9:     0x61a19bec0ded - __rustc[8fa7c3cbc660c2b3]::rust_begin_unwind
[INFO] [stdout]   10:     0x61a19bef845c - core[df12db4294e9bfd3]::panicking::panic_fmt
[INFO] [stdout]   11:     0x61a19be6b9ca - <test_executor[3b0434f5b75e1f9c]::test_util_feature_is_required::{closure#0} as core[df12db4294e9bfd3]::ops::function::FnOnce<()>>::call_once
[INFO] [stdout]   12:     0x61a19be6ba2b - test[9d35eded1c95d3be]::__rust_begin_short_backtrace::<core[df12db4294e9bfd3]::result::Result<(), alloc[2182bb758b4b3781]::string::String>, fn() -> core[df12db4294e9bfd3]::result::Result<(), alloc[2182bb758b4b3781]::string::String>>
[INFO] [stdout]   13:     0x61a19be79095 - test[9d35eded1c95d3be]::run_test::{closure#0}
[INFO] [stdout]   14:     0x61a19be72954 - std[70759c8f55707aa4]::sys::backtrace::__rust_begin_short_backtrace::<test[9d35eded1c95d3be]::run_test::{closure#1}, ()>
[INFO] [stdout]   15:     0x61a19be7c1f2 - <std[70759c8f55707aa4]::thread::lifecycle::spawn_unchecked<test[9d35eded1c95d3be]::run_test::{closure#1}, ()>::{closure#1} as core[df12db4294e9bfd3]::ops::function::FnOnce<()>>::call_once::{shim:vtable#0}
[INFO] [stdout]   16:     0x61a19bee3429 - <std[70759c8f55707aa4]::sys::thread::unix::Thread>::new::thread_start
[INFO] [stdout]   17:     0x73825a9cddfa - <unknown>
[INFO] [stdout]   18:     0x73825aa613d4 - clone
[INFO] [stdout]   19:                0x0 - <unknown>
[INFO] [stdout] 
[INFO] [stdout] 
[INFO] [stdout] failures:
[INFO] [stdout]     test_util_feature_is_required
[INFO] [stdout] 
[INFO] [stdout] test result: FAILED. 0 passed; 1 failed; 0 ignored; 0 measured; 0 filtered out; finished in 0.00s
[INFO] [stdout] 
[INFO] [stderr] error: test failed, to rerun pass `--test test_executor`
[INFO] running `Command { std: "docker" "inspect" "fd6bb76b59552f2b2f4da065b03e80be46ea6ce95fc71a715035344585b1de40", kill_on_drop: false }`
[INFO] running `Command { std: "docker" "rm" "-f" "fd6bb76b59552f2b2f4da065b03e80be46ea6ce95fc71a715035344585b1de40", kill_on_drop: false }`
[INFO] [stdout] fd6bb76b59552f2b2f4da065b03e80be46ea6ce95fc71a715035344585b1de40
