[INFO] fetching crate soupa 1.0.2...
[INFO] testing soupa-1.0.2 against 1.99.0-beta.8+cargoflags=--release for beta-release-1.100-2
[INFO] extracting crate soupa 1.0.2 into /workspace/builds/worker-1-tc1/source
[INFO] started tweaking crates.io crate soupa 1.0.2
[INFO] removed 0 missing tests
[INFO] finished tweaking crates.io crate soupa 1.0.2
[INFO] tweaked toml for crates.io crate soupa 1.0.2 written to /workspace/builds/worker-1-tc1/source/Cargo.toml
[INFO] validating manifest of crates.io crate soupa 1.0.2 on toolchain 1.99.0-beta.8
[INFO] running `Command { std: CARGO_HOME="/workspace/cargo-home" RUSTUP_HOME="/workspace/rustup-home" "/workspace/cargo-home/bin/cargo" "+1.99.0-beta.8" "metadata" "--manifest-path" "Cargo.toml" "--no-deps", kill_on_drop: false }`
[INFO] crate crates.io crate soupa 1.0.2 already has a lockfile, it will not be regenerated
[INFO] running `Command { std: CARGO_HOME="/workspace/cargo-home" RUSTUP_HOME="/workspace/rustup-home" "/workspace/cargo-home/bin/cargo" "+1.99.0-beta.8" "fetch" "--manifest-path" "Cargo.toml", kill_on_drop: false }`
[INFO] [stderr]     Updating crates.io index
[INFO] [stderr]  Downloading crates ...
[INFO] [stderr]   Downloaded macrotest v1.2.0
[INFO] [stderr]   Downloaded syn v2.0.110
[INFO] running `Command { std: "docker" "create" "-v" "/var/lib/crater-agent-workspace/builds/worker-1-tc1/source:/opt/rustwide/workdir:ro,Z" "-v" "/var/lib/crater-agent-workspace/builds/worker-1-tc1/target:/opt/rustwide/target:rw,Z" "-v" "/var/lib/crater-agent-workspace/cargo-home:/opt/rustwide/cargo-home:ro,Z" "-v" "/var/lib/crater-agent-workspace/rustup-home:/opt/rustwide/rustup-home:ro,Z" "-m" "1610612736" "--network" "none" "ghcr.io/rust-lang/crates-build-env/linux@sha256:77db811e55d90add9212f6832c23229e3de5f1c1f9905e8cb07319ea15df73ac" "sleep" "infinity", kill_on_drop: false }`
[INFO] [stdout] 171c80d7e2703bcf997b376a837571d2918c22b94291c1106db23051f633cea7
[INFO] running `Command { std: "docker" "start" "171c80d7e2703bcf997b376a837571d2918c22b94291c1106db23051f633cea7", kill_on_drop: false }`
[INFO] running `Command { std: "docker" "inspect" "171c80d7e2703bcf997b376a837571d2918c22b94291c1106db23051f633cea7", kill_on_drop: false }`
[INFO] running `Command { std: "docker" "exec" "-e" "SOURCE_DIR=/opt/rustwide/workdir" "-e" "CARGO_HOME=/opt/rustwide/cargo-home" "-e" "RUSTUP_HOME=/opt/rustwide/rustup-home" "-e" "CARGO_TARGET_DIR=/opt/rustwide/target" "-w" "/opt/rustwide/workdir" "--user" "0:0" "171c80d7e2703bcf997b376a837571d2918c22b94291c1106db23051f633cea7" "/opt/rustwide/cargo-home/bin/cargo" "+1.99.0-beta.8" "metadata" "--no-deps" "--format-version=1", kill_on_drop: false }`
[INFO] running `Command { std: "docker" "inspect" "171c80d7e2703bcf997b376a837571d2918c22b94291c1106db23051f633cea7", kill_on_drop: false }`
[INFO] running `Command { std: "docker" "exec" "-e" "SOURCE_DIR=/opt/rustwide/workdir" "-e" "CARGO_HOME=/opt/rustwide/cargo-home" "-e" "RUSTUP_HOME=/opt/rustwide/rustup-home" "-e" "CARGO_TARGET_DIR=/opt/rustwide/target" "-e" "CARGO_INCREMENTAL=0" "-e" "RUST_BACKTRACE=full" "-e" "RUSTFLAGS=--cap-lints=warn" "-e" "RUSTDOCFLAGS=--cap-lints=warn" "-w" "/opt/rustwide/workdir" "--user" "0:0" "171c80d7e2703bcf997b376a837571d2918c22b94291c1106db23051f633cea7" "/opt/rustwide/cargo-home/bin/cargo" "+1.99.0-beta.8" "build" "--frozen" "--message-format=json" "--release", kill_on_drop: false }`
[INFO] [stderr]    Compiling soupa v1.0.2 (/opt/rustwide/workdir)
[INFO] [stderr]     Finished `release` profile [optimized] target(s) in 0.12s
[INFO] running `Command { std: "docker" "inspect" "171c80d7e2703bcf997b376a837571d2918c22b94291c1106db23051f633cea7", kill_on_drop: false }`
[INFO] running `Command { std: "docker" "exec" "-e" "SOURCE_DIR=/opt/rustwide/workdir" "-e" "CARGO_HOME=/opt/rustwide/cargo-home" "-e" "RUSTUP_HOME=/opt/rustwide/rustup-home" "-e" "CARGO_TARGET_DIR=/opt/rustwide/target" "-e" "CARGO_INCREMENTAL=0" "-e" "RUST_BACKTRACE=full" "-e" "RUSTFLAGS=--cap-lints=warn" "-e" "RUSTDOCFLAGS=--cap-lints=warn" "-w" "/opt/rustwide/workdir" "--user" "0:0" "171c80d7e2703bcf997b376a837571d2918c22b94291c1106db23051f633cea7" "/opt/rustwide/cargo-home/bin/cargo" "+1.99.0-beta.8" "test" "--frozen" "--no-run" "--message-format=json" "--release", kill_on_drop: false }`
[INFO] [stderr]    Compiling proc-macro2 v1.0.103
[INFO] [stderr]    Compiling quote v1.0.42
[INFO] [stderr]    Compiling unicode-ident v1.0.22
[INFO] [stderr]    Compiling winnow v0.7.13
[INFO] [stderr]    Compiling prettyplease v0.2.37
[INFO] [stderr]    Compiling toml_datetime v0.7.3
[INFO] [stderr]    Compiling serde_spanned v1.0.3
[INFO] [stderr]    Compiling toml_writer v1.0.4
[INFO] [stderr]    Compiling serde v1.0.228
[INFO] [stderr]    Compiling syn v2.0.110
[INFO] [stderr]    Compiling toml_parser v1.0.4
[INFO] [stderr]    Compiling toml v0.9.8
[INFO] [stderr]    Compiling serde_derive v1.0.228
[INFO] [stderr]    Compiling macrotest v1.2.0
[INFO] [stderr]    Compiling soupa v1.0.2 (/opt/rustwide/workdir)
[INFO] [stdout] warning: unused `#[macro_use]` import
[INFO] [stdout]  --> tests/expansion.rs:1:1
[INFO] [stdout]   |
[INFO] [stdout] 1 | #[macro_use]
[INFO] [stdout]   | ^^^^^^^^^^^^
[INFO] [stdout]   |
[INFO] [stdout]   = note: `#[warn(unused_imports)]` (part of `#[warn(unused)]`) on by default
[INFO] [stdout] 
[INFO] [stdout] 
[INFO] [stderr]     Finished `release` profile [optimized] target(s) in 1m 10s
[INFO] running `Command { std: "docker" "inspect" "171c80d7e2703bcf997b376a837571d2918c22b94291c1106db23051f633cea7", kill_on_drop: false }`
[INFO] running `Command { std: "docker" "exec" "-e" "SOURCE_DIR=/opt/rustwide/workdir" "-e" "CARGO_HOME=/opt/rustwide/cargo-home" "-e" "RUSTUP_HOME=/opt/rustwide/rustup-home" "-e" "CARGO_TARGET_DIR=/opt/rustwide/target" "-e" "CARGO_INCREMENTAL=0" "-e" "RUST_BACKTRACE=full" "-e" "RUSTFLAGS=--cap-lints=warn" "-e" "RUSTDOCFLAGS=--cap-lints=warn" "-w" "/opt/rustwide/workdir" "--user" "0:0" "171c80d7e2703bcf997b376a837571d2918c22b94291c1106db23051f633cea7" "/opt/rustwide/cargo-home/bin/cargo" "+1.99.0-beta.8" "test" "--frozen" "--release", kill_on_drop: false }`
[INFO] [stderr] warning: unused `#[macro_use]` import
[INFO] [stderr]  --> tests/expansion.rs:1:1
[INFO] [stderr]   |
[INFO] [stderr] 1 | #[macro_use]
[INFO] [stderr]   | ^^^^^^^^^^^^
[INFO] [stderr]   |
[INFO] [stderr]   = note: `#[warn(unused_imports)]` (part of `#[warn(unused)]`) on by default
[INFO] [stderr] 
[INFO] [stderr] warning: `soupa` (test "expansion") generated 1 warning
[INFO] [stderr]     Finished `release` profile [optimized] target(s) in 0.07s
[INFO] [stderr]      Running unittests src/lib.rs (/opt/rustwide/target/release/deps/soupa-c4ee603d0cbade95)
[INFO] [stdout] 
[INFO] [stdout] running 0 tests
[INFO] [stdout] 
[INFO] [stdout] test result: ok. 0 passed; 0 failed; 0 ignored; 0 measured; 0 filtered out; finished in 0.00s
[INFO] [stdout] 
[INFO] [stderr]      Running tests/expansion.rs (/opt/rustwide/target/release/deps/expansion-f42e87d7ab163467)
[INFO] [stdout] 
[INFO] [stdout] running 5 tests
[INFO] [stdout] test expand::d::test ... ok
[INFO] [stdout] test expand::c::test ... ok
[INFO] [stdout] test expand::a::test ... ok
[INFO] [stdout] test expand::b::test ... ok
[INFO] [stderr] error: no such command: `expand`
[INFO] [stderr] 
[INFO] [stderr] help: view all installed commands with `cargo --list`
[INFO] [stderr] help: find a package to install `expand` with `cargo search cargo-expand`
[INFO] [stdout] test pass ... FAILED
[INFO] [stdout] 
[INFO] [stdout] failures:
[INFO] [stdout] 
[INFO] [stdout] ---- pass stdout ----
[INFO] [stdout] Running 4 macro expansion tests
[INFO] [stdout] Expansion error:
[INFO] [stdout] error: no such command: `expand`
[INFO] [stdout] 
[INFO] [stdout] help: view all installed commands with `cargo --list`
[INFO] [stdout] help: find a package to install `expand` with `cargo search cargo-expand`
[INFO] [stdout] 
[INFO] [stdout] Expansion error:
[INFO] [stdout] error: no such command: `expand`
[INFO] [stdout] 
[INFO] [stdout] help: view all installed commands with `cargo --list`
[INFO] [stdout] help: find a package to install `expand` with `cargo search cargo-expand`
[INFO] [stdout] 
[INFO] [stdout] Expansion error:
[INFO] [stdout] error: no such command: `expand`
[INFO] [stdout] 
[INFO] [stdout] help: view all installed commands with `cargo --list`
[INFO] [stdout] help: find a package to install `expand` with `cargo search cargo-expand`
[INFO] [stdout] 
[INFO] [stdout] Expansion error:
[INFO] [stdout] error: no such command: `expand`
[INFO] [stdout] 
[INFO] [stdout] help: view all installed commands with `cargo --list`
[INFO] [stdout] help: find a package to install `expand` with `cargo search cargo-expand`
[INFO] [stdout] 
[INFO] [stdout] 
[INFO] [stdout] 
[INFO] [stdout] 
[INFO] [stdout] 
[INFO] [stdout] thread 'pass' (544) panicked at /opt/rustwide/cargo-home/registry/src/index.crates.io-1949cf8c6b5b557f/macrotest-1.2.0/src/expand.rs:174:9:
[INFO] [stdout] 4 of 4 tests failed
[INFO] [stdout] stack backtrace:
[INFO] [stdout]    0:     0x600cf1ef2621 - <<std[70759c8f55707aa4]::sys::backtrace::BacktraceLock>::print::DisplayBacktrace as core[df12db4294e9bfd3]::fmt::Display>::fmt
[INFO] [stdout]    1:     0x600cf1f0866a - core[df12db4294e9bfd3]::fmt::write
[INFO] [stdout]    2:     0x600cf1ef6e1c - <alloc[2182bb758b4b3781]::vec::Vec<u8> as core[df12db4294e9bfd3]::io::write::Write>::write_fmt
[INFO] [stdout]    3:     0x600cf1ecb046 - std[70759c8f55707aa4]::panicking::default_hook::{closure#0}
[INFO] [stdout]    4:     0x600cf1ee8be9 - std[70759c8f55707aa4]::panicking::default_hook
[INFO] [stdout]    5:     0x600cf1e82df0 - test[9d35eded1c95d3be]::test_main_inner::<test[9d35eded1c95d3be]::test_main_static::{closure#0}>::{closure#0}
[INFO] [stdout]    6:     0x600cf1ee8f12 - std[70759c8f55707aa4]::panicking::panic_with_hook
[INFO] [stdout]    7:     0x600cf1ecb0f2 - std[70759c8f55707aa4]::panicking::panic_handler::{closure#0}
[INFO] [stdout]    8:     0x600cf1ec3b29 - std[70759c8f55707aa4]::sys::backtrace::__rust_end_short_backtrace::<std[70759c8f55707aa4]::panicking::panic_handler::{closure#0}, !>
[INFO] [stdout]    9:     0x600cf1ecbced - __rustc[8fa7c3cbc660c2b3]::rust_begin_unwind
[INFO] [stdout]   10:     0x600cf1f08e0c - core[df12db4294e9bfd3]::panicking::panic_fmt
[INFO] [stdout]   11:     0x600cf1ca4ab5 - macrotest[88199914b84e543e]::expand::run_tests::<alloc[2182bb758b4b3781]::vec::Vec<alloc[2182bb758b4b3781]::string::String>, alloc[2182bb758b4b3781]::string::String, &str>
[INFO] [stdout]   12:     0x600cf1ca70e9 - <expansion[93be7412d21c5330]::pass::{closure#0} as core[df12db4294e9bfd3]::ops::function::FnOnce<()>>::call_once
[INFO] [stdout]   13:     0x600cf1e760db - test[9d35eded1c95d3be]::__rust_begin_short_backtrace::<core[df12db4294e9bfd3]::result::Result<(), alloc[2182bb758b4b3781]::string::String>, fn() -> core[df12db4294e9bfd3]::result::Result<(), alloc[2182bb758b4b3781]::string::String>>
[INFO] [stdout]   14:     0x600cf1e83745 - test[9d35eded1c95d3be]::run_test::{closure#0}
[INFO] [stdout]   15:     0x600cf1e7d004 - std[70759c8f55707aa4]::sys::backtrace::__rust_begin_short_backtrace::<test[9d35eded1c95d3be]::run_test::{closure#1}, ()>
[INFO] [stdout]   16:     0x600cf1e868a2 - <std[70759c8f55707aa4]::thread::lifecycle::spawn_unchecked<test[9d35eded1c95d3be]::run_test::{closure#1}, ()>::{closure#1} as core[df12db4294e9bfd3]::ops::function::FnOnce<()>>::call_once::{shim:vtable#0}
[INFO] [stdout]   17:     0x600cf1ef15a9 - <std[70759c8f55707aa4]::sys::thread::unix::Thread>::new::thread_start
[INFO] [stdout]   18:     0x7e4076d5fdfa - <unknown>
[INFO] [stdout]   19:     0x7e4076df33d4 - clone
[INFO] [stdout]   20:                0x0 - <unknown>
[INFO] [stdout] 
[INFO] [stdout] 
[INFO] [stdout] failures:
[INFO] [stdout]     pass
[INFO] [stdout] 
[INFO] [stdout] test result: FAILED. 4 passed; 1 failed; 0 ignored; 0 measured; 0 filtered out; finished in 0.27s
[INFO] [stdout] 
[INFO] [stderr] error: test failed, to rerun pass `--test expansion`
[INFO] running `Command { std: "docker" "inspect" "171c80d7e2703bcf997b376a837571d2918c22b94291c1106db23051f633cea7", kill_on_drop: false }`
[INFO] running `Command { std: "docker" "rm" "-f" "171c80d7e2703bcf997b376a837571d2918c22b94291c1106db23051f633cea7", kill_on_drop: false }`
[INFO] [stdout] 171c80d7e2703bcf997b376a837571d2918c22b94291c1106db23051f633cea7
