[INFO] fetching crate soup3-sys 0.9.0...
[INFO] testing soup3-sys-0.9.0 against 1.100.0-beta.1+cargoflags=--release for beta-release-1.100-2
[INFO] extracting crate soup3-sys 0.9.0 into /workspace/builds/worker-5-tc2/source
[INFO] started tweaking crates.io crate soup3-sys 0.9.0
[INFO] removed 0 missing tests
[INFO] finished tweaking crates.io crate soup3-sys 0.9.0
[INFO] tweaked toml for crates.io crate soup3-sys 0.9.0 written to /workspace/builds/worker-5-tc2/source/Cargo.toml
[INFO] validating manifest of crates.io crate soup3-sys 0.9.0 on toolchain 1.100.0-beta.1
[INFO] running `Command { std: CARGO_HOME="/workspace/cargo-home" RUSTUP_HOME="/workspace/rustup-home" "/workspace/cargo-home/bin/cargo" "+1.100.0-beta.1" "metadata" "--manifest-path" "Cargo.toml" "--no-deps", kill_on_drop: false }`
[INFO] crate crates.io crate soup3-sys 0.9.0 already has a lockfile, it will not be regenerated
[INFO] running `Command { std: CARGO_HOME="/workspace/cargo-home" RUSTUP_HOME="/workspace/rustup-home" "/workspace/cargo-home/bin/cargo" "+1.100.0-beta.1" "fetch" "--manifest-path" "Cargo.toml", kill_on_drop: false }`
[INFO] running `Command { std: "docker" "create" "-v" "/var/lib/crater-agent-workspace/builds/worker-5-tc2/source:/opt/rustwide/workdir:ro,Z" "-v" "/var/lib/crater-agent-workspace/builds/worker-5-tc2/target:/opt/rustwide/target:rw,Z" "-v" "/var/lib/crater-agent-workspace/cargo-home:/opt/rustwide/cargo-home:ro,Z" "-v" "/var/lib/crater-agent-workspace/rustup-home:/opt/rustwide/rustup-home:ro,Z" "-m" "1610612736" "--network" "none" "ghcr.io/rust-lang/crates-build-env/linux@sha256:77db811e55d90add9212f6832c23229e3de5f1c1f9905e8cb07319ea15df73ac" "sleep" "infinity", kill_on_drop: false }`
[INFO] [stdout] 3bdbc85acb5e9f02748b15638685dae4d166d0c5c14093877d7899deee2a38e3
[INFO] running `Command { std: "docker" "start" "3bdbc85acb5e9f02748b15638685dae4d166d0c5c14093877d7899deee2a38e3", kill_on_drop: false }`
[INFO] running `Command { std: "docker" "inspect" "3bdbc85acb5e9f02748b15638685dae4d166d0c5c14093877d7899deee2a38e3", kill_on_drop: false }`
[INFO] running `Command { std: "docker" "exec" "-e" "SOURCE_DIR=/opt/rustwide/workdir" "-e" "CARGO_HOME=/opt/rustwide/cargo-home" "-e" "RUSTUP_HOME=/opt/rustwide/rustup-home" "-e" "CARGO_TARGET_DIR=/opt/rustwide/target" "-w" "/opt/rustwide/workdir" "--user" "0:0" "3bdbc85acb5e9f02748b15638685dae4d166d0c5c14093877d7899deee2a38e3" "/opt/rustwide/cargo-home/bin/cargo" "+1.100.0-beta.1" "metadata" "--no-deps" "--format-version=1", kill_on_drop: false }`
[INFO] running `Command { std: "docker" "inspect" "3bdbc85acb5e9f02748b15638685dae4d166d0c5c14093877d7899deee2a38e3", kill_on_drop: false }`
[INFO] running `Command { std: "docker" "exec" "-e" "SOURCE_DIR=/opt/rustwide/workdir" "-e" "CARGO_HOME=/opt/rustwide/cargo-home" "-e" "RUSTUP_HOME=/opt/rustwide/rustup-home" "-e" "CARGO_TARGET_DIR=/opt/rustwide/target" "-e" "CARGO_INCREMENTAL=0" "-e" "RUST_BACKTRACE=full" "-e" "RUSTFLAGS=--cap-lints=warn" "-e" "RUSTDOCFLAGS=--cap-lints=warn" "-w" "/opt/rustwide/workdir" "--user" "0:0" "3bdbc85acb5e9f02748b15638685dae4d166d0c5c14093877d7899deee2a38e3" "/opt/rustwide/cargo-home/bin/cargo" "+1.100.0-beta.1" "build" "--frozen" "--message-format=json" "--release", kill_on_drop: false }`
[INFO] [stderr]    Compiling winnow v0.7.15
[INFO] [stderr]    Compiling serde_spanned v1.0.4
[INFO] [stderr]    Compiling toml_datetime v0.7.5+spec-1.1.0
[INFO] [stderr]    Compiling toml_parser v1.0.9+spec-1.1.0
[INFO] [stderr]    Compiling toml v0.9.12+spec-1.1.0
[INFO] [stderr]    Compiling system-deps v7.0.7
[INFO] [stderr]    Compiling glib-sys v0.22.0
[INFO] [stderr]    Compiling gobject-sys v0.22.0
[INFO] [stderr]    Compiling gio-sys v0.22.0
[INFO] [stderr]    Compiling soup3-sys v0.9.0 (/opt/rustwide/workdir)
[INFO] [stderr]     Finished `release` profile [optimized] target(s) in 7.76s
[INFO] running `Command { std: "docker" "inspect" "3bdbc85acb5e9f02748b15638685dae4d166d0c5c14093877d7899deee2a38e3", kill_on_drop: false }`
[INFO] running `Command { std: "docker" "exec" "-e" "SOURCE_DIR=/opt/rustwide/workdir" "-e" "CARGO_HOME=/opt/rustwide/cargo-home" "-e" "RUSTUP_HOME=/opt/rustwide/rustup-home" "-e" "CARGO_TARGET_DIR=/opt/rustwide/target" "-e" "CARGO_INCREMENTAL=0" "-e" "RUST_BACKTRACE=full" "-e" "RUSTFLAGS=--cap-lints=warn" "-e" "RUSTDOCFLAGS=--cap-lints=warn" "-w" "/opt/rustwide/workdir" "--user" "0:0" "3bdbc85acb5e9f02748b15638685dae4d166d0c5c14093877d7899deee2a38e3" "/opt/rustwide/cargo-home/bin/cargo" "+1.100.0-beta.1" "test" "--frozen" "--no-run" "--message-format=json" "--release", kill_on_drop: false }`
[INFO] [stderr]    Compiling shell-words v1.1.1
[INFO] [stderr]    Compiling rustix v1.1.4
[INFO] [stderr]    Compiling getrandom v0.4.2
[INFO] [stderr]    Compiling tempfile v3.26.0
[INFO] [stderr]    Compiling soup3-sys v0.9.0 (/opt/rustwide/workdir)
[INFO] [stderr]     Finished `release` profile [optimized] target(s) in 4.52s
[INFO] running `Command { std: "docker" "inspect" "3bdbc85acb5e9f02748b15638685dae4d166d0c5c14093877d7899deee2a38e3", kill_on_drop: false }`
[INFO] running `Command { std: "docker" "exec" "-e" "SOURCE_DIR=/opt/rustwide/workdir" "-e" "CARGO_HOME=/opt/rustwide/cargo-home" "-e" "RUSTUP_HOME=/opt/rustwide/rustup-home" "-e" "CARGO_TARGET_DIR=/opt/rustwide/target" "-e" "CARGO_INCREMENTAL=0" "-e" "RUST_BACKTRACE=full" "-e" "RUSTFLAGS=--cap-lints=warn" "-e" "RUSTDOCFLAGS=--cap-lints=warn" "-w" "/opt/rustwide/workdir" "--user" "0:0" "3bdbc85acb5e9f02748b15638685dae4d166d0c5c14093877d7899deee2a38e3" "/opt/rustwide/cargo-home/bin/cargo" "+1.100.0-beta.1" "test" "--frozen" "--release", kill_on_drop: false }`
[INFO] [stderr]     Finished `release` profile [optimized] target(s) in 0.12s
[INFO] [stderr]      Running unittests src/lib.rs (/opt/rustwide/target/release/build/soup3-sys/0a69dab09c6ca5d6/out/soup3_sys-0a69dab09c6ca5d6)
[INFO] [stdout] 
[INFO] [stdout] running 0 tests
[INFO] [stdout] 
[INFO] [stdout] test result: ok. 0 passed; 0 failed; 0 ignored; 0 measured; 0 filtered out; finished in 0.00s
[INFO] [stdout] 
[INFO] [stderr]      Running tests/abi.rs (/opt/rustwide/target/release/build/soup3-sys/6cd0b92434c1d35b/out/abi-6cd0b92434c1d35b)
[INFO] [stdout] 
[INFO] [stdout] running 2 tests
[INFO] [stdout] test cross_validate_constants_with_c ... FAILED
[INFO] [stdout] test cross_validate_layout_with_c ... ok
[INFO] [stdout] 
[INFO] [stdout] failures:
[INFO] [stdout] 
[INFO] [stdout] ---- cross_validate_constants_with_c stdout ----
[INFO] [stdout] Constant value mismatch for SOUP_COOKIE_MAX_AGE_ONE_DAY
[INFO] [stdout] Rust: "0"
[INFO] [stdout] C:    "86400"
[INFO] [stdout] Constant value mismatch for SOUP_COOKIE_MAX_AGE_ONE_WEEK
[INFO] [stdout] Rust: "0"
[INFO] [stdout] C:    "604800"
[INFO] [stdout] Constant value mismatch for SOUP_COOKIE_MAX_AGE_ONE_YEAR
[INFO] [stdout] Rust: "0"
[INFO] [stdout] C:    "31556926.080000"
[INFO] [stdout] 
[INFO] [stdout] thread 'cross_validate_constants_with_c' (436) panicked at tests/abi.rs:112:13:
[INFO] [stdout] FAILED: 154 passed; 3 failed
[INFO] [stdout] stack backtrace:
[INFO] [stdout]    0:     0x6290e97a7211 - <<std[617be2ca0a6fd877]::sys::backtrace::BacktraceLock>::print::DisplayBacktrace as core[a373ad73a504971]::fmt::Display>::fmt
[INFO] [stdout]    1:     0x6290e97bcf5a - core[a373ad73a504971]::fmt::write
[INFO] [stdout]    2:     0x6290e97acbbc - <alloc[2e1b2a31b91974c5]::vec::Vec<u8> as core[a373ad73a504971]::io::write::Write>::write_fmt
[INFO] [stdout]    3:     0x6290e9781f96 - std[617be2ca0a6fd877]::panicking::default_hook::{closure#0}
[INFO] [stdout]    4:     0x6290e979f109 - std[617be2ca0a6fd877]::panicking::default_hook
[INFO] [stdout]    5:     0x6290e9738d40 - test[aada8e7e76ba119b]::test_main_inner::{closure#0}
[INFO] [stdout]    6:     0x6290e979f2c2 - std[617be2ca0a6fd877]::panicking::panic_with_hook
[INFO] [stdout]    7:     0x6290e9782042 - std[617be2ca0a6fd877]::panicking::panic_handler::{closure#0}
[INFO] [stdout]    8:     0x6290e977ac39 - std[617be2ca0a6fd877]::sys::backtrace::__rust_end_short_backtrace::<std[617be2ca0a6fd877]::panicking::panic_handler::{closure#0}, !>
[INFO] [stdout]    9:     0x6290e9782c4d - __rustc[ea4f61d10b84890b]::rust_begin_unwind
[INFO] [stdout]   10:     0x6290e97bd68c - core[a373ad73a504971]::panicking::panic_fmt
[INFO] [stdout]   11:     0x6290e97292a4 - <abi[774b2ebf158c7cf8]::Results>::expect_total_success
[INFO] [stdout]   12:     0x6290e972a4dc - <abi[774b2ebf158c7cf8]::cross_validate_constants_with_c::{closure#0} as core[a373ad73a504971]::ops::function::FnOnce<()>>::call_once
[INFO] [stdout]   13:     0x6290e972c18b - test[aada8e7e76ba119b]::__rust_begin_short_backtrace::<core[a373ad73a504971]::result::Result<(), alloc[2e1b2a31b91974c5]::string::String>, fn() -> core[a373ad73a504971]::result::Result<(), alloc[2e1b2a31b91974c5]::string::String>>
[INFO] [stdout]   14:     0x6290e9739365 - test[aada8e7e76ba119b]::run_test::{closure#0}
[INFO] [stdout]   15:     0x6290e9732c54 - std[617be2ca0a6fd877]::sys::backtrace::__rust_begin_short_backtrace::<test[aada8e7e76ba119b]::run_test::{closure#1}, ()>
[INFO] [stdout]   16:     0x6290e973c3f2 - <std[617be2ca0a6fd877]::thread::lifecycle::spawn_unchecked<test[aada8e7e76ba119b]::run_test::{closure#1}, ()>::{closure#1} as core[a373ad73a504971]::ops::function::FnOnce<()>>::call_once::{shim:vtable#0}
[INFO] [stdout]   17:     0x6290e97a69ef - <std[617be2ca0a6fd877]::sys::thread::unix::Thread>::new::thread_start
[INFO] [stdout]   18:     0x7a01e04f4dfa - <unknown>
[INFO] [stdout]   19:     0x7a01e05883d4 - clone
[INFO] [stdout]   20:                0x0 - <unknown>
[INFO] [stdout] 
[INFO] [stdout] 
[INFO] [stdout] failures:
[INFO] [stdout]     cross_validate_constants_with_c
[INFO] [stdout] 
[INFO] [stdout] test result: FAILED. 1 passed; 1 failed; 0 ignored; 0 measured; 0 filtered out; finished in 0.56s
[INFO] [stdout] 
[INFO] [stderr] error: test failed, to rerun pass `--test abi`
[INFO] running `Command { std: "docker" "inspect" "3bdbc85acb5e9f02748b15638685dae4d166d0c5c14093877d7899deee2a38e3", kill_on_drop: false }`
[INFO] running `Command { std: "docker" "rm" "-f" "3bdbc85acb5e9f02748b15638685dae4d166d0c5c14093877d7899deee2a38e3", kill_on_drop: false }`
[INFO] [stdout] 3bdbc85acb5e9f02748b15638685dae4d166d0c5c14093877d7899deee2a38e3
