[INFO] fetching crate soup2-sys 0.2.0...
[INFO] testing soup2-sys-0.2.0 against 1.100.0-beta.1+cargoflags=--release for beta-release-1.100-2
[INFO] extracting crate soup2-sys 0.2.0 into /workspace/builds/worker-2-tc2/source
[INFO] started tweaking crates.io crate soup2-sys 0.2.0
[INFO] finished tweaking crates.io crate soup2-sys 0.2.0
[INFO] tweaked toml for crates.io crate soup2-sys 0.2.0 written to /workspace/builds/worker-2-tc2/source/Cargo.toml
[INFO] validating manifest of crates.io crate soup2-sys 0.2.0 on toolchain 1.100.0-beta.1
[INFO] running `Command { std: CARGO_HOME="/workspace/cargo-home" RUSTUP_HOME="/workspace/rustup-home" "/workspace/cargo-home/bin/cargo" "+1.100.0-beta.1" "metadata" "--manifest-path" "Cargo.toml" "--no-deps", kill_on_drop: false }`
[INFO] running `Command { std: CARGO_HOME="/workspace/cargo-home" RUSTUP_HOME="/workspace/rustup-home" "/workspace/cargo-home/bin/cargo" "+1.100.0-beta.1" "generate-lockfile" "--manifest-path" "Cargo.toml", kill_on_drop: false }`
[INFO] [stderr]     Updating crates.io index
[INFO] [stderr]      Locking 50 packages to highest compatible versions
[INFO] [stderr]       Adding bitflags v1.3.2 (available: v2.13.2)
[INFO] [stderr]       Adding gio-sys v0.15.10 (available: v0.22.9)
[INFO] [stderr]       Adding glib-sys v0.15.10 (available: v0.22.9)
[INFO] [stderr]       Adding gobject-sys v0.15.10 (available: v0.22.9)
[INFO] [stderr]       Adding system-deps v5.0.0 (available: v9.0.0)
[INFO] running `Command { std: CARGO_HOME="/workspace/cargo-home" RUSTUP_HOME="/workspace/rustup-home" "/workspace/cargo-home/bin/cargo" "+1.100.0-beta.1" "fetch" "--manifest-path" "Cargo.toml", kill_on_drop: false }`
[INFO] running `Command { std: "docker" "create" "-v" "/var/lib/crater-agent-workspace/builds/worker-2-tc2/source:/opt/rustwide/workdir:ro,Z" "-v" "/var/lib/crater-agent-workspace/builds/worker-2-tc2/target:/opt/rustwide/target:rw,Z" "-v" "/var/lib/crater-agent-workspace/cargo-home:/opt/rustwide/cargo-home:ro,Z" "-v" "/var/lib/crater-agent-workspace/rustup-home:/opt/rustwide/rustup-home:ro,Z" "-m" "1610612736" "--network" "none" "ghcr.io/rust-lang/crates-build-env/linux@sha256:77db811e55d90add9212f6832c23229e3de5f1c1f9905e8cb07319ea15df73ac" "sleep" "infinity", kill_on_drop: false }`
[INFO] [stdout] 0c90b10dd9a7a405fc17a141c907bca9f26a8409e3a4ebaee86f2c3dd25731ca
[INFO] running `Command { std: "docker" "start" "0c90b10dd9a7a405fc17a141c907bca9f26a8409e3a4ebaee86f2c3dd25731ca", kill_on_drop: false }`
[INFO] running `Command { std: "docker" "inspect" "0c90b10dd9a7a405fc17a141c907bca9f26a8409e3a4ebaee86f2c3dd25731ca", kill_on_drop: false }`
[INFO] running `Command { std: "docker" "exec" "-e" "SOURCE_DIR=/opt/rustwide/workdir" "-e" "CARGO_HOME=/opt/rustwide/cargo-home" "-e" "RUSTUP_HOME=/opt/rustwide/rustup-home" "-e" "CARGO_TARGET_DIR=/opt/rustwide/target" "-w" "/opt/rustwide/workdir" "--user" "0:0" "0c90b10dd9a7a405fc17a141c907bca9f26a8409e3a4ebaee86f2c3dd25731ca" "/opt/rustwide/cargo-home/bin/cargo" "+1.100.0-beta.1" "metadata" "--no-deps" "--format-version=1", kill_on_drop: false }`
[INFO] running `Command { std: "docker" "inspect" "0c90b10dd9a7a405fc17a141c907bca9f26a8409e3a4ebaee86f2c3dd25731ca", kill_on_drop: false }`
[INFO] running `Command { std: "docker" "exec" "-e" "SOURCE_DIR=/opt/rustwide/workdir" "-e" "CARGO_HOME=/opt/rustwide/cargo-home" "-e" "RUSTUP_HOME=/opt/rustwide/rustup-home" "-e" "CARGO_TARGET_DIR=/opt/rustwide/target" "-e" "CARGO_INCREMENTAL=0" "-e" "RUST_BACKTRACE=full" "-e" "RUSTFLAGS=--cap-lints=warn" "-e" "RUSTDOCFLAGS=--cap-lints=warn" "-w" "/opt/rustwide/workdir" "--user" "0:0" "0c90b10dd9a7a405fc17a141c907bca9f26a8409e3a4ebaee86f2c3dd25731ca" "/opt/rustwide/cargo-home/bin/cargo" "+1.100.0-beta.1" "build" "--frozen" "--message-format=json" "--release", kill_on_drop: false }`
[INFO] [stderr]    Compiling smallvec v1.16.3
[INFO] [stderr]    Compiling equivalent v1.0.3
[INFO] [stderr]    Compiling target-lexicon v0.12.16
[INFO] [stderr]    Compiling winnow v0.7.15
[INFO] [stderr]    Compiling version-compare v0.2.1
[INFO] [stderr]    Compiling unicode-segmentation v1.13.3
[INFO] [stderr]    Compiling version-compare v0.0.11
[INFO] [stderr]    Compiling serde v1.0.229
[INFO] [stderr]    Compiling indexmap v2.14.2
[INFO] [stderr]    Compiling cfg-expr v0.9.1
[INFO] [stderr]    Compiling heck v0.3.3
[INFO] [stderr]    Compiling cfg-expr v0.15.8
[INFO] [stderr]    Compiling toml_datetime v0.6.11
[INFO] [stderr]    Compiling serde_spanned v0.6.9
[INFO] [stderr]    Compiling toml v0.5.11
[INFO] [stderr]    Compiling system-deps v5.0.0
[INFO] [stderr]    Compiling toml_edit v0.22.27
[INFO] [stderr]    Compiling soup2-sys v0.2.0 (/opt/rustwide/workdir)
[INFO] [stderr]    Compiling toml v0.8.23
[INFO] [stderr]    Compiling system-deps v6.2.2
[INFO] [stderr]    Compiling glib-sys v0.15.10
[INFO] [stderr]    Compiling gobject-sys v0.15.10
[INFO] [stderr]    Compiling gio-sys v0.15.10
[INFO] [stderr] warning: unused dependency `bitflags`
[INFO] [stderr]  --> Cargo.toml:4:15
[INFO] [stderr]   |
[INFO] [stderr] 4 | [dependencies.bitflags]
[INFO] [stderr]   |               ^^^^^^^^^
[INFO] [stderr]   |
[INFO] [stderr]   = note: `cargo::unused_dependencies` is set to `warn` by default
[INFO] [stderr] help: consider removing the dependency on `bitflags`
[INFO] [stderr] warning: `soup2-sys` (manifest) generated 1 warning
[INFO] [stderr]     Finished `release` profile [optimized] target(s) in 11.38s
[INFO] running `Command { std: "docker" "inspect" "0c90b10dd9a7a405fc17a141c907bca9f26a8409e3a4ebaee86f2c3dd25731ca", kill_on_drop: false }`
[INFO] running `Command { std: "docker" "exec" "-e" "SOURCE_DIR=/opt/rustwide/workdir" "-e" "CARGO_HOME=/opt/rustwide/cargo-home" "-e" "RUSTUP_HOME=/opt/rustwide/rustup-home" "-e" "CARGO_TARGET_DIR=/opt/rustwide/target" "-e" "CARGO_INCREMENTAL=0" "-e" "RUST_BACKTRACE=full" "-e" "RUSTFLAGS=--cap-lints=warn" "-e" "RUSTDOCFLAGS=--cap-lints=warn" "-w" "/opt/rustwide/workdir" "--user" "0:0" "0c90b10dd9a7a405fc17a141c907bca9f26a8409e3a4ebaee86f2c3dd25731ca" "/opt/rustwide/cargo-home/bin/cargo" "+1.100.0-beta.1" "test" "--frozen" "--no-run" "--message-format=json" "--release", kill_on_drop: false }`
[INFO] [stderr]    Compiling getrandom v0.4.3
[INFO] [stderr]    Compiling bitflags v2.13.2
[INFO] [stderr]    Compiling shell-words v1.1.1
[INFO] [stderr]    Compiling rustix v1.1.5
[INFO] [stderr]    Compiling tempfile v3.27.0
[INFO] [stderr]    Compiling soup2-sys v0.2.0 (/opt/rustwide/workdir)
[INFO] [stderr] warning: unused dependency `bitflags`
[INFO] [stderr]  --> Cargo.toml:4:15
[INFO] [stderr]   |
[INFO] [stderr] 4 | [dependencies.bitflags]
[INFO] [stderr]   |               ^^^^^^^^^
[INFO] [stderr]   |
[INFO] [stderr]   = note: `cargo::unused_dependencies` is set to `warn` by default
[INFO] [stderr] help: consider removing the dependency on `bitflags`
[INFO] [stderr] warning: `soup2-sys` (manifest) generated 1 warning
[INFO] [stderr]     Finished `release` profile [optimized] target(s) in 5.15s
[INFO] running `Command { std: "docker" "inspect" "0c90b10dd9a7a405fc17a141c907bca9f26a8409e3a4ebaee86f2c3dd25731ca", kill_on_drop: false }`
[INFO] running `Command { std: "docker" "exec" "-e" "SOURCE_DIR=/opt/rustwide/workdir" "-e" "CARGO_HOME=/opt/rustwide/cargo-home" "-e" "RUSTUP_HOME=/opt/rustwide/rustup-home" "-e" "CARGO_TARGET_DIR=/opt/rustwide/target" "-e" "CARGO_INCREMENTAL=0" "-e" "RUST_BACKTRACE=full" "-e" "RUSTFLAGS=--cap-lints=warn" "-e" "RUSTDOCFLAGS=--cap-lints=warn" "-w" "/opt/rustwide/workdir" "--user" "0:0" "0c90b10dd9a7a405fc17a141c907bca9f26a8409e3a4ebaee86f2c3dd25731ca" "/opt/rustwide/cargo-home/bin/cargo" "+1.100.0-beta.1" "test" "--frozen" "--release", kill_on_drop: false }`
[INFO] [stderr] warning: unused dependency `bitflags`
[INFO] [stderr]  --> Cargo.toml:4:15
[INFO] [stderr]   |
[INFO] [stderr] 4 | [dependencies.bitflags]
[INFO] [stderr]   |               ^^^^^^^^^
[INFO] [stderr]   |
[INFO] [stderr]   = note: `cargo::unused_dependencies` is set to `warn` by default
[INFO] [stderr] help: consider removing the dependency on `bitflags`
[INFO] [stderr] warning: `soup2-sys` (manifest) generated 1 warning
[INFO] [stderr]     Finished `release` profile [optimized] target(s) in 0.06s
[INFO] [stderr]      Running unittests src/lib.rs (/opt/rustwide/target/release/build/soup2-sys/3a8e0a3a2bf20639/out/soup_sys-3a8e0a3a2bf20639)
[INFO] [stdout] 
[INFO] [stderr]      Running tests/abi.rs (/opt/rustwide/target/release/build/soup2-sys/08864784fb4d2933/out/abi-08864784fb4d2933)
[INFO] [stdout] running 0 tests
[INFO] [stdout] 
[INFO] [stdout] test result: ok. 0 passed; 0 failed; 0 ignored; 0 measured; 0 filtered out; finished in 0.00s
[INFO] [stdout] 
[INFO] [stdout] 
[INFO] [stdout] running 2 tests
[INFO] [stdout] test cross_validate_layout_with_c ... ok
[INFO] [stdout] test cross_validate_constants_with_c ... FAILED
[INFO] [stdout] 
[INFO] [stdout] failures:
[INFO] [stdout] 
[INFO] [stdout] ---- cross_validate_constants_with_c stdout ----
[INFO] [stdout] Constant value mismatch for SOUP_COOKIE_MAX_AGE_ONE_DAY
[INFO] [stdout] Rust: "0"
[INFO] [stdout] C:    "86400"
[INFO] [stdout] Constant value mismatch for SOUP_COOKIE_MAX_AGE_ONE_WEEK
[INFO] [stdout] Rust: "0"
[INFO] [stdout] C:    "604800"
[INFO] [stdout] Constant value mismatch for SOUP_COOKIE_MAX_AGE_ONE_YEAR
[INFO] [stdout] Rust: "0"
[INFO] [stdout] C:    "31556926.080000"
[INFO] [stdout] 
[INFO] [stdout] thread 'cross_validate_constants_with_c' (630) panicked at tests/abi.rs:110:13:
[INFO] [stdout] FAILED: 358 passed; 3 failed
[INFO] [stdout] stack backtrace:
[INFO] [stdout]    0:     0x5e4ceff9f0b1 - <<std[617be2ca0a6fd877]::sys::backtrace::BacktraceLock>::print::DisplayBacktrace as core[a373ad73a504971]::fmt::Display>::fmt
[INFO] [stdout]    1:     0x5e4ceffb4fea - core[a373ad73a504971]::fmt::write
[INFO] [stdout]    2:     0x5e4ceffa4c4c - <alloc[2e1b2a31b91974c5]::vec::Vec<u8> as core[a373ad73a504971]::io::write::Write>::write_fmt
[INFO] [stdout]    3:     0x5e4ceff79e36 - std[617be2ca0a6fd877]::panicking::default_hook::{closure#0}
[INFO] [stdout]    4:     0x5e4ceff96fa9 - std[617be2ca0a6fd877]::panicking::default_hook
[INFO] [stdout]    5:     0x5e4ceff30be0 - test[aada8e7e76ba119b]::test_main_inner::{closure#0}
[INFO] [stdout]    6:     0x5e4ceff97162 - std[617be2ca0a6fd877]::panicking::panic_with_hook
[INFO] [stdout]    7:     0x5e4ceff79ee2 - std[617be2ca0a6fd877]::panicking::panic_handler::{closure#0}
[INFO] [stdout]    8:     0x5e4ceff72ad9 - std[617be2ca0a6fd877]::sys::backtrace::__rust_end_short_backtrace::<std[617be2ca0a6fd877]::panicking::panic_handler::{closure#0}, !>
[INFO] [stdout]    9:     0x5e4ceff7aaed - __rustc[ea4f61d10b84890b]::rust_begin_unwind
[INFO] [stdout]   10:     0x5e4ceffb571c - core[a373ad73a504971]::panicking::panic_fmt
[INFO] [stdout]   11:     0x5e4ceff20fe4 - <abi[cc284458c04d3fdc]::Results>::expect_total_success
[INFO] [stdout]   12:     0x5e4ceff2235c - <abi[cc284458c04d3fdc]::cross_validate_constants_with_c::{closure#0} as core[a373ad73a504971]::ops::function::FnOnce<()>>::call_once
[INFO] [stdout]   13:     0x5e4ceff2402b - test[aada8e7e76ba119b]::__rust_begin_short_backtrace::<core[a373ad73a504971]::result::Result<(), alloc[2e1b2a31b91974c5]::string::String>, fn() -> core[a373ad73a504971]::result::Result<(), alloc[2e1b2a31b91974c5]::string::String>>
[INFO] [stdout]   14:     0x5e4ceff31205 - test[aada8e7e76ba119b]::run_test::{closure#0}
[INFO] [stdout]   15:     0x5e4ceff2aaf4 - std[617be2ca0a6fd877]::sys::backtrace::__rust_begin_short_backtrace::<test[aada8e7e76ba119b]::run_test::{closure#1}, ()>
[INFO] [stdout]   16:     0x5e4ceff34292 - <std[617be2ca0a6fd877]::thread::lifecycle::spawn_unchecked<test[aada8e7e76ba119b]::run_test::{closure#1}, ()>::{closure#1} as core[a373ad73a504971]::ops::function::FnOnce<()>>::call_once::{shim:vtable#0}
[INFO] [stdout]   17:     0x5e4ceff9e88f - <std[617be2ca0a6fd877]::sys::thread::unix::Thread>::new::thread_start
[INFO] [stdout]   18:     0x78e30c712dfa - <unknown>
[INFO] [stdout]   19:     0x78e30c7a63d4 - clone
[INFO] [stdout]   20:                0x0 - <unknown>
[INFO] [stdout] 
[INFO] [stdout] 
[INFO] [stdout] failures:
[INFO] [stdout]     cross_validate_constants_with_c
[INFO] [stdout] 
[INFO] [stdout] test result: FAILED. 1 passed; 1 failed; 0 ignored; 0 measured; 0 filtered out; finished in 0.62s
[INFO] [stdout] 
[INFO] [stderr] error: test failed, to rerun pass `--test abi`
[INFO] running `Command { std: "docker" "inspect" "0c90b10dd9a7a405fc17a141c907bca9f26a8409e3a4ebaee86f2c3dd25731ca", kill_on_drop: false }`
[INFO] running `Command { std: "docker" "rm" "-f" "0c90b10dd9a7a405fc17a141c907bca9f26a8409e3a4ebaee86f2c3dd25731ca", kill_on_drop: false }`
[INFO] [stdout] 0c90b10dd9a7a405fc17a141c907bca9f26a8409e3a4ebaee86f2c3dd25731ca
