[INFO] fetching crate soup-sys 0.10.0...
[INFO] testing soup-sys-0.10.0 against 1.99.0-beta.8+cargoflags=--release for beta-release-1.100-2
[INFO] extracting crate soup-sys 0.10.0 into /workspace/builds/worker-2-tc1/source
[INFO] started tweaking crates.io crate soup-sys 0.10.0
[INFO] finished tweaking crates.io crate soup-sys 0.10.0
[INFO] tweaked toml for crates.io crate soup-sys 0.10.0 written to /workspace/builds/worker-2-tc1/source/Cargo.toml
[INFO] validating manifest of crates.io crate soup-sys 0.10.0 on toolchain 1.99.0-beta.8
[INFO] running `Command { std: CARGO_HOME="/workspace/cargo-home" RUSTUP_HOME="/workspace/rustup-home" "/workspace/cargo-home/bin/cargo" "+1.99.0-beta.8" "metadata" "--manifest-path" "Cargo.toml" "--no-deps", kill_on_drop: false }`
[INFO] running `Command { std: CARGO_HOME="/workspace/cargo-home" RUSTUP_HOME="/workspace/rustup-home" "/workspace/cargo-home/bin/cargo" "+1.99.0-beta.8" "generate-lockfile" "--manifest-path" "Cargo.toml", kill_on_drop: false }`
[INFO] [stderr]     Updating crates.io index
[INFO] [stderr]      Locking 40 packages to highest compatible versions
[INFO] [stderr]       Adding bitflags v1.3.2 (available: v2.13.2)
[INFO] [stderr]       Adding gio-sys v0.10.1 (available: v0.22.9)
[INFO] [stderr]       Adding glib-sys v0.10.1 (available: v0.22.9)
[INFO] [stderr]       Adding gobject-sys v0.10.0 (available: v0.22.9)
[INFO] [stderr]       Adding shell-words v0.1.0 (available: v1.1.1)
[INFO] [stderr]       Adding system-deps v1.3.2 (available: v9.0.0)
[INFO] running `Command { std: CARGO_HOME="/workspace/cargo-home" RUSTUP_HOME="/workspace/rustup-home" "/workspace/cargo-home/bin/cargo" "+1.99.0-beta.8" "fetch" "--manifest-path" "Cargo.toml", kill_on_drop: false }`
[INFO] [stderr] warning: Cargo.toml: `package.edition` is unspecified, defaulting to `2015` while the latest is `2024`
[INFO] [stderr] warning: `soup-sys` (manifest) generated 1 warning
[INFO] [stderr]  Downloading crates ...
[INFO] [stderr]   Downloaded gobject-sys v0.10.0
[INFO] [stderr]   Downloaded system-deps v1.3.2
[INFO] [stderr]   Downloaded version-compare v0.0.10
[INFO] [stderr]   Downloaded shell-words v0.1.0
[INFO] [stderr]   Downloaded gio-sys v0.10.1
[INFO] [stderr]   Downloaded glib-sys v0.10.1
[INFO] running `Command { std: "docker" "create" "-v" "/var/lib/crater-agent-workspace/builds/worker-2-tc1/source:/opt/rustwide/workdir:ro,Z" "-v" "/var/lib/crater-agent-workspace/builds/worker-2-tc1/target:/opt/rustwide/target:rw,Z" "-v" "/var/lib/crater-agent-workspace/cargo-home:/opt/rustwide/cargo-home:ro,Z" "-v" "/var/lib/crater-agent-workspace/rustup-home:/opt/rustwide/rustup-home:ro,Z" "-m" "1610612736" "--network" "none" "ghcr.io/rust-lang/crates-build-env/linux@sha256:77db811e55d90add9212f6832c23229e3de5f1c1f9905e8cb07319ea15df73ac" "sleep" "infinity", kill_on_drop: false }`
[INFO] [stdout] 6cc8fcb40d0f77d95dd1c72dabcd73ebf824f15db54c29684919d648c7009e6c
[INFO] running `Command { std: "docker" "start" "6cc8fcb40d0f77d95dd1c72dabcd73ebf824f15db54c29684919d648c7009e6c", kill_on_drop: false }`
[INFO] running `Command { std: "docker" "inspect" "6cc8fcb40d0f77d95dd1c72dabcd73ebf824f15db54c29684919d648c7009e6c", kill_on_drop: false }`
[INFO] running `Command { std: "docker" "exec" "-e" "SOURCE_DIR=/opt/rustwide/workdir" "-e" "CARGO_HOME=/opt/rustwide/cargo-home" "-e" "RUSTUP_HOME=/opt/rustwide/rustup-home" "-e" "CARGO_TARGET_DIR=/opt/rustwide/target" "-w" "/opt/rustwide/workdir" "--user" "0:0" "6cc8fcb40d0f77d95dd1c72dabcd73ebf824f15db54c29684919d648c7009e6c" "/opt/rustwide/cargo-home/bin/cargo" "+1.99.0-beta.8" "metadata" "--no-deps" "--format-version=1", kill_on_drop: false }`
[INFO] running `Command { std: "docker" "inspect" "6cc8fcb40d0f77d95dd1c72dabcd73ebf824f15db54c29684919d648c7009e6c", kill_on_drop: false }`
[INFO] running `Command { std: "docker" "exec" "-e" "SOURCE_DIR=/opt/rustwide/workdir" "-e" "CARGO_HOME=/opt/rustwide/cargo-home" "-e" "RUSTUP_HOME=/opt/rustwide/rustup-home" "-e" "CARGO_TARGET_DIR=/opt/rustwide/target" "-e" "CARGO_INCREMENTAL=0" "-e" "RUST_BACKTRACE=full" "-e" "RUSTFLAGS=--cap-lints=warn" "-e" "RUSTDOCFLAGS=--cap-lints=warn" "-w" "/opt/rustwide/workdir" "--user" "0:0" "6cc8fcb40d0f77d95dd1c72dabcd73ebf824f15db54c29684919d648c7009e6c" "/opt/rustwide/cargo-home/bin/cargo" "+1.99.0-beta.8" "build" "--frozen" "--message-format=json" "--release", kill_on_drop: false }`
[INFO] [stderr] warning: Cargo.toml: `package.edition` is unspecified, defaulting to `2015` while the latest is `2024`
[INFO] [stderr] warning: `soup-sys` (manifest) generated 1 warning
[INFO] [stderr]    Compiling syn v1.0.109
[INFO] [stderr]    Compiling unicode-segmentation v1.13.3
[INFO] [stderr]    Compiling strum v0.18.0
[INFO] [stderr]    Compiling version-compare v0.0.10
[INFO] [stderr]    Compiling serde v1.0.229
[INFO] [stderr]    Compiling syn v2.0.119
[INFO] [stderr]    Compiling heck v0.3.3
[INFO] [stderr]    Compiling toml v0.5.11
[INFO] [stderr]    Compiling thiserror-impl v1.0.69
[INFO] [stderr]    Compiling strum_macros v0.18.0
[INFO] [stderr]    Compiling thiserror v1.0.69
[INFO] [stderr]    Compiling system-deps v1.3.2
[INFO] [stderr]    Compiling glib-sys v0.10.1
[INFO] [stderr]    Compiling gobject-sys v0.10.0
[INFO] [stderr]    Compiling gio-sys v0.10.1
[INFO] [stderr]    Compiling soup-sys v0.10.0 (/opt/rustwide/workdir)
[INFO] [stdout] warning: unused import: `std::io::prelude::*`
[INFO] [stdout]  --> build.rs:9:5
[INFO] [stdout]   |
[INFO] [stdout] 9 | use std::io::prelude::*;
[INFO] [stdout]   |     ^^^^^^^^^^^^^^^^^^^
[INFO] [stdout]   |
[INFO] [stdout]   = note: `#[warn(unused_imports)]` (part of `#[warn(unused)]`) on by default
[INFO] [stdout] 
[INFO] [stdout] 
[INFO] [stdout] warning: unused import: `std::io`
[INFO] [stdout]   --> build.rs:11:5
[INFO] [stdout]    |
[INFO] [stdout] 11 | use std::io;
[INFO] [stdout]    |     ^^^^^^^
[INFO] [stdout] 
[INFO] [stdout] 
[INFO] [stderr]     Finished `release` profile [optimized] target(s) in 11.43s
[INFO] running `Command { std: "docker" "inspect" "6cc8fcb40d0f77d95dd1c72dabcd73ebf824f15db54c29684919d648c7009e6c", kill_on_drop: false }`
[INFO] running `Command { std: "docker" "exec" "-e" "SOURCE_DIR=/opt/rustwide/workdir" "-e" "CARGO_HOME=/opt/rustwide/cargo-home" "-e" "RUSTUP_HOME=/opt/rustwide/rustup-home" "-e" "CARGO_TARGET_DIR=/opt/rustwide/target" "-e" "CARGO_INCREMENTAL=0" "-e" "RUST_BACKTRACE=full" "-e" "RUSTFLAGS=--cap-lints=warn" "-e" "RUSTDOCFLAGS=--cap-lints=warn" "-w" "/opt/rustwide/workdir" "--user" "0:0" "6cc8fcb40d0f77d95dd1c72dabcd73ebf824f15db54c29684919d648c7009e6c" "/opt/rustwide/cargo-home/bin/cargo" "+1.99.0-beta.8" "test" "--frozen" "--no-run" "--message-format=json" "--release", kill_on_drop: false }`
[INFO] [stderr] warning: Cargo.toml: `package.edition` is unspecified, defaulting to `2015` while the latest is `2024`
[INFO] [stderr] warning: `soup-sys` (manifest) generated 1 warning
[INFO] [stderr]    Compiling shell-words v0.1.0
[INFO] [stdout] warning: unused import: `std::io::prelude::*`
[INFO] [stdout]  --> build.rs:9:5
[INFO] [stdout]   |
[INFO] [stdout] 9 | use std::io::prelude::*;
[INFO] [stdout]   |     ^^^^^^^^^^^^^^^^^^^
[INFO] [stdout]   |
[INFO] [stdout]   = note: `#[warn(unused_imports)]` (part of `#[warn(unused)]`) on by default
[INFO] [stdout] 
[INFO] [stdout] 
[INFO] [stdout] warning: unused import: `std::io`
[INFO] [stdout]   --> build.rs:11:5
[INFO] [stdout]    |
[INFO] [stdout] 11 | use std::io;
[INFO] [stdout]    |     ^^^^^^^
[INFO] [stdout] 
[INFO] [stdout] 
[INFO] [stderr]    Compiling soup-sys v0.10.0 (/opt/rustwide/workdir)
[INFO] [stderr]     Finished `release` profile [optimized] target(s) in 1.43s
[INFO] running `Command { std: "docker" "inspect" "6cc8fcb40d0f77d95dd1c72dabcd73ebf824f15db54c29684919d648c7009e6c", kill_on_drop: false }`
[INFO] running `Command { std: "docker" "exec" "-e" "SOURCE_DIR=/opt/rustwide/workdir" "-e" "CARGO_HOME=/opt/rustwide/cargo-home" "-e" "RUSTUP_HOME=/opt/rustwide/rustup-home" "-e" "CARGO_TARGET_DIR=/opt/rustwide/target" "-e" "CARGO_INCREMENTAL=0" "-e" "RUST_BACKTRACE=full" "-e" "RUSTFLAGS=--cap-lints=warn" "-e" "RUSTDOCFLAGS=--cap-lints=warn" "-w" "/opt/rustwide/workdir" "--user" "0:0" "6cc8fcb40d0f77d95dd1c72dabcd73ebf824f15db54c29684919d648c7009e6c" "/opt/rustwide/cargo-home/bin/cargo" "+1.99.0-beta.8" "test" "--frozen" "--release", kill_on_drop: false }`
[INFO] [stderr] warning: Cargo.toml: `package.edition` is unspecified, defaulting to `2015` while the latest is `2024`
[INFO] [stderr] warning: `soup-sys` (manifest) generated 1 warning
[INFO] [stderr] warning: unused import: `std::io::prelude::*`
[INFO] [stderr]  --> build.rs:9:5
[INFO] [stderr]   |
[INFO] [stderr] 9 | use std::io::prelude::*;
[INFO] [stderr]   |     ^^^^^^^^^^^^^^^^^^^
[INFO] [stderr]   |
[INFO] [stderr]   = note: `#[warn(unused_imports)]` (part of `#[warn(unused)]`) on by default
[INFO] [stderr] 
[INFO] [stderr] warning: unused import: `std::io`
[INFO] [stderr]   --> build.rs:11:5
[INFO] [stderr]    |
[INFO] [stderr] 11 | use std::io;
[INFO] [stderr]    |     ^^^^^^^
[INFO] [stderr] 
[INFO] [stderr] warning: `soup-sys` (build script) generated 2 warnings
[INFO] [stderr]     Finished `release` profile [optimized] target(s) in 0.06s
[INFO] [stderr]      Running unittests src/lib.rs (/opt/rustwide/target/release/deps/soup_sys-0698ed41cbb45ba9)
[INFO] [stderr]      Running tests/abi.rs (/opt/rustwide/target/release/deps/abi-7bf32ab3b8e7e2e0)
[INFO] [stdout] 
[INFO] [stdout] running 0 tests
[INFO] [stdout] 
[INFO] [stdout] test result: ok. 0 passed; 0 failed; 0 ignored; 0 measured; 0 filtered out; finished in 0.00s
[INFO] [stdout] 
[INFO] [stdout] 
[INFO] [stdout] running 2 tests
[INFO] [stderr] tests/layout.c: In function 'main':
[INFO] [stderr] <command-line>: error: 'SoupPasswordManagerInterface' undeclared (first use in this function)
[INFO] [stderr] tests/layout.c:10:31: note: in expansion of macro 'ABI_TYPE_NAME'
[INFO] [stderr]    10 |     printf("%zu\n%zu", sizeof(ABI_TYPE_NAME), alignof(ABI_TYPE_NAME));
[INFO] [stderr]       |                               ^~~~~~~~~~~~~
[INFO] [stderr] <command-line>: note: each undeclared identifier is reported only once for each function it appears in
[INFO] [stderr] tests/layout.c:10:31: note: in expansion of macro 'ABI_TYPE_NAME'
[INFO] [stderr]    10 |     printf("%zu\n%zu", sizeof(ABI_TYPE_NAME), alignof(ABI_TYPE_NAME));
[INFO] [stderr]       |                               ^~~~~~~~~~~~~
[INFO] [stderr] tests/layout.c: In function 'main':
[INFO] [stderr] <command-line>: error: 'SoupRequester' undeclared (first use in this function); did you mean 'SoupRequest'?
[INFO] [stderr] tests/layout.c:10:31: note: in expansion of macro 'ABI_TYPE_NAME'
[INFO] [stderr]    10 |     printf("%zu\n%zu", sizeof(ABI_TYPE_NAME), alignof(ABI_TYPE_NAME));
[INFO] [stderr]       |                               ^~~~~~~~~~~~~
[INFO] [stderr] <command-line>: note: each undeclared identifier is reported only once for each function it appears in
[INFO] [stderr] tests/layout.c:10:31: note: in expansion of macro 'ABI_TYPE_NAME'
[INFO] [stderr]    10 |     printf("%zu\n%zu", sizeof(ABI_TYPE_NAME), alignof(ABI_TYPE_NAME));
[INFO] [stderr]       |                               ^~~~~~~~~~~~~
[INFO] [stderr] tests/layout.c: In function 'main':
[INFO] [stderr] <command-line>: error: 'SoupRequesterClass' undeclared (first use in this function); did you mean 'SoupRequestClass'?
[INFO] [stderr] tests/layout.c:10:31: note: in expansion of macro 'ABI_TYPE_NAME'
[INFO] [stderr]    10 |     printf("%zu\n%zu", sizeof(ABI_TYPE_NAME), alignof(ABI_TYPE_NAME));
[INFO] [stderr]       |                               ^~~~~~~~~~~~~
[INFO] [stderr] <command-line>: note: each undeclared identifier is reported only once for each function it appears in
[INFO] [stderr] tests/layout.c:10:31: note: in expansion of macro 'ABI_TYPE_NAME'
[INFO] [stderr]    10 |     printf("%zu\n%zu", sizeof(ABI_TYPE_NAME), alignof(ABI_TYPE_NAME));
[INFO] [stderr]       |                               ^~~~~~~~~~~~~
[INFO] [stderr] tests/layout.c: In function 'main':
[INFO] [stderr] <command-line>: error: 'SoupRequesterError' undeclared (first use in this function); did you mean 'SoupRequestError'?
[INFO] [stderr] tests/layout.c:10:31: note: in expansion of macro 'ABI_TYPE_NAME'
[INFO] [stderr]    10 |     printf("%zu\n%zu", sizeof(ABI_TYPE_NAME), alignof(ABI_TYPE_NAME));
[INFO] [stderr]       |                               ^~~~~~~~~~~~~
[INFO] [stderr] <command-line>: note: each undeclared identifier is reported only once for each function it appears in
[INFO] [stderr] tests/layout.c:10:31: note: in expansion of macro 'ABI_TYPE_NAME'
[INFO] [stderr]    10 |     printf("%zu\n%zu", sizeof(ABI_TYPE_NAME), alignof(ABI_TYPE_NAME));
[INFO] [stderr]       |                               ^~~~~~~~~~~~~
[INFO] [stdout] test cross_validate_layout_with_c ... FAILED
[INFO] [stdout] test cross_validate_constants_with_c has been running for over 60 seconds
[INFO] [stderr] tests/constant.c: In function 'main':
[INFO] [stderr] <command-line>: error: 'SOUP_REQUESTER_ERROR_BAD_URI' undeclared (first use in this function); did you mean 'SOUP_REQUEST_ERROR_BAD_URI'?
[INFO] [stderr] tests/constant.c:9:22: note: in expansion of macro 'ABI_CONSTANT_NAME'
[INFO] [stderr]     9 |     printf(_Generic((ABI_CONSTANT_NAME),
[INFO] [stderr]       |                      ^~~~~~~~~~~~~~~~~
[INFO] [stderr] <command-line>: note: each undeclared identifier is reported only once for each function it appears in
[INFO] [stderr] tests/constant.c:9:22: note: in expansion of macro 'ABI_CONSTANT_NAME'
[INFO] [stderr]     9 |     printf(_Generic((ABI_CONSTANT_NAME),
[INFO] [stderr]       |                      ^~~~~~~~~~~~~~~~~
[INFO] [stderr] tests/constant.c: In function 'main':
[INFO] [stderr] <command-line>: error: 'SOUP_REQUESTER_ERROR_UNSUPPORTED_URI_SCHEME' undeclared (first use in this function); did you mean 'SOUP_REQUEST_ERROR_UNSUPPORTED_URI_SCHEME'?
[INFO] [stderr] tests/constant.c:9:22: note: in expansion of macro 'ABI_CONSTANT_NAME'
[INFO] [stderr]     9 |     printf(_Generic((ABI_CONSTANT_NAME),
[INFO] [stderr]       |                      ^~~~~~~~~~~~~~~~~
[INFO] [stderr] <command-line>: note: each undeclared identifier is reported only once for each function it appears in
[INFO] [stderr] tests/constant.c:9:22: note: in expansion of macro 'ABI_CONSTANT_NAME'
[INFO] [stderr]     9 |     printf(_Generic((ABI_CONSTANT_NAME),
[INFO] [stderr]       |                      ^~~~~~~~~~~~~~~~~
[INFO] [stdout] test cross_validate_constants_with_c ... FAILED
[INFO] [stderr] error: test failed, to rerun pass `--test abi`
[INFO] [stdout] 
[INFO] [stdout] failures:
[INFO] [stdout] 
[INFO] [stdout] ---- cross_validate_layout_with_c stdout ----
[INFO] [stdout] layout    ... 25 passed; 0 failed (compilation errors: 0)
[INFO] [stdout] layout    ... 50 passed; 0 failed (compilation errors: 0)
[INFO] [stdout] compilation command "cc" "-Wno-deprecated-declarations" "-D__USE_MINGW_ANSI_STDIO" "-I/usr/include/libsoup-2.4" "-I/usr/include/glib-2.0" "-I/usr/lib/x86_64-linux-gnu/glib-2.0/include" "-I/usr/include/libmount" "-I/usr/include/blkid" "-I/usr/include/sysprof-6" "-pthread" "-I/usr/include/libxml2" "-DABI_TYPE_NAME=SoupPasswordManagerInterface" "tests/layout.c" "-o" "/tmp/abiF4pqRP/layout" failed, exit status: 1
[INFO] [stdout] compilation command "cc" "-Wno-deprecated-declarations" "-D__USE_MINGW_ANSI_STDIO" "-I/usr/include/libsoup-2.4" "-I/usr/include/glib-2.0" "-I/usr/lib/x86_64-linux-gnu/glib-2.0/include" "-I/usr/include/libmount" "-I/usr/include/blkid" "-I/usr/include/sysprof-6" "-pthread" "-I/usr/include/libxml2" "-DABI_TYPE_NAME=SoupRequester" "tests/layout.c" "-o" "/tmp/abiF4pqRP/layout" failed, exit status: 1
[INFO] [stdout] compilation command "cc" "-Wno-deprecated-declarations" "-D__USE_MINGW_ANSI_STDIO" "-I/usr/include/libsoup-2.4" "-I/usr/include/glib-2.0" "-I/usr/lib/x86_64-linux-gnu/glib-2.0/include" "-I/usr/include/libmount" "-I/usr/include/blkid" "-I/usr/include/sysprof-6" "-pthread" "-I/usr/include/libxml2" "-DABI_TYPE_NAME=SoupRequesterClass" "tests/layout.c" "-o" "/tmp/abiF4pqRP/layout" failed, exit status: 1
[INFO] [stdout] compilation command "cc" "-Wno-deprecated-declarations" "-D__USE_MINGW_ANSI_STDIO" "-I/usr/include/libsoup-2.4" "-I/usr/include/glib-2.0" "-I/usr/lib/x86_64-linux-gnu/glib-2.0/include" "-I/usr/include/libmount" "-I/usr/include/blkid" "-I/usr/include/sysprof-6" "-pthread" "-I/usr/include/libxml2" "-DABI_TYPE_NAME=SoupRequesterError" "tests/layout.c" "-o" "/tmp/abiF4pqRP/layout" failed, exit status: 1
[INFO] [stdout] layout    ... 71 passed; 4 failed (compilation errors: 4)
[INFO] [stdout] layout    ... 96 passed; 4 failed (compilation errors: 4)
[INFO] [stdout] 
[INFO] [stdout] thread 'cross_validate_layout_with_c' (545) panicked at tests/abi.rs:127:13:
[INFO] [stdout] FAILED: 102 passed; 4 failed (compilation errors: 4)
[INFO] [stdout] stack backtrace:
[INFO] [stdout]    0:     0x6546395c34f1 - <<std[70759c8f55707aa4]::sys::backtrace::BacktraceLock>::print::DisplayBacktrace as core[df12db4294e9bfd3]::fmt::Display>::fmt
[INFO] [stdout]    1:     0x6546395d96fa - core[df12db4294e9bfd3]::fmt::write
[INFO] [stdout]    2:     0x6546395c930c - <alloc[2182bb758b4b3781]::vec::Vec<u8> as core[df12db4294e9bfd3]::io::write::Write>::write_fmt
[INFO] [stdout]    3:     0x65463959e506 - std[70759c8f55707aa4]::panicking::default_hook::{closure#0}
[INFO] [stdout]    4:     0x6546395bb4c9 - std[70759c8f55707aa4]::panicking::default_hook
[INFO] [stdout]    5:     0x654639554470 - test[9d35eded1c95d3be]::test_main_inner::<test[9d35eded1c95d3be]::test_main_static::{closure#0}>::{closure#0}
[INFO] [stdout]    6:     0x6546395bb682 - std[70759c8f55707aa4]::panicking::panic_with_hook
[INFO] [stdout]    7:     0x65463959e5b2 - std[70759c8f55707aa4]::panicking::panic_handler::{closure#0}
[INFO] [stdout]    8:     0x654639597219 - std[70759c8f55707aa4]::sys::backtrace::__rust_end_short_backtrace::<std[70759c8f55707aa4]::panicking::panic_handler::{closure#0}, !>
[INFO] [stdout]    9:     0x65463959f1ad - __rustc[8fa7c3cbc660c2b3]::rust_begin_unwind
[INFO] [stdout]   10:     0x6546395d9e2c - core[df12db4294e9bfd3]::panicking::panic_fmt
[INFO] [stdout]   11:     0x6546395457cc - <abi[cae487ca64d6a766]::Results>::expect_total_success
[INFO] [stdout]   12:     0x654639545e4b - <abi[cae487ca64d6a766]::cross_validate_layout_with_c::{closure#0} as core[df12db4294e9bfd3]::ops::function::FnOnce<()>>::call_once
[INFO] [stdout]   13:     0x65463954775b - test[9d35eded1c95d3be]::__rust_begin_short_backtrace::<core[df12db4294e9bfd3]::result::Result<(), alloc[2182bb758b4b3781]::string::String>, fn() -> core[df12db4294e9bfd3]::result::Result<(), alloc[2182bb758b4b3781]::string::String>>
[INFO] [stdout]   14:     0x654639554dc5 - test[9d35eded1c95d3be]::run_test::{closure#0}
[INFO] [stdout]   15:     0x65463954e684 - std[70759c8f55707aa4]::sys::backtrace::__rust_begin_short_backtrace::<test[9d35eded1c95d3be]::run_test::{closure#1}, ()>
[INFO] [stdout]   16:     0x654639557f22 - <std[70759c8f55707aa4]::thread::lifecycle::spawn_unchecked<test[9d35eded1c95d3be]::run_test::{closure#1}, ()>::{closure#1} as core[df12db4294e9bfd3]::ops::function::FnOnce<()>>::call_once::{shim:vtable#0}
[INFO] [stdout]   17:     0x6546395c2d49 - <std[70759c8f55707aa4]::sys::thread::unix::Thread>::new::thread_start
[INFO] [stdout]   18:     0x7a2beae99dfa - <unknown>
[INFO] [stdout]   19:     0x7a2beaf2d3d4 - clone
[INFO] [stdout]   20:                0x0 - <unknown>
[INFO] [stdout] 
[INFO] [stdout] ---- cross_validate_constants_with_c stdout ----
[INFO] [stdout] constants ... 25 passed; 0 failed (compilation errors: 0)
[INFO] [stdout] constants ... 50 passed; 0 failed (compilation errors: 0)
[INFO] [stdout] Constant value mismatch for SOUP_COOKIE_MAX_AGE_ONE_DAY
[INFO] [stdout] Rust: "0"
[INFO] [stdout] C:    "86400"
[INFO] [stdout] Constant value mismatch for SOUP_COOKIE_MAX_AGE_ONE_WEEK
[INFO] [stdout] Rust: "0"
[INFO] [stdout] C:    "604800"
[INFO] [stdout] Constant value mismatch for SOUP_COOKIE_MAX_AGE_ONE_YEAR
[INFO] [stdout] Rust: "0"
[INFO] [stdout] C:    "31556926.080000"
[INFO] [stdout] constants ... 72 passed; 3 failed (compilation errors: 0)
[INFO] [stdout] constants ... 97 passed; 3 failed (compilation errors: 0)
[INFO] [stdout] constants ... 122 passed; 3 failed (compilation errors: 0)
[INFO] [stdout] constants ... 147 passed; 3 failed (compilation errors: 0)
[INFO] [stdout] constants ... 172 passed; 3 failed (compilation errors: 0)
[INFO] [stdout] Constant value mismatch for SOUP_MICRO_VERSION
[INFO] [stdout] Rust: "0"
[INFO] [stdout] C:    "3"
[INFO] [stdout] Constant value mismatch for SOUP_MINOR_VERSION
[INFO] [stdout] Rust: "70"
[INFO] [stdout] C:    "74"
[INFO] [stdout] compilation command "cc" "-Wno-deprecated-declarations" "-D__USE_MINGW_ANSI_STDIO" "-I/usr/include/libsoup-2.4" "-I/usr/include/glib-2.0" "-I/usr/lib/x86_64-linux-gnu/glib-2.0/include" "-I/usr/include/libmount" "-I/usr/include/blkid" "-I/usr/include/sysprof-6" "-pthread" "-I/usr/include/libxml2" "-DABI_CONSTANT_NAME=(gint) SOUP_REQUESTER_ERROR_BAD_URI" "tests/constant.c" "-o" "/tmp/abiMUwPZc/constant" failed, exit status: 1
[INFO] [stdout] compilation command "cc" "-Wno-deprecated-declarations" "-D__USE_MINGW_ANSI_STDIO" "-I/usr/include/libsoup-2.4" "-I/usr/include/glib-2.0" "-I/usr/lib/x86_64-linux-gnu/glib-2.0/include" "-I/usr/include/libmount" "-I/usr/include/blkid" "-I/usr/include/sysprof-6" "-pthread" "-I/usr/include/libxml2" "-DABI_CONSTANT_NAME=(gint) SOUP_REQUESTER_ERROR_UNSUPPORTED_URI_SCHEME" "tests/constant.c" "-o" "/tmp/abiMUwPZc/constant" failed, exit status: 1
[INFO] [stdout] constants ... 193 passed; 7 failed (compilation errors: 2)
[INFO] [stdout] constants ... 218 passed; 7 failed (compilation errors: 2)
[INFO] [stdout] constants ... 243 passed; 7 failed (compilation errors: 2)
[INFO] [stdout] constants ... 268 passed; 7 failed (compilation errors: 2)
[INFO] [stdout] constants ... 293 passed; 7 failed (compilation errors: 2)
[INFO] [stdout] constants ... 318 passed; 7 failed (compilation errors: 2)
[INFO] [stdout] Constant value mismatch for SOUP_VERSION_MIN_REQUIRED
[INFO] [stdout] Rust: "2"
[INFO] [stdout] C:    "150016"
[INFO] [stdout] constants ... 342 passed; 8 failed (compilation errors: 2)
[INFO] [stdout] 
[INFO] [stdout] thread 'cross_validate_constants_with_c' (544) panicked at tests/abi.rs:127:13:
[INFO] [stdout] FAILED: 354 passed; 8 failed (compilation errors: 2)
[INFO] [stdout] stack backtrace:
[INFO] [stdout]    0:     0x6546395c34f1 - <<std[70759c8f55707aa4]::sys::backtrace::BacktraceLock>::print::DisplayBacktrace as core[df12db4294e9bfd3]::fmt::Display>::fmt
[INFO] [stdout]    1:     0x6546395d96fa - core[df12db4294e9bfd3]::fmt::write
[INFO] [stdout]    2:     0x6546395c930c - <alloc[2182bb758b4b3781]::vec::Vec<u8> as core[df12db4294e9bfd3]::io::write::Write>::write_fmt
[INFO] [stdout]    3:     0x65463959e506 - std[70759c8f55707aa4]::panicking::default_hook::{closure#0}
[INFO] [stdout]    4:     0x6546395bb4c9 - std[70759c8f55707aa4]::panicking::default_hook
[INFO] [stdout]    5:     0x654639554470 - test[9d35eded1c95d3be]::test_main_inner::<test[9d35eded1c95d3be]::test_main_static::{closure#0}>::{closure#0}
[INFO] [stdout]    6:     0x6546395bb682 - std[70759c8f55707aa4]::panicking::panic_with_hook
[INFO] [stdout]    7:     0x65463959e5b2 - std[70759c8f55707aa4]::panicking::panic_handler::{closure#0}
[INFO] [stdout]    8:     0x654639597219 - std[70759c8f55707aa4]::sys::backtrace::__rust_end_short_backtrace::<std[70759c8f55707aa4]::panicking::panic_handler::{closure#0}, !>
[INFO] [stdout]    9:     0x65463959f1ad - __rustc[8fa7c3cbc660c2b3]::rust_begin_unwind
[INFO] [stdout]   10:     0x6546395d9e2c - core[df12db4294e9bfd3]::panicking::panic_fmt
[INFO] [stdout]   11:     0x6546395457cc - <abi[cae487ca64d6a766]::Results>::expect_total_success
[INFO] [stdout]   12:     0x6546395464d3 - <abi[cae487ca64d6a766]::cross_validate_constants_with_c::{closure#0} as core[df12db4294e9bfd3]::ops::function::FnOnce<()>>::call_once
[INFO] [stdout]   13:     0x65463954775b - test[9d35eded1c95d3be]::__rust_begin_short_backtrace::<core[df12db4294e9bfd3]::result::Result<(), alloc[2182bb758b4b3781]::string::String>, fn() -> core[df12db4294e9bfd3]::result::Result<(), alloc[2182bb758b4b3781]::string::String>>
[INFO] [stdout]   14:     0x654639554dc5 - test[9d35eded1c95d3be]::run_test::{closure#0}
[INFO] [stdout]   15:     0x65463954e684 - std[70759c8f55707aa4]::sys::backtrace::__rust_begin_short_backtrace::<test[9d35eded1c95d3be]::run_test::{closure#1}, ()>
[INFO] [stdout]   16:     0x654639557f22 - <std[70759c8f55707aa4]::thread::lifecycle::spawn_unchecked<test[9d35eded1c95d3be]::run_test::{closure#1}, ()>::{closure#1} as core[df12db4294e9bfd3]::ops::function::FnOnce<()>>::call_once::{shim:vtable#0}
[INFO] [stdout]   17:     0x6546395c2d49 - <std[70759c8f55707aa4]::sys::thread::unix::Thread>::new::thread_start
[INFO] [stdout]   18:     0x7a2beae99dfa - <unknown>
[INFO] [stdout]   19:     0x7a2beaf2d3d4 - clone
[INFO] [stdout]   20:                0x0 - <unknown>
[INFO] [stdout] 
[INFO] [stdout] 
[INFO] [stdout] failures:
[INFO] [stdout]     cross_validate_constants_with_c
[INFO] [stdout]     cross_validate_layout_with_c
[INFO] [stdout] 
[INFO] [stdout] test result: FAILED. 0 passed; 2 failed; 0 ignored; 0 measured; 0 filtered out; finished in 107.48s
[INFO] [stdout] 
[INFO] running `Command { std: "docker" "inspect" "6cc8fcb40d0f77d95dd1c72dabcd73ebf824f15db54c29684919d648c7009e6c", kill_on_drop: false }`
[INFO] running `Command { std: "docker" "rm" "-f" "6cc8fcb40d0f77d95dd1c72dabcd73ebf824f15db54c29684919d648c7009e6c", kill_on_drop: false }`
[INFO] [stdout] 6cc8fcb40d0f77d95dd1c72dabcd73ebf824f15db54c29684919d648c7009e6c
