[INFO] fetching crate soundkit 0.13.3...
[INFO] testing soundkit-0.13.3 against 1.99.0-beta.8+cargoflags=--release for beta-release-1.100-2
[INFO] extracting crate soundkit 0.13.3 into /workspace/builds/worker-3-tc1/source
[INFO] started tweaking crates.io crate soundkit 0.13.3
[INFO] removed 0 missing examples
[INFO] finished tweaking crates.io crate soundkit 0.13.3
[INFO] tweaked toml for crates.io crate soundkit 0.13.3 written to /workspace/builds/worker-3-tc1/source/Cargo.toml
[INFO] validating manifest of crates.io crate soundkit 0.13.3 on toolchain 1.99.0-beta.8
[INFO] running `Command { std: CARGO_HOME="/workspace/cargo-home" RUSTUP_HOME="/workspace/rustup-home" "/workspace/cargo-home/bin/cargo" "+1.99.0-beta.8" "metadata" "--manifest-path" "Cargo.toml" "--no-deps", kill_on_drop: false }`
[INFO] crate crates.io crate soundkit 0.13.3 already has a lockfile, it will not be regenerated
[INFO] running `Command { std: CARGO_HOME="/workspace/cargo-home" RUSTUP_HOME="/workspace/rustup-home" "/workspace/cargo-home/bin/cargo" "+1.99.0-beta.8" "fetch" "--manifest-path" "Cargo.toml", kill_on_drop: false }`
[INFO] [stderr]     Updating crates.io index
[INFO] [stderr]  Downloading crates ...
[INFO] [stderr]   Downloaded rubato v0.14.1
[INFO] [stderr]   Downloaded frame-header v0.2.2
[INFO] running `Command { std: "docker" "create" "-v" "/var/lib/crater-agent-workspace/builds/worker-3-tc1/source:/opt/rustwide/workdir:ro,Z" "-v" "/var/lib/crater-agent-workspace/builds/worker-3-tc1/target:/opt/rustwide/target:rw,Z" "-v" "/var/lib/crater-agent-workspace/cargo-home:/opt/rustwide/cargo-home:ro,Z" "-v" "/var/lib/crater-agent-workspace/rustup-home:/opt/rustwide/rustup-home:ro,Z" "-m" "1610612736" "--network" "none" "ghcr.io/rust-lang/crates-build-env/linux@sha256:77db811e55d90add9212f6832c23229e3de5f1c1f9905e8cb07319ea15df73ac" "sleep" "infinity", kill_on_drop: false }`
[INFO] [stdout] 8da765c5ea328162aa288a533459d50507d1cf4822e5078b096dce5e98996a98
[INFO] running `Command { std: "docker" "start" "8da765c5ea328162aa288a533459d50507d1cf4822e5078b096dce5e98996a98", kill_on_drop: false }`
[INFO] running `Command { std: "docker" "inspect" "8da765c5ea328162aa288a533459d50507d1cf4822e5078b096dce5e98996a98", kill_on_drop: false }`
[INFO] running `Command { std: "docker" "exec" "-e" "SOURCE_DIR=/opt/rustwide/workdir" "-e" "CARGO_HOME=/opt/rustwide/cargo-home" "-e" "RUSTUP_HOME=/opt/rustwide/rustup-home" "-e" "CARGO_TARGET_DIR=/opt/rustwide/target" "-w" "/opt/rustwide/workdir" "--user" "0:0" "8da765c5ea328162aa288a533459d50507d1cf4822e5078b096dce5e98996a98" "/opt/rustwide/cargo-home/bin/cargo" "+1.99.0-beta.8" "metadata" "--no-deps" "--format-version=1", kill_on_drop: false }`
[INFO] running `Command { std: "docker" "inspect" "8da765c5ea328162aa288a533459d50507d1cf4822e5078b096dce5e98996a98", kill_on_drop: false }`
[INFO] running `Command { std: "docker" "exec" "-e" "SOURCE_DIR=/opt/rustwide/workdir" "-e" "CARGO_HOME=/opt/rustwide/cargo-home" "-e" "RUSTUP_HOME=/opt/rustwide/rustup-home" "-e" "CARGO_TARGET_DIR=/opt/rustwide/target" "-e" "CARGO_INCREMENTAL=0" "-e" "RUST_BACKTRACE=full" "-e" "RUSTFLAGS=--cap-lints=warn" "-e" "RUSTDOCFLAGS=--cap-lints=warn" "-w" "/opt/rustwide/workdir" "--user" "0:0" "8da765c5ea328162aa288a533459d50507d1cf4822e5078b096dce5e98996a98" "/opt/rustwide/cargo-home/bin/cargo" "+1.99.0-beta.8" "build" "--frozen" "--message-format=json" "--release", kill_on_drop: false }`
[INFO] [stderr]    Compiling generic-array v0.14.7
[INFO] [stderr]    Compiling zeroize v1.9.0
[INFO] [stderr]    Compiling subtle v2.6.1
[INFO] [stderr]    Compiling opaque-debug v0.3.1
[INFO] [stderr]    Compiling bytes v1.12.1
[INFO] [stderr]    Compiling proc-macro2 v1.0.107
[INFO] [stderr]    Compiling quote v1.0.47
[INFO] [stderr]    Compiling syn v3.0.3
[INFO] [stderr]    Compiling crypto-common v0.1.7
[INFO] [stderr]    Compiling inout v0.1.4
[INFO] [stderr]    Compiling universal-hash v0.5.1
[INFO] [stderr]    Compiling aead v0.5.2
[INFO] [stderr]    Compiling cipher v0.4.4
[INFO] [stderr]    Compiling poly1305 v0.8.0
[INFO] [stderr]    Compiling chacha20 v0.9.1
[INFO] [stderr]    Compiling chacha20poly1305 v0.10.1
[INFO] [stderr]    Compiling serde_derive v1.0.229
[INFO] [stderr]    Compiling serde v1.0.229
[INFO] [stderr]    Compiling frame-header v0.2.2
[INFO] [stderr]    Compiling soundkit v0.13.3 (/opt/rustwide/workdir)
[INFO] [stderr]     Finished `release` profile [optimized] target(s) in 14.00s
[INFO] running `Command { std: "docker" "inspect" "8da765c5ea328162aa288a533459d50507d1cf4822e5078b096dce5e98996a98", kill_on_drop: false }`
[INFO] running `Command { std: "docker" "exec" "-e" "SOURCE_DIR=/opt/rustwide/workdir" "-e" "CARGO_HOME=/opt/rustwide/cargo-home" "-e" "RUSTUP_HOME=/opt/rustwide/rustup-home" "-e" "CARGO_TARGET_DIR=/opt/rustwide/target" "-e" "CARGO_INCREMENTAL=0" "-e" "RUST_BACKTRACE=full" "-e" "RUSTFLAGS=--cap-lints=warn" "-e" "RUSTDOCFLAGS=--cap-lints=warn" "-w" "/opt/rustwide/workdir" "--user" "0:0" "8da765c5ea328162aa288a533459d50507d1cf4822e5078b096dce5e98996a98" "/opt/rustwide/cargo-home/bin/cargo" "+1.99.0-beta.8" "test" "--frozen" "--no-run" "--message-format=json" "--release", kill_on_drop: false }`
[INFO] [stderr]    Compiling soundkit v0.13.3 (/opt/rustwide/workdir)
[INFO] [stderr]     Finished `release` profile [optimized] target(s) in 5.55s
[INFO] running `Command { std: "docker" "inspect" "8da765c5ea328162aa288a533459d50507d1cf4822e5078b096dce5e98996a98", kill_on_drop: false }`
[INFO] running `Command { std: "docker" "exec" "-e" "SOURCE_DIR=/opt/rustwide/workdir" "-e" "CARGO_HOME=/opt/rustwide/cargo-home" "-e" "RUSTUP_HOME=/opt/rustwide/rustup-home" "-e" "CARGO_TARGET_DIR=/opt/rustwide/target" "-e" "CARGO_INCREMENTAL=0" "-e" "RUST_BACKTRACE=full" "-e" "RUSTFLAGS=--cap-lints=warn" "-e" "RUSTDOCFLAGS=--cap-lints=warn" "-w" "/opt/rustwide/workdir" "--user" "0:0" "8da765c5ea328162aa288a533459d50507d1cf4822e5078b096dce5e98996a98" "/opt/rustwide/cargo-home/bin/cargo" "+1.99.0-beta.8" "test" "--frozen" "--release", kill_on_drop: false }`
[INFO] [stderr]     Finished `release` profile [optimized] target(s) in 0.04s
[INFO] [stderr]      Running unittests src/lib.rs (/opt/rustwide/target/release/deps/soundkit-d7f3cda015818c20)
[INFO] [stdout] 
[INFO] [stdout] running 47 tests
[INFO] [stdout] test audio_bytes::tests::test_stereo_to_mono_inplace_take_left ... ok
[INFO] [stdout] test audio_bytes::tests::test_stereo_to_mono_take_left ... ok
[INFO] [stdout] test audio_content_crypto::tests::group_metadata_is_canonical_and_changes_with_every_routing_identity ... ok
[INFO] [stdout] test audio_bytes::tests::test_deinterleave_vecs_f32 ... ok
[INFO] [stdout] test audio_bytes::tests::test_stereo_to_mono_avg ... ok
[INFO] [stdout] test audio_bytes::tests::test_i16le_to_f32 ... ok
[INFO] [stdout] test audio_bytes::tests::test_interleave_vecs_i16 ... ok
[INFO] [stdout] test audio_content_crypto::tests::round_trips_audio_and_authenticates_metadata ... ok
[INFO] [stdout] test audio_pipeline::tests::streaming_normalizer_converts_pcm_without_intermediate_channel_planes ... ok
[INFO] [stdout] test audio_pipeline::tests::streaming_stereo_normalizer_is_independent_of_decoder_chunking ... ok
[INFO] [stdout] test media_metadata::parser::tests::extracts_id3_album_artist_and_title ... ok
[INFO] [stdout] test media_metadata::parser::tests::malformed_inputs_do_not_panic ... ok
[INFO] [stdout] test crypto::tests::nonce_prefixed_chacha20_poly1305_round_trips ... ok
[INFO] [stdout] test media_metadata::parser::tests::asf_rejects_missing_declared_objects ... ok
[INFO] [stdout] test media_metadata::tests::normalizes_common_tag_spellings_and_number_pairs ... ok
[INFO] [stdout] test audio_content_crypto::tests::rejects_zero_keys_wrong_epochs_and_modified_ciphertext ... ok
[INFO] [stdout] test media_metadata::tests::normalizes_legacy_zero_based_asf_track_without_inventing_a_total ... ok
[INFO] [stdout] test audio_pipeline::tests::test_audio_to_mono_f32_averages_channels ... ok
[INFO] [stdout] test media_metadata::tests::retains_unknown_and_repeated_tags_without_overwriting_primary_values ... ok
[INFO] [stdout] test audio_bytes::tests::test_stereo_to_mono_inplace_avg ... ok
[INFO] [stdout] test audio_pipeline::tests::test_f32_roundtrip_le_bytes ... ok
[INFO] [stdout] test frame_stream::tests::decrypts_encrypted_v2_frames_when_flagged ... ok
[INFO] [stdout] test ogg::tests::crc_matches_the_ogg_polynomial_reference ... ok
[INFO] [stdout] test audio_bytes::tests::test_deinterleave_vecs_i16 ... ok
[INFO] [stdout] test crypto::tests::nonce_prefixed_in_place_encryption_matches_allocating_path ... ok
[INFO] [stdout] test frame_stream::tests::parses_plain_v2_frames ... ok
[INFO] [stdout] test audio_pipeline::tests::test_f32_from_le_bytes_rejects_truncated_input ... ok
[INFO] [stdout] test raw_pcm::tests::linear32_is_float_pcm ... ok
[INFO] [stdout] test raw_pcm::tests::stereo_streams_only_emit_complete_interleaved_frames ... ok
[INFO] [stdout] test raw_pcm::tests::l16_uses_big_endian_metadata ... ok
[INFO] [stdout] test audio_pipeline::tests::streaming_stereo_normalizer_duplicates_mono_without_resampling ... ok
[INFO] [stdout] test audio_bytes::tests::test_deinterleave_vecs_s24 ... ok
[INFO] [stdout] test raw_pcm::tests::linear16_buffers_partial_frames_until_complete ... ok
[INFO] [stdout] test wav::tests::wav_encoder_uses_exact_rf64_sizes_beyond_four_gibibytes ... ok
[INFO] [stdout] test wav::tests::wav_encoder_rejects_geometry_and_incomplete_streams ... ok
[INFO] [stdout] test raw_pcm::tests::rejects_invalid_format_metadata ... ok
[INFO] [stdout] test wav::tests::wav_encoder_streams_exact_chunks_without_changing_output ... ok
[INFO] [stdout] test wav::tests::wav_skips_large_unknown_chunks_incrementally ... ok
[INFO] [stdout] test raw_pcm::tests::decode_linear16_fixture_and_write_golden_wav ... FAILED
[INFO] [stdout] test wav::tests::wav_decoder_streams_rf64_data ... ok
[INFO] [stdout] test wav::tests::test_wav_stream_24bit_pcm ... ok
[INFO] [stdout] test ogg::tests::rejects_truncation_and_enforces_streaming_budgets ... ok
[INFO] [stdout] test wav::tests::test_wav_stream ... FAILED
[INFO] [stdout] test raw_pcm::tests::rejects_oversized_input_chunks ... ok
[INFO] [stdout] test wav::tests::wav_chunk_headers_are_safe_at_every_split ... ok
[INFO] [stdout] test crypto::tests::decimal_key_parser_returns_32_bytes ... ok
[INFO] [stdout] test ogg::tests::validates_crc_sequence_continuation_and_eos ... ok
[INFO] [stdout] 
[INFO] [stdout] failures:
[INFO] [stdout] 
[INFO] [stdout] ---- raw_pcm::tests::decode_linear16_fixture_and_write_golden_wav stdout ----
[INFO] [stdout] 
[INFO] [stdout] thread 'raw_pcm::tests::decode_linear16_fixture_and_write_golden_wav' (556) panicked at src/raw_pcm.rs:291:10:
[INFO] [stdout] called `Result::unwrap()` on an `Err` value: Os { code: 2, kind: NotFound, message: "No such file or directory" }
[INFO] [stdout] stack backtrace:
[INFO] [stdout]    0:     0x619930ab8841 - <<std[70759c8f55707aa4]::sys::backtrace::BacktraceLock>::print::DisplayBacktrace as core[df12db4294e9bfd3]::fmt::Display>::fmt
[INFO] [stdout]    1:     0x619930ace1da - core[df12db4294e9bfd3]::fmt::write
[INFO] [stdout]    2:     0x619930abccdc - <alloc[2182bb758b4b3781]::vec::Vec<u8> as core[df12db4294e9bfd3]::io::write::Write>::write_fmt
[INFO] [stdout]    3:     0x619930a93e66 - std[70759c8f55707aa4]::panicking::default_hook::{closure#0}
[INFO] [stdout]    4:     0x619930ab0a99 - std[70759c8f55707aa4]::panicking::default_hook
[INFO] [stdout]    5:     0x619930a47370 - test[9d35eded1c95d3be]::test_main_inner::<test[9d35eded1c95d3be]::test_main_static::{closure#0}>::{closure#0}
[INFO] [stdout]    6:     0x619930ab0c52 - std[70759c8f55707aa4]::panicking::panic_with_hook
[INFO] [stdout]    7:     0x619930a93f12 - std[70759c8f55707aa4]::panicking::panic_handler::{closure#0}
[INFO] [stdout]    8:     0x619930a8c9e9 - std[70759c8f55707aa4]::sys::backtrace::__rust_end_short_backtrace::<std[70759c8f55707aa4]::panicking::panic_handler::{closure#0}, !>
[INFO] [stdout]    9:     0x619930a94b0d - __rustc[8fa7c3cbc660c2b3]::rust_begin_unwind
[INFO] [stdout]   10:     0x619930ace90c - core[df12db4294e9bfd3]::panicking::panic_fmt
[INFO] [stdout]   11:     0x619930ace6e2 - core[df12db4294e9bfd3]::result::unwrap_failed
[INFO] [stdout]   12:     0x619930a27388 - soundkit[36e99ac03ed2c83d]::raw_pcm::tests::decode_linear16_fixture_and_write_golden_wav
[INFO] [stdout]   13:     0x619930a26249 - <soundkit[36e99ac03ed2c83d]::raw_pcm::tests::decode_linear16_fixture_and_write_golden_wav::{closure#0} as core[df12db4294e9bfd3]::ops::function::FnOnce<()>>::call_once
[INFO] [stdout]   14:     0x619930a3a65b - test[9d35eded1c95d3be]::__rust_begin_short_backtrace::<core[df12db4294e9bfd3]::result::Result<(), alloc[2182bb758b4b3781]::string::String>, fn() -> core[df12db4294e9bfd3]::result::Result<(), alloc[2182bb758b4b3781]::string::String>>
[INFO] [stdout]   15:     0x619930a47cc5 - test[9d35eded1c95d3be]::run_test::{closure#0}
[INFO] [stdout]   16:     0x619930a41584 - std[70759c8f55707aa4]::sys::backtrace::__rust_begin_short_backtrace::<test[9d35eded1c95d3be]::run_test::{closure#1}, ()>
[INFO] [stdout]   17:     0x619930a4ae22 - <std[70759c8f55707aa4]::thread::lifecycle::spawn_unchecked<test[9d35eded1c95d3be]::run_test::{closure#1}, ()>::{closure#1} as core[df12db4294e9bfd3]::ops::function::FnOnce<()>>::call_once::{shim:vtable#0}
[INFO] [stdout]   18:     0x619930ab7c09 - <std[70759c8f55707aa4]::sys::thread::unix::Thread>::new::thread_start
[INFO] [stdout]   19:     0x7dc7c58c6dfa - <unknown>
[INFO] [stdout]   20:     0x7dc7c595a3d4 - clone
[INFO] [stdout]   21:                0x0 - <unknown>
[INFO] [stdout] 
[INFO] [stdout] ---- wav::tests::test_wav_stream stdout ----
[INFO] [stdout] 
[INFO] [stdout] thread 'wav::tests::test_wav_stream' (563) panicked at src/wav.rs:707:47:
[INFO] [stdout] called `Result::unwrap()` on an `Err` value: Os { code: 2, kind: NotFound, message: "No such file or directory" }
[INFO] [stdout] stack backtrace:
[INFO] [stdout]    0:     0x619930ab8841 - <<std[70759c8f55707aa4]::sys::backtrace::BacktraceLock>::print::DisplayBacktrace as core[df12db4294e9bfd3]::fmt::Display>::fmt
[INFO] [stdout]    1:     0x619930ace1da - core[df12db4294e9bfd3]::fmt::write
[INFO] [stdout]    2:     0x619930abccdc - <alloc[2182bb758b4b3781]::vec::Vec<u8> as core[df12db4294e9bfd3]::io::write::Write>::write_fmt
[INFO] [stdout]    3:     0x619930a93e66 - std[70759c8f55707aa4]::panicking::default_hook::{closure#0}
[INFO] [stdout]    4:     0x619930ab0a99 - std[70759c8f55707aa4]::panicking::default_hook
[INFO] [stdout]    5:     0x619930a47370 - test[9d35eded1c95d3be]::test_main_inner::<test[9d35eded1c95d3be]::test_main_static::{closure#0}>::{closure#0}
[INFO] [stdout]    6:     0x619930ab0c52 - std[70759c8f55707aa4]::panicking::panic_with_hook
[INFO] [stdout]    7:     0x619930a93f12 - std[70759c8f55707aa4]::panicking::panic_handler::{closure#0}
[INFO] [stdout]    8:     0x619930a8c9e9 - std[70759c8f55707aa4]::sys::backtrace::__rust_end_short_backtrace::<std[70759c8f55707aa4]::panicking::panic_handler::{closure#0}, !>
[INFO] [stdout]    9:     0x619930a94b0d - __rustc[8fa7c3cbc660c2b3]::rust_begin_unwind
[INFO] [stdout]   10:     0x619930ace90c - core[df12db4294e9bfd3]::panicking::panic_fmt
[INFO] [stdout]   11:     0x619930ace6e2 - core[df12db4294e9bfd3]::result::unwrap_failed
[INFO] [stdout]   12:     0x619930a29954 - soundkit[36e99ac03ed2c83d]::wav::tests::test_wav_stream
[INFO] [stdout]   13:     0x619930a25fb9 - <soundkit[36e99ac03ed2c83d]::wav::tests::test_wav_stream::{closure#0} as core[df12db4294e9bfd3]::ops::function::FnOnce<()>>::call_once
[INFO] [stdout]   14:     0x619930a3a65b - test[9d35eded1c95d3be]::__rust_begin_short_backtrace::<core[df12db4294e9bfd3]::result::Result<(), alloc[2182bb758b4b3781]::string::String>, fn() -> core[df12db4294e9bfd3]::result::Result<(), alloc[2182bb758b4b3781]::string::String>>
[INFO] [stdout]   15:     0x619930a47cc5 - test[9d35eded1c95d3be]::run_test::{closure#0}
[INFO] [stdout]   16:     0x619930a41584 - std[70759c8f55707aa4]::sys::backtrace::__rust_begin_short_backtrace::<test[9d35eded1c95d3be]::run_test::{closure#1}, ()>
[INFO] [stdout]   17:     0x619930a4ae22 - <std[70759c8f55707aa4]::thread::lifecycle::spawn_unchecked<test[9d35eded1c95d3be]::run_test::{closure#1}, ()>::{closure#1} as core[df12db4294e9bfd3]::ops::function::FnOnce<()>>::call_once::{shim:vtable#0}
[INFO] [stdout]   18:     0x619930ab7c09 - <std[70759c8f55707aa4]::sys::thread::unix::Thread>::new::thread_start
[INFO] [stdout]   19:     0x7dc7c58c6dfa - <unknown>
[INFO] [stdout]   20:     0x7dc7c595a3d4 - clone
[INFO] [stdout]   21:                0x0 - <unknown>
[INFO] [stdout] 
[INFO] [stdout] 
[INFO] [stdout] failures:
[INFO] [stdout]     raw_pcm::tests::decode_linear16_fixture_and_write_golden_wav
[INFO] [stdout]     wav::tests::test_wav_stream
[INFO] [stdout] 
[INFO] [stdout] test result: FAILED. 45 passed; 2 failed; 0 ignored; 0 measured; 0 filtered out; finished in 0.09s
[INFO] [stdout] 
[INFO] [stderr] error: test failed, to rerun pass `--lib`
[INFO] running `Command { std: "docker" "inspect" "8da765c5ea328162aa288a533459d50507d1cf4822e5078b096dce5e98996a98", kill_on_drop: false }`
[INFO] running `Command { std: "docker" "rm" "-f" "8da765c5ea328162aa288a533459d50507d1cf4822e5078b096dce5e98996a98", kill_on_drop: false }`
[INFO] [stdout] 8da765c5ea328162aa288a533459d50507d1cf4822e5078b096dce5e98996a98
