[INFO] fetching crate soundkit-ac3 0.13.3...
[INFO] testing soundkit-ac3-0.13.3 against 1.100.0-beta.1+cargoflags=--release for beta-release-1.100-2
[INFO] extracting crate soundkit-ac3 0.13.3 into /workspace/builds/worker-0-tc2/source
[INFO] started tweaking crates.io crate soundkit-ac3 0.13.3
[INFO] finished tweaking crates.io crate soundkit-ac3 0.13.3
[INFO] tweaked toml for crates.io crate soundkit-ac3 0.13.3 written to /workspace/builds/worker-0-tc2/source/Cargo.toml
[INFO] validating manifest of crates.io crate soundkit-ac3 0.13.3 on toolchain 1.100.0-beta.1
[INFO] running `Command { std: CARGO_HOME="/workspace/cargo-home" RUSTUP_HOME="/workspace/rustup-home" "/workspace/cargo-home/bin/cargo" "+1.100.0-beta.1" "metadata" "--manifest-path" "Cargo.toml" "--no-deps", kill_on_drop: false }`
[INFO] crate crates.io crate soundkit-ac3 0.13.3 already has a lockfile, it will not be regenerated
[INFO] running `Command { std: CARGO_HOME="/workspace/cargo-home" RUSTUP_HOME="/workspace/rustup-home" "/workspace/cargo-home/bin/cargo" "+1.100.0-beta.1" "fetch" "--manifest-path" "Cargo.toml", kill_on_drop: false }`
[INFO] running `Command { std: "docker" "create" "-v" "/var/lib/crater-agent-workspace/builds/worker-0-tc2/source:/opt/rustwide/workdir:ro,Z" "-v" "/var/lib/crater-agent-workspace/builds/worker-0-tc2/target:/opt/rustwide/target:rw,Z" "-v" "/var/lib/crater-agent-workspace/cargo-home:/opt/rustwide/cargo-home:ro,Z" "-v" "/var/lib/crater-agent-workspace/rustup-home:/opt/rustwide/rustup-home:ro,Z" "-m" "1610612736" "--network" "none" "ghcr.io/rust-lang/crates-build-env/linux@sha256:77db811e55d90add9212f6832c23229e3de5f1c1f9905e8cb07319ea15df73ac" "sleep" "infinity", kill_on_drop: false }`
[INFO] [stdout] 084a239503d7942c4e1397cc7465658d4707a8513391d33b20dbda3076956d0c
[INFO] running `Command { std: "docker" "start" "084a239503d7942c4e1397cc7465658d4707a8513391d33b20dbda3076956d0c", kill_on_drop: false }`
[INFO] running `Command { std: "docker" "inspect" "084a239503d7942c4e1397cc7465658d4707a8513391d33b20dbda3076956d0c", kill_on_drop: false }`
[INFO] running `Command { std: "docker" "exec" "-e" "SOURCE_DIR=/opt/rustwide/workdir" "-e" "CARGO_HOME=/opt/rustwide/cargo-home" "-e" "RUSTUP_HOME=/opt/rustwide/rustup-home" "-e" "CARGO_TARGET_DIR=/opt/rustwide/target" "-w" "/opt/rustwide/workdir" "--user" "0:0" "084a239503d7942c4e1397cc7465658d4707a8513391d33b20dbda3076956d0c" "/opt/rustwide/cargo-home/bin/cargo" "+1.100.0-beta.1" "metadata" "--no-deps" "--format-version=1", kill_on_drop: false }`
[INFO] running `Command { std: "docker" "inspect" "084a239503d7942c4e1397cc7465658d4707a8513391d33b20dbda3076956d0c", kill_on_drop: false }`
[INFO] running `Command { std: "docker" "exec" "-e" "SOURCE_DIR=/opt/rustwide/workdir" "-e" "CARGO_HOME=/opt/rustwide/cargo-home" "-e" "RUSTUP_HOME=/opt/rustwide/rustup-home" "-e" "CARGO_TARGET_DIR=/opt/rustwide/target" "-e" "CARGO_INCREMENTAL=0" "-e" "RUST_BACKTRACE=full" "-e" "RUSTFLAGS=--cap-lints=warn" "-e" "RUSTDOCFLAGS=--cap-lints=warn" "-w" "/opt/rustwide/workdir" "--user" "0:0" "084a239503d7942c4e1397cc7465658d4707a8513391d33b20dbda3076956d0c" "/opt/rustwide/cargo-home/bin/cargo" "+1.100.0-beta.1" "build" "--frozen" "--message-format=json" "--release", kill_on_drop: false }`
[INFO] [stderr]    Compiling crypto-common v0.1.7
[INFO] [stderr]    Compiling zeroize v1.9.0
[INFO] [stderr]    Compiling syn v3.0.3
[INFO] [stderr]    Compiling serde_json v1.0.151
[INFO] [stderr]    Compiling universal-hash v0.5.1
[INFO] [stderr]    Compiling aead v0.5.2
[INFO] [stderr]    Compiling cipher v0.4.4
[INFO] [stderr]    Compiling poly1305 v0.8.0
[INFO] [stderr]    Compiling chacha20 v0.9.1
[INFO] [stderr]    Compiling chacha20poly1305 v0.10.1
[INFO] [stderr]    Compiling thiserror-impl v2.0.20
[INFO] [stderr]    Compiling serde_derive v1.0.229
[INFO] [stderr]    Compiling thiserror v2.0.20
[INFO] [stderr]    Compiling oxideav-core v0.1.34
[INFO] [stderr]    Compiling oxideav-ac3 v0.0.6
[INFO] [stderr]    Compiling serde v1.0.229
[INFO] [stderr]    Compiling frame-header v0.2.2
[INFO] [stderr]    Compiling soundkit v0.13.3
[INFO] [stderr]    Compiling soundkit-ac3 v0.13.3 (/opt/rustwide/workdir)
[INFO] [stderr]     Finished `release` profile [optimized] target(s) in 19.57s
[INFO] running `Command { std: "docker" "inspect" "084a239503d7942c4e1397cc7465658d4707a8513391d33b20dbda3076956d0c", kill_on_drop: false }`
[INFO] running `Command { std: "docker" "exec" "-e" "SOURCE_DIR=/opt/rustwide/workdir" "-e" "CARGO_HOME=/opt/rustwide/cargo-home" "-e" "RUSTUP_HOME=/opt/rustwide/rustup-home" "-e" "CARGO_TARGET_DIR=/opt/rustwide/target" "-e" "CARGO_INCREMENTAL=0" "-e" "RUST_BACKTRACE=full" "-e" "RUSTFLAGS=--cap-lints=warn" "-e" "RUSTDOCFLAGS=--cap-lints=warn" "-w" "/opt/rustwide/workdir" "--user" "0:0" "084a239503d7942c4e1397cc7465658d4707a8513391d33b20dbda3076956d0c" "/opt/rustwide/cargo-home/bin/cargo" "+1.100.0-beta.1" "test" "--frozen" "--no-run" "--message-format=json" "--release", kill_on_drop: false }`
[INFO] [stderr]    Compiling soundkit-ac3 v0.13.3 (/opt/rustwide/workdir)
[INFO] [stderr]     Finished `release` profile [optimized] target(s) in 0.88s
[INFO] running `Command { std: "docker" "inspect" "084a239503d7942c4e1397cc7465658d4707a8513391d33b20dbda3076956d0c", kill_on_drop: false }`
[INFO] running `Command { std: "docker" "exec" "-e" "SOURCE_DIR=/opt/rustwide/workdir" "-e" "CARGO_HOME=/opt/rustwide/cargo-home" "-e" "RUSTUP_HOME=/opt/rustwide/rustup-home" "-e" "CARGO_TARGET_DIR=/opt/rustwide/target" "-e" "CARGO_INCREMENTAL=0" "-e" "RUST_BACKTRACE=full" "-e" "RUSTFLAGS=--cap-lints=warn" "-e" "RUSTDOCFLAGS=--cap-lints=warn" "-w" "/opt/rustwide/workdir" "--user" "0:0" "084a239503d7942c4e1397cc7465658d4707a8513391d33b20dbda3076956d0c" "/opt/rustwide/cargo-home/bin/cargo" "+1.100.0-beta.1" "test" "--frozen" "--release", kill_on_drop: false }`
[INFO] [stderr]     Finished `release` profile [optimized] target(s) in 0.07s
[INFO] [stderr]      Running unittests src/lib.rs (/opt/rustwide/target/release/build/soundkit-ac3/df9d35aeee8d0a6e/out/soundkit_ac3-df9d35aeee8d0a6e)
[INFO] [stderr] error: test failed, to rerun pass `--lib`
[INFO] [stdout] 
[INFO] [stdout] running 4 tests
[INFO] [stdout] test tests::generate_ac3_fixture_with_ffmpeg ... ignored, regenerates the committed raw AC-3 fixture using ffmpeg
[INFO] [stdout] test tests::chunked_decoder_matches_whole_decode ... FAILED
[INFO] [stdout] test tests::decode_ac3_fixture_and_write_golden_wav ... FAILED
[INFO] [stdout] test tests::ffmpeg_can_decode_ac3_fixture ... FAILED
[INFO] [stdout] 
[INFO] [stdout] failures:
[INFO] [stdout] 
[INFO] [stdout] ---- tests::chunked_decoder_matches_whole_decode stdout ----
[INFO] [stdout] 
[INFO] [stdout] thread 'tests::chunked_decoder_matches_whole_decode' (504) panicked at src/lib.rs:211:84:
[INFO] [stdout] called `Result::unwrap()` on an `Err` value: Os { code: 2, kind: NotFound, message: "No such file or directory" }
[INFO] [stdout] stack backtrace:
[INFO] [stdout]    0:     0x596cb71764a1 - <<std[617be2ca0a6fd877]::sys::backtrace::BacktraceLock>::print::DisplayBacktrace as core[a373ad73a504971]::fmt::Display>::fmt
[INFO] [stdout]    1:     0x596cb718b27a - core[a373ad73a504971]::fmt::write
[INFO] [stdout]    2:     0x596cb717a6bc - <alloc[2e1b2a31b91974c5]::vec::Vec<u8> as core[a373ad73a504971]::io::write::Write>::write_fmt
[INFO] [stdout]    3:     0x596cb7151746 - std[617be2ca0a6fd877]::panicking::default_hook::{closure#0}
[INFO] [stdout]    4:     0x596cb716e649 - std[617be2ca0a6fd877]::panicking::default_hook
[INFO] [stdout]    5:     0x596cb70eb4f0 - test[aada8e7e76ba119b]::test_main_inner::{closure#0}
[INFO] [stdout]    6:     0x596cb716e802 - std[617be2ca0a6fd877]::panicking::panic_with_hook
[INFO] [stdout]    7:     0x596cb71517f2 - std[617be2ca0a6fd877]::panicking::panic_handler::{closure#0}
[INFO] [stdout]    8:     0x596cb714a259 - std[617be2ca0a6fd877]::sys::backtrace::__rust_end_short_backtrace::<std[617be2ca0a6fd877]::panicking::panic_handler::{closure#0}, !>
[INFO] [stdout]    9:     0x596cb71523fd - __rustc[ea4f61d10b84890b]::rust_begin_unwind
[INFO] [stdout]   10:     0x596cb718b9ac - core[a373ad73a504971]::panicking::panic_fmt
[INFO] [stdout]   11:     0x596cb718b782 - core[a373ad73a504971]::result::unwrap_failed
[INFO] [stdout]   12:     0x596cb70dded9 - <soundkit_ac3[8df9655f0cff3e66]::tests::chunked_decoder_matches_whole_decode::{closure#0} as core[a373ad73a504971]::ops::function::FnOnce<()>>::call_once
[INFO] [stdout]   13:     0x596cb70de93b - test[aada8e7e76ba119b]::__rust_begin_short_backtrace::<core[a373ad73a504971]::result::Result<(), alloc[2e1b2a31b91974c5]::string::String>, fn() -> core[a373ad73a504971]::result::Result<(), alloc[2e1b2a31b91974c5]::string::String>>
[INFO] [stdout]   14:     0x596cb70ebb15 - test[aada8e7e76ba119b]::run_test::{closure#0}
[INFO] [stdout]   15:     0x596cb70e5404 - std[617be2ca0a6fd877]::sys::backtrace::__rust_begin_short_backtrace::<test[aada8e7e76ba119b]::run_test::{closure#1}, ()>
[INFO] [stdout]   16:     0x596cb70eeba2 - <std[617be2ca0a6fd877]::thread::lifecycle::spawn_unchecked<test[aada8e7e76ba119b]::run_test::{closure#1}, ()>::{closure#1} as core[a373ad73a504971]::ops::function::FnOnce<()>>::call_once::{shim:vtable#0}
[INFO] [stdout]   17:     0x596cb717580f - <std[617be2ca0a6fd877]::sys::thread::unix::Thread>::new::thread_start
[INFO] [stdout]   18:     0x7679d2c67dfa - <unknown>
[INFO] [stdout]   19:     0x7679d2cfb3d4 - clone
[INFO] [stdout]   20:                0x0 - <unknown>
[INFO] [stdout] 
[INFO] [stdout] ---- tests::decode_ac3_fixture_and_write_golden_wav stdout ----
[INFO] [stdout] 
[INFO] [stdout] thread 'tests::decode_ac3_fixture_and_write_golden_wav' (505) panicked at src/lib.rs:234:84:
[INFO] [stdout] called `Result::unwrap()` on an `Err` value: Os { code: 2, kind: NotFound, message: "No such file or directory" }
[INFO] [stdout] stack backtrace:
[INFO] [stdout]    0:     0x596cb71764a1 - <<std[617be2ca0a6fd877]::sys::backtrace::BacktraceLock>::print::DisplayBacktrace as core[a373ad73a504971]::fmt::Display>::fmt
[INFO] [stdout]    1:     0x596cb718b27a - core[a373ad73a504971]::fmt::write
[INFO] [stdout]    2:     0x596cb717a6bc - <alloc[2e1b2a31b91974c5]::vec::Vec<u8> as core[a373ad73a504971]::io::write::Write>::write_fmt
[INFO] [stdout]    3:     0x596cb7151746 - std[617be2ca0a6fd877]::panicking::default_hook::{closure#0}
[INFO] [stdout]    4:     0x596cb716e649 - std[617be2ca0a6fd877]::panicking::default_hook
[INFO] [stdout]    5:     0x596cb70eb4f0 - test[aada8e7e76ba119b]::test_main_inner::{closure#0}
[INFO] [stdout]    6:     0x596cb716e802 - std[617be2ca0a6fd877]::panicking::panic_with_hook
[INFO] [stdout]    7:     0x596cb71517f2 - std[617be2ca0a6fd877]::panicking::panic_handler::{closure#0}
[INFO] [stdout]    8:     0x596cb714a259 - std[617be2ca0a6fd877]::sys::backtrace::__rust_end_short_backtrace::<std[617be2ca0a6fd877]::panicking::panic_handler::{closure#0}, !>
[INFO] [stdout]    9:     0x596cb71523fd - __rustc[ea4f61d10b84890b]::rust_begin_unwind
[INFO] [stdout]   10:     0x596cb718b9ac - core[a373ad73a504971]::panicking::panic_fmt
[INFO] [stdout]   11:     0x596cb718b782 - core[a373ad73a504971]::result::unwrap_failed
[INFO] [stdout]   12:     0x596cb70de5a5 - <soundkit_ac3[8df9655f0cff3e66]::tests::decode_ac3_fixture_and_write_golden_wav::{closure#0} as core[a373ad73a504971]::ops::function::FnOnce<()>>::call_once
[INFO] [stdout]   13:     0x596cb70de93b - test[aada8e7e76ba119b]::__rust_begin_short_backtrace::<core[a373ad73a504971]::result::Result<(), alloc[2e1b2a31b91974c5]::string::String>, fn() -> core[a373ad73a504971]::result::Result<(), alloc[2e1b2a31b91974c5]::string::String>>
[INFO] [stdout]   14:     0x596cb70ebb15 - test[aada8e7e76ba119b]::run_test::{closure#0}
[INFO] [stdout]   15:     0x596cb70e5404 - std[617be2ca0a6fd877]::sys::backtrace::__rust_begin_short_backtrace::<test[aada8e7e76ba119b]::run_test::{closure#1}, ()>
[INFO] [stdout]   16:     0x596cb70eeba2 - <std[617be2ca0a6fd877]::thread::lifecycle::spawn_unchecked<test[aada8e7e76ba119b]::run_test::{closure#1}, ()>::{closure#1} as core[a373ad73a504971]::ops::function::FnOnce<()>>::call_once::{shim:vtable#0}
[INFO] [stdout]   17:     0x596cb717580f - <std[617be2ca0a6fd877]::sys::thread::unix::Thread>::new::thread_start
[INFO] [stdout]   18:     0x7679d2c67dfa - <unknown>
[INFO] [stdout]   19:     0x7679d2cfb3d4 - clone
[INFO] [stdout]   20:                0x0 - <unknown>
[INFO] [stdout] 
[INFO] [stdout] ---- tests::ffmpeg_can_decode_ac3_fixture stdout ----
[INFO] [stdout] 
[INFO] [stdout] thread 'tests::ffmpeg_can_decode_ac3_fixture' (506) panicked at src/lib.rs:274:14:
[INFO] [stdout] called `Result::unwrap()` on an `Err` value: Os { code: 2, kind: NotFound, message: "No such file or directory" }
[INFO] [stdout] stack backtrace:
[INFO] [stdout]    0:     0x596cb71764a1 - <<std[617be2ca0a6fd877]::sys::backtrace::BacktraceLock>::print::DisplayBacktrace as core[a373ad73a504971]::fmt::Display>::fmt
[INFO] [stdout]    1:     0x596cb718b27a - core[a373ad73a504971]::fmt::write
[INFO] [stdout]    2:     0x596cb717a6bc - <alloc[2e1b2a31b91974c5]::vec::Vec<u8> as core[a373ad73a504971]::io::write::Write>::write_fmt
[INFO] [stdout]    3:     0x596cb7151746 - std[617be2ca0a6fd877]::panicking::default_hook::{closure#0}
[INFO] [stdout]    4:     0x596cb716e649 - std[617be2ca0a6fd877]::panicking::default_hook
[INFO] [stdout]    5:     0x596cb70eb4f0 - test[aada8e7e76ba119b]::test_main_inner::{closure#0}
[INFO] [stdout]    6:     0x596cb716e802 - std[617be2ca0a6fd877]::panicking::panic_with_hook
[INFO] [stdout]    7:     0x596cb71517f2 - std[617be2ca0a6fd877]::panicking::panic_handler::{closure#0}
[INFO] [stdout]    8:     0x596cb714a259 - std[617be2ca0a6fd877]::sys::backtrace::__rust_end_short_backtrace::<std[617be2ca0a6fd877]::panicking::panic_handler::{closure#0}, !>
[INFO] [stdout]    9:     0x596cb71523fd - __rustc[ea4f61d10b84890b]::rust_begin_unwind
[INFO] [stdout]   10:     0x596cb718b9ac - core[a373ad73a504971]::panicking::panic_fmt
[INFO] [stdout]   11:     0x596cb718b782 - core[a373ad73a504971]::result::unwrap_failed
[INFO] [stdout]   12:     0x596cb70dd638 - <soundkit_ac3[8df9655f0cff3e66]::tests::ffmpeg_can_decode_ac3_fixture::{closure#0} as core[a373ad73a504971]::ops::function::FnOnce<()>>::call_once
[INFO] [stdout]   13:     0x596cb70de93b - test[aada8e7e76ba119b]::__rust_begin_short_backtrace::<core[a373ad73a504971]::result::Result<(), alloc[2e1b2a31b91974c5]::string::String>, fn() -> core[a373ad73a504971]::result::Result<(), alloc[2e1b2a31b91974c5]::string::String>>
[INFO] [stdout]   14:     0x596cb70ebb15 - test[aada8e7e76ba119b]::run_test::{closure#0}
[INFO] [stdout]   15:     0x596cb70e5404 - std[617be2ca0a6fd877]::sys::backtrace::__rust_begin_short_backtrace::<test[aada8e7e76ba119b]::run_test::{closure#1}, ()>
[INFO] [stdout]   16:     0x596cb70eeba2 - <std[617be2ca0a6fd877]::thread::lifecycle::spawn_unchecked<test[aada8e7e76ba119b]::run_test::{closure#1}, ()>::{closure#1} as core[a373ad73a504971]::ops::function::FnOnce<()>>::call_once::{shim:vtable#0}
[INFO] [stdout]   17:     0x596cb717580f - <std[617be2ca0a6fd877]::sys::thread::unix::Thread>::new::thread_start
[INFO] [stdout]   18:     0x7679d2c67dfa - <unknown>
[INFO] [stdout]   19:     0x7679d2cfb3d4 - clone
[INFO] [stdout]   20:                0x0 - <unknown>
[INFO] [stdout] 
[INFO] [stdout] 
[INFO] [stdout] failures:
[INFO] [stdout]     tests::chunked_decoder_matches_whole_decode
[INFO] [stdout]     tests::decode_ac3_fixture_and_write_golden_wav
[INFO] [stdout]     tests::ffmpeg_can_decode_ac3_fixture
[INFO] [stdout] 
[INFO] [stdout] test result: FAILED. 0 passed; 3 failed; 1 ignored; 0 measured; 0 filtered out; finished in 0.00s
[INFO] [stdout] 
[INFO] running `Command { std: "docker" "inspect" "084a239503d7942c4e1397cc7465658d4707a8513391d33b20dbda3076956d0c", kill_on_drop: false }`
[INFO] running `Command { std: "docker" "rm" "-f" "084a239503d7942c4e1397cc7465658d4707a8513391d33b20dbda3076956d0c", kill_on_drop: false }`
[INFO] [stdout] 084a239503d7942c4e1397cc7465658d4707a8513391d33b20dbda3076956d0c
