[INFO] fetching crate soroban-verifier-gen-core 0.4.3...
[INFO] testing soroban-verifier-gen-core-0.4.3 against 1.100.0-beta.1+cargoflags=--release for beta-release-1.100-2
[INFO] extracting crate soroban-verifier-gen-core 0.4.3 into /workspace/builds/worker-6-tc2/source
[INFO] started tweaking crates.io crate soroban-verifier-gen-core 0.4.3
[INFO] removed 0 missing tests
[INFO] finished tweaking crates.io crate soroban-verifier-gen-core 0.4.3
[INFO] tweaked toml for crates.io crate soroban-verifier-gen-core 0.4.3 written to /workspace/builds/worker-6-tc2/source/Cargo.toml
[INFO] validating manifest of crates.io crate soroban-verifier-gen-core 0.4.3 on toolchain 1.100.0-beta.1
[INFO] running `Command { std: CARGO_HOME="/workspace/cargo-home" RUSTUP_HOME="/workspace/rustup-home" "/workspace/cargo-home/bin/cargo" "+1.100.0-beta.1" "metadata" "--manifest-path" "Cargo.toml" "--no-deps", kill_on_drop: false }`
[INFO] crate crates.io crate soroban-verifier-gen-core 0.4.3 already has a lockfile, it will not be regenerated
[INFO] running `Command { std: CARGO_HOME="/workspace/cargo-home" RUSTUP_HOME="/workspace/rustup-home" "/workspace/cargo-home/bin/cargo" "+1.100.0-beta.1" "fetch" "--manifest-path" "Cargo.toml", kill_on_drop: false }`
[INFO] [stderr] warning: `package.homepage` is redundant with `package.repository`
[INFO] [stderr]   --> Cargo.toml:63:12
[INFO] [stderr]    |
[INFO] [stderr] 63 | homepage = "https://github.com/mysteryon88/soroban-verifier-gen"
[INFO] [stderr]    |            ^^^^^^^^^^^^^^^^^^^^^^^^^^^^^^^^^^^^^^^^^^^^^^^^^^^^^
[INFO] [stderr] ...
[INFO] [stderr] 68 | repository = "https://github.com/mysteryon88/soroban-verifier-gen"
[INFO] [stderr]    |              -----------------------------------------------------
[INFO] [stderr]    |
[INFO] [stderr]    = note: `cargo::redundant_homepage` is set to `warn` by default
[INFO] [stderr] help: consider removing `package.homepage`
[INFO] [stderr] warning: `soroban-verifier-gen-core` (manifest) generated 1 warning
[INFO] running `Command { std: "docker" "create" "-v" "/var/lib/crater-agent-workspace/builds/worker-6-tc2/source:/opt/rustwide/workdir:ro,Z" "-v" "/var/lib/crater-agent-workspace/builds/worker-6-tc2/target:/opt/rustwide/target:rw,Z" "-v" "/var/lib/crater-agent-workspace/cargo-home:/opt/rustwide/cargo-home:ro,Z" "-v" "/var/lib/crater-agent-workspace/rustup-home:/opt/rustwide/rustup-home:ro,Z" "-m" "1610612736" "--network" "none" "ghcr.io/rust-lang/crates-build-env/linux@sha256:77db811e55d90add9212f6832c23229e3de5f1c1f9905e8cb07319ea15df73ac" "sleep" "infinity", kill_on_drop: false }`
[INFO] [stdout] 58aa36087de8a575108999526a7409af0e325aa59ca9ef3e172ce84b6fd7ac13
[INFO] running `Command { std: "docker" "start" "58aa36087de8a575108999526a7409af0e325aa59ca9ef3e172ce84b6fd7ac13", kill_on_drop: false }`
[INFO] running `Command { std: "docker" "inspect" "58aa36087de8a575108999526a7409af0e325aa59ca9ef3e172ce84b6fd7ac13", kill_on_drop: false }`
[INFO] running `Command { std: "docker" "exec" "-e" "SOURCE_DIR=/opt/rustwide/workdir" "-e" "CARGO_HOME=/opt/rustwide/cargo-home" "-e" "RUSTUP_HOME=/opt/rustwide/rustup-home" "-e" "CARGO_TARGET_DIR=/opt/rustwide/target" "-w" "/opt/rustwide/workdir" "--user" "0:0" "58aa36087de8a575108999526a7409af0e325aa59ca9ef3e172ce84b6fd7ac13" "/opt/rustwide/cargo-home/bin/cargo" "+1.100.0-beta.1" "metadata" "--no-deps" "--format-version=1", kill_on_drop: false }`
[INFO] running `Command { std: "docker" "inspect" "58aa36087de8a575108999526a7409af0e325aa59ca9ef3e172ce84b6fd7ac13", kill_on_drop: false }`
[INFO] running `Command { std: "docker" "exec" "-e" "SOURCE_DIR=/opt/rustwide/workdir" "-e" "CARGO_HOME=/opt/rustwide/cargo-home" "-e" "RUSTUP_HOME=/opt/rustwide/rustup-home" "-e" "CARGO_TARGET_DIR=/opt/rustwide/target" "-e" "CARGO_INCREMENTAL=0" "-e" "RUST_BACKTRACE=full" "-e" "RUSTFLAGS=--cap-lints=warn" "-e" "RUSTDOCFLAGS=--cap-lints=warn" "-w" "/opt/rustwide/workdir" "--user" "0:0" "58aa36087de8a575108999526a7409af0e325aa59ca9ef3e172ce84b6fd7ac13" "/opt/rustwide/cargo-home/bin/cargo" "+1.100.0-beta.1" "build" "--frozen" "--message-format=json" "--release", kill_on_drop: false }`
[INFO] [stderr] warning: `package.homepage` is redundant with `package.repository`
[INFO] [stderr]   --> Cargo.toml:63:12
[INFO] [stderr]    |
[INFO] [stderr] 63 | homepage = "https://github.com/mysteryon88/soroban-verifier-gen"
[INFO] [stderr]    |            ^^^^^^^^^^^^^^^^^^^^^^^^^^^^^^^^^^^^^^^^^^^^^^^^^^^^^
[INFO] [stderr] ...
[INFO] [stderr] 68 | repository = "https://github.com/mysteryon88/soroban-verifier-gen"
[INFO] [stderr]    |              -----------------------------------------------------
[INFO] [stderr]    |
[INFO] [stderr]    = note: `cargo::redundant_homepage` is set to `warn` by default
[INFO] [stderr] help: consider removing `package.homepage`
[INFO] [stderr] warning: `soroban-verifier-gen-core` (manifest) generated 1 warning
[INFO] [stderr]    Compiling zerocopy v0.8.55
[INFO] [stderr]    Compiling rand_core v0.6.4
[INFO] [stderr]    Compiling either v1.17.0
[INFO] [stderr]    Compiling num-traits v0.2.19
[INFO] [stderr]    Compiling ahash v0.8.12
[INFO] [stderr]    Compiling hashbrown v0.17.1
[INFO] [stderr]    Compiling log v0.4.33
[INFO] [stderr]    Compiling thread_local v1.1.10
[INFO] [stderr]    Compiling syn v1.0.109
[INFO] [stderr]    Compiling syn v2.0.119
[INFO] [stderr]    Compiling generic-array v0.14.7
[INFO] [stderr]    Compiling hybrid-array v0.4.13
[INFO] [stderr]    Compiling keccak v0.1.6
[INFO] [stderr]    Compiling byteorder v1.5.0
[INFO] [stderr]    Compiling tempfile v3.27.0
[INFO] [stderr]    Compiling tracing-log v0.2.0
[INFO] [stderr]    Compiling rayon v1.12.0
[INFO] [stderr]    Compiling itertools v0.14.0
[INFO] [stderr]    Compiling tracing-subscriber v0.3.23
[INFO] [stderr]    Compiling block-buffer v0.10.4
[INFO] [stderr]    Compiling crypto-common v0.1.7
[INFO] [stderr]    Compiling digest v0.10.7
[INFO] [stderr]    Compiling sha2 v0.10.9
[INFO] [stderr]    Compiling blake2 v0.10.6
[INFO] [stderr]    Compiling crypto-common v0.2.2
[INFO] [stderr]    Compiling block-buffer v0.12.1
[INFO] [stderr]    Compiling num-integer v0.1.46
[INFO] [stderr]    Compiling indexmap v2.14.0
[INFO] [stderr]    Compiling num-bigint v0.4.8
[INFO] [stderr]    Compiling num-bigint v0.5.1
[INFO] [stderr]    Compiling digest v0.11.3
[INFO] [stderr]    Compiling sha2 v0.11.0
[INFO] [stderr]    Compiling derivative v2.2.0
[INFO] [stderr]    Compiling enum-ordinalize-derive v4.4.1
[INFO] [stderr]    Compiling zeroize_derive v1.5.0
[INFO] [stderr]    Compiling ark-serialize-derive v0.6.0
[INFO] [stderr]    Compiling ark-ff-macros v0.6.0
[INFO] [stderr]    Compiling ark-ff-asm v0.6.0
[INFO] [stderr]    Compiling tracing-attributes v0.1.31
[INFO] [stderr]    Compiling ark-crypto-primitives-macros v0.5.0
[INFO] [stderr]    Compiling zeroize v1.9.0
[INFO] [stderr]    Compiling enum-ordinalize v4.4.1
[INFO] [stderr]    Compiling merlin v3.0.0
[INFO] [stderr]    Compiling educe v0.6.0
[INFO] [stderr]    Compiling tracing v0.1.44
[INFO] [stderr]    Compiling ppv-lite86 v0.2.21
[INFO] [stderr]    Compiling rand_chacha v0.3.1
[INFO] [stderr]    Compiling rand v0.8.7
[INFO] [stderr]    Compiling ark-std v0.6.0
[INFO] [stderr]    Compiling ark-serialize v0.6.0
[INFO] [stderr]    Compiling ark-ff v0.6.0
[INFO] [stderr]    Compiling ark-poly v0.6.0
[INFO] [stderr]    Compiling ark-ec v0.6.0
[INFO] [stderr]    Compiling ark-relations v0.6.0
[INFO] [stderr]    Compiling ark-snark v0.6.0
[INFO] [stderr]    Compiling ark-crypto-primitives v0.6.0
[INFO] [stderr]    Compiling ark-bls12-381 v0.6.0
[INFO] [stderr]    Compiling ark-bn254 v0.6.0
[INFO] [stderr]    Compiling ark-groth16 v0.6.0
[INFO] [stderr]    Compiling soroban-verifier-gen-core v0.4.3 (/opt/rustwide/workdir)
[INFO] [stderr]     Finished `release` profile [optimized] target(s) in 53.01s
[INFO] running `Command { std: "docker" "inspect" "58aa36087de8a575108999526a7409af0e325aa59ca9ef3e172ce84b6fd7ac13", kill_on_drop: false }`
[INFO] running `Command { std: "docker" "exec" "-e" "SOURCE_DIR=/opt/rustwide/workdir" "-e" "CARGO_HOME=/opt/rustwide/cargo-home" "-e" "RUSTUP_HOME=/opt/rustwide/rustup-home" "-e" "CARGO_TARGET_DIR=/opt/rustwide/target" "-e" "CARGO_INCREMENTAL=0" "-e" "RUST_BACKTRACE=full" "-e" "RUSTFLAGS=--cap-lints=warn" "-e" "RUSTDOCFLAGS=--cap-lints=warn" "-w" "/opt/rustwide/workdir" "--user" "0:0" "58aa36087de8a575108999526a7409af0e325aa59ca9ef3e172ce84b6fd7ac13" "/opt/rustwide/cargo-home/bin/cargo" "+1.100.0-beta.1" "test" "--frozen" "--no-run" "--message-format=json" "--release", kill_on_drop: false }`
[INFO] [stderr] warning: `package.homepage` is redundant with `package.repository`
[INFO] [stderr]   --> Cargo.toml:63:12
[INFO] [stderr]    |
[INFO] [stderr] 63 | homepage = "https://github.com/mysteryon88/soroban-verifier-gen"
[INFO] [stderr]    |            ^^^^^^^^^^^^^^^^^^^^^^^^^^^^^^^^^^^^^^^^^^^^^^^^^^^^^
[INFO] [stderr] ...
[INFO] [stderr] 68 | repository = "https://github.com/mysteryon88/soroban-verifier-gen"
[INFO] [stderr]    |              -----------------------------------------------------
[INFO] [stderr]    |
[INFO] [stderr]    = note: `cargo::redundant_homepage` is set to `warn` by default
[INFO] [stderr] help: consider removing `package.homepage`
[INFO] [stderr] warning: `soroban-verifier-gen-core` (manifest) generated 1 warning
[INFO] [stderr]    Compiling soroban-verifier-gen-core v0.4.3 (/opt/rustwide/workdir)
[INFO] [stderr]     Finished `release` profile [optimized] target(s) in 14.02s
[INFO] running `Command { std: "docker" "inspect" "58aa36087de8a575108999526a7409af0e325aa59ca9ef3e172ce84b6fd7ac13", kill_on_drop: false }`
[INFO] running `Command { std: "docker" "exec" "-e" "SOURCE_DIR=/opt/rustwide/workdir" "-e" "CARGO_HOME=/opt/rustwide/cargo-home" "-e" "RUSTUP_HOME=/opt/rustwide/rustup-home" "-e" "CARGO_TARGET_DIR=/opt/rustwide/target" "-e" "CARGO_INCREMENTAL=0" "-e" "RUST_BACKTRACE=full" "-e" "RUSTFLAGS=--cap-lints=warn" "-e" "RUSTDOCFLAGS=--cap-lints=warn" "-w" "/opt/rustwide/workdir" "--user" "0:0" "58aa36087de8a575108999526a7409af0e325aa59ca9ef3e172ce84b6fd7ac13" "/opt/rustwide/cargo-home/bin/cargo" "+1.100.0-beta.1" "test" "--frozen" "--release", kill_on_drop: false }`
[INFO] [stderr] warning: `package.homepage` is redundant with `package.repository`
[INFO] [stderr]   --> Cargo.toml:63:12
[INFO] [stderr]    |
[INFO] [stderr] 63 | homepage = "https://github.com/mysteryon88/soroban-verifier-gen"
[INFO] [stderr]    |            ^^^^^^^^^^^^^^^^^^^^^^^^^^^^^^^^^^^^^^^^^^^^^^^^^^^^^
[INFO] [stderr] ...
[INFO] [stderr] 68 | repository = "https://github.com/mysteryon88/soroban-verifier-gen"
[INFO] [stderr]    |              -----------------------------------------------------
[INFO] [stderr]    |
[INFO] [stderr]    = note: `cargo::redundant_homepage` is set to `warn` by default
[INFO] [stderr] help: consider removing `package.homepage`
[INFO] [stderr] warning: `soroban-verifier-gen-core` (manifest) generated 1 warning
[INFO] [stderr]     Finished `release` profile [optimized] target(s) in 0.14s
[INFO] [stderr]      Running unittests src/lib.rs (/opt/rustwide/target/release/build/soroban-verifier-gen-core/a6bf36bfa3f91403/out/soroban_verifier_gen_core-a6bf36bfa3f91403)
[INFO] [stdout] 
[INFO] [stdout] running 24 tests
[INFO] [stdout] test snarkjs::model::tests::rejects_oversized_decimal_before_bigint_parsing ... ok
[INFO] [stdout] test tests::generated_contracts_build_and_run_for_both_curves ... ignored, slow: compiles generated contracts against supported Soroban SDK versions
[INFO] [stdout] test tests::failed_rollback_preserves_backup_on_disk ... ok
[INFO] [stdout] test tests::generated_contract_cargo_toml_targets_soroban_sdk_27_by_default ... ok
[INFO] [stdout] test model::tests::oversized_public_input_count_returns_error ... ok
[INFO] [stdout] test tests::compact_bundle_rejects_conflicting_curve_hint ... FAILED
[INFO] [stdout] test tests::generated_contract_source_uses_soroban_26_type_names ... ok
[INFO] [stdout] test tests::generated_contract_cargo_toml_can_target_soroban_sdk_26 ... ok
[INFO] [stdout] test tests::force_generation_rejects_parent_traversal_output ... ok
[INFO] [stdout] test tests::arkworks_bundle_rejects_conflicting_curve_hint ... FAILED
[INFO] [stdout] test tests::sp1_fallback_rejects_conflicting_curve_hint ... FAILED
[INFO] [stdout] test tests::generated_contract_has_one_canonical_public_input_api_and_vk_fingerprint ... ok
[INFO] [stdout] test formats::gnark::tests::rejects_oversized_gnark_binary_before_reading_it ... ok
[INFO] [stdout] test tests::generation_rejects_off_curve_g2_and_field_overflow ... ok
[INFO] [stdout] test formats::gnark::tests::rejects_impossible_gnark_ic_length_before_allocation ... ok
[INFO] [stdout] test tests::public_generation_api_rejects_untrusted_names_before_writing ... ok
[INFO] [stdout] test tests::generation_rejects_wrong_subgroup_and_identity_points ... ok
[INFO] [stdout] test tests::generation_rejects_off_curve_vk_without_panicking_or_writing_output ... ok
[INFO] [stdout] test tests::generation_rejects_zero_projective_z_before_writing_output ... ok
[INFO] [stdout] test tests::generation_normalizes_projective_vk_coordinates ... ok
[INFO] [stdout] test tests::failed_publish_restores_existing_output ... ok
[INFO] [stdout] test tests::generation_requires_force_to_replace_existing_output ... ok
[INFO] [stdout] test tests::malformed_artifact_returns_error_without_panicking ... ok
[INFO] [stdout] test tests::generated_contract_source_embeds_positive_test_vectors_when_available ... ok
[INFO] [stdout] 
[INFO] [stdout] failures:
[INFO] [stdout] 
[INFO] [stdout] ---- tests::compact_bundle_rejects_conflicting_curve_hint stdout ----
[INFO] [stdout] 
[INFO] [stdout] thread 'tests::compact_bundle_rejects_conflicting_curve_hint' (1297) panicked at src/lib.rs:1070:9:
[INFO] [stdout] assertion failed: format!("{err:#}").contains("CURVE_MISMATCH")
[INFO] [stdout] stack backtrace:
[INFO] [stdout]    0:     0x651c966a0131 - <<std[617be2ca0a6fd877]::sys::backtrace::BacktraceLock>::print::DisplayBacktrace as core[a373ad73a504971]::fmt::Display>::fmt
[INFO] [stdout]    1:     0x651c966b5f5a - core[a373ad73a504971]::fmt::write
[INFO] [stdout]    2:     0x651c966a4b8c - <alloc[2e1b2a31b91974c5]::vec::Vec<u8> as core[a373ad73a504971]::io::write::Write>::write_fmt
[INFO] [stdout]    3:     0x651c96679946 - std[617be2ca0a6fd877]::panicking::default_hook::{closure#0}
[INFO] [stdout]    4:     0x651c966973d9 - std[617be2ca0a6fd877]::panicking::default_hook
[INFO] [stdout]    5:     0x651c965eab40 - test[aada8e7e76ba119b]::test_main_inner::{closure#0}
[INFO] [stdout]    6:     0x651c96697702 - std[617be2ca0a6fd877]::panicking::panic_with_hook
[INFO] [stdout]    7:     0x651c96679a24 - std[617be2ca0a6fd877]::panicking::panic_handler::{closure#0}
[INFO] [stdout]    8:     0x651c96671e69 - std[617be2ca0a6fd877]::sys::backtrace::__rust_end_short_backtrace::<std[617be2ca0a6fd877]::panicking::panic_handler::{closure#0}, !>
[INFO] [stdout]    9:     0x651c9667a7fd - __rustc[ea4f61d10b84890b]::rust_begin_unwind
[INFO] [stdout]   10:     0x651c966b668c - core[a373ad73a504971]::panicking::panic_fmt
[INFO] [stdout]   11:     0x651c966b6652 - core[a373ad73a504971]::panicking::panic
[INFO] [stdout]   12:     0x651c96503c07 - <soroban_verifier_gen_core[d2bc5432b207fe0b]::tests::compact_bundle_rejects_conflicting_curve_hint::{closure#0} as core[a373ad73a504971]::ops::function::FnOnce<()>>::call_once
[INFO] [stdout]   13:     0x651c965ddf8b - test[aada8e7e76ba119b]::__rust_begin_short_backtrace::<core[a373ad73a504971]::result::Result<(), alloc[2e1b2a31b91974c5]::string::String>, fn() -> core[a373ad73a504971]::result::Result<(), alloc[2e1b2a31b91974c5]::string::String>>
[INFO] [stdout]   14:     0x651c965eb165 - test[aada8e7e76ba119b]::run_test::{closure#0}
[INFO] [stdout]   15:     0x651c965e4a54 - std[617be2ca0a6fd877]::sys::backtrace::__rust_begin_short_backtrace::<test[aada8e7e76ba119b]::run_test::{closure#1}, ()>
[INFO] [stdout]   16:     0x651c965ee1f2 - <std[617be2ca0a6fd877]::thread::lifecycle::spawn_unchecked<test[aada8e7e76ba119b]::run_test::{closure#1}, ()>::{closure#1} as core[a373ad73a504971]::ops::function::FnOnce<()>>::call_once::{shim:vtable#0}
[INFO] [stdout]   17:     0x651c9669f12f - <std[617be2ca0a6fd877]::sys::thread::unix::Thread>::new::thread_start
[INFO] [stdout]   18:     0x7772ac731dfa - <unknown>
[INFO] [stdout]   19:     0x7772ac7c53d4 - clone
[INFO] [stdout]   20:                0x0 - <unknown>
[INFO] [stdout] 
[INFO] [stdout] ---- tests::arkworks_bundle_rejects_conflicting_curve_hint stdout ----
[INFO] [stdout] 
[INFO] [stdout] thread 'tests::arkworks_bundle_rejects_conflicting_curve_hint' (1296) panicked at src/lib.rs:1085:9:
[INFO] [stdout] assertion failed: err.to_string().contains("CURVE_MISMATCH")
[INFO] [stdout] stack backtrace:
[INFO] [stdout]    0:     0x651c966a0131 - <<std[617be2ca0a6fd877]::sys::backtrace::BacktraceLock>::print::DisplayBacktrace as core[a373ad73a504971]::fmt::Display>::fmt
[INFO] [stdout]    1:     0x651c966b5f5a - core[a373ad73a504971]::fmt::write
[INFO] [stdout]    2:     0x651c966a4b8c - <alloc[2e1b2a31b91974c5]::vec::Vec<u8> as core[a373ad73a504971]::io::write::Write>::write_fmt
[INFO] [stdout]    3:     0x651c96679946 - std[617be2ca0a6fd877]::panicking::default_hook::{closure#0}
[INFO] [stdout]    4:     0x651c966973d9 - std[617be2ca0a6fd877]::panicking::default_hook
[INFO] [stdout]    5:     0x651c965eab40 - test[aada8e7e76ba119b]::test_main_inner::{closure#0}
[INFO] [stdout]    6:     0x651c96697702 - std[617be2ca0a6fd877]::panicking::panic_with_hook
[INFO] [stdout]    7:     0x651c96679a24 - std[617be2ca0a6fd877]::panicking::panic_handler::{closure#0}
[INFO] [stdout]    8:     0x651c96671e69 - std[617be2ca0a6fd877]::sys::backtrace::__rust_end_short_backtrace::<std[617be2ca0a6fd877]::panicking::panic_handler::{closure#0}, !>
[INFO] [stdout]    9:     0x651c9667a7fd - __rustc[ea4f61d10b84890b]::rust_begin_unwind
[INFO] [stdout]   10:     0x651c966b668c - core[a373ad73a504971]::panicking::panic_fmt
[INFO] [stdout]   11:     0x651c966b6652 - core[a373ad73a504971]::panicking::panic
[INFO] [stdout]   12:     0x651c96503e52 - <soroban_verifier_gen_core[d2bc5432b207fe0b]::tests::arkworks_bundle_rejects_conflicting_curve_hint::{closure#0} as core[a373ad73a504971]::ops::function::FnOnce<()>>::call_once
[INFO] [stdout]   13:     0x651c965ddf8b - test[aada8e7e76ba119b]::__rust_begin_short_backtrace::<core[a373ad73a504971]::result::Result<(), alloc[2e1b2a31b91974c5]::string::String>, fn() -> core[a373ad73a504971]::result::Result<(), alloc[2e1b2a31b91974c5]::string::String>>
[INFO] [stdout]   14:     0x651c965eb165 - test[aada8e7e76ba119b]::run_test::{closure#0}
[INFO] [stdout]   15:     0x651c965e4a54 - std[617be2ca0a6fd877]::sys::backtrace::__rust_begin_short_backtrace::<test[aada8e7e76ba119b]::run_test::{closure#1}, ()>
[INFO] [stdout]   16:     0x651c965ee1f2 - <std[617be2ca0a6fd877]::thread::lifecycle::spawn_unchecked<test[aada8e7e76ba119b]::run_test::{closure#1}, ()>::{closure#1} as core[a373ad73a504971]::ops::function::FnOnce<()>>::call_once::{shim:vtable#0}
[INFO] [stdout]   17:     0x651c9669f12f - <std[617be2ca0a6fd877]::sys::thread::unix::Thread>::new::thread_start
[INFO] [stdout]   18:     0x7772ac731dfa - <unknown>
[INFO] [stdout]   19:     0x7772ac7c53d4 - clone
[INFO] [stdout]   20:                0x0 - <unknown>
[INFO] [stdout] 
[INFO] [stdout] ---- tests::sp1_fallback_rejects_conflicting_curve_hint stdout ----
[INFO] [stdout] 
[INFO] [stdout] thread 'tests::sp1_fallback_rejects_conflicting_curve_hint' (1314) panicked at src/lib.rs:1108:9:
[INFO] [stdout] assertion failed: err.to_string().contains("CURVE_MISMATCH")
[INFO] [stdout] stack backtrace:
[INFO] [stdout]    0:     0x651c966a0131 - <<std[617be2ca0a6fd877]::sys::backtrace::BacktraceLock>::print::DisplayBacktrace as core[a373ad73a504971]::fmt::Display>::fmt
[INFO] [stdout]    1:     0x651c966b5f5a - core[a373ad73a504971]::fmt::write
[INFO] [stdout]    2:     0x651c966a4b8c - <alloc[2e1b2a31b91974c5]::vec::Vec<u8> as core[a373ad73a504971]::io::write::Write>::write_fmt
[INFO] [stdout]    3:     0x651c96679946 - std[617be2ca0a6fd877]::panicking::default_hook::{closure#0}
[INFO] [stdout]    4:     0x651c966973d9 - std[617be2ca0a6fd877]::panicking::default_hook
[INFO] [stdout]    5:     0x651c965eab40 - test[aada8e7e76ba119b]::test_main_inner::{closure#0}
[INFO] [stdout]    6:     0x651c96697702 - std[617be2ca0a6fd877]::panicking::panic_with_hook
[INFO] [stdout]    7:     0x651c96679a24 - std[617be2ca0a6fd877]::panicking::panic_handler::{closure#0}
[INFO] [stdout]    8:     0x651c96671e69 - std[617be2ca0a6fd877]::sys::backtrace::__rust_end_short_backtrace::<std[617be2ca0a6fd877]::panicking::panic_handler::{closure#0}, !>
[INFO] [stdout]    9:     0x651c9667a7fd - __rustc[ea4f61d10b84890b]::rust_begin_unwind
[INFO] [stdout]   10:     0x651c966b668c - core[a373ad73a504971]::panicking::panic_fmt
[INFO] [stdout]   11:     0x651c966b6652 - core[a373ad73a504971]::panicking::panic
[INFO] [stdout]   12:     0x651c965039cf - <soroban_verifier_gen_core[d2bc5432b207fe0b]::tests::sp1_fallback_rejects_conflicting_curve_hint::{closure#0} as core[a373ad73a504971]::ops::function::FnOnce<()>>::call_once
[INFO] [stdout]   13:     0x651c965ddf8b - test[aada8e7e76ba119b]::__rust_begin_short_backtrace::<core[a373ad73a504971]::result::Result<(), alloc[2e1b2a31b91974c5]::string::String>, fn() -> core[a373ad73a504971]::result::Result<(), alloc[2e1b2a31b91974c5]::string::String>>
[INFO] [stdout]   14:     0x651c965eb165 - test[aada8e7e76ba119b]::run_test::{closure#0}
[INFO] [stdout]   15:     0x651c965e4a54 - std[617be2ca0a6fd877]::sys::backtrace::__rust_begin_short_backtrace::<test[aada8e7e76ba119b]::run_test::{closure#1}, ()>
[INFO] [stdout]   16:     0x651c965ee1f2 - <std[617be2ca0a6fd877]::thread::lifecycle::spawn_unchecked<test[aada8e7e76ba119b]::run_test::{closure#1}, ()>::{closure#1} as core[a373ad73a504971]::ops::function::FnOnce<()>>::call_once::{shim:vtable#0}
[INFO] [stdout]   17:     0x651c9669f12f - <std[617be2ca0a6fd877]::sys::thread::unix::Thread>::new::thread_start
[INFO] [stdout]   18:     0x7772ac731dfa - <unknown>
[INFO] [stdout]   19:     0x7772ac7c53d4 - clone
[INFO] [stdout]   20:                0x0 - <unknown>
[INFO] [stdout] 
[INFO] [stdout] 
[INFO] [stdout] failures:
[INFO] [stdout]     tests::arkworks_bundle_rejects_conflicting_curve_hint
[INFO] [stdout]     tests::compact_bundle_rejects_conflicting_curve_hint
[INFO] [stdout]     tests::sp1_fallback_rejects_conflicting_curve_hint
[INFO] [stdout] 
[INFO] [stdout] test result: FAILED. 20 passed; 3 failed; 1 ignored; 0 measured; 0 filtered out; finished in 0.02s
[INFO] [stdout] 
[INFO] [stderr] error: test failed, to rerun pass `--lib`
[INFO] running `Command { std: "docker" "inspect" "58aa36087de8a575108999526a7409af0e325aa59ca9ef3e172ce84b6fd7ac13", kill_on_drop: false }`
[INFO] running `Command { std: "docker" "rm" "-f" "58aa36087de8a575108999526a7409af0e325aa59ca9ef3e172ce84b6fd7ac13", kill_on_drop: false }`
[INFO] [stdout] 58aa36087de8a575108999526a7409af0e325aa59ca9ef3e172ce84b6fd7ac13
