[INFO] fetching crate soroban-token-sdk 29.0.1...
[INFO] testing soroban-token-sdk-29.0.1 against 1.100.0-beta.1+cargoflags=--release for beta-release-1.100-2
[INFO] extracting crate soroban-token-sdk 29.0.1 into /workspace/builds/worker-6-tc2/source
[INFO] started tweaking crates.io crate soroban-token-sdk 29.0.1
[INFO] finished tweaking crates.io crate soroban-token-sdk 29.0.1
[INFO] tweaked toml for crates.io crate soroban-token-sdk 29.0.1 written to /workspace/builds/worker-6-tc2/source/Cargo.toml
[INFO] validating manifest of crates.io crate soroban-token-sdk 29.0.1 on toolchain 1.100.0-beta.1
[INFO] running `Command { std: CARGO_HOME="/workspace/cargo-home" RUSTUP_HOME="/workspace/rustup-home" "/workspace/cargo-home/bin/cargo" "+1.100.0-beta.1" "metadata" "--manifest-path" "Cargo.toml" "--no-deps", kill_on_drop: false }`
[INFO] crate crates.io crate soroban-token-sdk 29.0.1 already has a lockfile, it will not be regenerated
[INFO] running `Command { std: CARGO_HOME="/workspace/cargo-home" RUSTUP_HOME="/workspace/rustup-home" "/workspace/cargo-home/bin/cargo" "+1.100.0-beta.1" "fetch" "--manifest-path" "Cargo.toml", kill_on_drop: false }`
[INFO] [stderr] warning: `package.homepage` is redundant with `package.repository`
[INFO] [stderr]   --> Cargo.toml:26:12
[INFO] [stderr]    |
[INFO] [stderr] 26 | homepage = "https://github.com/stellar/rs-soroban-sdk"
[INFO] [stderr]    |            ^^^^^^^^^^^^^^^^^^^^^^^^^^^^^^^^^^^^^^^^^^^
[INFO] [stderr] ...
[INFO] [stderr] 30 | repository = "https://github.com/stellar/rs-soroban-sdk"
[INFO] [stderr]    |              -------------------------------------------
[INFO] [stderr]    |
[INFO] [stderr]    = note: `cargo::redundant_homepage` is set to `warn` by default
[INFO] [stderr] help: consider removing `package.homepage`
[INFO] [stderr] warning: `soroban-token-sdk` (manifest) generated 1 warning
[INFO] running `Command { std: "docker" "create" "-v" "/var/lib/crater-agent-workspace/builds/worker-6-tc2/source:/opt/rustwide/workdir:ro,Z" "-v" "/var/lib/crater-agent-workspace/builds/worker-6-tc2/target:/opt/rustwide/target:rw,Z" "-v" "/var/lib/crater-agent-workspace/cargo-home:/opt/rustwide/cargo-home:ro,Z" "-v" "/var/lib/crater-agent-workspace/rustup-home:/opt/rustwide/rustup-home:ro,Z" "-m" "1610612736" "--network" "none" "ghcr.io/rust-lang/crates-build-env/linux@sha256:77db811e55d90add9212f6832c23229e3de5f1c1f9905e8cb07319ea15df73ac" "sleep" "infinity", kill_on_drop: false }`
[INFO] [stdout] d0360179283150acf48dbd29d548456dcc9e406138683a4b3f8ad4a318daa71e
[INFO] running `Command { std: "docker" "start" "d0360179283150acf48dbd29d548456dcc9e406138683a4b3f8ad4a318daa71e", kill_on_drop: false }`
[INFO] running `Command { std: "docker" "inspect" "d0360179283150acf48dbd29d548456dcc9e406138683a4b3f8ad4a318daa71e", kill_on_drop: false }`
[INFO] running `Command { std: "docker" "exec" "-e" "SOURCE_DIR=/opt/rustwide/workdir" "-e" "CARGO_HOME=/opt/rustwide/cargo-home" "-e" "RUSTUP_HOME=/opt/rustwide/rustup-home" "-e" "CARGO_TARGET_DIR=/opt/rustwide/target" "-w" "/opt/rustwide/workdir" "--user" "0:0" "d0360179283150acf48dbd29d548456dcc9e406138683a4b3f8ad4a318daa71e" "/opt/rustwide/cargo-home/bin/cargo" "+1.100.0-beta.1" "metadata" "--no-deps" "--format-version=1", kill_on_drop: false }`
[INFO] running `Command { std: "docker" "inspect" "d0360179283150acf48dbd29d548456dcc9e406138683a4b3f8ad4a318daa71e", kill_on_drop: false }`
[INFO] running `Command { std: "docker" "exec" "-e" "SOURCE_DIR=/opt/rustwide/workdir" "-e" "CARGO_HOME=/opt/rustwide/cargo-home" "-e" "RUSTUP_HOME=/opt/rustwide/rustup-home" "-e" "CARGO_TARGET_DIR=/opt/rustwide/target" "-e" "CARGO_INCREMENTAL=0" "-e" "RUST_BACKTRACE=full" "-e" "RUSTFLAGS=--cap-lints=warn" "-e" "RUSTDOCFLAGS=--cap-lints=warn" "-w" "/opt/rustwide/workdir" "--user" "0:0" "d0360179283150acf48dbd29d548456dcc9e406138683a4b3f8ad4a318daa71e" "/opt/rustwide/cargo-home/bin/cargo" "+1.100.0-beta.1" "build" "--frozen" "--message-format=json" "--release", kill_on_drop: false }`
[INFO] [stderr] warning: `package.homepage` is redundant with `package.repository`
[INFO] [stderr]   --> Cargo.toml:26:12
[INFO] [stderr]    |
[INFO] [stderr] 26 | homepage = "https://github.com/stellar/rs-soroban-sdk"
[INFO] [stderr]    |            ^^^^^^^^^^^^^^^^^^^^^^^^^^^^^^^^^^^^^^^^^^^
[INFO] [stderr] ...
[INFO] [stderr] 30 | repository = "https://github.com/stellar/rs-soroban-sdk"
[INFO] [stderr]    |              -------------------------------------------
[INFO] [stderr]    |
[INFO] [stderr]    = note: `cargo::redundant_homepage` is set to `warn` by default
[INFO] [stderr] help: consider removing `package.homepage`
[INFO] [stderr] warning: `soroban-token-sdk` (manifest) generated 1 warning
[INFO] [stderr]    Compiling unicode-ident v1.0.13
[INFO] [stderr]    Compiling serde_json v1.0.128
[INFO] [stderr]    Compiling memchr v2.7.4
[INFO] [stderr]    Compiling libc v0.2.158
[INFO] [stderr]    Compiling serde_core v1.0.229
[INFO] [stderr]    Compiling serde v1.0.229
[INFO] [stderr]    Compiling generic-array v0.14.7
[INFO] [stderr]    Compiling semver v1.0.23
[INFO] [stderr]    Compiling num-traits v0.2.19
[INFO] [stderr]    Compiling schemars v0.8.22
[INFO] [stderr]    Compiling dyn-clone v1.0.19
[INFO] [stderr]    Compiling data-encoding v2.6.0
[INFO] [stderr]    Compiling cpufeatures v0.2.14
[INFO] [stderr]    Compiling digest v0.10.7
[INFO] [stderr]    Compiling ethnum v1.5.3
[INFO] [stderr]    Compiling escape-bytes v0.1.1
[INFO] [stderr]    Compiling proc-macro2 v1.0.95
[INFO] [stderr]    Compiling either v1.13.0
[INFO] [stderr]    Compiling base16ct v0.2.0
[INFO] [stderr]    Compiling once_cell v1.19.0
[INFO] [stderr]    Compiling libm v0.2.8
[INFO] [stderr]    Compiling hashbrown v0.15.5
[INFO] [stderr]    Compiling sha2 v0.10.9
[INFO] [stderr]    Compiling itertools v0.13.0
[INFO] [stderr]    Compiling indexmap v2.14.0
[INFO] [stderr]    Compiling rustc_version v0.4.1
[INFO] [stderr]    Compiling indexmap-nostd v0.4.0
[INFO] [stderr]    Compiling prettyplease v0.2.22
[INFO] [stderr]    Compiling downcast-rs v1.2.1
[INFO] [stderr]    Compiling quote v1.0.37
[INFO] [stderr]    Compiling getrandom v0.2.15
[INFO] [stderr]    Compiling curve25519-dalek v4.1.3
[INFO] [stderr]    Compiling syn v2.0.103
[INFO] [stderr]    Compiling syn v3.0.4
[INFO] [stderr]    Compiling rand_core v0.6.4
[INFO] [stderr]    Compiling wasmparser-nostd v0.100.2
[INFO] [stderr]    Compiling smallvec v1.13.2
[INFO] [stderr]    Compiling num-integer v0.1.46
[INFO] [stderr]    Compiling ff v0.13.0
[INFO] [stderr]    Compiling group v0.13.0
[INFO] [stderr]    Compiling wasmi_core v0.13.0
[INFO] [stderr]    Compiling spin v0.9.8
[INFO] [stderr]    Compiling wasmparser v0.116.1
[INFO] [stderr]    Compiling num-bigint v0.4.6
[INFO] [stderr]    Compiling heapless v0.8.0
[INFO] [stderr]    Compiling wasmi_arena v0.4.1
[INFO] [stderr]    Compiling hash32 v0.3.1
[INFO] [stderr]    Compiling keccak v0.1.6
[INFO] [stderr]    Compiling static_assertions v1.1.0
[INFO] [stderr]    Compiling soroban-env-host v29.0.1
[INFO] [stderr]    Compiling hex-literal v0.4.1
[INFO] [stderr]    Compiling serde_derive v1.0.229
[INFO] [stderr]    Compiling darling_core v0.20.10
[INFO] [stderr]    Compiling macro-string v0.1.4
[INFO] [stderr]    Compiling zeroize_derive v1.4.2
[INFO] [stderr]    Compiling zerocopy-derive v0.7.35
[INFO] [stderr]    Compiling enum-ordinalize-derive v4.3.2
[INFO] [stderr]    Compiling cfg_eval v0.1.2
[INFO] [stderr]    Compiling ark-serialize-derive v0.5.0
[INFO] [stderr]    Compiling ark-ff-macros v0.5.0
[INFO] [stderr]    Compiling ark-ff-asm v0.5.0
[INFO] [stderr]    Compiling thiserror-impl v1.0.63
[INFO] [stderr]    Compiling num-derive v0.4.2
[INFO] [stderr]    Compiling curve25519-dalek-derive v0.1.1
[INFO] [stderr]    Compiling soroban-builtin-sdk-macros v29.0.1
[INFO] [stderr]    Compiling zeroize v1.8.1
[INFO] [stderr]    Compiling enum-ordinalize v4.3.2
[INFO] [stderr]    Compiling educe v0.6.0
[INFO] [stderr]    Compiling visibility v0.1.1
[INFO] [stderr]    Compiling der v0.7.9
[INFO] [stderr]    Compiling bytes-lit v0.0.6
[INFO] [stderr]    Compiling zerocopy v0.7.35
[INFO] [stderr]    Compiling thiserror v1.0.63
[INFO] [stderr]    Compiling soroban-wasmi v0.31.1-soroban.29.0.0
[INFO] [stderr]    Compiling crypto-common v0.1.6
[INFO] [stderr]    Compiling block-buffer v0.10.4
[INFO] [stderr]    Compiling crypto-bigint v0.5.5
[INFO] [stderr]    Compiling ppv-lite86 v0.2.20
[INFO] [stderr]    Compiling signature v2.2.0
[INFO] [stderr]    Compiling sec1 v0.7.3
[INFO] [stderr]    Compiling rand_chacha v0.3.1
[INFO] [stderr]    Compiling hmac v0.12.1
[INFO] [stderr]    Compiling darling_macro v0.20.10
[INFO] [stderr]    Compiling hex v0.4.3
[INFO] [stderr]    Compiling ahash v0.8.11
[INFO] [stderr]    Compiling darling v0.20.10
[INFO] [stderr]    Compiling serde_with_macros v3.12.0
[INFO] [stderr]    Compiling rand v0.8.5
[INFO] [stderr]    Compiling rfc6979 v0.4.0
[INFO] [stderr]    Compiling ed25519 v2.2.3
[INFO] [stderr]    Compiling sha3 v0.10.8
[INFO] [stderr]    Compiling crate-git-revision v0.0.9
[INFO] [stderr]    Compiling crate-git-revision v0.0.6
[INFO] [stderr]    Compiling ark-std v0.5.0
[INFO] [stderr]    Compiling elliptic-curve v0.13.8
[INFO] [stderr]    Compiling stellar-xdr v28.0.0
[INFO] [stderr]    Compiling ark-serialize v0.5.0
[INFO] [stderr]    Compiling stellar-strkey v0.0.13
[INFO] [stderr]    Compiling soroban-env-common v29.0.1
[INFO] [stderr]    Compiling ecdsa v0.16.9
[INFO] [stderr]    Compiling ark-ff v0.5.0
[INFO] [stderr]    Compiling primeorder v0.13.6
[INFO] [stderr]    Compiling serde_with v3.12.0
[INFO] [stderr]    Compiling stellar-strkey v0.0.16
[INFO] [stderr]    Compiling ed25519-dalek v2.1.1
[INFO] [stderr]    Compiling soroban-sdk v29.0.1
[INFO] [stderr]    Compiling k256 v0.13.3
[INFO] [stderr]    Compiling p256 v0.13.2
[INFO] [stderr]    Compiling ark-poly v0.5.0
[INFO] [stderr]    Compiling ark-ec v0.5.0
[INFO] [stderr]    Compiling ark-bn254 v0.5.0
[INFO] [stderr]    Compiling ark-bls12-381 v0.5.0
[INFO] [stderr]    Compiling soroban-spec v29.0.1
[INFO] [stderr]    Compiling soroban-spec-rust v29.0.1
[INFO] [stderr]    Compiling soroban-env-macros v29.0.1
[INFO] [stderr]    Compiling soroban-sdk-macros v29.0.1
[INFO] [stderr]    Compiling soroban-token-sdk v29.0.1 (/opt/rustwide/workdir)
[INFO] [stderr]     Finished `release` profile [optimized] target(s) in 2m 35s
[INFO] running `Command { std: "docker" "inspect" "d0360179283150acf48dbd29d548456dcc9e406138683a4b3f8ad4a318daa71e", kill_on_drop: false }`
[INFO] running `Command { std: "docker" "exec" "-e" "SOURCE_DIR=/opt/rustwide/workdir" "-e" "CARGO_HOME=/opt/rustwide/cargo-home" "-e" "RUSTUP_HOME=/opt/rustwide/rustup-home" "-e" "CARGO_TARGET_DIR=/opt/rustwide/target" "-e" "CARGO_INCREMENTAL=0" "-e" "RUST_BACKTRACE=full" "-e" "RUSTFLAGS=--cap-lints=warn" "-e" "RUSTDOCFLAGS=--cap-lints=warn" "-w" "/opt/rustwide/workdir" "--user" "0:0" "d0360179283150acf48dbd29d548456dcc9e406138683a4b3f8ad4a318daa71e" "/opt/rustwide/cargo-home/bin/cargo" "+1.100.0-beta.1" "test" "--frozen" "--no-run" "--message-format=json" "--release", kill_on_drop: false }`
[INFO] [stderr] warning: `package.homepage` is redundant with `package.repository`
[INFO] [stderr]   --> Cargo.toml:26:12
[INFO] [stderr]    |
[INFO] [stderr] 26 | homepage = "https://github.com/stellar/rs-soroban-sdk"
[INFO] [stderr]    |            ^^^^^^^^^^^^^^^^^^^^^^^^^^^^^^^^^^^^^^^^^^^
[INFO] [stderr] ...
[INFO] [stderr] 30 | repository = "https://github.com/stellar/rs-soroban-sdk"
[INFO] [stderr]    |              -------------------------------------------
[INFO] [stderr]    |
[INFO] [stderr]    = note: `cargo::redundant_homepage` is set to `warn` by default
[INFO] [stderr] help: consider removing `package.homepage`
[INFO] [stderr] warning: `soroban-token-sdk` (manifest) generated 1 warning
[INFO] [stderr]    Compiling serde v1.0.229
[INFO] [stderr]    Compiling schemars v0.8.22
[INFO] [stderr]    Compiling dyn-clone v1.0.19
[INFO] [stderr]    Compiling stellar-xdr v28.0.0
[INFO] [stderr]    Compiling derive_arbitrary v1.3.2
[INFO] [stderr]    Compiling soroban-env-common v29.0.1
[INFO] [stderr]    Compiling soroban-env-host v29.0.1
[INFO] [stderr]    Compiling dtor-proc-macro v0.0.6
[INFO] [stderr]    Compiling thiserror v1.0.63
[INFO] [stderr]    Compiling soroban-sdk v29.0.1
[INFO] [stderr]    Compiling ctor-proc-macro v0.0.6
[INFO] [stderr]    Compiling soroban-sdk-macros v29.0.1
[INFO] [stderr]    Compiling dtor v0.1.0
[INFO] [stderr]    Compiling ctor v0.5.0
[INFO] [stderr]    Compiling arbitrary v1.3.2
[INFO] [stderr]    Compiling serde_json v1.0.128
[INFO] [stderr]    Compiling hex v0.4.3
[INFO] [stderr]    Compiling serde_with v3.12.0
[INFO] [stderr]    Compiling soroban-ledger-snapshot v29.0.1
[INFO] [stderr]    Compiling soroban-token-sdk v29.0.1 (/opt/rustwide/workdir)
[INFO] [stdout] warning: use of deprecated module `core::i64`: all constants in this module replaced by associated constants on the type
[INFO] [stdout]  --> src/tests/events.rs:3:11
[INFO] [stdout]   |
[INFO] [stdout] 3 | use core::i64;
[INFO] [stdout]   |           ^^^
[INFO] [stdout]   |
[INFO] [stdout]   = note: `#[warn(deprecated)]` on by default
[INFO] [stdout] 
[INFO] [stdout] 
[INFO] [stdout] warning: use of deprecated constant `core::i64::MAX`: replaced by the `MAX` associated constant on this type
[INFO] [stdout]    --> src/tests/events.rs:226:33
[INFO] [stdout]     |
[INFO] [stdout] 226 |                     limit: i64::MAX,
[INFO] [stdout]     |                                 ^^^
[INFO] [stdout] 
[INFO] [stdout] 
[INFO] [stderr]     Finished `release` profile [optimized] target(s) in 2m 07s
[INFO] running `Command { std: "docker" "inspect" "d0360179283150acf48dbd29d548456dcc9e406138683a4b3f8ad4a318daa71e", kill_on_drop: false }`
[INFO] running `Command { std: "docker" "exec" "-e" "SOURCE_DIR=/opt/rustwide/workdir" "-e" "CARGO_HOME=/opt/rustwide/cargo-home" "-e" "RUSTUP_HOME=/opt/rustwide/rustup-home" "-e" "CARGO_TARGET_DIR=/opt/rustwide/target" "-e" "CARGO_INCREMENTAL=0" "-e" "RUST_BACKTRACE=full" "-e" "RUSTFLAGS=--cap-lints=warn" "-e" "RUSTDOCFLAGS=--cap-lints=warn" "-w" "/opt/rustwide/workdir" "--user" "0:0" "d0360179283150acf48dbd29d548456dcc9e406138683a4b3f8ad4a318daa71e" "/opt/rustwide/cargo-home/bin/cargo" "+1.100.0-beta.1" "test" "--frozen" "--release", kill_on_drop: false }`
[INFO] [stderr] warning: `package.homepage` is redundant with `package.repository`
[INFO] [stderr]   --> Cargo.toml:26:12
[INFO] [stderr]    |
[INFO] [stderr] 26 | homepage = "https://github.com/stellar/rs-soroban-sdk"
[INFO] [stderr]    |            ^^^^^^^^^^^^^^^^^^^^^^^^^^^^^^^^^^^^^^^^^^^
[INFO] [stderr] ...
[INFO] [stderr] 30 | repository = "https://github.com/stellar/rs-soroban-sdk"
[INFO] [stderr]    |              -------------------------------------------
[INFO] [stderr]    |
[INFO] [stderr]    = note: `cargo::redundant_homepage` is set to `warn` by default
[INFO] [stderr] help: consider removing `package.homepage`
[INFO] [stderr] warning: `soroban-token-sdk` (manifest) generated 1 warning
[INFO] [stderr] warning: use of deprecated module `core::i64`: all constants in this module replaced by associated constants on the type
[INFO] [stderr]  --> src/tests/events.rs:3:11
[INFO] [stderr]   |
[INFO] [stderr] 3 | use core::i64;
[INFO] [stderr]   |           ^^^
[INFO] [stderr]   |
[INFO] [stderr]   = note: `#[warn(deprecated)]` on by default
[INFO] [stderr] 
[INFO] [stderr] warning: use of deprecated constant `core::i64::MAX`: replaced by the `MAX` associated constant on this type
[INFO] [stderr]    --> src/tests/events.rs:226:33
[INFO] [stderr]     |
[INFO] [stderr] 226 |                     limit: i64::MAX,
[INFO] [stderr]     |                                 ^^^
[INFO] [stderr] 
[INFO] [stderr] warning: `soroban-token-sdk` (lib test) generated 2 warnings
[INFO] [stderr]     Finished `release` profile [optimized] target(s) in 0.39s
[INFO] [stderr]      Running unittests src/lib.rs (/opt/rustwide/target/release/build/soroban-token-sdk/c823119e479cdd85/out/soroban_token_sdk-c823119e479cdd85)
[INFO] [stdout] 
[INFO] [stdout] running 9 tests
[INFO] [stdout] test tests::events::test_mint_with_amount_only ... FAILED
[INFO] [stdout] test tests::events::test_transfer_with_amount_only ... FAILED
[INFO] [stdout] test tests::events::test_mint_without_id ... FAILED
[INFO] [stdout] test tests::events::test_burn ... FAILED
[INFO] [stdout] test tests::events::test_clawback ... FAILED
[INFO] [stdout] test tests::events::test_mint_with_id ... FAILED
[INFO] [stdout] test tests::events::test_transfer_with_id ... FAILED
[INFO] [stdout] test tests::events::test_approve ... FAILED
[INFO] [stdout] test tests::events::test_transfer_without_id ... FAILED
[INFO] [stdout] 
[INFO] [stdout] failures:
[INFO] [stdout] 
[INFO] [stdout] ---- tests::events::test_mint_with_amount_only stdout ----
[INFO] [stdout] Writing test snapshot file for test "tests::events::test_mint_with_amount_only" to "test_snapshots/tests/events/test_mint_with_amount_only.1.json".
[INFO] [stdout] 
[INFO] [stdout] thread 'tests::events::test_mint_with_amount_only' (3142) panicked at /opt/rustwide/cargo-home/registry/src/index.crates.io-1949cf8c6b5b557f/soroban-sdk-29.0.1/src/env.rs:2184:32:
[INFO] [stdout] called `Result::unwrap()` on an `Err` value: Os { code: 30, kind: ReadOnlyFilesystem, message: "Read-only file system" }
[INFO] [stdout] stack backtrace:
[INFO] [stdout]    0:     0x646f74cae4a1 - <<std[617be2ca0a6fd877]::sys::backtrace::BacktraceLock>::print::DisplayBacktrace as core[a373ad73a504971]::fmt::Display>::fmt
[INFO] [stdout]    1:     0x646f74cc3a9a - core[a373ad73a504971]::fmt::write
[INFO] [stdout]    2:     0x646f74cb276c - <alloc[2e1b2a31b91974c5]::vec::Vec<u8> as core[a373ad73a504971]::io::write::Write>::write_fmt
[INFO] [stdout]    3:     0x646f74c89c56 - std[617be2ca0a6fd877]::panicking::default_hook::{closure#0}
[INFO] [stdout]    4:     0x646f74ca6af9 - std[617be2ca0a6fd877]::panicking::default_hook
[INFO] [stdout]    5:     0x646f748ee670 - test[aada8e7e76ba119b]::test_main_inner::{closure#0}
[INFO] [stdout]    6:     0x646f74ca6cb2 - std[617be2ca0a6fd877]::panicking::panic_with_hook
[INFO] [stdout]    7:     0x646f74c89d02 - std[617be2ca0a6fd877]::panicking::panic_handler::{closure#0}
[INFO] [stdout]    8:     0x646f74c828c9 - std[617be2ca0a6fd877]::sys::backtrace::__rust_end_short_backtrace::<std[617be2ca0a6fd877]::panicking::panic_handler::{closure#0}, !>
[INFO] [stdout]    9:     0x646f74c8a90d - __rustc[ea4f61d10b84890b]::rust_begin_unwind
[INFO] [stdout]   10:     0x646f74cc41fc - core[a373ad73a504971]::panicking::panic_fmt
[INFO] [stdout]   11:     0x646f74cc3fd2 - core[a373ad73a504971]::result::unwrap_failed
[INFO] [stdout]   12:     0x646f74927a70 - <soroban_sdk[387261d1c0e07803]::env::Env>::to_test_snapshot_file
[INFO] [stdout]   13:     0x646f748d117d - core[a373ad73a504971]::ptr::drop_glue::<soroban_sdk[387261d1c0e07803]::env::Env>
[INFO] [stdout]   14:     0x646f748d8993 - <soroban_token_sdk[190211ce90789150]::tests::events::test_mint_with_amount_only::{closure#0} as core[a373ad73a504971]::ops::function::FnOnce<()>>::call_once
[INFO] [stdout]   15:     0x646f748e1abb - test[aada8e7e76ba119b]::__rust_begin_short_backtrace::<core[a373ad73a504971]::result::Result<(), alloc[2e1b2a31b91974c5]::string::String>, fn() -> core[a373ad73a504971]::result::Result<(), alloc[2e1b2a31b91974c5]::string::String>>
[INFO] [stdout]   16:     0x646f748eec95 - test[aada8e7e76ba119b]::run_test::{closure#0}
[INFO] [stdout]   17:     0x646f748e8584 - std[617be2ca0a6fd877]::sys::backtrace::__rust_begin_short_backtrace::<test[aada8e7e76ba119b]::run_test::{closure#1}, ()>
[INFO] [stdout]   18:     0x646f748f1d22 - <std[617be2ca0a6fd877]::thread::lifecycle::spawn_unchecked<test[aada8e7e76ba119b]::run_test::{closure#1}, ()>::{closure#1} as core[a373ad73a504971]::ops::function::FnOnce<()>>::call_once::{shim:vtable#0}
[INFO] [stdout]   19:     0x646f74cadcff - <std[617be2ca0a6fd877]::sys::thread::unix::Thread>::new::thread_start
[INFO] [stdout]   20:     0x72c8e9772dfa - <unknown>
[INFO] [stdout]   21:     0x72c8e98063d4 - clone
[INFO] [stdout]   22:                0x0 - <unknown>
[INFO] [stdout] 
[INFO] [stdout] ---- tests::events::test_transfer_with_amount_only stdout ----
[INFO] [stdout] Writing test snapshot file for test "tests::events::test_transfer_with_amount_only" to "test_snapshots/tests/events/test_transfer_with_amount_only.1.json".
[INFO] [stdout] 
[INFO] [stdout] thread 'tests::events::test_transfer_with_amount_only' (3145) panicked at /opt/rustwide/cargo-home/registry/src/index.crates.io-1949cf8c6b5b557f/soroban-sdk-29.0.1/src/env.rs:2184:32:
[INFO] [stdout] called `Result::unwrap()` on an `Err` value: Os { code: 30, kind: ReadOnlyFilesystem, message: "Read-only file system" }
[INFO] [stdout] stack backtrace:
[INFO] [stdout]    0:     0x646f74cae4a1 - <<std[617be2ca0a6fd877]::sys::backtrace::BacktraceLock>::print::DisplayBacktrace as core[a373ad73a504971]::fmt::Display>::fmt
[INFO] [stdout]    1:     0x646f74cc3a9a - core[a373ad73a504971]::fmt::write
[INFO] [stdout]    2:     0x646f74cb276c - <alloc[2e1b2a31b91974c5]::vec::Vec<u8> as core[a373ad73a504971]::io::write::Write>::write_fmt
[INFO] [stdout]    3:     0x646f74c89c56 - std[617be2ca0a6fd877]::panicking::default_hook::{closure#0}
[INFO] [stdout]    4:     0x646f74ca6af9 - std[617be2ca0a6fd877]::panicking::default_hook
[INFO] [stdout]    5:     0x646f748ee670 - test[aada8e7e76ba119b]::test_main_inner::{closure#0}
[INFO] [stdout]    6:     0x646f74ca6cb2 - std[617be2ca0a6fd877]::panicking::panic_with_hook
[INFO] [stdout]    7:     0x646f74c89d02 - std[617be2ca0a6fd877]::panicking::panic_handler::{closure#0}
[INFO] [stdout]    8:     0x646f74c828c9 - std[617be2ca0a6fd877]::sys::backtrace::__rust_end_short_backtrace::<std[617be2ca0a6fd877]::panicking::panic_handler::{closure#0}, !>
[INFO] [stdout]    9:     0x646f74c8a90d - __rustc[ea4f61d10b84890b]::rust_begin_unwind
[INFO] [stdout]   10:     0x646f74cc41fc - core[a373ad73a504971]::panicking::panic_fmt
[INFO] [stdout]   11:     0x646f74cc3fd2 - core[a373ad73a504971]::result::unwrap_failed
[INFO] [stdout]   12:     0x646f74927a70 - <soroban_sdk[387261d1c0e07803]::env::Env>::to_test_snapshot_file
[INFO] [stdout]   13:     0x646f748d117d - core[a373ad73a504971]::ptr::drop_glue::<soroban_sdk[387261d1c0e07803]::env::Env>
[INFO] [stdout]   14:     0x646f748d9ba0 - <soroban_token_sdk[190211ce90789150]::tests::events::test_transfer_with_amount_only::{closure#0} as core[a373ad73a504971]::ops::function::FnOnce<()>>::call_once
[INFO] [stdout]   15:     0x646f748e1abb - test[aada8e7e76ba119b]::__rust_begin_short_backtrace::<core[a373ad73a504971]::result::Result<(), alloc[2e1b2a31b91974c5]::string::String>, fn() -> core[a373ad73a504971]::result::Result<(), alloc[2e1b2a31b91974c5]::string::String>>
[INFO] [stdout]   16:     0x646f748eec95 - test[aada8e7e76ba119b]::run_test::{closure#0}
[INFO] [stdout]   17:     0x646f748e8584 - std[617be2ca0a6fd877]::sys::backtrace::__rust_begin_short_backtrace::<test[aada8e7e76ba119b]::run_test::{closure#1}, ()>
[INFO] [stdout]   18:     0x646f748f1d22 - <std[617be2ca0a6fd877]::thread::lifecycle::spawn_unchecked<test[aada8e7e76ba119b]::run_test::{closure#1}, ()>::{closure#1} as core[a373ad73a504971]::ops::function::FnOnce<()>>::call_once::{shim:vtable#0}
[INFO] [stdout]   19:     0x646f74cadcff - <std[617be2ca0a6fd877]::sys::thread::unix::Thread>::new::thread_start
[INFO] [stdout]   20:     0x72c8e9772dfa - <unknown>
[INFO] [stdout]   21:     0x72c8e98063d4 - clone
[INFO] [stdout]   22:                0x0 - <unknown>
[INFO] [stdout] 
[INFO] [stdout] ---- tests::events::test_mint_without_id stdout ----
[INFO] [stdout] Writing test snapshot file for test "tests::events::test_mint_without_id" to "test_snapshots/tests/events/test_mint_without_id.1.json".
[INFO] [stdout] 
[INFO] [stdout] thread 'tests::events::test_mint_without_id' (3144) panicked at /opt/rustwide/cargo-home/registry/src/index.crates.io-1949cf8c6b5b557f/soroban-sdk-29.0.1/src/env.rs:2184:32:
[INFO] [stdout] called `Result::unwrap()` on an `Err` value: Os { code: 30, kind: ReadOnlyFilesystem, message: "Read-only file system" }
[INFO] [stdout] stack backtrace:
[INFO] [stdout]    0:     0x646f74cae4a1 - <<std[617be2ca0a6fd877]::sys::backtrace::BacktraceLock>::print::DisplayBacktrace as core[a373ad73a504971]::fmt::Display>::fmt
[INFO] [stdout]    1:     0x646f74cc3a9a - core[a373ad73a504971]::fmt::write
[INFO] [stdout]    2:     0x646f74cb276c - <alloc[2e1b2a31b91974c5]::vec::Vec<u8> as core[a373ad73a504971]::io::write::Write>::write_fmt
[INFO] [stdout]    3:     0x646f74c89c56 - std[617be2ca0a6fd877]::panicking::default_hook::{closure#0}
[INFO] [stdout]    4:     0x646f74ca6af9 - std[617be2ca0a6fd877]::panicking::default_hook
[INFO] [stdout]    5:     0x646f748ee670 - test[aada8e7e76ba119b]::test_main_inner::{closure#0}
[INFO] [stdout]    6:     0x646f74ca6cb2 - std[617be2ca0a6fd877]::panicking::panic_with_hook
[INFO] [stdout]    7:     0x646f74c89d02 - std[617be2ca0a6fd877]::panicking::panic_handler::{closure#0}
[INFO] [stdout]    8:     0x646f74c828c9 - std[617be2ca0a6fd877]::sys::backtrace::__rust_end_short_backtrace::<std[617be2ca0a6fd877]::panicking::panic_handler::{closure#0}, !>
[INFO] [stdout]    9:     0x646f74c8a90d - __rustc[ea4f61d10b84890b]::rust_begin_unwind
[INFO] [stdout]   10:     0x646f74cc41fc - core[a373ad73a504971]::panicking::panic_fmt
[INFO] [stdout]   11:     0x646f74cc3fd2 - core[a373ad73a504971]::result::unwrap_failed
[INFO] [stdout]   12:     0x646f74927a70 - <soroban_sdk[387261d1c0e07803]::env::Env>::to_test_snapshot_file
[INFO] [stdout]   13:     0x646f748d117d - core[a373ad73a504971]::ptr::drop_glue::<soroban_sdk[387261d1c0e07803]::env::Env>
[INFO] [stdout]   14:     0x646f748d5089 - <soroban_token_sdk[190211ce90789150]::tests::events::test_mint_without_id::{closure#0} as core[a373ad73a504971]::ops::function::FnOnce<()>>::call_once
[INFO] [stdout]   15:     0x646f748e1abb - test[aada8e7e76ba119b]::__rust_begin_short_backtrace::<core[a373ad73a504971]::result::Result<(), alloc[2e1b2a31b91974c5]::string::String>, fn() -> core[a373ad73a504971]::result::Result<(), alloc[2e1b2a31b91974c5]::string::String>>
[INFO] [stdout]   16:     0x646f748eec95 - test[aada8e7e76ba119b]::run_test::{closure#0}
[INFO] [stdout]   17:     0x646f748e8584 - std[617be2ca0a6fd877]::sys::backtrace::__rust_begin_short_backtrace::<test[aada8e7e76ba119b]::run_test::{closure#1}, ()>
[INFO] [stdout]   18:     0x646f748f1d22 - <std[617be2ca0a6fd877]::thread::lifecycle::spawn_unchecked<test[aada8e7e76ba119b]::run_test::{closure#1}, ()>::{closure#1} as core[a373ad73a504971]::ops::function::FnOnce<()>>::call_once::{shim:vtable#0}
[INFO] [stdout]   19:     0x646f74cadcff - <std[617be2ca0a6fd877]::sys::thread::unix::Thread>::new::thread_start
[INFO] [stdout]   20:     0x72c8e9772dfa - <unknown>
[INFO] [stdout]   21:     0x72c8e98063d4 - clone
[INFO] [stdout]   22:                0x0 - <unknown>
[INFO] [stdout] 
[INFO] [stdout] ---- tests::events::test_burn stdout ----
[INFO] [stdout] Writing test snapshot file for test "tests::events::test_burn" to "test_snapshots/tests/events/test_burn.1.json".
[INFO] [stdout] 
[INFO] [stdout] thread 'tests::events::test_burn' (3140) panicked at /opt/rustwide/cargo-home/registry/src/index.crates.io-1949cf8c6b5b557f/soroban-sdk-29.0.1/src/env.rs:2184:32:
[INFO] [stdout] called `Result::unwrap()` on an `Err` value: Os { code: 30, kind: ReadOnlyFilesystem, message: "Read-only file system" }
[INFO] [stdout] stack backtrace:
[INFO] [stdout]    0:     0x646f74cae4a1 - <<std[617be2ca0a6fd877]::sys::backtrace::BacktraceLock>::print::DisplayBacktrace as core[a373ad73a504971]::fmt::Display>::fmt
[INFO] [stdout]    1:     0x646f74cc3a9a - core[a373ad73a504971]::fmt::write
[INFO] [stdout]    2:     0x646f74cb276c - <alloc[2e1b2a31b91974c5]::vec::Vec<u8> as core[a373ad73a504971]::io::write::Write>::write_fmt
[INFO] [stdout]    3:     0x646f74c89c56 - std[617be2ca0a6fd877]::panicking::default_hook::{closure#0}
[INFO] [stdout]    4:     0x646f74ca6af9 - std[617be2ca0a6fd877]::panicking::default_hook
[INFO] [stdout]    5:     0x646f748ee670 - test[aada8e7e76ba119b]::test_main_inner::{closure#0}
[INFO] [stdout]    6:     0x646f74ca6cb2 - std[617be2ca0a6fd877]::panicking::panic_with_hook
[INFO] [stdout]    7:     0x646f74c89d02 - std[617be2ca0a6fd877]::panicking::panic_handler::{closure#0}
[INFO] [stdout]    8:     0x646f74c828c9 - std[617be2ca0a6fd877]::sys::backtrace::__rust_end_short_backtrace::<std[617be2ca0a6fd877]::panicking::panic_handler::{closure#0}, !>
[INFO] [stdout]    9:     0x646f74c8a90d - __rustc[ea4f61d10b84890b]::rust_begin_unwind
[INFO] [stdout]   10:     0x646f74cc41fc - core[a373ad73a504971]::panicking::panic_fmt
[INFO] [stdout]   11:     0x646f74cc3fd2 - core[a373ad73a504971]::result::unwrap_failed
[INFO] [stdout]   12:     0x646f74927a70 - <soroban_sdk[387261d1c0e07803]::env::Env>::to_test_snapshot_file
[INFO] [stdout]   13:     0x646f748d117d - core[a373ad73a504971]::ptr::drop_glue::<soroban_sdk[387261d1c0e07803]::env::Env>
[INFO] [stdout]   14:     0x646f748daba3 - <soroban_token_sdk[190211ce90789150]::tests::events::test_burn::{closure#0} as core[a373ad73a504971]::ops::function::FnOnce<()>>::call_once
[INFO] [stdout]   15:     0x646f748e1abb - test[aada8e7e76ba119b]::__rust_begin_short_backtrace::<core[a373ad73a504971]::result::Result<(), alloc[2e1b2a31b91974c5]::string::String>, fn() -> core[a373ad73a504971]::result::Result<(), alloc[2e1b2a31b91974c5]::string::String>>
[INFO] [stdout]   16:     0x646f748eec95 - test[aada8e7e76ba119b]::run_test::{closure#0}
[INFO] [stdout]   17:     0x646f748e8584 - std[617be2ca0a6fd877]::sys::backtrace::__rust_begin_short_backtrace::<test[aada8e7e76ba119b]::run_test::{closure#1}, ()>
[INFO] [stdout]   18:     0x646f748f1d22 - <std[617be2ca0a6fd877]::thread::lifecycle::spawn_unchecked<test[aada8e7e76ba119b]::run_test::{closure#1}, ()>::{closure#1} as core[a373ad73a504971]::ops::function::FnOnce<()>>::call_once::{shim:vtable#0}
[INFO] [stdout]   19:     0x646f74cadcff - <std[617be2ca0a6fd877]::sys::thread::unix::Thread>::new::thread_start
[INFO] [stdout]   20:     0x72c8e9772dfa - <unknown>
[INFO] [stdout]   21:     0x72c8e98063d4 - clone
[INFO] [stdout]   22:                0x0 - <unknown>
[INFO] [stdout] 
[INFO] [stdout] ---- tests::events::test_clawback stdout ----
[INFO] [stdout] Writing test snapshot file for test "tests::events::test_clawback" to "test_snapshots/tests/events/test_clawback.1.json".
[INFO] [stdout] 
[INFO] [stdout] thread 'tests::events::test_clawback' (3141) panicked at /opt/rustwide/cargo-home/registry/src/index.crates.io-1949cf8c6b5b557f/soroban-sdk-29.0.1/src/env.rs:2184:32:
[INFO] [stdout] called `Result::unwrap()` on an `Err` value: Os { code: 30, kind: ReadOnlyFilesystem, message: "Read-only file system" }
[INFO] [stdout] stack backtrace:
[INFO] [stdout]    0:     0x646f74cae4a1 - <<std[617be2ca0a6fd877]::sys::backtrace::BacktraceLock>::print::DisplayBacktrace as core[a373ad73a504971]::fmt::Display>::fmt
[INFO] [stdout]    1:     0x646f74cc3a9a - core[a373ad73a504971]::fmt::write
[INFO] [stdout]    2:     0x646f74cb276c - <alloc[2e1b2a31b91974c5]::vec::Vec<u8> as core[a373ad73a504971]::io::write::Write>::write_fmt
[INFO] [stdout]    3:     0x646f74c89c56 - std[617be2ca0a6fd877]::panicking::default_hook::{closure#0}
[INFO] [stdout]    4:     0x646f74ca6af9 - std[617be2ca0a6fd877]::panicking::default_hook
[INFO] [stdout]    5:     0x646f748ee670 - test[aada8e7e76ba119b]::test_main_inner::{closure#0}
[INFO] [stdout]    6:     0x646f74ca6cb2 - std[617be2ca0a6fd877]::panicking::panic_with_hook
[INFO] [stdout]    7:     0x646f74c89d02 - std[617be2ca0a6fd877]::panicking::panic_handler::{closure#0}
[INFO] [stdout]    8:     0x646f74c828c9 - std[617be2ca0a6fd877]::sys::backtrace::__rust_end_short_backtrace::<std[617be2ca0a6fd877]::panicking::panic_handler::{closure#0}, !>
[INFO] [stdout]    9:     0x646f74c8a90d - __rustc[ea4f61d10b84890b]::rust_begin_unwind
[INFO] [stdout]   10:     0x646f74cc41fc - core[a373ad73a504971]::panicking::panic_fmt
[INFO] [stdout]   11:     0x646f74cc3fd2 - core[a373ad73a504971]::result::unwrap_failed
[INFO] [stdout]   12:     0x646f74927a70 - <soroban_sdk[387261d1c0e07803]::env::Env>::to_test_snapshot_file
[INFO] [stdout]   13:     0x646f748d117d - core[a373ad73a504971]::ptr::drop_glue::<soroban_sdk[387261d1c0e07803]::env::Env>
[INFO] [stdout]   14:     0x646f748d38c6 - <soroban_token_sdk[190211ce90789150]::tests::events::test_clawback::{closure#0} as core[a373ad73a504971]::ops::function::FnOnce<()>>::call_once
[INFO] [stdout]   15:     0x646f748e1abb - test[aada8e7e76ba119b]::__rust_begin_short_backtrace::<core[a373ad73a504971]::result::Result<(), alloc[2e1b2a31b91974c5]::string::String>, fn() -> core[a373ad73a504971]::result::Result<(), alloc[2e1b2a31b91974c5]::string::String>>
[INFO] [stdout]   16:     0x646f748eec95 - test[aada8e7e76ba119b]::run_test::{closure#0}
[INFO] [stdout]   17:     0x646f748e8584 - std[617be2ca0a6fd877]::sys::backtrace::__rust_begin_short_backtrace::<test[aada8e7e76ba119b]::run_test::{closure#1}, ()>
[INFO] [stdout]   18:     0x646f748f1d22 - <std[617be2ca0a6fd877]::thread::lifecycle::spawn_unchecked<test[aada8e7e76ba119b]::run_test::{closure#1}, ()>::{closure#1} as core[a373ad73a504971]::ops::function::FnOnce<()>>::call_once::{shim:vtable#0}
[INFO] [stdout]   19:     0x646f74cadcff - <std[617be2ca0a6fd877]::sys::thread::unix::Thread>::new::thread_start
[INFO] [stdout]   20:     0x72c8e9772dfa - <unknown>
[INFO] [stdout]   21:     0x72c8e98063d4 - clone
[INFO] [stdout]   22:                0x0 - <unknown>
[INFO] [stdout] 
[INFO] [stdout] ---- tests::events::test_mint_with_id stdout ----
[INFO] [stdout] Writing test snapshot file for test "tests::events::test_mint_with_id" to "test_snapshots/tests/events/test_mint_with_id.1.json".
[INFO] [stdout] 
[INFO] [stdout] thread 'tests::events::test_mint_with_id' (3143) panicked at /opt/rustwide/cargo-home/registry/src/index.crates.io-1949cf8c6b5b557f/soroban-sdk-29.0.1/src/env.rs:2184:32:
[INFO] [stdout] called `Result::unwrap()` on an `Err` value: Os { code: 30, kind: ReadOnlyFilesystem, message: "Read-only file system" }
[INFO] [stdout] stack backtrace:
[INFO] [stdout]    0:     0x646f74cae4a1 - <<std[617be2ca0a6fd877]::sys::backtrace::BacktraceLock>::print::DisplayBacktrace as core[a373ad73a504971]::fmt::Display>::fmt
[INFO] [stdout]    1:     0x646f74cc3a9a - core[a373ad73a504971]::fmt::write
[INFO] [stdout]    2:     0x646f74cb276c - <alloc[2e1b2a31b91974c5]::vec::Vec<u8> as core[a373ad73a504971]::io::write::Write>::write_fmt
[INFO] [stdout]    3:     0x646f74c89c56 - std[617be2ca0a6fd877]::panicking::default_hook::{closure#0}
[INFO] [stdout]    4:     0x646f74ca6af9 - std[617be2ca0a6fd877]::panicking::default_hook
[INFO] [stdout]    5:     0x646f748ee670 - test[aada8e7e76ba119b]::test_main_inner::{closure#0}
[INFO] [stdout]    6:     0x646f74ca6cb2 - std[617be2ca0a6fd877]::panicking::panic_with_hook
[INFO] [stdout]    7:     0x646f74c89d02 - std[617be2ca0a6fd877]::panicking::panic_handler::{closure#0}
[INFO] [stdout]    8:     0x646f74c828c9 - std[617be2ca0a6fd877]::sys::backtrace::__rust_end_short_backtrace::<std[617be2ca0a6fd877]::panicking::panic_handler::{closure#0}, !>
[INFO] [stdout]    9:     0x646f74c8a90d - __rustc[ea4f61d10b84890b]::rust_begin_unwind
[INFO] [stdout]   10:     0x646f74cc41fc - core[a373ad73a504971]::panicking::panic_fmt
[INFO] [stdout]   11:     0x646f74cc3fd2 - core[a373ad73a504971]::result::unwrap_failed
[INFO] [stdout]   12:     0x646f74927a70 - <soroban_sdk[387261d1c0e07803]::env::Env>::to_test_snapshot_file
[INFO] [stdout]   13:     0x646f748d117d - core[a373ad73a504971]::ptr::drop_glue::<soroban_sdk[387261d1c0e07803]::env::Env>
[INFO] [stdout]   14:     0x646f748d4609 - <soroban_token_sdk[190211ce90789150]::tests::events::test_mint_with_id::{closure#0} as core[a373ad73a504971]::ops::function::FnOnce<()>>::call_once
[INFO] [stdout]   15:     0x646f748e1abb - test[aada8e7e76ba119b]::__rust_begin_short_backtrace::<core[a373ad73a504971]::result::Result<(), alloc[2e1b2a31b91974c5]::string::String>, fn() -> core[a373ad73a504971]::result::Result<(), alloc[2e1b2a31b91974c5]::string::String>>
[INFO] [stdout]   16:     0x646f748eec95 - test[aada8e7e76ba119b]::run_test::{closure#0}
[INFO] [stdout]   17:     0x646f748e8584 - std[617be2ca0a6fd877]::sys::backtrace::__rust_begin_short_backtrace::<test[aada8e7e76ba119b]::run_test::{closure#1}, ()>
[INFO] [stdout]   18:     0x646f748f1d22 - <std[617be2ca0a6fd877]::thread::lifecycle::spawn_unchecked<test[aada8e7e76ba119b]::run_test::{closure#1}, ()>::{closure#1} as core[a373ad73a504971]::ops::function::FnOnce<()>>::call_once::{shim:vtable#0}
[INFO] [stdout]   19:     0x646f74cadcff - <std[617be2ca0a6fd877]::sys::thread::unix::Thread>::new::thread_start
[INFO] [stdout]   20:     0x72c8e9772dfa - <unknown>
[INFO] [stdout]   21:     0x72c8e98063d4 - clone
[INFO] [stdout]   22:                0x0 - <unknown>
[INFO] [stdout] 
[INFO] [stdout] ---- tests::events::test_transfer_with_id stdout ----
[INFO] [stdout] Writing test snapshot file for test "tests::events::test_transfer_with_id" to "test_snapshots/tests/events/test_transfer_with_id.1.json".
[INFO] [stdout] 
[INFO] [stdout] thread 'tests::events::test_transfer_with_id' (3146) panicked at /opt/rustwide/cargo-home/registry/src/index.crates.io-1949cf8c6b5b557f/soroban-sdk-29.0.1/src/env.rs:2184:32:
[INFO] [stdout] called `Result::unwrap()` on an `Err` value: Os { code: 30, kind: ReadOnlyFilesystem, message: "Read-only file system" }
[INFO] [stdout] stack backtrace:
[INFO] [stdout]    0:     0x646f74cae4a1 - <<std[617be2ca0a6fd877]::sys::backtrace::BacktraceLock>::print::DisplayBacktrace as core[a373ad73a504971]::fmt::Display>::fmt
[INFO] [stdout]    1:     0x646f74cc3a9a - core[a373ad73a504971]::fmt::write
[INFO] [stdout]    2:     0x646f74cb276c - <alloc[2e1b2a31b91974c5]::vec::Vec<u8> as core[a373ad73a504971]::io::write::Write>::write_fmt
[INFO] [stdout]    3:     0x646f74c89c56 - std[617be2ca0a6fd877]::panicking::default_hook::{closure#0}
[INFO] [stdout]    4:     0x646f74ca6af9 - std[617be2ca0a6fd877]::panicking::default_hook
[INFO] [stdout]    5:     0x646f748ee670 - test[aada8e7e76ba119b]::test_main_inner::{closure#0}
[INFO] [stdout]    6:     0x646f74ca6cb2 - std[617be2ca0a6fd877]::panicking::panic_with_hook
[INFO] [stdout]    7:     0x646f74c89d02 - std[617be2ca0a6fd877]::panicking::panic_handler::{closure#0}
[INFO] [stdout]    8:     0x646f74c828c9 - std[617be2ca0a6fd877]::sys::backtrace::__rust_end_short_backtrace::<std[617be2ca0a6fd877]::panicking::panic_handler::{closure#0}, !>
[INFO] [stdout]    9:     0x646f74c8a90d - __rustc[ea4f61d10b84890b]::rust_begin_unwind
[INFO] [stdout]   10:     0x646f74cc41fc - core[a373ad73a504971]::panicking::panic_fmt
[INFO] [stdout]   11:     0x646f74cc3fd2 - core[a373ad73a504971]::result::unwrap_failed
[INFO] [stdout]   12:     0x646f74927a70 - <soroban_sdk[387261d1c0e07803]::env::Env>::to_test_snapshot_file
[INFO] [stdout]   13:     0x646f748d117d - core[a373ad73a504971]::ptr::drop_glue::<soroban_sdk[387261d1c0e07803]::env::Env>
[INFO] [stdout]   14:     0x646f748d692a - <soroban_token_sdk[190211ce90789150]::tests::events::test_transfer_with_id::{closure#0} as core[a373ad73a504971]::ops::function::FnOnce<()>>::call_once
[INFO] [stdout]   15:     0x646f748e1abb - test[aada8e7e76ba119b]::__rust_begin_short_backtrace::<core[a373ad73a504971]::result::Result<(), alloc[2e1b2a31b91974c5]::string::String>, fn() -> core[a373ad73a504971]::result::Result<(), alloc[2e1b2a31b91974c5]::string::String>>
[INFO] [stdout]   16:     0x646f748eec95 - test[aada8e7e76ba119b]::run_test::{closure#0}
[INFO] [stdout]   17:     0x646f748e8584 - std[617be2ca0a6fd877]::sys::backtrace::__rust_begin_short_backtrace::<test[aada8e7e76ba119b]::run_test::{closure#1}, ()>
[INFO] [stdout]   18:     0x646f748f1d22 - <std[617be2ca0a6fd877]::thread::lifecycle::spawn_unchecked<test[aada8e7e76ba119b]::run_test::{closure#1}, ()>::{closure#1} as core[a373ad73a504971]::ops::function::FnOnce<()>>::call_once::{shim:vtable#0}
[INFO] [stdout]   19:     0x646f74cadcff - <std[617be2ca0a6fd877]::sys::thread::unix::Thread>::new::thread_start
[INFO] [stdout]   20:     0x72c8e9772dfa - <unknown>
[INFO] [stdout]   21:     0x72c8e98063d4 - clone
[INFO] [stdout]   22:                0x0 - <unknown>
[INFO] [stdout] 
[INFO] [stdout] ---- tests::events::test_approve stdout ----
[INFO] [stdout] Writing test snapshot file for test "tests::events::test_approve" to "test_snapshots/tests/events/test_approve.1.json".
[INFO] [stdout] 
[INFO] [stdout] thread 'tests::events::test_approve' (3139) panicked at /opt/rustwide/cargo-home/registry/src/index.crates.io-1949cf8c6b5b557f/soroban-sdk-29.0.1/src/env.rs:2184:32:
[INFO] [stdout] called `Result::unwrap()` on an `Err` value: Os { code: 30, kind: ReadOnlyFilesystem, message: "Read-only file system" }
[INFO] [stdout] stack backtrace:
[INFO] [stdout]    0:     0x646f74cae4a1 - <<std[617be2ca0a6fd877]::sys::backtrace::BacktraceLock>::print::DisplayBacktrace as core[a373ad73a504971]::fmt::Display>::fmt
[INFO] [stdout]    1:     0x646f74cc3a9a - core[a373ad73a504971]::fmt::write
[INFO] [stdout]    2:     0x646f74cb276c - <alloc[2e1b2a31b91974c5]::vec::Vec<u8> as core[a373ad73a504971]::io::write::Write>::write_fmt
[INFO] [stdout]    3:     0x646f74c89c56 - std[617be2ca0a6fd877]::panicking::default_hook::{closure#0}
[INFO] [stdout]    4:     0x646f74ca6af9 - std[617be2ca0a6fd877]::panicking::default_hook
[INFO] [stdout]    5:     0x646f748ee670 - test[aada8e7e76ba119b]::test_main_inner::{closure#0}
[INFO] [stdout]    6:     0x646f74ca6cb2 - std[617be2ca0a6fd877]::panicking::panic_with_hook
[INFO] [stdout]    7:     0x646f74c89d02 - std[617be2ca0a6fd877]::panicking::panic_handler::{closure#0}
[INFO] [stdout]    8:     0x646f74c828c9 - std[617be2ca0a6fd877]::sys::backtrace::__rust_end_short_backtrace::<std[617be2ca0a6fd877]::panicking::panic_handler::{closure#0}, !>
[INFO] [stdout]    9:     0x646f74c8a90d - __rustc[ea4f61d10b84890b]::rust_begin_unwind
[INFO] [stdout]   10:     0x646f74cc41fc - core[a373ad73a504971]::panicking::panic_fmt
[INFO] [stdout]   11:     0x646f74cc3fd2 - core[a373ad73a504971]::result::unwrap_failed
[INFO] [stdout]   12:     0x646f74927a70 - <soroban_sdk[387261d1c0e07803]::env::Env>::to_test_snapshot_file
[INFO] [stdout]   13:     0x646f748d117d - core[a373ad73a504971]::ptr::drop_glue::<soroban_sdk[387261d1c0e07803]::env::Env>
[INFO] [stdout]   14:     0x646f748d2870 - <soroban_token_sdk[190211ce90789150]::tests::events::test_approve::{closure#0} as core[a373ad73a504971]::ops::function::FnOnce<()>>::call_once
[INFO] [stdout]   15:     0x646f748e1abb - test[aada8e7e76ba119b]::__rust_begin_short_backtrace::<core[a373ad73a504971]::result::Result<(), alloc[2e1b2a31b91974c5]::string::String>, fn() -> core[a373ad73a504971]::result::Result<(), alloc[2e1b2a31b91974c5]::string::String>>
[INFO] [stdout]   16:     0x646f748eec95 - test[aada8e7e76ba119b]::run_test::{closure#0}
[INFO] [stdout]   17:     0x646f748e8584 - std[617be2ca0a6fd877]::sys::backtrace::__rust_begin_short_backtrace::<test[aada8e7e76ba119b]::run_test::{closure#1}, ()>
[INFO] [stdout]   18:     0x646f748f1d22 - <std[617be2ca0a6fd877]::thread::lifecycle::spawn_unchecked<test[aada8e7e76ba119b]::run_test::{closure#1}, ()>::{closure#1} as core[a373ad73a504971]::ops::function::FnOnce<()>>::call_once::{shim:vtable#0}
[INFO] [stdout]   19:     0x646f74cadcff - <std[617be2ca0a6fd877]::sys::thread::unix::Thread>::new::thread_start
[INFO] [stdout]   20:     0x72c8e9772dfa - <unknown>
[INFO] [stdout]   21:     0x72c8e98063d4 - clone
[INFO] [stdout]   22:                0x0 - <unknown>
[INFO] [stdout] 
[INFO] [stdout] ---- tests::events::test_transfer_without_id stdout ----
[INFO] [stdout] Writing test snapshot file for test "tests::events::test_transfer_without_id" to "test_snapshots/tests/events/test_transfer_without_id.1.json".
[INFO] [stdout] 
[INFO] [stdout] thread 'tests::events::test_transfer_without_id' (3147) panicked at /opt/rustwide/cargo-home/registry/src/index.crates.io-1949cf8c6b5b557f/soroban-sdk-29.0.1/src/env.rs:2184:32:
[INFO] [stdout] called `Result::unwrap()` on an `Err` value: Os { code: 30, kind: ReadOnlyFilesystem, message: "Read-only file system" }
[INFO] [stdout] stack backtrace:
[INFO] [stdout]    0:     0x646f74cae4a1 - <<std[617be2ca0a6fd877]::sys::backtrace::BacktraceLock>::print::DisplayBacktrace as core[a373ad73a504971]::fmt::Display>::fmt
[INFO] [stdout]    1:     0x646f74cc3a9a - core[a373ad73a504971]::fmt::write
[INFO] [stdout]    2:     0x646f74cb276c - <alloc[2e1b2a31b91974c5]::vec::Vec<u8> as core[a373ad73a504971]::io::write::Write>::write_fmt
[INFO] [stdout]    3:     0x646f74c89c56 - std[617be2ca0a6fd877]::panicking::default_hook::{closure#0}
[INFO] [stdout]    4:     0x646f74ca6af9 - std[617be2ca0a6fd877]::panicking::default_hook
[INFO] [stdout]    5:     0x646f748ee670 - test[aada8e7e76ba119b]::test_main_inner::{closure#0}
[INFO] [stdout]    6:     0x646f74ca6cb2 - std[617be2ca0a6fd877]::panicking::panic_with_hook
[INFO] [stdout]    7:     0x646f74c89d02 - std[617be2ca0a6fd877]::panicking::panic_handler::{closure#0}
[INFO] [stdout]    8:     0x646f74c828c9 - std[617be2ca0a6fd877]::sys::backtrace::__rust_end_short_backtrace::<std[617be2ca0a6fd877]::panicking::panic_handler::{closure#0}, !>
[INFO] [stdout]    9:     0x646f74c8a90d - __rustc[ea4f61d10b84890b]::rust_begin_unwind
[INFO] [stdout]   10:     0x646f74cc41fc - core[a373ad73a504971]::panicking::panic_fmt
[INFO] [stdout]   11:     0x646f74cc3fd2 - core[a373ad73a504971]::result::unwrap_failed
[INFO] [stdout]   12:     0x646f74927a70 - <soroban_sdk[387261d1c0e07803]::env::Env>::to_test_snapshot_file
[INFO] [stdout]   13:     0x646f748d117d - core[a373ad73a504971]::ptr::drop_glue::<soroban_sdk[387261d1c0e07803]::env::Env>
[INFO] [stdout]   14:     0x646f748d79b3 - <soroban_token_sdk[190211ce90789150]::tests::events::test_transfer_without_id::{closure#0} as core[a373ad73a504971]::ops::function::FnOnce<()>>::call_once
[INFO] [stdout]   15:     0x646f748e1abb - test[aada8e7e76ba119b]::__rust_begin_short_backtrace::<core[a373ad73a504971]::result::Result<(), alloc[2e1b2a31b91974c5]::string::String>, fn() -> core[a373ad73a504971]::result::Result<(), alloc[2e1b2a31b91974c5]::string::String>>
[INFO] [stdout]   16:     0x646f748eec95 - test[aada8e7e76ba119b]::run_test::{closure#0}
[INFO] [stdout]   17:     0x646f748e8584 - std[617be2ca0a6fd877]::sys::backtrace::__rust_begin_short_backtrace::<test[aada8e7e76ba119b]::run_test::{closure#1}, ()>
[INFO] [stdout]   18:     0x646f748f1d22 - <std[617be2ca0a6fd877]::thread::lifecycle::spawn_unchecked<test[aada8e7e76ba119b]::run_test::{closure#1}, ()>::{closure#1} as core[a373ad73a504971]::ops::function::FnOnce<()>>::call_once::{shim:vtable#0}
[INFO] [stdout]   19:     0x646f74cadcff - <std[617be2ca0a6fd877]::sys::thread::unix::Thread>::new::thread_start
[INFO] [stdout]   20:     0x72c8e9772dfa - <unknown>
[INFO] [stdout]   21:     0x72c8e98063d4 - clone
[INFO] [stdout]   22:                0x0 - <unknown>
[INFO] [stdout] 
[INFO] [stdout] 
[INFO] [stdout] failures:
[INFO] [stdout]     tests::events::test_approve
[INFO] [stdout]     tests::events::test_burn
[INFO] [stdout]     tests::events::test_clawback
[INFO] [stdout]     tests::events::test_mint_with_amount_only
[INFO] [stdout]     tests::events::test_mint_with_id
[INFO] [stdout]     tests::events::test_mint_without_id
[INFO] [stdout]     tests::events::test_transfer_with_amount_only
[INFO] [stdout]     tests::events::test_transfer_with_id
[INFO] [stdout]     tests::events::test_transfer_without_id
[INFO] [stdout] 
[INFO] [stdout] test result: FAILED. 0 passed; 9 failed; 0 ignored; 0 measured; 0 filtered out; finished in 0.01s
[INFO] [stdout] 
[INFO] [stderr] error: test failed, to rerun pass `--lib`
[INFO] running `Command { std: "docker" "inspect" "d0360179283150acf48dbd29d548456dcc9e406138683a4b3f8ad4a318daa71e", kill_on_drop: false }`
[INFO] running `Command { std: "docker" "rm" "-f" "d0360179283150acf48dbd29d548456dcc9e406138683a4b3f8ad4a318daa71e", kill_on_drop: false }`
[INFO] [stdout] d0360179283150acf48dbd29d548456dcc9e406138683a4b3f8ad4a318daa71e
