[INFO] fetching crate soon-migrate 0.2.1...
[INFO] testing soon-migrate-0.2.1 against 1.99.0-beta.8+cargoflags=--release for beta-release-1.100-2
[INFO] extracting crate soon-migrate 0.2.1 into /workspace/builds/worker-4-tc1/source
[INFO] started tweaking crates.io crate soon-migrate 0.2.1
[INFO] finished tweaking crates.io crate soon-migrate 0.2.1
[INFO] tweaked toml for crates.io crate soon-migrate 0.2.1 written to /workspace/builds/worker-4-tc1/source/Cargo.toml
[INFO] validating manifest of crates.io crate soon-migrate 0.2.1 on toolchain 1.99.0-beta.8
[INFO] running `Command { std: CARGO_HOME="/workspace/cargo-home" RUSTUP_HOME="/workspace/rustup-home" "/workspace/cargo-home/bin/cargo" "+1.99.0-beta.8" "metadata" "--manifest-path" "Cargo.toml" "--no-deps", kill_on_drop: false }`
[INFO] crate crates.io crate soon-migrate 0.2.1 already has a lockfile, it will not be regenerated
[INFO] running `Command { std: CARGO_HOME="/workspace/cargo-home" RUSTUP_HOME="/workspace/rustup-home" "/workspace/cargo-home/bin/cargo" "+1.99.0-beta.8" "fetch" "--manifest-path" "Cargo.toml", kill_on_drop: false }`
[INFO] [stderr]  Downloading crates ...
[INFO] [stderr]   Downloaded serde_derive v1.0.214
[INFO] [stderr]   Downloaded proc-macro2 v1.0.89
[INFO] [stderr]   Downloaded fastrand v2.1.1
[INFO] [stderr]   Downloaded anstyle-wincon v3.0.6
[INFO] [stderr]   Downloaded serde v1.0.214
[INFO] [stderr]   Downloaded thiserror v1.0.68
[INFO] [stderr]   Downloaded thiserror-impl v1.0.68
[INFO] [stderr]   Downloaded tempfile v3.13.0
[INFO] [stderr]   Downloaded toml v0.7.8
[INFO] [stderr]   Downloaded indicatif v0.17.8
[INFO] [stderr]   Downloaded indexmap v2.6.0
[INFO] [stderr]   Downloaded hashbrown v0.15.1
[INFO] [stderr]   Downloaded portable-atomic v1.9.0
[INFO] [stderr]   Downloaded syn v2.0.87
[INFO] [stderr]   Downloaded rustix v0.38.39
[INFO] [stderr]   Downloaded libc v0.2.162
[INFO] running `Command { std: "docker" "create" "-v" "/var/lib/crater-agent-workspace/builds/worker-4-tc1/source:/opt/rustwide/workdir:ro,Z" "-v" "/var/lib/crater-agent-workspace/builds/worker-4-tc1/target:/opt/rustwide/target:rw,Z" "-v" "/var/lib/crater-agent-workspace/cargo-home:/opt/rustwide/cargo-home:ro,Z" "-v" "/var/lib/crater-agent-workspace/rustup-home:/opt/rustwide/rustup-home:ro,Z" "-m" "1610612736" "--network" "none" "ghcr.io/rust-lang/crates-build-env/linux@sha256:77db811e55d90add9212f6832c23229e3de5f1c1f9905e8cb07319ea15df73ac" "sleep" "infinity", kill_on_drop: false }`
[INFO] [stdout] e1234a1f56e6f45e72e205f74d1fd769c1a66450d91506e925559d62bd6b135a
[INFO] running `Command { std: "docker" "start" "e1234a1f56e6f45e72e205f74d1fd769c1a66450d91506e925559d62bd6b135a", kill_on_drop: false }`
[INFO] running `Command { std: "docker" "inspect" "e1234a1f56e6f45e72e205f74d1fd769c1a66450d91506e925559d62bd6b135a", kill_on_drop: false }`
[INFO] running `Command { std: "docker" "exec" "-e" "SOURCE_DIR=/opt/rustwide/workdir" "-e" "CARGO_HOME=/opt/rustwide/cargo-home" "-e" "RUSTUP_HOME=/opt/rustwide/rustup-home" "-e" "CARGO_TARGET_DIR=/opt/rustwide/target" "-w" "/opt/rustwide/workdir" "--user" "0:0" "e1234a1f56e6f45e72e205f74d1fd769c1a66450d91506e925559d62bd6b135a" "/opt/rustwide/cargo-home/bin/cargo" "+1.99.0-beta.8" "metadata" "--no-deps" "--format-version=1", kill_on_drop: false }`
[INFO] running `Command { std: "docker" "inspect" "e1234a1f56e6f45e72e205f74d1fd769c1a66450d91506e925559d62bd6b135a", kill_on_drop: false }`
[INFO] running `Command { std: "docker" "exec" "-e" "SOURCE_DIR=/opt/rustwide/workdir" "-e" "CARGO_HOME=/opt/rustwide/cargo-home" "-e" "RUSTUP_HOME=/opt/rustwide/rustup-home" "-e" "CARGO_TARGET_DIR=/opt/rustwide/target" "-e" "CARGO_INCREMENTAL=0" "-e" "RUST_BACKTRACE=full" "-e" "RUSTFLAGS=--cap-lints=warn" "-e" "RUSTDOCFLAGS=--cap-lints=warn" "-w" "/opt/rustwide/workdir" "--user" "0:0" "e1234a1f56e6f45e72e205f74d1fd769c1a66450d91506e925559d62bd6b135a" "/opt/rustwide/cargo-home/bin/cargo" "+1.99.0-beta.8" "build" "--frozen" "--message-format=json" "--release", kill_on_drop: false }`
[INFO] [stderr]    Compiling proc-macro2 v1.0.89
[INFO] [stderr]    Compiling unicode-ident v1.0.13
[INFO] [stderr]    Compiling serde v1.0.214
[INFO] [stderr]    Compiling libc v0.2.162
[INFO] [stderr]    Compiling rustix v0.38.39
[INFO] [stderr]    Compiling hashbrown v0.15.1
[INFO] [stderr]    Compiling is_terminal_polyfill v1.70.1
[INFO] [stderr]    Compiling portable-atomic v1.9.0
[INFO] [stderr]    Compiling colorchoice v1.0.3
[INFO] [stderr]    Compiling anstyle-query v1.1.2
[INFO] [stderr]    Compiling anstyle v1.0.10
[INFO] [stderr]    Compiling winnow v0.5.40
[INFO] [stderr]    Compiling linux-raw-sys v0.4.14
[INFO] [stderr]    Compiling anstyle-parse v0.2.6
[INFO] [stderr]    Compiling bitflags v2.6.0
[INFO] [stderr]    Compiling clap_lex v0.7.2
[INFO] [stderr]    Compiling thiserror v1.0.68
[INFO] [stderr]    Compiling once_cell v1.20.2
[INFO] [stderr]    Compiling fastrand v2.1.1
[INFO] [stderr]    Compiling colored v2.1.0
[INFO] [stderr]    Compiling anstream v0.6.18
[INFO] [stderr]    Compiling clap_builder v4.5.20
[INFO] [stderr]    Compiling quote v1.0.37
[INFO] [stderr]    Compiling console v0.15.8
[INFO] [stderr]    Compiling syn v2.0.87
[INFO] [stderr]    Compiling indexmap v2.6.0
[INFO] [stderr]    Compiling indicatif v0.17.8
[INFO] [stderr]    Compiling tempfile v3.13.0
[INFO] [stderr]    Compiling serde_derive v1.0.214
[INFO] [stderr]    Compiling clap_derive v4.5.18
[INFO] [stderr]    Compiling thiserror-impl v1.0.68
[INFO] [stderr]    Compiling clap v4.5.20
[INFO] [stderr]    Compiling serde_spanned v0.6.8
[INFO] [stderr]    Compiling toml_datetime v0.6.8
[INFO] [stderr]    Compiling toml_edit v0.19.15
[INFO] [stderr]    Compiling toml v0.7.8
[INFO] [stderr]    Compiling soon-migrate v0.2.1 (/opt/rustwide/workdir)
[INFO] [stdout] warning: struct `Provider` is never constructed
[INFO] [stdout]   --> src/migration.rs:16:8
[INFO] [stdout]    |
[INFO] [stdout] 16 | struct Provider {
[INFO] [stdout]    |        ^^^^^^^^
[INFO] [stdout]    |
[INFO] [stdout]    = note: `#[warn(dead_code)]` (part of `#[warn(unused)]`) on by default
[INFO] [stdout] 
[INFO] [stdout] 
[INFO] [stdout] warning: struct `Programs` is never constructed
[INFO] [stdout]   --> src/migration.rs:25:8
[INFO] [stdout]    |
[INFO] [stdout] 25 | struct Programs {
[INFO] [stdout]    |        ^^^^^^^^
[INFO] [stdout] 
[INFO] [stdout] 
[INFO] [stdout] warning: struct `AnchorToml` is never constructed
[INFO] [stdout]   --> src/migration.rs:33:8
[INFO] [stdout]    |
[INFO] [stdout] 33 | struct AnchorToml {
[INFO] [stdout]    |        ^^^^^^^^^^
[INFO] [stdout] 
[INFO] [stdout] 
[INFO] [stderr]     Finished `release` profile [optimized] target(s) in 36.14s
[INFO] running `Command { std: "docker" "inspect" "e1234a1f56e6f45e72e205f74d1fd769c1a66450d91506e925559d62bd6b135a", kill_on_drop: false }`
[INFO] running `Command { std: "docker" "exec" "-e" "SOURCE_DIR=/opt/rustwide/workdir" "-e" "CARGO_HOME=/opt/rustwide/cargo-home" "-e" "RUSTUP_HOME=/opt/rustwide/rustup-home" "-e" "CARGO_TARGET_DIR=/opt/rustwide/target" "-e" "CARGO_INCREMENTAL=0" "-e" "RUST_BACKTRACE=full" "-e" "RUSTFLAGS=--cap-lints=warn" "-e" "RUSTDOCFLAGS=--cap-lints=warn" "-w" "/opt/rustwide/workdir" "--user" "0:0" "e1234a1f56e6f45e72e205f74d1fd769c1a66450d91506e925559d62bd6b135a" "/opt/rustwide/cargo-home/bin/cargo" "+1.99.0-beta.8" "test" "--frozen" "--no-run" "--message-format=json" "--release", kill_on_drop: false }`
[INFO] [stdout] warning: struct `Provider` is never constructed
[INFO] [stdout]   --> src/migration.rs:16:8
[INFO] [stdout]    |
[INFO] [stdout] 16 | struct Provider {
[INFO] [stdout]    |        ^^^^^^^^
[INFO] [stdout]    |
[INFO] [stdout]    = note: `#[warn(dead_code)]` (part of `#[warn(unused)]`) on by default
[INFO] [stdout] 
[INFO] [stdout] 
[INFO] [stdout] warning: struct `Programs` is never constructed
[INFO] [stdout]   --> src/migration.rs:25:8
[INFO] [stdout]    |
[INFO] [stdout] 25 | struct Programs {
[INFO] [stdout]    |        ^^^^^^^^
[INFO] [stdout] 
[INFO] [stdout] 
[INFO] [stderr]    Compiling soon-migrate v0.2.1 (/opt/rustwide/workdir)
[INFO] [stdout] warning: struct `AnchorToml` is never constructed
[INFO] [stdout]   --> src/migration.rs:33:8
[INFO] [stdout]    |
[INFO] [stdout] 33 | struct AnchorToml {
[INFO] [stdout]    |        ^^^^^^^^^^
[INFO] [stdout] 
[INFO] [stdout] 
[INFO] [stdout] warning: unused import: `super::*`
[INFO] [stdout]    --> src/main.rs:167:9
[INFO] [stdout]     |
[INFO] [stdout] 167 |     use super::*;
[INFO] [stdout]     |         ^^^^^^^^
[INFO] [stdout]     |
[INFO] [stdout]     = note: `#[warn(unused_imports)]` (part of `#[warn(unused)]`) on by default
[INFO] [stdout] 
[INFO] [stdout] 
[INFO] [stdout] warning: struct `Provider` is never constructed
[INFO] [stdout]   --> src/migration.rs:16:8
[INFO] [stdout]    |
[INFO] [stdout] 16 | struct Provider {
[INFO] [stdout]    |        ^^^^^^^^
[INFO] [stdout]    |
[INFO] [stdout]    = note: `#[warn(dead_code)]` (part of `#[warn(unused)]`) on by default
[INFO] [stdout] 
[INFO] [stdout] 
[INFO] [stdout] warning: struct `Programs` is never constructed
[INFO] [stdout]   --> src/migration.rs:25:8
[INFO] [stdout]    |
[INFO] [stdout] 25 | struct Programs {
[INFO] [stdout]    |        ^^^^^^^^
[INFO] [stdout] 
[INFO] [stdout] 
[INFO] [stdout] warning: struct `AnchorToml` is never constructed
[INFO] [stdout]   --> src/migration.rs:33:8
[INFO] [stdout]    |
[INFO] [stdout] 33 | struct AnchorToml {
[INFO] [stdout]    |        ^^^^^^^^^^
[INFO] [stdout] 
[INFO] [stdout] 
[INFO] [stderr]     Finished `release` profile [optimized] target(s) in 2.30s
[INFO] running `Command { std: "docker" "inspect" "e1234a1f56e6f45e72e205f74d1fd769c1a66450d91506e925559d62bd6b135a", kill_on_drop: false }`
[INFO] running `Command { std: "docker" "exec" "-e" "SOURCE_DIR=/opt/rustwide/workdir" "-e" "CARGO_HOME=/opt/rustwide/cargo-home" "-e" "RUSTUP_HOME=/opt/rustwide/rustup-home" "-e" "CARGO_TARGET_DIR=/opt/rustwide/target" "-e" "CARGO_INCREMENTAL=0" "-e" "RUST_BACKTRACE=full" "-e" "RUSTFLAGS=--cap-lints=warn" "-e" "RUSTDOCFLAGS=--cap-lints=warn" "-w" "/opt/rustwide/workdir" "--user" "0:0" "e1234a1f56e6f45e72e205f74d1fd769c1a66450d91506e925559d62bd6b135a" "/opt/rustwide/cargo-home/bin/cargo" "+1.99.0-beta.8" "test" "--frozen" "--release", kill_on_drop: false }`
[INFO] [stderr] warning: struct `Provider` is never constructed
[INFO] [stderr]   --> src/migration.rs:16:8
[INFO] [stderr]    |
[INFO] [stderr] 16 | struct Provider {
[INFO] [stderr]    |        ^^^^^^^^
[INFO] [stderr]    |
[INFO] [stderr]    = note: `#[warn(dead_code)]` (part of `#[warn(unused)]`) on by default
[INFO] [stderr] 
[INFO] [stderr] warning: struct `Programs` is never constructed
[INFO] [stderr]   --> src/migration.rs:25:8
[INFO] [stderr]    |
[INFO] [stderr] 25 | struct Programs {
[INFO] [stderr]    |        ^^^^^^^^
[INFO] [stderr] 
[INFO] [stderr] warning: struct `AnchorToml` is never constructed
[INFO] [stderr]   --> src/migration.rs:33:8
[INFO] [stderr]    |
[INFO] [stderr] 33 | struct AnchorToml {
[INFO] [stderr]    |        ^^^^^^^^^^
[INFO] [stderr] 
[INFO] [stderr] warning: `soon-migrate` (lib) generated 3 warnings
[INFO] [stderr] warning: unused import: `super::*`
[INFO] [stderr]    --> src/main.rs:167:9
[INFO] [stderr]     |
[INFO] [stderr] 167 |     use super::*;
[INFO] [stderr]     |         ^^^^^^^^
[INFO] [stderr]     |
[INFO] [stderr]     = note: `#[warn(unused_imports)]` (part of `#[warn(unused)]`) on by default
[INFO] [stderr] 
[INFO] [stderr] warning: `soon-migrate` (bin "soon-migrate" test) generated 1 warning (run `cargo fix --bin "soon-migrate" -p soon-migrate --tests` to apply 1 suggestion)
[INFO] [stderr] warning: `soon-migrate` (lib test) generated 3 warnings (3 duplicates)
[INFO] [stderr]     Finished `release` profile [optimized] target(s) in 0.08s
[INFO] [stderr]      Running unittests src/lib.rs (/opt/rustwide/target/release/deps/soon_migrate-4ffdb8f35a28d69a)
[INFO] [stdout] 
[INFO] [stdout] running 7 tests
[INFO] [stdout] test migration::tests::test_invalid_path ... ok
[INFO] [stdout] test migration::tests::test_network_mapping ... ok
[INFO] [stdout] test migration::tests::test_oracle_only_mode ... ok
[INFO] [stdout] test migration::tests::test_dry_run_mode ... ok
[INFO] [stdout] test migration::tests::test_basic_migration ... ok
[INFO] [stdout] test migration::tests::test_migration_with_oracle_detection ... ok
[INFO] [stdout] test migration::tests::test_restore_backup ... ok
[INFO] [stdout] 
[INFO] [stdout] test result: ok. 7 passed; 0 failed; 0 ignored; 0 measured; 0 filtered out; finished in 0.01s
[INFO] [stdout] 
[INFO] [stderr]      Running unittests src/main.rs (/opt/rustwide/target/release/deps/soon_migrate-4a2b827381199c24)
[INFO] [stdout] 
[INFO] [stdout] running 1 test
[INFO] [stdout] test tests::test_version_info ... FAILED
[INFO] [stdout] 
[INFO] [stdout] failures:
[INFO] [stdout] 
[INFO] [stdout] ---- tests::test_version_info stdout ----
[INFO] [stdout] 
[INFO] [stdout] thread 'tests::test_version_info' (952) panicked at src/main.rs:173:9:
[INFO] [stdout] assertion `left == right` failed
[INFO] [stdout]   left: "0.2.1"
[INFO] [stdout]  right: "0.2.0"
[INFO] [stdout] stack backtrace:
[INFO] [stdout]    0:     0x58897ed38bf1 - <<std[70759c8f55707aa4]::sys::backtrace::BacktraceLock>::print::DisplayBacktrace as core[df12db4294e9bfd3]::fmt::Display>::fmt
[INFO] [stdout]    1:     0x58897ed4cdca - core[df12db4294e9bfd3]::fmt::write
[INFO] [stdout]    2:     0x58897ed3d08c - <alloc[2182bb758b4b3781]::vec::Vec<u8> as core[df12db4294e9bfd3]::io::write::Write>::write_fmt
[INFO] [stdout]    3:     0x58897ed151e6 - std[70759c8f55707aa4]::panicking::default_hook::{closure#0}
[INFO] [stdout]    4:     0x58897ed31359 - std[70759c8f55707aa4]::panicking::default_hook
[INFO] [stdout]    5:     0x58897eccd790 - test[9d35eded1c95d3be]::test_main_inner::<test[9d35eded1c95d3be]::test_main_static::{closure#0}>::{closure#0}
[INFO] [stdout]    6:     0x58897ed31512 - std[70759c8f55707aa4]::panicking::panic_with_hook
[INFO] [stdout]    7:     0x58897ed15292 - std[70759c8f55707aa4]::panicking::panic_handler::{closure#0}
[INFO] [stdout]    8:     0x58897ed0e019 - std[70759c8f55707aa4]::sys::backtrace::__rust_end_short_backtrace::<std[70759c8f55707aa4]::panicking::panic_handler::{closure#0}, !>
[INFO] [stdout]    9:     0x58897ed15e8d - __rustc[8fa7c3cbc660c2b3]::rust_begin_unwind
[INFO] [stdout]   10:     0x58897ed4d4fc - core[df12db4294e9bfd3]::panicking::panic_fmt
[INFO] [stdout]   11:     0x58897ed4d413 - core[df12db4294e9bfd3]::panicking::assert_failed_inner
[INFO] [stdout]   12:     0x58897ed017e0 - core[df12db4294e9bfd3]::panicking::assert_failed::<&str, &str>
[INFO] [stdout]   13:     0x58897ecc0a20 - <soon_migrate[b41e650a3dc31535]::tests::test_version_info::{closure#0} as core[df12db4294e9bfd3]::ops::function::FnOnce<()>>::call_once
[INFO] [stdout]   14:     0x58897ecc0a7b - test[9d35eded1c95d3be]::__rust_begin_short_backtrace::<core[df12db4294e9bfd3]::result::Result<(), alloc[2182bb758b4b3781]::string::String>, fn() -> core[df12db4294e9bfd3]::result::Result<(), alloc[2182bb758b4b3781]::string::String>>
[INFO] [stdout]   15:     0x58897ecce0e5 - test[9d35eded1c95d3be]::run_test::{closure#0}
[INFO] [stdout]   16:     0x58897ecc79a4 - std[70759c8f55707aa4]::sys::backtrace::__rust_begin_short_backtrace::<test[9d35eded1c95d3be]::run_test::{closure#1}, ()>
[INFO] [stdout]   17:     0x58897ecd1242 - <std[70759c8f55707aa4]::thread::lifecycle::spawn_unchecked<test[9d35eded1c95d3be]::run_test::{closure#1}, ()>::{closure#1} as core[df12db4294e9bfd3]::ops::function::FnOnce<()>>::call_once::{shim:vtable#0}
[INFO] [stdout]   18:     0x58897ed384c9 - <std[70759c8f55707aa4]::sys::thread::unix::Thread>::new::thread_start
[INFO] [stdout]   19:     0x70bc9d1b7dfa - <unknown>
[INFO] [stdout]   20:     0x70bc9d24b3d4 - clone
[INFO] [stdout]   21:                0x0 - <unknown>
[INFO] [stdout] 
[INFO] [stdout] 
[INFO] [stdout] failures:
[INFO] [stdout]     tests::test_version_info
[INFO] [stdout] 
[INFO] [stdout] test result: FAILED. 0 passed; 1 failed; 0 ignored; 0 measured; 0 filtered out; finished in 0.01s
[INFO] [stdout] 
[INFO] [stderr] error: test failed, to rerun pass `--bin soon-migrate`
[INFO] running `Command { std: "docker" "inspect" "e1234a1f56e6f45e72e205f74d1fd769c1a66450d91506e925559d62bd6b135a", kill_on_drop: false }`
[INFO] running `Command { std: "docker" "rm" "-f" "e1234a1f56e6f45e72e205f74d1fd769c1a66450d91506e925559d62bd6b135a", kill_on_drop: false }`
[INFO] [stdout] e1234a1f56e6f45e72e205f74d1fd769c1a66450d91506e925559d62bd6b135a
