[INFO] fetching crate sonos-sdk-event-manager 0.9.0...
[INFO] testing sonos-sdk-event-manager-0.9.0 against 1.100.0-beta.1+cargoflags=--release for beta-release-1.100-2
[INFO] extracting crate sonos-sdk-event-manager 0.9.0 into /workspace/builds/worker-2-tc2/source
[INFO] started tweaking crates.io crate sonos-sdk-event-manager 0.9.0
[INFO] finished tweaking crates.io crate sonos-sdk-event-manager 0.9.0
[INFO] tweaked toml for crates.io crate sonos-sdk-event-manager 0.9.0 written to /workspace/builds/worker-2-tc2/source/Cargo.toml
[INFO] validating manifest of crates.io crate sonos-sdk-event-manager 0.9.0 on toolchain 1.100.0-beta.1
[INFO] running `Command { std: CARGO_HOME="/workspace/cargo-home" RUSTUP_HOME="/workspace/rustup-home" "/workspace/cargo-home/bin/cargo" "+1.100.0-beta.1" "metadata" "--manifest-path" "Cargo.toml" "--no-deps", kill_on_drop: false }`
[INFO] crate crates.io crate sonos-sdk-event-manager 0.9.0 already has a lockfile, it will not be regenerated
[INFO] running `Command { std: CARGO_HOME="/workspace/cargo-home" RUSTUP_HOME="/workspace/rustup-home" "/workspace/cargo-home/bin/cargo" "+1.100.0-beta.1" "fetch" "--manifest-path" "Cargo.toml", kill_on_drop: false }`
[INFO] running `Command { std: "docker" "create" "-v" "/var/lib/crater-agent-workspace/builds/worker-2-tc2/source:/opt/rustwide/workdir:ro,Z" "-v" "/var/lib/crater-agent-workspace/builds/worker-2-tc2/target:/opt/rustwide/target:rw,Z" "-v" "/var/lib/crater-agent-workspace/cargo-home:/opt/rustwide/cargo-home:ro,Z" "-v" "/var/lib/crater-agent-workspace/rustup-home:/opt/rustwide/rustup-home:ro,Z" "-m" "1610612736" "--network" "none" "ghcr.io/rust-lang/crates-build-env/linux@sha256:77db811e55d90add9212f6832c23229e3de5f1c1f9905e8cb07319ea15df73ac" "sleep" "infinity", kill_on_drop: false }`
[INFO] [stdout] 32ef26277f9a1994fdf03a3eb00e2472a714f30fd9cddc3d433f75023548ebee
[INFO] running `Command { std: "docker" "start" "32ef26277f9a1994fdf03a3eb00e2472a714f30fd9cddc3d433f75023548ebee", kill_on_drop: false }`
[INFO] running `Command { std: "docker" "inspect" "32ef26277f9a1994fdf03a3eb00e2472a714f30fd9cddc3d433f75023548ebee", kill_on_drop: false }`
[INFO] running `Command { std: "docker" "exec" "-e" "SOURCE_DIR=/opt/rustwide/workdir" "-e" "CARGO_HOME=/opt/rustwide/cargo-home" "-e" "RUSTUP_HOME=/opt/rustwide/rustup-home" "-e" "CARGO_TARGET_DIR=/opt/rustwide/target" "-w" "/opt/rustwide/workdir" "--user" "0:0" "32ef26277f9a1994fdf03a3eb00e2472a714f30fd9cddc3d433f75023548ebee" "/opt/rustwide/cargo-home/bin/cargo" "+1.100.0-beta.1" "metadata" "--no-deps" "--format-version=1", kill_on_drop: false }`
[INFO] running `Command { std: "docker" "inspect" "32ef26277f9a1994fdf03a3eb00e2472a714f30fd9cddc3d433f75023548ebee", kill_on_drop: false }`
[INFO] running `Command { std: "docker" "exec" "-e" "SOURCE_DIR=/opt/rustwide/workdir" "-e" "CARGO_HOME=/opt/rustwide/cargo-home" "-e" "RUSTUP_HOME=/opt/rustwide/rustup-home" "-e" "CARGO_TARGET_DIR=/opt/rustwide/target" "-e" "CARGO_INCREMENTAL=0" "-e" "RUST_BACKTRACE=full" "-e" "RUSTFLAGS=--cap-lints=warn" "-e" "RUSTDOCFLAGS=--cap-lints=warn" "-w" "/opt/rustwide/workdir" "--user" "0:0" "32ef26277f9a1994fdf03a3eb00e2472a714f30fd9cddc3d433f75023548ebee" "/opt/rustwide/cargo-home/bin/cargo" "+1.100.0-beta.1" "build" "--frozen" "--message-format=json" "--release", kill_on_drop: false }`
[INFO] [stderr]    Compiling syn v3.0.3
[INFO] [stderr]    Compiling serde_core v1.0.229
[INFO] [stderr]    Compiling find-msvc-tools v0.1.11
[INFO] [stderr]    Compiling futures-channel v0.3.34
[INFO] [stderr]    Compiling getrandom v0.2.17
[INFO] [stderr]    Compiling parking_lot_core v0.9.12
[INFO] [stderr]    Compiling rustls v0.23.45
[INFO] [stderr]    Compiling miniz_oxide v0.8.9
[INFO] [stderr]    Compiling webpki-roots v1.0.9
[INFO] [stderr]    Compiling cc v1.4.3
[INFO] [stderr]    Compiling mio v1.2.2
[INFO] [stderr]    Compiling webpki-roots v0.26.11
[INFO] [stderr]    Compiling parking_lot v0.12.5
[INFO] [stderr]    Compiling axum-core v0.5.6
[INFO] [stderr]    Compiling if-addrs v0.15.0
[INFO] [stderr]    Compiling flate2 v1.1.9
[INFO] [stderr]    Compiling base64 v0.23.1
[INFO] [stderr]    Compiling utf8-zero v0.8.1
[INFO] [stderr]    Compiling ureq-proto v0.6.1
[INFO] [stderr]    Compiling ring v0.17.14
[INFO] [stderr]    Compiling serde_json v1.0.151
[INFO] [stderr]    Compiling serde_path_to_error v0.1.20
[INFO] [stderr]    Compiling zerovec-derive v0.11.5
[INFO] [stderr]    Compiling displaydoc v0.2.7
[INFO] [stderr]    Compiling serde_derive v1.0.229
[INFO] [stderr]    Compiling futures-macro v0.3.34
[INFO] [stderr]    Compiling tokio-macros v2.7.2
[INFO] [stderr]    Compiling thiserror-impl v2.0.20
[INFO] [stderr]    Compiling tokio v1.53.1
[INFO] [stderr]    Compiling zerotrie v0.2.5
[INFO] [stderr]    Compiling futures-util v0.3.34
[INFO] [stderr]    Compiling async-trait v0.1.92
[INFO] [stderr]    Compiling zerovec v0.11.7
[INFO] [stderr]    Compiling thiserror v2.0.20
[INFO] [stderr]    Compiling tinystr v0.8.4
[INFO] [stderr]    Compiling potential_utf v0.1.6
[INFO] [stderr]    Compiling icu_collections v2.3.0
[INFO] [stderr]    Compiling icu_locale_core v2.3.0
[INFO] [stderr]    Compiling serde v1.0.229
[INFO] [stderr]    Compiling quick-xml v0.31.0
[INFO] [stderr]    Compiling serde_urlencoded v0.7.1
[INFO] [stderr]    Compiling icu_provider v2.3.0
[INFO] [stderr]    Compiling icu_properties v2.3.0
[INFO] [stderr]    Compiling icu_normalizer v2.3.0
[INFO] [stderr]    Compiling futures-executor v0.3.34
[INFO] [stderr]    Compiling futures v0.3.34
[INFO] [stderr]    Compiling idna_adapter v1.2.2
[INFO] [stderr]    Compiling idna v1.1.0
[INFO] [stderr]    Compiling url v2.5.8
[INFO] [stderr]    Compiling hyper v1.11.0
[INFO] [stderr]    Compiling tower v0.5.3
[INFO] [stderr]    Compiling hyper-util v0.1.20
[INFO] [stderr]    Compiling axum v0.8.9
[INFO] [stderr]    Compiling rustls-webpki v0.103.14
[INFO] [stderr]    Compiling sonos-sdk-callback-server v0.9.0
[INFO] [stderr]    Compiling ureq v2.12.1
[INFO] [stderr]    Compiling ureq v3.4.0
[INFO] [stderr]    Compiling sonos-sdk-soap-client v0.9.0
[INFO] [stderr]    Compiling sonos-api v0.9.0
[INFO] [stderr]    Compiling sonos-sdk-discovery v0.9.0
[INFO] [stderr]    Compiling sonos-sdk-stream v0.9.0
[INFO] [stderr]    Compiling sonos-sdk-event-manager v0.9.0 (/opt/rustwide/workdir)
[INFO] [stderr]     Finished `release` profile [optimized] target(s) in 3m 04s
[INFO] running `Command { std: "docker" "inspect" "32ef26277f9a1994fdf03a3eb00e2472a714f30fd9cddc3d433f75023548ebee", kill_on_drop: false }`
[INFO] running `Command { std: "docker" "exec" "-e" "SOURCE_DIR=/opt/rustwide/workdir" "-e" "CARGO_HOME=/opt/rustwide/cargo-home" "-e" "RUSTUP_HOME=/opt/rustwide/rustup-home" "-e" "CARGO_TARGET_DIR=/opt/rustwide/target" "-e" "CARGO_INCREMENTAL=0" "-e" "RUST_BACKTRACE=full" "-e" "RUSTFLAGS=--cap-lints=warn" "-e" "RUSTDOCFLAGS=--cap-lints=warn" "-w" "/opt/rustwide/workdir" "--user" "0:0" "32ef26277f9a1994fdf03a3eb00e2472a714f30fd9cddc3d433f75023548ebee" "/opt/rustwide/cargo-home/bin/cargo" "+1.100.0-beta.1" "test" "--frozen" "--no-run" "--message-format=json" "--release", kill_on_drop: false }`
[INFO] [stderr]    Compiling sonos-sdk-event-manager v0.9.0 (/opt/rustwide/workdir)
[INFO] [stderr]     Finished `release` profile [optimized] target(s) in 17.88s
[INFO] running `Command { std: "docker" "inspect" "32ef26277f9a1994fdf03a3eb00e2472a714f30fd9cddc3d433f75023548ebee", kill_on_drop: false }`
[INFO] running `Command { std: "docker" "exec" "-e" "SOURCE_DIR=/opt/rustwide/workdir" "-e" "CARGO_HOME=/opt/rustwide/cargo-home" "-e" "RUSTUP_HOME=/opt/rustwide/rustup-home" "-e" "CARGO_TARGET_DIR=/opt/rustwide/target" "-e" "CARGO_INCREMENTAL=0" "-e" "RUST_BACKTRACE=full" "-e" "RUSTFLAGS=--cap-lints=warn" "-e" "RUSTDOCFLAGS=--cap-lints=warn" "-w" "/opt/rustwide/workdir" "--user" "0:0" "32ef26277f9a1994fdf03a3eb00e2472a714f30fd9cddc3d433f75023548ebee" "/opt/rustwide/cargo-home/bin/cargo" "+1.100.0-beta.1" "test" "--frozen" "--release", kill_on_drop: false }`
[INFO] [stderr]     Finished `release` profile [optimized] target(s) in 0.14s
[INFO] [stderr]      Running unittests src/lib.rs (/opt/rustwide/target/release/build/sonos-sdk-event-manager/fc17f1239255b898/out/sonos_event_manager-fc17f1239255b898)
[INFO] [stdout] 
[INFO] [stdout] running 30 tests
[INFO] [stdout] test iter::tests::test_try_recv_empty ... ok
[INFO] [stdout] test iter::tests::test_try_iter_empty ... ok
[INFO] [stdout] test manager::tests::test_acquire_release_watch_ref_counting ... ok
[INFO] [stdout] test iter::tests::test_clone ... ok
[INFO] [stdout] test manager::tests::test_cancel_then_late_expiry_keeps_subscription ... ok
[INFO] [stdout] test manager::tests::test_device_management ... ok
[INFO] [stdout] test manager::tests::test_grace_period_cancelled_by_reacquire ... ok
[INFO] [stdout] test manager::tests::test_expiry_then_reacquire_must_resubscribe ... ok
[INFO] [stdout] test manager::tests::test_cancel_and_expiry_have_exactly_one_winner ... FAILED
[INFO] [stdout] test manager::tests::test_inline_teardown_contains_a_panicking_registry ... FAILED
[INFO] [stdout] test manager::tests::test_inline_teardown_when_timer_unavailable ... ok
[INFO] [stdout] test manager::tests::test_multiple_services_independent_grace_periods ... ok
[INFO] [stdout] test manager::tests::test_immediate_mode_churn_costs_no_threads ... ok
[INFO] [stdout] test manager::tests::test_reference_counting ... ok
[INFO] [stdout] test manager::tests::test_ensure_subscribed_inside_grace_window_claims_the_teardown ... ok
[INFO] [stdout] test iter::tests::test_recv_timeout_empty ... ok
[INFO] [stdout] test manager::tests::test_stats ... ok
[INFO] [stdout] test manager::tests::test_expiry_racing_reacquire_keeps_the_watch_registered ... FAILED
[INFO] [stdout] test manager::tests::test_watch_registry_integration ... ok
[INFO] [stdout] test timer::tests::test_earliest_deadline_pops_first ... ok
[INFO] [stdout] test timer::tests::test_schedule_after_stop_is_refused ... ok
[INFO] [stdout] test timer::tests::test_unrepresentable_deadline_is_refused ... ok
[INFO] [stdout] test worker::tests::test_command_debug ... ok
[INFO] [stdout] test timer::tests::test_timer_thread_restarts_after_a_panic ... ok
[INFO] [stdout] test manager::tests::test_grace_period_fires_after_timeout ... ok
[INFO] [stdout] test manager::tests::test_shutdown_drains_pending_grace_timers ... ok
[INFO] [stdout] test manager::tests::test_manager_drop_during_teardown_fire ... ok
[INFO] [stdout] test manager::tests::test_guard_drop_with_disconnected_worker ... ok
[INFO] [stdout] test manager::tests::test_release_after_shutdown_still_unregisters ... ok
[INFO] [stdout] test manager::tests::test_registry_panic_does_not_kill_the_timer ... ok
[INFO] [stdout] 
[INFO] [stdout] failures:
[INFO] [stdout] 
[INFO] [stdout] ---- manager::tests::test_cancel_and_expiry_have_exactly_one_winner stdout ----
[INFO] [stdout] 
[INFO] [stdout] thread 'manager::tests::test_cancel_and_expiry_have_exactly_one_winner' (1430) panicked at src/manager.rs:1925:18:
[INFO] [stdout] called `Result::unwrap()` on an `Err` value: WorkerDisconnected
[INFO] [stdout] stack backtrace:
[INFO] [stdout]    0:     0x58a887f8dba1 - <<std[617be2ca0a6fd877]::sys::backtrace::BacktraceLock>::print::DisplayBacktrace as core[a373ad73a504971]::fmt::Display>::fmt
[INFO] [stdout]    1:     0x58a887fa552a - core[a373ad73a504971]::fmt::write
[INFO] [stdout]    2:     0x58a887f9281c - <alloc[2e1b2a31b91974c5]::vec::Vec<u8> as core[a373ad73a504971]::io::write::Write>::write_fmt
[INFO] [stdout]    3:     0x58a887f67c56 - std[617be2ca0a6fd877]::panicking::default_hook::{closure#0}
[INFO] [stdout]    4:     0x58a887f85389 - std[617be2ca0a6fd877]::panicking::default_hook
[INFO] [stdout]    5:     0x58a887ccd160 - test[aada8e7e76ba119b]::test_main_inner::{closure#0}
[INFO] [stdout]    6:     0x58a887f856b2 - std[617be2ca0a6fd877]::panicking::panic_with_hook
[INFO] [stdout]    7:     0x58a887f67d02 - std[617be2ca0a6fd877]::panicking::panic_handler::{closure#0}
[INFO] [stdout]    8:     0x58a887f607a9 - std[617be2ca0a6fd877]::sys::backtrace::__rust_end_short_backtrace::<std[617be2ca0a6fd877]::panicking::panic_handler::{closure#0}, !>
[INFO] [stdout]    9:     0x58a887f68afd - __rustc[ea4f61d10b84890b]::rust_begin_unwind
[INFO] [stdout]   10:     0x58a887fa5c8c - core[a373ad73a504971]::panicking::panic_fmt
[INFO] [stdout]   11:     0x58a887fa5a62 - core[a373ad73a504971]::result::unwrap_failed
[INFO] [stdout]   12:     0x58a887c9c82a - <sonos_event_manager[e812a688ab394a3e]::manager::tests::test_cancel_and_expiry_have_exactly_one_winner::{closure#0} as core[a373ad73a504971]::ops::function::FnOnce<()>>::call_once
[INFO] [stdout]   13:     0x58a887cc05ab - test[aada8e7e76ba119b]::__rust_begin_short_backtrace::<core[a373ad73a504971]::result::Result<(), alloc[2e1b2a31b91974c5]::string::String>, fn() -> core[a373ad73a504971]::result::Result<(), alloc[2e1b2a31b91974c5]::string::String>>
[INFO] [stdout]   14:     0x58a887ccd785 - test[aada8e7e76ba119b]::run_test::{closure#0}
[INFO] [stdout]   15:     0x58a887cc7074 - std[617be2ca0a6fd877]::sys::backtrace::__rust_begin_short_backtrace::<test[aada8e7e76ba119b]::run_test::{closure#1}, ()>
[INFO] [stdout]   16:     0x58a887cd0812 - <std[617be2ca0a6fd877]::thread::lifecycle::spawn_unchecked<test[aada8e7e76ba119b]::run_test::{closure#1}, ()>::{closure#1} as core[a373ad73a504971]::ops::function::FnOnce<()>>::call_once::{shim:vtable#0}
[INFO] [stdout]   17:     0x58a887f8c8ef - <std[617be2ca0a6fd877]::sys::thread::unix::Thread>::new::thread_start
[INFO] [stdout]   18:     0x7e903f625dfa - <unknown>
[INFO] [stdout]   19:     0x7e903f6b93d4 - clone
[INFO] [stdout]   20:                0x0 - <unknown>
[INFO] [stdout] 
[INFO] [stdout] ---- manager::tests::test_inline_teardown_contains_a_panicking_registry stdout ----
[INFO] [stdout] 
[INFO] [stdout] thread 'manager::tests::test_inline_teardown_contains_a_panicking_registry' (1461) panicked at src/manager.rs:1095:17:
[INFO] [stdout] registry panic on 192.168.1.100:RenderingControl (expected by this test)
[INFO] [stdout] stack backtrace:
[INFO] [stdout]    0:     0x58a887f8dba1 - <<std[617be2ca0a6fd877]::sys::backtrace::BacktraceLock>::print::DisplayBacktrace as core[a373ad73a504971]::fmt::Display>::fmt
[INFO] [stdout]    1:     0x58a887fa552a - core[a373ad73a504971]::fmt::write
[INFO] [stdout]    2:     0x58a887f9281c - <alloc[2e1b2a31b91974c5]::vec::Vec<u8> as core[a373ad73a504971]::io::write::Write>::write_fmt
[INFO] [stdout]    3:     0x58a887f67c56 - std[617be2ca0a6fd877]::panicking::default_hook::{closure#0}
[INFO] [stdout]    4:     0x58a887f85389 - std[617be2ca0a6fd877]::panicking::default_hook
[INFO] [stdout]    5:     0x58a887ccd160 - test[aada8e7e76ba119b]::test_main_inner::{closure#0}
[INFO] [stdout]    6:     0x58a887f856b2 - std[617be2ca0a6fd877]::panicking::panic_with_hook
[INFO] [stdout]    7:     0x58a887f67d02 - std[617be2ca0a6fd877]::panicking::panic_handler::{closure#0}
[INFO] [stdout]    8:     0x58a887f607a9 - std[617be2ca0a6fd877]::sys::backtrace::__rust_end_short_backtrace::<std[617be2ca0a6fd877]::panicking::panic_handler::{closure#0}, !>
[INFO] [stdout]    9:     0x58a887f68afd - __rustc[ea4f61d10b84890b]::rust_begin_unwind
[INFO] [stdout]   10:     0x58a887fa5c8c - core[a373ad73a504971]::panicking::panic_fmt
[INFO] [stdout]   11:     0x58a887c94f0c - <sonos_event_manager[e812a688ab394a3e]::manager::tests::PanickingRegistry as sonos_event_manager[e812a688ab394a3e]::manager::WatchRegistry>::unregister_watches_for_service
[INFO] [stdout]   12:     0x58a887cb4ba2 - sonos_event_manager[e812a688ab394a3e]::manager::call_unregister
[INFO] [stdout]   13:     0x58a887cb4970 - <sonos_event_manager[e812a688ab394a3e]::manager::PendingTeardown>::fire
[INFO] [stdout]   14:     0x58a887cb59a3 - <sonos_event_manager[e812a688ab394a3e]::manager::WatchGuard as core[a373ad73a504971]::ops::drop::Drop>::drop
[INFO] [stdout]   15:     0x58a887c93c1c - core[a373ad73a504971]::ptr::drop_glue::<sonos_event_manager[e812a688ab394a3e]::manager::WatchGuard>
[INFO] [stdout]   16:     0x58a887c9e10c - <sonos_event_manager[e812a688ab394a3e]::manager::tests::test_inline_teardown_contains_a_panicking_registry::{closure#0} as core[a373ad73a504971]::ops::function::FnOnce<()>>::call_once
[INFO] [stdout]   17:     0x58a887cc05ab - test[aada8e7e76ba119b]::__rust_begin_short_backtrace::<core[a373ad73a504971]::result::Result<(), alloc[2e1b2a31b91974c5]::string::String>, fn() -> core[a373ad73a504971]::result::Result<(), alloc[2e1b2a31b91974c5]::string::String>>
[INFO] [stdout]   18:     0x58a887ccd785 - test[aada8e7e76ba119b]::run_test::{closure#0}
[INFO] [stdout]   19:     0x58a887cc7074 - std[617be2ca0a6fd877]::sys::backtrace::__rust_begin_short_backtrace::<test[aada8e7e76ba119b]::run_test::{closure#1}, ()>
[INFO] [stdout]   20:     0x58a887cd0812 - <std[617be2ca0a6fd877]::thread::lifecycle::spawn_unchecked<test[aada8e7e76ba119b]::run_test::{closure#1}, ()>::{closure#1} as core[a373ad73a504971]::ops::function::FnOnce<()>>::call_once::{shim:vtable#0}
[INFO] [stdout]   21:     0x58a887f8c8ef - <std[617be2ca0a6fd877]::sys::thread::unix::Thread>::new::thread_start
[INFO] [stdout]   22:     0x7e903f625dfa - <unknown>
[INFO] [stdout]   23:     0x7e903f6b93d4 - clone
[INFO] [stdout]   24:                0x0 - <unknown>
[INFO] [stdout] 
[INFO] [stdout] thread 'manager::tests::test_inline_teardown_contains_a_panicking_registry' (1461) panicked at src/manager.rs:1214:18:
[INFO] [stdout] called `Result::unwrap()` on an `Err` value: WorkerDisconnected
[INFO] [stdout] stack backtrace:
[INFO] [stdout]    0:     0x58a887f8dba1 - <<std[617be2ca0a6fd877]::sys::backtrace::BacktraceLock>::print::DisplayBacktrace as core[a373ad73a504971]::fmt::Display>::fmt
[INFO] [stdout]    1:     0x58a887fa552a - core[a373ad73a504971]::fmt::write
[INFO] [stdout]    2:     0x58a887f9281c - <alloc[2e1b2a31b91974c5]::vec::Vec<u8> as core[a373ad73a504971]::io::write::Write>::write_fmt
[INFO] [stdout]    3:     0x58a887f67c56 - std[617be2ca0a6fd877]::panicking::default_hook::{closure#0}
[INFO] [stdout]    4:     0x58a887f85389 - std[617be2ca0a6fd877]::panicking::default_hook
[INFO] [stdout]    5:     0x58a887ccd160 - test[aada8e7e76ba119b]::test_main_inner::{closure#0}
[INFO] [stdout]    6:     0x58a887f856b2 - std[617be2ca0a6fd877]::panicking::panic_with_hook
[INFO] [stdout]    7:     0x58a887f67d02 - std[617be2ca0a6fd877]::panicking::panic_handler::{closure#0}
[INFO] [stdout]    8:     0x58a887f607a9 - std[617be2ca0a6fd877]::sys::backtrace::__rust_end_short_backtrace::<std[617be2ca0a6fd877]::panicking::panic_handler::{closure#0}, !>
[INFO] [stdout]    9:     0x58a887f68afd - __rustc[ea4f61d10b84890b]::rust_begin_unwind
[INFO] [stdout]   10:     0x58a887fa5c8c - core[a373ad73a504971]::panicking::panic_fmt
[INFO] [stdout]   11:     0x58a887fa5a62 - core[a373ad73a504971]::result::unwrap_failed
[INFO] [stdout]   12:     0x58a887c9e480 - <sonos_event_manager[e812a688ab394a3e]::manager::tests::test_inline_teardown_contains_a_panicking_registry::{closure#0} as core[a373ad73a504971]::ops::function::FnOnce<()>>::call_once
[INFO] [stdout]   13:     0x58a887cc05ab - test[aada8e7e76ba119b]::__rust_begin_short_backtrace::<core[a373ad73a504971]::result::Result<(), alloc[2e1b2a31b91974c5]::string::String>, fn() -> core[a373ad73a504971]::result::Result<(), alloc[2e1b2a31b91974c5]::string::String>>
[INFO] [stdout]   14:     0x58a887ccd785 - test[aada8e7e76ba119b]::run_test::{closure#0}
[INFO] [stdout]   15:     0x58a887cc7074 - std[617be2ca0a6fd877]::sys::backtrace::__rust_begin_short_backtrace::<test[aada8e7e76ba119b]::run_test::{closure#1}, ()>
[INFO] [stdout]   16:     0x58a887cd0812 - <std[617be2ca0a6fd877]::thread::lifecycle::spawn_unchecked<test[aada8e7e76ba119b]::run_test::{closure#1}, ()>::{closure#1} as core[a373ad73a504971]::ops::function::FnOnce<()>>::call_once::{shim:vtable#0}
[INFO] [stdout]   17:     0x58a887f8c8ef - <std[617be2ca0a6fd877]::sys::thread::unix::Thread>::new::thread_start
[INFO] [stdout]   18:     0x7e903f625dfa - <unknown>
[INFO] [stdout]   19:     0x7e903f6b93d4 - clone
[INFO] [stdout]   20:                0x0 - <unknown>
[INFO] [stdout] 
[INFO] [stdout] ---- manager::tests::test_expiry_racing_reacquire_keeps_the_watch_registered stdout ----
[INFO] [stdout] 
[INFO] [stdout] thread 'manager::tests::test_expiry_racing_reacquire_keeps_the_watch_registered' (1444) panicked at src/manager.rs:1882:14:
[INFO] [stdout] called `Result::unwrap()` on an `Err` value: WorkerDisconnected
[INFO] [stdout] stack backtrace:
[INFO] [stdout]    0:     0x58a887f8dba1 - <<std[617be2ca0a6fd877]::sys::backtrace::BacktraceLock>::print::DisplayBacktrace as core[a373ad73a504971]::fmt::Display>::fmt
[INFO] [stdout]    1:     0x58a887fa552a - core[a373ad73a504971]::fmt::write
[INFO] [stdout]    2:     0x58a887f9281c - <alloc[2e1b2a31b91974c5]::vec::Vec<u8> as core[a373ad73a504971]::io::write::Write>::write_fmt
[INFO] [stdout]    3:     0x58a887f67c56 - std[617be2ca0a6fd877]::panicking::default_hook::{closure#0}
[INFO] [stdout]    4:     0x58a887f85389 - std[617be2ca0a6fd877]::panicking::default_hook
[INFO] [stdout]    5:     0x58a887ccd160 - test[aada8e7e76ba119b]::test_main_inner::{closure#0}
[INFO] [stdout]    6:     0x58a887f856b2 - std[617be2ca0a6fd877]::panicking::panic_with_hook
[INFO] [stdout]    7:     0x58a887f67d02 - std[617be2ca0a6fd877]::panicking::panic_handler::{closure#0}
[INFO] [stdout]    8:     0x58a887f607a9 - std[617be2ca0a6fd877]::sys::backtrace::__rust_end_short_backtrace::<std[617be2ca0a6fd877]::panicking::panic_handler::{closure#0}, !>
[INFO] [stdout]    9:     0x58a887f68afd - __rustc[ea4f61d10b84890b]::rust_begin_unwind
[INFO] [stdout]   10:     0x58a887fa5c8c - core[a373ad73a504971]::panicking::panic_fmt
[INFO] [stdout]   11:     0x58a887fa5a62 - core[a373ad73a504971]::result::unwrap_failed
[INFO] [stdout]   12:     0x58a887c9f0f4 - <sonos_event_manager[e812a688ab394a3e]::manager::tests::test_expiry_racing_reacquire_keeps_the_watch_registered::{closure#0} as core[a373ad73a504971]::ops::function::FnOnce<()>>::call_once
[INFO] [stdout]   13:     0x58a887cc05ab - test[aada8e7e76ba119b]::__rust_begin_short_backtrace::<core[a373ad73a504971]::result::Result<(), alloc[2e1b2a31b91974c5]::string::String>, fn() -> core[a373ad73a504971]::result::Result<(), alloc[2e1b2a31b91974c5]::string::String>>
[INFO] [stdout]   14:     0x58a887ccd785 - test[aada8e7e76ba119b]::run_test::{closure#0}
[INFO] [stdout]   15:     0x58a887cc7074 - std[617be2ca0a6fd877]::sys::backtrace::__rust_begin_short_backtrace::<test[aada8e7e76ba119b]::run_test::{closure#1}, ()>
[INFO] [stdout]   16:     0x58a887cd0812 - <std[617be2ca0a6fd877]::thread::lifecycle::spawn_unchecked<test[aada8e7e76ba119b]::run_test::{closure#1}, ()>::{closure#1} as core[a373ad73a504971]::ops::function::FnOnce<()>>::call_once::{shim:vtable#0}
[INFO] [stdout]   17:     0x58a887f8c8ef - <std[617be2ca0a6fd877]::sys::thread::unix::Thread>::new::thread_start
[INFO] [stdout]   18:     0x7e903f625dfa - <unknown>
[INFO] [stdout]   19:     0x7e903f6b93d4 - clone
[INFO] [stdout]   20:                0x0 - <unknown>
[INFO] [stdout] 
[INFO] [stdout] 
[INFO] [stdout] failures:
[INFO] [stdout]     manager::tests::test_cancel_and_expiry_have_exactly_one_winner
[INFO] [stdout]     manager::tests::test_expiry_racing_reacquire_keeps_the_watch_registered
[INFO] [stdout]     manager::tests::test_inline_teardown_contains_a_panicking_registry
[INFO] [stdout] 
[INFO] [stdout] test result: FAILED. 27 passed; 3 failed; 0 ignored; 0 measured; 0 filtered out; finished in 0.22s
[INFO] [stdout] 
[INFO] [stderr] error: test failed, to rerun pass `--lib`
[INFO] running `Command { std: "docker" "inspect" "32ef26277f9a1994fdf03a3eb00e2472a714f30fd9cddc3d433f75023548ebee", kill_on_drop: false }`
[INFO] running `Command { std: "docker" "rm" "-f" "32ef26277f9a1994fdf03a3eb00e2472a714f30fd9cddc3d433f75023548ebee", kill_on_drop: false }`
[INFO] [stdout] 32ef26277f9a1994fdf03a3eb00e2472a714f30fd9cddc3d433f75023548ebee
