[INFO] fetching crate sonify-health-lib 0.44.0...
[INFO] testing sonify-health-lib-0.44.0 against 1.100.0-beta.1+cargoflags=--release for beta-release-1.100-2
[INFO] extracting crate sonify-health-lib 0.44.0 into /workspace/builds/worker-2-tc2/source
[INFO] started tweaking crates.io crate sonify-health-lib 0.44.0
[INFO] finished tweaking crates.io crate sonify-health-lib 0.44.0
[INFO] tweaked toml for crates.io crate sonify-health-lib 0.44.0 written to /workspace/builds/worker-2-tc2/source/Cargo.toml
[INFO] validating manifest of crates.io crate sonify-health-lib 0.44.0 on toolchain 1.100.0-beta.1
[INFO] running `Command { std: CARGO_HOME="/workspace/cargo-home" RUSTUP_HOME="/workspace/rustup-home" "/workspace/cargo-home/bin/cargo" "+1.100.0-beta.1" "metadata" "--manifest-path" "Cargo.toml" "--no-deps", kill_on_drop: false }`
[INFO] crate crates.io crate sonify-health-lib 0.44.0 already has a lockfile, it will not be regenerated
[INFO] running `Command { std: CARGO_HOME="/workspace/cargo-home" RUSTUP_HOME="/workspace/rustup-home" "/workspace/cargo-home/bin/cargo" "+1.100.0-beta.1" "fetch" "--manifest-path" "Cargo.toml", kill_on_drop: false }`
[INFO] running `Command { std: "docker" "create" "-v" "/var/lib/crater-agent-workspace/builds/worker-2-tc2/source:/opt/rustwide/workdir:ro,Z" "-v" "/var/lib/crater-agent-workspace/builds/worker-2-tc2/target:/opt/rustwide/target:rw,Z" "-v" "/var/lib/crater-agent-workspace/cargo-home:/opt/rustwide/cargo-home:ro,Z" "-v" "/var/lib/crater-agent-workspace/rustup-home:/opt/rustwide/rustup-home:ro,Z" "-m" "1610612736" "--network" "none" "ghcr.io/rust-lang/crates-build-env/linux@sha256:77db811e55d90add9212f6832c23229e3de5f1c1f9905e8cb07319ea15df73ac" "sleep" "infinity", kill_on_drop: false }`
[INFO] [stdout] 0557e2fbd5aef9aa7e2572791dc97bd223dcb7bbc0f976719c4fec10c6bdd179
[INFO] running `Command { std: "docker" "start" "0557e2fbd5aef9aa7e2572791dc97bd223dcb7bbc0f976719c4fec10c6bdd179", kill_on_drop: false }`
[INFO] running `Command { std: "docker" "inspect" "0557e2fbd5aef9aa7e2572791dc97bd223dcb7bbc0f976719c4fec10c6bdd179", kill_on_drop: false }`
[INFO] running `Command { std: "docker" "exec" "-e" "SOURCE_DIR=/opt/rustwide/workdir" "-e" "CARGO_HOME=/opt/rustwide/cargo-home" "-e" "RUSTUP_HOME=/opt/rustwide/rustup-home" "-e" "CARGO_TARGET_DIR=/opt/rustwide/target" "-w" "/opt/rustwide/workdir" "--user" "0:0" "0557e2fbd5aef9aa7e2572791dc97bd223dcb7bbc0f976719c4fec10c6bdd179" "/opt/rustwide/cargo-home/bin/cargo" "+1.100.0-beta.1" "metadata" "--no-deps" "--format-version=1", kill_on_drop: false }`
[INFO] running `Command { std: "docker" "inspect" "0557e2fbd5aef9aa7e2572791dc97bd223dcb7bbc0f976719c4fec10c6bdd179", kill_on_drop: false }`
[INFO] running `Command { std: "docker" "exec" "-e" "SOURCE_DIR=/opt/rustwide/workdir" "-e" "CARGO_HOME=/opt/rustwide/cargo-home" "-e" "RUSTUP_HOME=/opt/rustwide/rustup-home" "-e" "CARGO_TARGET_DIR=/opt/rustwide/target" "-e" "CARGO_INCREMENTAL=0" "-e" "RUST_BACKTRACE=full" "-e" "RUSTFLAGS=--cap-lints=warn" "-e" "RUSTDOCFLAGS=--cap-lints=warn" "-w" "/opt/rustwide/workdir" "--user" "0:0" "0557e2fbd5aef9aa7e2572791dc97bd223dcb7bbc0f976719c4fec10c6bdd179" "/opt/rustwide/cargo-home/bin/cargo" "+1.100.0-beta.1" "build" "--frozen" "--message-format=json" "--release", kill_on_drop: false }`
[INFO] [stderr]    Compiling bytemuck v1.25.0
[INFO] [stderr]    Compiling libc v0.2.184
[INFO] [stderr]    Compiling num-traits v0.2.19
[INFO] [stderr]    Compiling getrandom v0.4.2
[INFO] [stderr]    Compiling rustix v1.1.4
[INFO] [stderr]    Compiling bitflags v2.11.0
[INFO] [stderr]    Compiling once_cell v1.21.4
[INFO] [stderr]    Compiling fastrand v2.3.0
[INFO] [stderr]    Compiling typenum v1.19.0
[INFO] [stderr]    Compiling ahash v0.8.12
[INFO] [stderr]    Compiling pkg-config v0.3.32
[INFO] [stderr]    Compiling quote v1.0.46
[INFO] [stderr]    Compiling rustversion v1.0.22
[INFO] [stderr]    Compiling strength_reduce v0.2.4
[INFO] [stderr]    Compiling rtsan-standalone v0.3.0
[INFO] [stderr]    Compiling winnow v1.0.1
[INFO] [stderr]    Compiling extended v0.1.0
[INFO] [stderr]    Compiling toml_datetime v1.1.1+spec-1.1.0
[INFO] [stderr]    Compiling serde_spanned v1.1.1
[INFO] [stderr]    Compiling glam v0.28.0
[INFO] [stderr]    Compiling tinyvec_macros v0.1.1
[INFO] [stderr]    Compiling cpal v0.18.1
[INFO] [stderr]    Compiling dyn-clone v1.0.20
[INFO] [stderr]    Compiling symphonia-core v0.5.5
[INFO] [stderr]    Compiling syn v2.0.118
[INFO] [stderr]    Compiling safe_arch v1.0.0
[INFO] [stderr]    Compiling tinyvec v1.11.0
[INFO] [stderr]    Compiling hashbrown v0.16.1
[INFO] [stderr]    Compiling resampler v0.4.1
[INFO] [stderr]    Compiling hashbrown v0.14.5
[INFO] [stderr]    Compiling alsa-sys v0.4.0
[INFO] [stderr]    Compiling toml_parser v1.1.2+spec-1.1.0
[INFO] [stderr]    Compiling home v0.5.12
[INFO] [stderr]    Compiling dasp_sample v0.11.0
[INFO] [stderr]    Compiling tap v1.0.1
[INFO] [stderr]    Compiling wide v1.2.0
[INFO] [stderr]    Compiling num-integer v0.1.46
[INFO] [stderr]    Compiling num_cpus v1.17.0
[INFO] [stderr]    Compiling num-complex v0.4.6
[INFO] [stderr]    Compiling generic-array v1.3.5
[INFO] [stderr]    Compiling toml v1.1.3+spec-1.1.0
[INFO] [stderr]    Compiling primal-check v0.3.4
[INFO] [stderr]    Compiling symphonia-metadata v0.5.5
[INFO] [stderr]    Compiling transpose v0.2.3
[INFO] [stderr]    Compiling symphonia-codec-alac v0.5.5
[INFO] [stderr]    Compiling rustfft v6.4.1
[INFO] [stderr]    Compiling symphonia-codec-aac v0.5.5
[INFO] [stderr]    Compiling tempfile v3.27.0
[INFO] [stderr]    Compiling symphonia-utils-xiph v0.5.5
[INFO] [stderr]    Compiling symphonia-bundle-mp3 v0.5.5
[INFO] [stderr]    Compiling symphonia-format-caf v0.5.5
[INFO] [stderr]    Compiling symphonia-format-isomp4 v0.5.5
[INFO] [stderr]    Compiling symphonia-bundle-flac v0.5.5
[INFO] [stderr]    Compiling symphonia-format-ogg v0.5.5
[INFO] [stderr]    Compiling symphonia-format-mkv v0.5.5
[INFO] [stderr]    Compiling symphonia-codec-vorbis v0.5.5
[INFO] [stderr]    Compiling rtsan-standalone-sys v0.3.0
[INFO] [stderr]    Compiling symphonia-format-riff v0.5.5
[INFO] [stderr]    Compiling symphonia-codec-pcm v0.5.5
[INFO] [stderr]    Compiling symphonia-codec-adpcm v0.5.5
[INFO] [stderr]    Compiling symphonia v0.5.5
[INFO] [stderr]    Compiling alsa v0.11.0
[INFO] [stderr]    Compiling numeric-array v0.6.1
[INFO] [stderr]    Compiling funutd v0.16.0
[INFO] [stderr]    Compiling parking_lot_core v0.9.12
[INFO] [stderr]    Compiling microfft v0.6.0
[INFO] [stderr]    Compiling parking_lot v0.12.5
[INFO] [stderr]    Compiling thiserror-impl v2.0.18
[INFO] [stderr]    Compiling pin-project-internal v1.1.11
[INFO] [stderr]    Compiling rtsan-standalone-macros v0.3.0
[INFO] [stderr]    Compiling serde_derive v1.0.228
[INFO] [stderr]    Compiling tracing-attributes v0.1.31
[INFO] [stderr]    Compiling rust-template-foundation-derive v0.140.0
[INFO] [stderr]    Compiling sonify-health-voice-derive v0.44.0
[INFO] [stderr]    Compiling pin-project v1.1.11
[INFO] [stderr]    Compiling thingbuf v0.1.6
[INFO] [stderr]    Compiling thiserror v2.0.18
[INFO] [stderr]    Compiling tracing v0.1.44
[INFO] [stderr]    Compiling serde v1.0.228
[INFO] [stderr]    Compiling realfft v3.5.0
[INFO] [stderr]    Compiling rust-template-foundation v0.140.0
[INFO] [stderr]    Compiling fft-convolver v0.3.0
[INFO] [stderr]    Compiling fundsp v0.23.0
[INFO] [stderr]    Compiling sonify-health-lib v0.44.0 (/opt/rustwide/workdir)
[INFO] [stderr] warning: unused dependency `tap`
[INFO] [stderr]   --> Cargo.toml:20:15
[INFO] [stderr]    |
[INFO] [stderr] 20 | [dependencies.tap]
[INFO] [stderr]    |               ^^^^
[INFO] [stderr]    |
[INFO] [stderr]    = note: `cargo::unused_dependencies` is set to `warn` by default
[INFO] [stderr] help: consider removing the dependency on `tap`
[INFO] [stderr] warning: `sonify-health-lib` (manifest) generated 1 warning
[INFO] [stderr]     Finished `release` profile [optimized] target(s) in 1m 29s
[INFO] running `Command { std: "docker" "inspect" "0557e2fbd5aef9aa7e2572791dc97bd223dcb7bbc0f976719c4fec10c6bdd179", kill_on_drop: false }`
[INFO] running `Command { std: "docker" "exec" "-e" "SOURCE_DIR=/opt/rustwide/workdir" "-e" "CARGO_HOME=/opt/rustwide/cargo-home" "-e" "RUSTUP_HOME=/opt/rustwide/rustup-home" "-e" "CARGO_TARGET_DIR=/opt/rustwide/target" "-e" "CARGO_INCREMENTAL=0" "-e" "RUST_BACKTRACE=full" "-e" "RUSTFLAGS=--cap-lints=warn" "-e" "RUSTDOCFLAGS=--cap-lints=warn" "-w" "/opt/rustwide/workdir" "--user" "0:0" "0557e2fbd5aef9aa7e2572791dc97bd223dcb7bbc0f976719c4fec10c6bdd179" "/opt/rustwide/cargo-home/bin/cargo" "+1.100.0-beta.1" "test" "--frozen" "--no-run" "--message-format=json" "--release", kill_on_drop: false }`
[INFO] [stderr]    Compiling bitflags v2.11.0
[INFO] [stderr]    Compiling cargo-husky v1.5.0
[INFO] [stderr]    Compiling getrandom v0.4.2
[INFO] [stderr]    Compiling memchr v2.8.0
[INFO] [stderr]    Compiling fastrand v2.3.0
[INFO] [stderr]    Compiling alsa v0.11.0
[INFO] [stderr]    Compiling rustix v1.1.4
[INFO] [stderr]    Compiling serde_json v1.0.150
[INFO] [stderr]    Compiling cpal v0.18.1
[INFO] [stderr]    Compiling sonify-health-lib v0.44.0 (/opt/rustwide/workdir)
[INFO] [stderr]    Compiling tempfile v3.27.0
[INFO] [stderr] warning: unused dependency `tap`
[INFO] [stderr]   --> Cargo.toml:20:15
[INFO] [stderr]    |
[INFO] [stderr] 20 | [dependencies.tap]
[INFO] [stderr]    |               ^^^^
[INFO] [stderr]    |
[INFO] [stderr]    = note: `cargo::unused_dependencies` is set to `warn` by default
[INFO] [stderr] help: consider removing the dependency on `tap`
[INFO] [stderr] warning: `sonify-health-lib` (manifest) generated 1 warning
[INFO] [stderr]     Finished `release` profile [optimized] target(s) in 34.98s
[INFO] running `Command { std: "docker" "inspect" "0557e2fbd5aef9aa7e2572791dc97bd223dcb7bbc0f976719c4fec10c6bdd179", kill_on_drop: false }`
[INFO] running `Command { std: "docker" "exec" "-e" "SOURCE_DIR=/opt/rustwide/workdir" "-e" "CARGO_HOME=/opt/rustwide/cargo-home" "-e" "RUSTUP_HOME=/opt/rustwide/rustup-home" "-e" "CARGO_TARGET_DIR=/opt/rustwide/target" "-e" "CARGO_INCREMENTAL=0" "-e" "RUST_BACKTRACE=full" "-e" "RUSTFLAGS=--cap-lints=warn" "-e" "RUSTDOCFLAGS=--cap-lints=warn" "-w" "/opt/rustwide/workdir" "--user" "0:0" "0557e2fbd5aef9aa7e2572791dc97bd223dcb7bbc0f976719c4fec10c6bdd179" "/opt/rustwide/cargo-home/bin/cargo" "+1.100.0-beta.1" "test" "--frozen" "--release", kill_on_drop: false }`
[INFO] [stderr] warning: unused dependency `tap`
[INFO] [stderr]   --> Cargo.toml:20:15
[INFO] [stderr]    |
[INFO] [stderr] 20 | [dependencies.tap]
[INFO] [stderr]    |               ^^^^
[INFO] [stderr]    |
[INFO] [stderr]    = note: `cargo::unused_dependencies` is set to `warn` by default
[INFO] [stderr] help: consider removing the dependency on `tap`
[INFO] [stderr] warning: `sonify-health-lib` (manifest) generated 1 warning
[INFO] [stderr]     Finished `release` profile [optimized] target(s) in 0.19s
[INFO] [stderr]      Running unittests src/lib.rs (/opt/rustwide/target/release/build/sonify-health-lib/31be2540be88d1e9/out/sonify_health_lib-31be2540be88d1e9)
[INFO] [stdout] 
[INFO] [stdout] running 126 tests
[INFO] [stdout] test audio::tests::graph_produces_samples ... ok
[INFO] [stdout] test audio::tests::f32_bits_monotonic_for_non_negative ... ok
[INFO] [stdout] test audio::tests::output_peak_retains_maximum_across_callbacks ... ok
[INFO] [stdout] test audio::tests::sequential_adapters_mix_without_nan ... ok
[INFO] [stdout] test audio::tests::callback_preserves_slot_while_fadeout_still_running ... ok
[INFO] [stdout] test audio::tests::reset_amplitude_stats_clears_fields ... ok
[INFO] [stdout] test audio::tests::callback_tracks_buffer_range ... ok
[INFO] [stdout] test audio::tests::amplitude_fields_initialize_correctly ... ok
[INFO] [stdout] test audio::tests::callback_tracks_slot_and_output_amplitudes ... ok
[INFO] [stdout] test audio::tests::callback_leaves_empty_slots_at_zero ... ok
[INFO] [stdout] test audio::tests::stream_error_flag_is_settable ... ok
[INFO] [stdout] test continuous::tests::controls_apply_detune_and_harshness ... ok
[INFO] [stdout] test continuous::tests::structural_params_detect_change ... ok
[INFO] [stdout] test continuous::tests::sub_oscillator_pitch_follows_vibrato ... ok
[INFO] [stdout] test downsample::tests::rate_at_or_above_the_sample_rate_passes_the_signal_through ... ok
[INFO] [stdout] test continuous::tests::update_from_patch_changes_controls ... ok
[INFO] [stdout] test heartbeat::tests::an_unrepresentably_long_note_saturates_instead_of_panicking ... ok
[INFO] [stdout] test downsample::tests::rate_is_exact_on_every_device ... ok
[INFO] [stdout] test downsample::tests::rate_near_the_sample_rate_is_not_rounded_to_a_decimation ... ok
[INFO] [stdout] test heartbeat::tests::envelope_curve_above_one_delays_the_attack ... ok
[INFO] [stdout] test heartbeat::tests::envelope_curve_one_is_linear ... ok
[INFO] [stdout] test heartbeat::tests::boop_produces_sound ... ok
[INFO] [stderr] ALSA lib confmisc.c:855:(parse_card) [error.core] cannot find card '0'
[INFO] [stderr] ALSA lib conf.c:5211:(_snd_config_evaluate) [error.core] function snd_func_card_inum returned error: No such file or directory
[INFO] [stderr] ALSA lib confmisc.c:422:(snd_func_concat) [error.core] error evaluating strings
[INFO] [stderr] ALSA lib conf.c:5211:(_snd_config_evaluate) [error.core] function snd_func_concat returned error: No such file or directory
[INFO] [stderr] ALSA lib confmisc.c:1342:(snd_func_refer) [error.core] error evaluating name
[INFO] [stderr] ALSA lib conf.c:5211:(_snd_config_evaluate) [error.core] function snd_func_refer returned error: No such file or directory
[INFO] [stderr] ALSA lib conf.c:5734:(snd_config_expand) [error.core] Evaluate error: No such file or directory
[INFO] [stderr] ALSA lib pcm.c:2722:(snd_pcm_open_noupdate) [error.pcm] Unknown PCM default
[INFO] [stderr] ALSA lib confmisc.c:855:(parse_card) [error.core] cannot find card '0'
[INFO] [stderr] ALSA lib conf.c:5211:(_snd_config_evaluate) [error.core] function snd_func_card_inum returned error: No such file or directory
[INFO] [stderr] ALSA lib confmisc.c:422:(snd_func_concat) [error.core] error evaluating strings
[INFO] [stderr] ALSA lib conf.c:5211:(_snd_config_evaluate) [error.core] function snd_func_concat returned error: No such file or directory
[INFO] [stderr] ALSA lib confmisc.c:1342:(snd_func_refer) [error.core] error evaluating name
[INFO] [stderr] ALSA lib conf.c:5211:(_snd_config_evaluate) [error.core] function snd_func_refer returned error: No such file or directory
[INFO] [stderr] ALSA lib conf.c:5734:(snd_config_expand) [error.core] Evaluate error: No such file or directory
[INFO] [stderr] ALSA lib pcm.c:2722:(snd_pcm_open_noupdate) [error.pcm] Unknown PCM default
[INFO] [stdout] test continuous::tests::continuous_spread_changes_output ... ok
[INFO] [stderr] ALSA lib confmisc.c:855:(parse_card) [error.core] cannot find card '0'
[INFO] [stdout] test audio::tests::mixer_handle_health_accessors ... FAILED
[INFO] [stderr] ALSA lib conf.c:5211:(_snd_config_evaluate) [error.core] function snd_func_card_inum returned error: No such file or directory
[INFO] [stdout] test audio::tests::mixer_amplitude_accessors ... FAILED
[INFO] [stderr] ALSA lib confmisc.c:422:(snd_func_concat) [error.core] error evaluating strings
[INFO] [stdout] test audio::tests::add_reuses_slot_after_remove_fadeout_drains ... FAILED
[INFO] [stderr] ALSA lib conf.c:5211:(_snd_config_evaluate) [error.core] function snd_func_concat returned error: No such file or directory
[INFO] [stdout] test heartbeat::tests::highpass_cutoff_bypasses_at_zero ... ok
[INFO] [stderr] ALSA lib confmisc.c:1342:(snd_func_refer) [error.core] error evaluating name
[INFO] [stderr] ALSA lib conf.c:5211:(_snd_config_evaluate) [error.core] function snd_func_refer returned error: No such file or directory
[INFO] [stderr] ALSA lib conf.c:5734:(snd_config_expand) [error.core] Evaluate error: No such file or directory
[INFO] [stderr] ALSA lib pcm.c:2722:(snd_pcm_open_noupdate) [error.pcm] Unknown PCM default
[INFO] [stdout] test heartbeat::tests::graph_entry_holds_a_hand_built_patch_to_its_hard_limits ... ok
[INFO] [stdout] test heartbeat::tests::lowpass_attenuates_bright_patch ... ok
[INFO] [stdout] test heartbeat::tests::lowpass_cutoff_bypasses_at_ceiling ... ok
[INFO] [stdout] test audio::tests::error_callback_throttle_sets_failed_flag ... ok
[INFO] [stdout] test heartbeat::tests::eq_cut_attenuates_note_graph ... ok
[INFO] [stdout] test continuous::tests::continuous_eq_at_zero_db_is_transparent ... ok
[INFO] [stdout] test continuous::tests::transparent_highpass_stage_does_not_change_the_timbre ... ok
[INFO] [stdout] test audio::tests::callback_clears_slot_after_pending_removal_fadeout ... ok
[INFO] [stdout] test heartbeat::tests::eq_band_bypasses_at_zero_db ... ok
[INFO] [stdout] test heartbeat::tests::notes_duration_single ... ok
[INFO] [stdout] test heartbeat::tests::pitch_hz_applies_detune ... ok
[INFO] [stdout] test heartbeat::tests::notes_duration_includes_echo_tail ... ok
[INFO] [stdout] test heartbeat::tests::notes_duration_includes_reverb_tail ... ok
[INFO] [stdout] test heartbeat::tests::notes_duration_empty ... ok
[INFO] [stdout] test heartbeat::tests::reverb_mix_zero_is_a_true_bypass ... ok
[INFO] [stdout] test heartbeat::tests::note_graph_output_has_no_dc_offset ... ok
[INFO] [stdout] test heartbeat::tests::spread_voice_ratio_is_unity_at_zero ... ok
[INFO] [stdout] test heartbeat::tests::hiss_passes_a_dark_ladder ... ok
[INFO] [stdout] test heartbeat::tests::later_note_does_not_change_the_first_note ... ok
[INFO] [stdout] test heartbeat::tests::sustain_below_one_lowers_body_amplitude ... ok
[INFO] [stdout] test heartbeat::tests::waveform_weights_normalise_then_shift_sine_towards_saw ... ok
[INFO] [stdout] test heartbeat_config::tests::playback_default_is_clock ... ok
[INFO] [stdout] test library::tests::an_override_may_replace_its_base_in_place ... ok
[INFO] [stdout] test library::tests::an_override_of_a_missing_patch_is_rejected ... ok
[INFO] [stdout] test library::tests::an_override_of_an_override_is_rejected ... ok
[INFO] [stdout] test heartbeat::tests::lowpass_attenuates_note_graph ... ok
[INFO] [stdout] test heartbeat_config::tests::playback_serde_round_trip ... ok
[INFO] [stdout] test library::tests::an_overrides_key_must_name_a_patch ... ok
[INFO] [stdout] test library::tests::loads_patches_from_a_library_file ... ok
[INFO] [stdout] test library::tests::loads_whole_patches_and_overrides_over_the_presets ... ok
[INFO] [stdout] test library::tests::holds_whole_patches_and_overrides_to_the_hard_limits ... ok
[INFO] [stdout] test library::tests::sine_preset_matches_default ... ok
[INFO] [stdout] test library::tests::strict_fails_on_a_value_past_a_hard_limit ... ok
[INFO] [stdout] test heartbeat::tests::spread_produces_beating ... ok
[INFO] [stdout] test library::tests::reports_which_library_file_could_not_be_read ... ok
[INFO] [stdout] test library::tests::builtin_library_has_expected_presets ... ok
[INFO] [stdout] test patch::tests::deserialize_sparse_uses_defaults ... ok
[INFO] [stdout] test patch::tests::default_matches_every_declared_default ... ok
[INFO] [stdout] test patch::tests::lerp_at_half_equals_midpoint ... ok
[INFO] [stdout] test patch::tests::default_patch_has_expected_values ... ok
[INFO] [stdout] test patch::tests::lerp_clamps_t ... ok
[INFO] [stdout] test patch::tests::lerp_keeps_an_endpoint_past_the_slider ... ok
[INFO] [stdout] test patch::tests::lerp_at_one_equals_hi ... ok
[INFO] [stdout] test patch::tests::lerp_at_zero_equals_lo ... ok
[INFO] [stdout] test patch::tests::lerp_interpolates_log_params_geometrically ... ok
[INFO] [stdout] test patch::tests::limited_holds_every_parameter_to_its_hard_limits ... ok
[INFO] [stdout] test continuous::tests::continuous_graph_produces_sound ... ok
[INFO] [stdout] test heartbeat::tests::transparent_highpass_stage_does_not_change_the_timbre ... ok
[INFO] [stdout] test patch::tests::limited_leaves_a_patch_inside_its_limits_untouched ... ok
[INFO] [stdout] test patch::tests::limited_reads_a_non_positive_value_as_the_default ... ok
[INFO] [stdout] test patch::tests::limited_treats_an_f32_overflow_as_non_finite ... ok
[INFO] [stdout] test patch::tests::params_metadata_covers_all_fields ... ok
[INFO] [stdout] test patch::tests::lowpass_slider_top_is_the_heartbeat_off_point ... ok
[INFO] [stdout] test patch::tests::serialize_round_trips ... ok
[INFO] [stdout] test patch::tests::overrides_replace_specified_fields_only ... ok
[INFO] [stdout] test patch::tests::set_param_holds_to_the_hard_limits ... ok
[INFO] [stdout] test heartbeat::tests::sub_phase_changes_the_driven_timbre ... ok
[INFO] [stdout] test patch::tests::patch_overrides_to_fields ... ok
[INFO] [stdout] test patch::tests::set_param_rejects_non_finite ... ok
[INFO] [stdout] test patch::tests::violation_names_the_parameter_and_the_replacement ... ok
[INFO] [stdout] test probe::tests::exit_code_high_is_down ... ok
[INFO] [stdout] test patch::tests::set_param_honours_a_value_past_the_slider ... ok
[INFO] [stdout] test probe::tests::exit_code_zero_is_healthy ... ok
[INFO] [stdout] test timing::tests::at_boundary_snaps_to_zero ... ok
[INFO] [stdout] test probe::tests::stderr_is_captured ... ok
[INFO] [stdout] test probe::tests::stdout_clamps_to_unit_range ... ok
[INFO] [stdout] test probe::tests::exit_code_missing_binary_is_down ... ok
[INFO] [stdout] test probe::tests::exit_code_nonzero_is_down ... ok
[INFO] [stdout] test probe::tests::stdout_float_parsing ... ok
[INFO] [stdout] test patch::tests::set_param_round_trips ... ok
[INFO] [stdout] test timing::tests::near_boundary_snaps_to_zero ... ok
[INFO] [stdout] test timing::tests::live_result_is_bounded ... ok
[INFO] [stdout] test transition::tests::backward_compat_old_curve_field_ignored ... ok
[INFO] [stdout] test timing::tests::offset_shifts_grid ... ok
[INFO] [stdout] test transition::tests::discrete_above_all_thresholds_returns_last ... ok
[INFO] [stdout] test timing::tests::mid_cycle_offset_zero ... ok
[INFO] [stdout] test timing::tests::offset_larger_than_cycle_wraps ... ok
[INFO] [stdout] test transition::tests::discrete_selects_by_threshold ... ok
[INFO] [stdout] test transition::tests::gradient_at_half_interpolates ... ok
[INFO] [stdout] test transition::tests::lerp_ease_out_power_curve ... ok
[INFO] [stdout] test transition::tests::gradient_at_zero_returns_first_patch ... ok
[INFO] [stdout] test transition::tests::gradient_at_one_returns_last_patch ... ok
[INFO] [stdout] test transition::tests::lerp_ease_in_power_curve ... ok
[INFO] [stdout] test transition::tests::lerp_linear_is_identity ... ok
[INFO] [stdout] test transition::tests::gradient_serde_roundtrip ... ok
[INFO] [stdout] test transition::tests::lerp_step_threshold ... ok
[INFO] [stdout] test transition::tests::lerp_ease_in_out_symmetric ... ok
[INFO] [stdout] test transition::tests::lerp_strategy_serde_roundtrip ... ok
[INFO] [stdout] test continuous::tests::continuous_eq_cut_attenuates ... ok
[INFO] [stdout] test transition::tests::multi_segment_gradient ... ok
[INFO] [stdout] test transition::tests::missing_patch_returns_none ... ok
[INFO] [stdout] test continuous::tests::continuous_highpass_attenuates ... ok
[INFO] [stdout] test continuous::tests::continuous_hiss_passes_a_dark_ladder ... ok
[INFO] [stdout] test continuous::tests::continuous_lowpass_attenuates ... ok
[INFO] [stdout] test heartbeat::tests::reverb_mix_preserves_sustained_loudness ... ok
[INFO] [stdout] test heartbeat::tests::reverb_tail_decays_within_budget ... ok
[INFO] [stdout] test heartbeat::tests::multi_note_graph_produces_sound ... ok
[INFO] [stdout] test heartbeat::tests::five_note_graph_produces_sound ... ok
[INFO] [stderr] error: test failed, to rerun pass `--lib`
[INFO] [stdout] test heartbeat::tests::tail_residual_across_frequencies ... ok
[INFO] [stdout] 
[INFO] [stdout] failures:
[INFO] [stdout] 
[INFO] [stdout] ---- audio::tests::mixer_handle_health_accessors stdout ----
[INFO] [stdout] 
[INFO] [stdout] thread 'audio::tests::mixer_handle_health_accessors' (1953) panicked at src/audio.rs:1059:11:
[INFO] [stdout] AudioMixer::new(None) failed: Cannot determine default audio output format: The requested audio device is not available. It may have been disconnected.
[INFO] [stdout] If this is an environment with no audio device available, opt out by setting:
[INFO] [stdout]     sonify_health_tests_strict_audio_device=false
[INFO] [stdout] stack backtrace:
[INFO] [stdout]    0:     0x5fec859b0981 - <<std[617be2ca0a6fd877]::sys::backtrace::BacktraceLock>::print::DisplayBacktrace as core[a373ad73a504971]::fmt::Display>::fmt
[INFO] [stdout]    1:     0x5fec859c824a - core[a373ad73a504971]::fmt::write
[INFO] [stdout]    2:     0x5fec859b4b9c - <alloc[2e1b2a31b91974c5]::vec::Vec<u8> as core[a373ad73a504971]::io::write::Write>::write_fmt
[INFO] [stdout]    3:     0x5fec8598c236 - std[617be2ca0a6fd877]::panicking::default_hook::{closure#0}
[INFO] [stdout]    4:     0x5fec859a8999 - std[617be2ca0a6fd877]::panicking::default_hook
[INFO] [stdout]    5:     0x5fec858fe0f0 - test[aada8e7e76ba119b]::test_main_inner::{closure#0}
[INFO] [stdout]    6:     0x5fec859a8b52 - std[617be2ca0a6fd877]::panicking::panic_with_hook
[INFO] [stdout]    7:     0x5fec8598c2e2 - std[617be2ca0a6fd877]::panicking::panic_handler::{closure#0}
[INFO] [stdout]    8:     0x5fec85984db9 - std[617be2ca0a6fd877]::sys::backtrace::__rust_end_short_backtrace::<std[617be2ca0a6fd877]::panicking::panic_handler::{closure#0}, !>
[INFO] [stdout]    9:     0x5fec8598ceed - __rustc[ea4f61d10b84890b]::rust_begin_unwind
[INFO] [stdout]   10:     0x5fec859c89ec - core[a373ad73a504971]::panicking::panic_fmt
[INFO] [stdout]   11:     0x5fec85882b01 - sonify_health_lib[d41daac6663e9dcf]::audio::tests::open_test_mixer
[INFO] [stdout]   12:     0x5fec85885e6a - <sonify_health_lib[d41daac6663e9dcf]::audio::tests::mixer_handle_health_accessors::{closure#0} as core[a373ad73a504971]::ops::function::FnOnce<()>>::call_once
[INFO] [stdout]   13:     0x5fec858f153b - test[aada8e7e76ba119b]::__rust_begin_short_backtrace::<core[a373ad73a504971]::result::Result<(), alloc[2e1b2a31b91974c5]::string::String>, fn() -> core[a373ad73a504971]::result::Result<(), alloc[2e1b2a31b91974c5]::string::String>>
[INFO] [stdout]   14:     0x5fec858fe715 - test[aada8e7e76ba119b]::run_test::{closure#0}
[INFO] [stdout]   15:     0x5fec858f8004 - std[617be2ca0a6fd877]::sys::backtrace::__rust_begin_short_backtrace::<test[aada8e7e76ba119b]::run_test::{closure#1}, ()>
[INFO] [stdout]   16:     0x5fec859017a2 - <std[617be2ca0a6fd877]::thread::lifecycle::spawn_unchecked<test[aada8e7e76ba119b]::run_test::{closure#1}, ()>::{closure#1} as core[a373ad73a504971]::ops::function::FnOnce<()>>::call_once::{shim:vtable#0}
[INFO] [stdout]   17:     0x5fec859afe4f - <std[617be2ca0a6fd877]::sys::thread::unix::Thread>::new::thread_start
[INFO] [stdout]   18:     0x7874a159bdfa - <unknown>
[INFO] [stdout]   19:     0x7874a162f3d4 - clone
[INFO] [stdout]   20:                0x0 - <unknown>
[INFO] [stdout] 
[INFO] [stdout] ---- audio::tests::mixer_amplitude_accessors stdout ----
[INFO] [stdout] 
[INFO] [stdout] thread 'audio::tests::mixer_amplitude_accessors' (1952) panicked at src/audio.rs:1059:11:
[INFO] [stdout] AudioMixer::new(None) failed: Cannot determine default audio output format: The requested audio device is not available. It may have been disconnected.
[INFO] [stdout] If this is an environment with no audio device available, opt out by setting:
[INFO] [stdout]     sonify_health_tests_strict_audio_device=false
[INFO] [stdout] stack backtrace:
[INFO] [stdout]    0:     0x5fec859b0981 - <<std[617be2ca0a6fd877]::sys::backtrace::BacktraceLock>::print::DisplayBacktrace as core[a373ad73a504971]::fmt::Display>::fmt
[INFO] [stdout]    1:     0x5fec859c824a - core[a373ad73a504971]::fmt::write
[INFO] [stdout]    2:     0x5fec859b4b9c - <alloc[2e1b2a31b91974c5]::vec::Vec<u8> as core[a373ad73a504971]::io::write::Write>::write_fmt
[INFO] [stdout]    3:     0x5fec8598c236 - std[617be2ca0a6fd877]::panicking::default_hook::{closure#0}
[INFO] [stdout]    4:     0x5fec859a8999 - std[617be2ca0a6fd877]::panicking::default_hook
[INFO] [stdout]    5:     0x5fec858fe0f0 - test[aada8e7e76ba119b]::test_main_inner::{closure#0}
[INFO] [stdout]    6:     0x5fec859a8b52 - std[617be2ca0a6fd877]::panicking::panic_with_hook
[INFO] [stdout]    7:     0x5fec8598c2e2 - std[617be2ca0a6fd877]::panicking::panic_handler::{closure#0}
[INFO] [stdout]    8:     0x5fec85984db9 - std[617be2ca0a6fd877]::sys::backtrace::__rust_end_short_backtrace::<std[617be2ca0a6fd877]::panicking::panic_handler::{closure#0}, !>
[INFO] [stdout]    9:     0x5fec8598ceed - __rustc[ea4f61d10b84890b]::rust_begin_unwind
[INFO] [stdout]   10:     0x5fec859c89ec - core[a373ad73a504971]::panicking::panic_fmt
[INFO] [stdout]   11:     0x5fec85882b01 - sonify_health_lib[d41daac6663e9dcf]::audio::tests::open_test_mixer
[INFO] [stdout]   12:     0x5fec85885481 - <sonify_health_lib[d41daac6663e9dcf]::audio::tests::mixer_amplitude_accessors::{closure#0} as core[a373ad73a504971]::ops::function::FnOnce<()>>::call_once
[INFO] [stdout]   13:     0x5fec858f153b - test[aada8e7e76ba119b]::__rust_begin_short_backtrace::<core[a373ad73a504971]::result::Result<(), alloc[2e1b2a31b91974c5]::string::String>, fn() -> core[a373ad73a504971]::result::Result<(), alloc[2e1b2a31b91974c5]::string::String>>
[INFO] [stdout]   14:     0x5fec858fe715 - test[aada8e7e76ba119b]::run_test::{closure#0}
[INFO] [stdout]   15:     0x5fec858f8004 - std[617be2ca0a6fd877]::sys::backtrace::__rust_begin_short_backtrace::<test[aada8e7e76ba119b]::run_test::{closure#1}, ()>
[INFO] [stdout]   16:     0x5fec859017a2 - <std[617be2ca0a6fd877]::thread::lifecycle::spawn_unchecked<test[aada8e7e76ba119b]::run_test::{closure#1}, ()>::{closure#1} as core[a373ad73a504971]::ops::function::FnOnce<()>>::call_once::{shim:vtable#0}
[INFO] [stdout]   17:     0x5fec859afe4f - <std[617be2ca0a6fd877]::sys::thread::unix::Thread>::new::thread_start
[INFO] [stdout]   18:     0x7874a159bdfa - <unknown>
[INFO] [stdout]   19:     0x7874a162f3d4 - clone
[INFO] [stdout]   20:                0x0 - <unknown>
[INFO] [stdout] 
[INFO] [stdout] ---- audio::tests::add_reuses_slot_after_remove_fadeout_drains stdout ----
[INFO] [stdout] 
[INFO] [stdout] thread 'audio::tests::add_reuses_slot_after_remove_fadeout_drains' (1942) panicked at src/audio.rs:1059:11:
[INFO] [stdout] AudioMixer::new(None) failed: Cannot determine default audio output format: The requested audio device is not available. It may have been disconnected.
[INFO] [stdout] If this is an environment with no audio device available, opt out by setting:
[INFO] [stdout]     sonify_health_tests_strict_audio_device=false
[INFO] [stdout] stack backtrace:
[INFO] [stdout]    0:     0x5fec859b0981 - <<std[617be2ca0a6fd877]::sys::backtrace::BacktraceLock>::print::DisplayBacktrace as core[a373ad73a504971]::fmt::Display>::fmt
[INFO] [stdout]    1:     0x5fec859c824a - core[a373ad73a504971]::fmt::write
[INFO] [stdout]    2:     0x5fec859b4b9c - <alloc[2e1b2a31b91974c5]::vec::Vec<u8> as core[a373ad73a504971]::io::write::Write>::write_fmt
[INFO] [stdout]    3:     0x5fec8598c236 - std[617be2ca0a6fd877]::panicking::default_hook::{closure#0}
[INFO] [stdout]    4:     0x5fec859a8999 - std[617be2ca0a6fd877]::panicking::default_hook
[INFO] [stdout]    5:     0x5fec858fe0f0 - test[aada8e7e76ba119b]::test_main_inner::{closure#0}
[INFO] [stdout]    6:     0x5fec859a8b52 - std[617be2ca0a6fd877]::panicking::panic_with_hook
[INFO] [stdout]    7:     0x5fec8598c2e2 - std[617be2ca0a6fd877]::panicking::panic_handler::{closure#0}
[INFO] [stdout]    8:     0x5fec85984db9 - std[617be2ca0a6fd877]::sys::backtrace::__rust_end_short_backtrace::<std[617be2ca0a6fd877]::panicking::panic_handler::{closure#0}, !>
[INFO] [stdout]    9:     0x5fec8598ceed - __rustc[ea4f61d10b84890b]::rust_begin_unwind
[INFO] [stdout]   10:     0x5fec859c89ec - core[a373ad73a504971]::panicking::panic_fmt
[INFO] [stdout]   11:     0x5fec85882b01 - sonify_health_lib[d41daac6663e9dcf]::audio::tests::open_test_mixer
[INFO] [stdout]   12:     0x5fec8588835d - <sonify_health_lib[d41daac6663e9dcf]::audio::tests::add_reuses_slot_after_remove_fadeout_drains::{closure#0} as core[a373ad73a504971]::ops::function::FnOnce<()>>::call_once
[INFO] [stdout]   13:     0x5fec858f153b - test[aada8e7e76ba119b]::__rust_begin_short_backtrace::<core[a373ad73a504971]::result::Result<(), alloc[2e1b2a31b91974c5]::string::String>, fn() -> core[a373ad73a504971]::result::Result<(), alloc[2e1b2a31b91974c5]::string::String>>
[INFO] [stdout]   14:     0x5fec858fe715 - test[aada8e7e76ba119b]::run_test::{closure#0}
[INFO] [stdout]   15:     0x5fec858f8004 - std[617be2ca0a6fd877]::sys::backtrace::__rust_begin_short_backtrace::<test[aada8e7e76ba119b]::run_test::{closure#1}, ()>
[INFO] [stdout]   16:     0x5fec859017a2 - <std[617be2ca0a6fd877]::thread::lifecycle::spawn_unchecked<test[aada8e7e76ba119b]::run_test::{closure#1}, ()>::{closure#1} as core[a373ad73a504971]::ops::function::FnOnce<()>>::call_once::{shim:vtable#0}
[INFO] [stdout]   17:     0x5fec859afe4f - <std[617be2ca0a6fd877]::sys::thread::unix::Thread>::new::thread_start
[INFO] [stdout]   18:     0x7874a159bdfa - <unknown>
[INFO] [stdout]   19:     0x7874a162f3d4 - clone
[INFO] [stdout]   20:                0x0 - <unknown>
[INFO] [stdout] 
[INFO] [stdout] 
[INFO] [stdout] failures:
[INFO] [stdout]     audio::tests::add_reuses_slot_after_remove_fadeout_drains
[INFO] [stdout]     audio::tests::mixer_amplitude_accessors
[INFO] [stdout]     audio::tests::mixer_handle_health_accessors
[INFO] [stdout] 
[INFO] [stdout] test result: FAILED. 123 passed; 3 failed; 0 ignored; 0 measured; 0 filtered out; finished in 2.29s
[INFO] [stdout] 
[INFO] running `Command { std: "docker" "inspect" "0557e2fbd5aef9aa7e2572791dc97bd223dcb7bbc0f976719c4fec10c6bdd179", kill_on_drop: false }`
[INFO] running `Command { std: "docker" "rm" "-f" "0557e2fbd5aef9aa7e2572791dc97bd223dcb7bbc0f976719c4fec10c6bdd179", kill_on_drop: false }`
[INFO] [stdout] 0557e2fbd5aef9aa7e2572791dc97bd223dcb7bbc0f976719c4fec10c6bdd179
