[INFO] fetching crate sonar-flows-core 0.8.0...
[INFO] testing sonar-flows-core-0.8.0 against 1.99.0-beta.8+cargoflags=--release for beta-release-1.100-2
[INFO] extracting crate sonar-flows-core 0.8.0 into /workspace/builds/worker-1-tc1/source
[INFO] started tweaking crates.io crate sonar-flows-core 0.8.0
[INFO] removed 0 missing tests
[INFO] finished tweaking crates.io crate sonar-flows-core 0.8.0
[INFO] tweaked toml for crates.io crate sonar-flows-core 0.8.0 written to /workspace/builds/worker-1-tc1/source/Cargo.toml
[INFO] validating manifest of crates.io crate sonar-flows-core 0.8.0 on toolchain 1.99.0-beta.8
[INFO] running `Command { std: CARGO_HOME="/workspace/cargo-home" RUSTUP_HOME="/workspace/rustup-home" "/workspace/cargo-home/bin/cargo" "+1.99.0-beta.8" "metadata" "--manifest-path" "Cargo.toml" "--no-deps", kill_on_drop: false }`
[INFO] crate crates.io crate sonar-flows-core 0.8.0 already has a lockfile, it will not be regenerated
[INFO] running `Command { std: CARGO_HOME="/workspace/cargo-home" RUSTUP_HOME="/workspace/rustup-home" "/workspace/cargo-home/bin/cargo" "+1.99.0-beta.8" "fetch" "--manifest-path" "Cargo.toml", kill_on_drop: false }`
[INFO] [stderr]     Updating crates.io index
[INFO] [stderr]     Blocking waiting for file lock on package cache
[INFO] [stderr]  Downloading crates ...
[INFO] [stderr]   Downloaded pcap v2.4.0
[INFO] [stderr]   Downloaded packet_parser v10.0.0
[INFO] running `Command { std: "docker" "create" "-v" "/var/lib/crater-agent-workspace/builds/worker-1-tc1/source:/opt/rustwide/workdir:ro,Z" "-v" "/var/lib/crater-agent-workspace/builds/worker-1-tc1/target:/opt/rustwide/target:rw,Z" "-v" "/var/lib/crater-agent-workspace/cargo-home:/opt/rustwide/cargo-home:ro,Z" "-v" "/var/lib/crater-agent-workspace/rustup-home:/opt/rustwide/rustup-home:ro,Z" "-m" "1610612736" "--network" "none" "ghcr.io/rust-lang/crates-build-env/linux@sha256:77db811e55d90add9212f6832c23229e3de5f1c1f9905e8cb07319ea15df73ac" "sleep" "infinity", kill_on_drop: false }`
[INFO] [stdout] cc8db7988f37882cd4279487676a4d6109f78f2fef06e2e2f38098236e09b7c5
[INFO] running `Command { std: "docker" "start" "cc8db7988f37882cd4279487676a4d6109f78f2fef06e2e2f38098236e09b7c5", kill_on_drop: false }`
[INFO] running `Command { std: "docker" "inspect" "cc8db7988f37882cd4279487676a4d6109f78f2fef06e2e2f38098236e09b7c5", kill_on_drop: false }`
[INFO] running `Command { std: "docker" "exec" "-e" "SOURCE_DIR=/opt/rustwide/workdir" "-e" "CARGO_HOME=/opt/rustwide/cargo-home" "-e" "RUSTUP_HOME=/opt/rustwide/rustup-home" "-e" "CARGO_TARGET_DIR=/opt/rustwide/target" "-w" "/opt/rustwide/workdir" "--user" "0:0" "cc8db7988f37882cd4279487676a4d6109f78f2fef06e2e2f38098236e09b7c5" "/opt/rustwide/cargo-home/bin/cargo" "+1.99.0-beta.8" "metadata" "--no-deps" "--format-version=1", kill_on_drop: false }`
[INFO] running `Command { std: "docker" "inspect" "cc8db7988f37882cd4279487676a4d6109f78f2fef06e2e2f38098236e09b7c5", kill_on_drop: false }`
[INFO] running `Command { std: "docker" "exec" "-e" "SOURCE_DIR=/opt/rustwide/workdir" "-e" "CARGO_HOME=/opt/rustwide/cargo-home" "-e" "RUSTUP_HOME=/opt/rustwide/rustup-home" "-e" "CARGO_TARGET_DIR=/opt/rustwide/target" "-e" "CARGO_INCREMENTAL=0" "-e" "RUST_BACKTRACE=full" "-e" "RUSTFLAGS=--cap-lints=warn" "-e" "RUSTDOCFLAGS=--cap-lints=warn" "-w" "/opt/rustwide/workdir" "--user" "0:0" "cc8db7988f37882cd4279487676a4d6109f78f2fef06e2e2f38098236e09b7c5" "/opt/rustwide/cargo-home/bin/cargo" "+1.99.0-beta.8" "build" "--frozen" "--message-format=json" "--release", kill_on_drop: false }`
[INFO] [stderr]    Compiling syn v2.0.118
[INFO] [stderr]    Compiling libc v0.2.186
[INFO] [stderr]    Compiling serde_core v1.0.228
[INFO] [stderr]    Compiling syn v3.0.3
[INFO] [stderr]    Compiling byteorder_slice v3.0.0
[INFO] [stderr]    Compiling syn v1.0.109
[INFO] [stderr]    Compiling memchr v2.8.3
[INFO] [stderr]    Compiling csv-core v0.1.13
[INFO] [stderr]    Compiling thiserror-impl v1.0.69
[INFO] [stderr]    Compiling serde_derive v1.0.228
[INFO] [stderr]    Compiling derive-into-owned v0.2.0
[INFO] [stderr]    Compiling getrandom v0.4.3
[INFO] [stderr]    Compiling uuid v1.23.4
[INFO] [stderr]    Compiling thiserror v1.0.69
[INFO] [stderr]    Compiling pcap-file v2.0.0
[INFO] [stderr]    Compiling csv v1.4.0
[INFO] [stderr]    Compiling thiserror-impl v2.0.19
[INFO] [stderr]    Compiling thiserror v2.0.19
[INFO] [stderr]    Compiling serde v1.0.228
[INFO] [stderr]    Compiling packet_parser v10.0.0
[INFO] [stderr]    Compiling sonar-flows-core v0.8.0 (/opt/rustwide/workdir)
[INFO] [stderr]     Finished `release` profile [optimized] target(s) in 22.49s
[INFO] running `Command { std: "docker" "inspect" "cc8db7988f37882cd4279487676a4d6109f78f2fef06e2e2f38098236e09b7c5", kill_on_drop: false }`
[INFO] running `Command { std: "docker" "exec" "-e" "SOURCE_DIR=/opt/rustwide/workdir" "-e" "CARGO_HOME=/opt/rustwide/cargo-home" "-e" "RUSTUP_HOME=/opt/rustwide/rustup-home" "-e" "CARGO_TARGET_DIR=/opt/rustwide/target" "-e" "CARGO_INCREMENTAL=0" "-e" "RUST_BACKTRACE=full" "-e" "RUSTFLAGS=--cap-lints=warn" "-e" "RUSTDOCFLAGS=--cap-lints=warn" "-w" "/opt/rustwide/workdir" "--user" "0:0" "cc8db7988f37882cd4279487676a4d6109f78f2fef06e2e2f38098236e09b7c5" "/opt/rustwide/cargo-home/bin/cargo" "+1.99.0-beta.8" "test" "--frozen" "--no-run" "--message-format=json" "--release", kill_on_drop: false }`
[INFO] [stderr]    Compiling sha2 v0.10.9
[INFO] [stderr]    Compiling sonar-flows-core v0.8.0 (/opt/rustwide/workdir)
[INFO] [stderr]     Finished `release` profile [optimized] target(s) in 7.95s
[INFO] running `Command { std: "docker" "inspect" "cc8db7988f37882cd4279487676a4d6109f78f2fef06e2e2f38098236e09b7c5", kill_on_drop: false }`
[INFO] running `Command { std: "docker" "exec" "-e" "SOURCE_DIR=/opt/rustwide/workdir" "-e" "CARGO_HOME=/opt/rustwide/cargo-home" "-e" "RUSTUP_HOME=/opt/rustwide/rustup-home" "-e" "CARGO_TARGET_DIR=/opt/rustwide/target" "-e" "CARGO_INCREMENTAL=0" "-e" "RUST_BACKTRACE=full" "-e" "RUSTFLAGS=--cap-lints=warn" "-e" "RUSTDOCFLAGS=--cap-lints=warn" "-w" "/opt/rustwide/workdir" "--user" "0:0" "cc8db7988f37882cd4279487676a4d6109f78f2fef06e2e2f38098236e09b7c5" "/opt/rustwide/cargo-home/bin/cargo" "+1.99.0-beta.8" "test" "--frozen" "--release", kill_on_drop: false }`
[INFO] [stderr]     Finished `release` profile [optimized] target(s) in 0.07s
[INFO] [stderr]      Running unittests src/lib.rs (/opt/rustwide/target/release/deps/sonar_flows_core-38b648f0661319f2)
[INFO] [stdout] 
[INFO] [stdout] running 73 tests
[INFO] [stdout] test graph::add_packet_flow_tests::edge_accumulates_all_service_ports ... ok
[INFO] [stdout] test csv::tests::line_numbers_account_for_the_preamble ... ok
[INFO] [stdout] test csv::tests::read_matrix_rows_reports_line_number_on_invalid_file ... ok
[INFO] [stdout] test graph::add_packet_flow_tests::clear_resets_duplicate_ip_tracking ... ok
[INFO] [stdout] test graph::add_packet_flow_tests::multiple_macs_for_same_ip_are_recorded ... ok
[INFO] [stdout] test graph::add_packet_flow_tests::purely_dynamic_ports_raise_flag_without_polluting_list ... ok
[INFO] [stdout] test graph::add_packet_flow_tests::non_unicast_macs_are_not_recorded_as_conflict ... ok
[INFO] [stdout] test graph::add_packet_flow_tests::mac_change_keeps_node_identity ... ok
[INFO] [stdout] test csv::tests::merge_two_identical_files_doubles_counters_and_tracks_origins ... FAILED
[INFO] [stdout] test graph::add_packet_flow_tests::node_and_edge_ids_are_stable_across_graphs_and_insertion_order ... ok
[INFO] [stdout] test graph::add_packet_flow_tests::reverse_direction_marks_bidir_and_first_direction_is_kept ... ok
[INFO] [stdout] test graph::add_packet_flow_tests::reply_direction_records_service_port_not_ephemeral ... ok
[INFO] [stdout] test csv::tests::pipe_in_a_matrix_file_name_is_split_by_the_origin_column ... FAILED
[INFO] [stdout] test graph::add_packet_flow_tests::refresh_labels_resolves_via_secondary_mac ... ok
[INFO] [stdout] test graph::add_packet_flow_tests::untagged_and_tagged_frames_with_same_ip_stay_distinct ... ok
[INFO] [stdout] test graph::add_packet_flow_tests::update_node_label_reaches_all_vlan_siblings ... ok
[INFO] [stdout] test csv::tests::reimport_of_an_undefined_sfms_linktype_is_refused ... FAILED
[INFO] [stdout] test graph::graph_update_batch_tests::new_edge_variant_survives_later_updates ... ok
[INFO] [stdout] test graph::add_packet_flow_tests::same_ip_on_two_vlans_makes_two_flagged_nodes ... ok
[INFO] [stdout] test csv::tests::export_writes_sfms_preamble_and_reimport_reads_it_back ... FAILED
[INFO] [stdout] test csv::tests::invalid_cooked_identity_fields_are_rejected_explicitly ... FAILED
[INFO] [stdout] test csv::tests::raw_sll_and_sll2_matrix_identities_round_trip ... FAILED
[INFO] [stdout] test matrix::tests::cooked_observation_metadata_does_not_split_matrix_rows ... ok
[INFO] [stdout] test graph::add_packet_flow_tests::same_direction_packets_never_mark_bidir ... ok
[INFO] [stdout] test csv::tests::read_matrix_rows_parses_reference_fixture ... FAILED
[INFO] [stdout] test csv::tests::matrix_paths_with_spaces_unicode_and_special_characters_round_trip ... FAILED
[INFO] [stdout] test csv::tests::merging_matrices_of_different_dlt_is_refused ... FAILED
[INFO] [stdout] test matrix::tests::export_labels_excludes_placeholder_ip_and_broadcast_mac ... ok
[INFO] [stdout] test matrix::tests::formula_cells_are_escaped_and_roundtrip ... ok
[INFO] [stdout] test matrix::tests::export_labels_emits_single_label_per_endpoint ... ok
[INFO] [stdout] test csv::tests::sll2_matrices_from_two_observation_points_merge_one_row ... FAILED
[INFO] [stdout] test graph::add_packet_flow_tests::update_node_label_matches_all_observed_macs ... ok
[INFO] [stdout] test matrix::tests::get_label_falls_back_to_mac_only_label ... ok
[INFO] [stdout] test matrix::tests::get_label_prefers_exact_mac_ip_label ... ok
[INFO] [stdout] test matrix::tests::hostile_timestamps_never_panic ... ok
[INFO] [stdout] test matrix::tests::merge_row_accumulates_per_tunnel ... ok
[INFO] [stdout] test matrix::tests::parse_last_seen_accepts_both_formats_and_rejects_garbage ... ok
[INFO] [stdout] test matrix::tests::single_tunnel_flow_exports_bare_id ... ok
[INFO] [stdout] test matrix::tests::get_label_falls_back_to_ip_only_label ... ok
[INFO] [stdout] test graph::graph_update_batch_tests::coalesces_edge_updates_keeping_last_payload ... ok
[INFO] [stdout] test link::tests::cooked_text_round_trip_accepts_variable_address_and_unknown_protocol ... ok
[INFO] [stdout] test graph::graph_update_batch_tests::distinct_entities_are_kept_in_arrival_order ... ok
[INFO] [stdout] test matrix::tests::to_flat_vec_is_deterministic ... ok
[INFO] [stdout] test graph::graph_update_batch_tests::take_resets_the_batch ... ok
[INFO] [stdout] test matrix::tests::update_flow_accumulates_on_existing_flow ... ok
[INFO] [stdout] test link::tests::ethernet_round_trip_is_exact ... ok
[INFO] [stdout] test link::tests::every_ethertype_name_is_invertible ... ok
[INFO] [stdout] test link::tests::invalid_mac_is_rejected ... ok
[INFO] [stdout] test matrix::tests::update_flow_keeps_one_row_with_per_tunnel_counts ... ok
[INFO] [stdout] test packet::tests::to_owned_packets_splits_capwap_tunnel_into_two_levels ... ok
[INFO] [stdout] test packet::tests::tunnel_pair_id_is_direction_agnostic ... ok
[INFO] [stdout] test link::tests::raw_ip_round_trip_keeps_raw_kind ... ok
[INFO] [stdout] test report::tests::a_failed_parse_on_a_complete_frame_is_malformed ... ok
[INFO] [stdout] test matrix::tests::export_labels_completes_missing_fields_from_matrix ... ok
[INFO] [stdout] test report::tests::a_failed_parse_on_a_cut_capture_is_imputed_to_truncation ... ok
[INFO] [stdout] test report::tests::an_unknown_link_type_wins_over_truncation ... ok
[INFO] [stdout] test report::tests::the_equation_holds_by_construction ... ok
[INFO] [stdout] test sfms::tests::survey_context_round_trips_free_text_values ... ok
[INFO] [stdout] test sfms::tests::unknown_keys_are_tolerated_but_bad_dlt_is_an_error ... ok
[INFO] [stdout] test sfms::tests::a_preamble_without_context_emits_no_context_key ... ok
[INFO] [stdout] test sfms::tests::blank_user_input_is_normalized_to_absent ... ok
[INFO] [stdout] test matrix::tests::export_labels_keeps_partial_label_when_matrix_has_no_match ... ok
[INFO] [stdout] test report::tests::absorb_sums_every_category ... ok
[INFO] [stdout] test matrix::tests::update_flow_counts_first_packet_bytes_once ... ok
[INFO] [stdout] test matrix::tests::update_flow_keeps_max_last_seen ... ok
[INFO] [stdout] test sfms::tests::a_regular_header_line_is_not_a_preamble ... ok
[INFO] [stdout] test packet::tests::to_owned_packets_untunneled_has_no_encap_id ... ok
[INFO] [stdout] test report::tests::a_successful_parse_is_decoded_regardless_of_truncation ... ok
[INFO] [stdout] test sfms::tests::a_broken_escape_is_refused ... ok
[INFO] [stdout] test sfms::tests::a_v1_file_reads_with_an_empty_context ... ok
[INFO] [stdout] test matrix::tests::encap_list_roundtrips_through_format_and_parse ... ok
[INFO] [stdout] test sfms::tests::preamble_round_trips_every_supported_link_type ... ok
[INFO] [stdout] test graph::add_packet_flow_tests::l2_fallback_separates_vlans ... ok
[INFO] [stdout] 
[INFO] [stdout] failures:
[INFO] [stdout] 
[INFO] [stdout] ---- csv::tests::merge_two_identical_files_doubles_counters_and_tracks_origins stdout ----
[INFO] [stdout] 
[INFO] [stdout] thread 'csv::tests::merge_two_identical_files_doubles_counters_and_tracks_origins' (674) panicked at src/csv.rs:230:68:
[INFO] [stdout] copie a: Os { code: 2, kind: NotFound, message: "No such file or directory" }
[INFO] [stdout] stack backtrace:
[INFO] [stdout]    0:     0x59bf08e30531 - <<std[70759c8f55707aa4]::sys::backtrace::BacktraceLock>::print::DisplayBacktrace as core[df12db4294e9bfd3]::fmt::Display>::fmt
[INFO] [stdout]    1:     0x59bf08e45fca - core[df12db4294e9bfd3]::fmt::write
[INFO] [stdout]    2:     0x59bf08e34d4c - <alloc[2182bb758b4b3781]::vec::Vec<u8> as core[df12db4294e9bfd3]::io::write::Write>::write_fmt
[INFO] [stdout]    3:     0x59bf08e0a066 - std[70759c8f55707aa4]::panicking::default_hook::{closure#0}
[INFO] [stdout]    4:     0x59bf08e27129 - std[70759c8f55707aa4]::panicking::default_hook
[INFO] [stdout]    5:     0x59bf08d9c1f0 - test[9d35eded1c95d3be]::test_main_inner::<test[9d35eded1c95d3be]::test_main_static::{closure#0}>::{closure#0}
[INFO] [stdout]    6:     0x59bf08e272e2 - std[70759c8f55707aa4]::panicking::panic_with_hook
[INFO] [stdout]    7:     0x59bf08e0a112 - std[70759c8f55707aa4]::panicking::panic_handler::{closure#0}
[INFO] [stdout]    8:     0x59bf08e02b89 - std[70759c8f55707aa4]::sys::backtrace::__rust_end_short_backtrace::<std[70759c8f55707aa4]::panicking::panic_handler::{closure#0}, !>
[INFO] [stdout]    9:     0x59bf08e0adfd - __rustc[8fa7c3cbc660c2b3]::rust_begin_unwind
[INFO] [stdout]   10:     0x59bf08e466fc - core[df12db4294e9bfd3]::panicking::panic_fmt
[INFO] [stdout]   11:     0x59bf08e464d2 - core[df12db4294e9bfd3]::result::unwrap_failed
[INFO] [stdout]   12:     0x59bf08d40917 - sonar_flows_core[bbb66519d4babd6e]::csv::tests::merge_two_identical_files_doubles_counters_and_tracks_origins
[INFO] [stdout]   13:     0x59bf08d60dc9 - <sonar_flows_core[bbb66519d4babd6e]::csv::tests::merge_two_identical_files_doubles_counters_and_tracks_origins::{closure#0} as core[df12db4294e9bfd3]::ops::function::FnOnce<()>>::call_once
[INFO] [stdout]   14:     0x59bf08d8f4db - test[9d35eded1c95d3be]::__rust_begin_short_backtrace::<core[df12db4294e9bfd3]::result::Result<(), alloc[2182bb758b4b3781]::string::String>, fn() -> core[df12db4294e9bfd3]::result::Result<(), alloc[2182bb758b4b3781]::string::String>>
[INFO] [stdout]   15:     0x59bf08d9cb45 - test[9d35eded1c95d3be]::run_test::{closure#0}
[INFO] [stdout]   16:     0x59bf08d96404 - std[70759c8f55707aa4]::sys::backtrace::__rust_begin_short_backtrace::<test[9d35eded1c95d3be]::run_test::{closure#1}, ()>
[INFO] [stdout]   17:     0x59bf08d9fca2 - <std[70759c8f55707aa4]::thread::lifecycle::spawn_unchecked<test[9d35eded1c95d3be]::run_test::{closure#1}, ()>::{closure#1} as core[df12db4294e9bfd3]::ops::function::FnOnce<()>>::call_once::{shim:vtable#0}
[INFO] [stdout]   18:     0x59bf08e2f7e9 - <std[70759c8f55707aa4]::sys::thread::unix::Thread>::new::thread_start
[INFO] [stdout]   19:     0x71eee88b5dfa - <unknown>
[INFO] [stdout]   20:     0x71eee89493d4 - clone
[INFO] [stdout]   21:                0x0 - <unknown>
[INFO] [stdout] 
[INFO] [stdout] ---- csv::tests::pipe_in_a_matrix_file_name_is_split_by_the_origin_column stdout ----
[INFO] [stdout] 
[INFO] [stdout] thread 'csv::tests::pipe_in_a_matrix_file_name_is_split_by_the_origin_column' (676) panicked at src/csv.rs:488:78:
[INFO] [stdout] fixture: InvalidCsv { path: "/opt/rustwide/workdir/../../../src-tauri/test_files/20260703_NP_Matrice.csv", message: "ouverture impossible: No such file or directory (os error 2)" }
[INFO] [stdout] stack backtrace:
[INFO] [stdout]    0:     0x59bf08e30531 - <<std[70759c8f55707aa4]::sys::backtrace::BacktraceLock>::print::DisplayBacktrace as core[df12db4294e9bfd3]::fmt::Display>::fmt
[INFO] [stdout]    1:     0x59bf08e45fca - core[df12db4294e9bfd3]::fmt::write
[INFO] [stdout]    2:     0x59bf08e34d4c - <alloc[2182bb758b4b3781]::vec::Vec<u8> as core[df12db4294e9bfd3]::io::write::Write>::write_fmt
[INFO] [stdout]    3:     0x59bf08e0a066 - std[70759c8f55707aa4]::panicking::default_hook::{closure#0}
[INFO] [stdout]    4:     0x59bf08e27129 - std[70759c8f55707aa4]::panicking::default_hook
[INFO] [stdout]    5:     0x59bf08d9c1f0 - test[9d35eded1c95d3be]::test_main_inner::<test[9d35eded1c95d3be]::test_main_static::{closure#0}>::{closure#0}
[INFO] [stdout]    6:     0x59bf08e272e2 - std[70759c8f55707aa4]::panicking::panic_with_hook
[INFO] [stdout]    7:     0x59bf08e0a112 - std[70759c8f55707aa4]::panicking::panic_handler::{closure#0}
[INFO] [stdout]    8:     0x59bf08e02b89 - std[70759c8f55707aa4]::sys::backtrace::__rust_end_short_backtrace::<std[70759c8f55707aa4]::panicking::panic_handler::{closure#0}, !>
[INFO] [stdout]    9:     0x59bf08e0adfd - __rustc[8fa7c3cbc660c2b3]::rust_begin_unwind
[INFO] [stdout]   10:     0x59bf08e466fc - core[df12db4294e9bfd3]::panicking::panic_fmt
[INFO] [stdout]   11:     0x59bf08e464d2 - core[df12db4294e9bfd3]::result::unwrap_failed
[INFO] [stdout]   12:     0x59bf08d3ff27 - sonar_flows_core[bbb66519d4babd6e]::csv::tests::pipe_in_a_matrix_file_name_is_split_by_the_origin_column
[INFO] [stdout]   13:     0x59bf08d60da9 - <sonar_flows_core[bbb66519d4babd6e]::csv::tests::pipe_in_a_matrix_file_name_is_split_by_the_origin_column::{closure#0} as core[df12db4294e9bfd3]::ops::function::FnOnce<()>>::call_once
[INFO] [stdout]   14:     0x59bf08d8f4db - test[9d35eded1c95d3be]::__rust_begin_short_backtrace::<core[df12db4294e9bfd3]::result::Result<(), alloc[2182bb758b4b3781]::string::String>, fn() -> core[df12db4294e9bfd3]::result::Result<(), alloc[2182bb758b4b3781]::string::String>>
[INFO] [stdout]   15:     0x59bf08d9cb45 - test[9d35eded1c95d3be]::run_test::{closure#0}
[INFO] [stdout]   16:     0x59bf08d96404 - std[70759c8f55707aa4]::sys::backtrace::__rust_begin_short_backtrace::<test[9d35eded1c95d3be]::run_test::{closure#1}, ()>
[INFO] [stdout]   17:     0x59bf08d9fca2 - <std[70759c8f55707aa4]::thread::lifecycle::spawn_unchecked<test[9d35eded1c95d3be]::run_test::{closure#1}, ()>::{closure#1} as core[df12db4294e9bfd3]::ops::function::FnOnce<()>>::call_once::{shim:vtable#0}
[INFO] [stdout]   18:     0x59bf08e2f7e9 - <std[70759c8f55707aa4]::sys::thread::unix::Thread>::new::thread_start
[INFO] [stdout]   19:     0x71eee88b5dfa - <unknown>
[INFO] [stdout]   20:     0x71eee89493d4 - clone
[INFO] [stdout]   21:                0x0 - <unknown>
[INFO] [stdout] 
[INFO] [stdout] ---- csv::tests::reimport_of_an_undefined_sfms_linktype_is_refused stdout ----
[INFO] [stdout] 
[INFO] [stdout] thread 'csv::tests::reimport_of_an_undefined_sfms_linktype_is_refused' (680) panicked at src/csv.rs:397:74:
[INFO] [stdout] fixture: InvalidCsv { path: "/opt/rustwide/workdir/../../../src-tauri/test_files/20260703_NP_Matrice.csv", message: "ouverture impossible: No such file or directory (os error 2)" }
[INFO] [stdout] stack backtrace:
[INFO] [stdout]    0:     0x59bf08e30531 - <<std[70759c8f55707aa4]::sys::backtrace::BacktraceLock>::print::DisplayBacktrace as core[df12db4294e9bfd3]::fmt::Display>::fmt
[INFO] [stdout]    1:     0x59bf08e45fca - core[df12db4294e9bfd3]::fmt::write
[INFO] [stdout]    2:     0x59bf08e34d4c - <alloc[2182bb758b4b3781]::vec::Vec<u8> as core[df12db4294e9bfd3]::io::write::Write>::write_fmt
[INFO] [stdout]    3:     0x59bf08e0a066 - std[70759c8f55707aa4]::panicking::default_hook::{closure#0}
[INFO] [stdout]    4:     0x59bf08e27129 - std[70759c8f55707aa4]::panicking::default_hook
[INFO] [stdout]    5:     0x59bf08d9c1f0 - test[9d35eded1c95d3be]::test_main_inner::<test[9d35eded1c95d3be]::test_main_static::{closure#0}>::{closure#0}
[INFO] [stdout]    6:     0x59bf08e272e2 - std[70759c8f55707aa4]::panicking::panic_with_hook
[INFO] [stdout]    7:     0x59bf08e0a112 - std[70759c8f55707aa4]::panicking::panic_handler::{closure#0}
[INFO] [stdout]    8:     0x59bf08e02b89 - std[70759c8f55707aa4]::sys::backtrace::__rust_end_short_backtrace::<std[70759c8f55707aa4]::panicking::panic_handler::{closure#0}, !>
[INFO] [stdout]    9:     0x59bf08e0adfd - __rustc[8fa7c3cbc660c2b3]::rust_begin_unwind
[INFO] [stdout]   10:     0x59bf08e466fc - core[df12db4294e9bfd3]::panicking::panic_fmt
[INFO] [stdout]   11:     0x59bf08e464d2 - core[df12db4294e9bfd3]::result::unwrap_failed
[INFO] [stdout]   12:     0x59bf08d3bbb3 - sonar_flows_core[bbb66519d4babd6e]::csv::tests::reimport_of_an_undefined_sfms_linktype_is_refused
[INFO] [stdout]   13:     0x59bf08d60d09 - <sonar_flows_core[bbb66519d4babd6e]::csv::tests::reimport_of_an_undefined_sfms_linktype_is_refused::{closure#0} as core[df12db4294e9bfd3]::ops::function::FnOnce<()>>::call_once
[INFO] [stdout]   14:     0x59bf08d8f4db - test[9d35eded1c95d3be]::__rust_begin_short_backtrace::<core[df12db4294e9bfd3]::result::Result<(), alloc[2182bb758b4b3781]::string::String>, fn() -> core[df12db4294e9bfd3]::result::Result<(), alloc[2182bb758b4b3781]::string::String>>
[INFO] [stdout]   15:     0x59bf08d9cb45 - test[9d35eded1c95d3be]::run_test::{closure#0}
[INFO] [stdout]   16:     0x59bf08d96404 - std[70759c8f55707aa4]::sys::backtrace::__rust_begin_short_backtrace::<test[9d35eded1c95d3be]::run_test::{closure#1}, ()>
[INFO] [stdout]   17:     0x59bf08d9fca2 - <std[70759c8f55707aa4]::thread::lifecycle::spawn_unchecked<test[9d35eded1c95d3be]::run_test::{closure#1}, ()>::{closure#1} as core[df12db4294e9bfd3]::ops::function::FnOnce<()>>::call_once::{shim:vtable#0}
[INFO] [stdout]   18:     0x59bf08e2f7e9 - <std[70759c8f55707aa4]::sys::thread::unix::Thread>::new::thread_start
[INFO] [stdout]   19:     0x71eee88b5dfa - <unknown>
[INFO] [stdout]   20:     0x71eee89493d4 - clone
[INFO] [stdout]   21:                0x0 - <unknown>
[INFO] [stdout] 
[INFO] [stdout] ---- csv::tests::export_writes_sfms_preamble_and_reimport_reads_it_back stdout ----
[INFO] [stdout] 
[INFO] [stdout] thread 'csv::tests::export_writes_sfms_preamble_and_reimport_reads_it_back' (670) panicked at src/csv.rs:265:14:
[INFO] [stdout] fixture sans préambule -> Ethernet implicite: InvalidCsv { path: "/opt/rustwide/workdir/../../../src-tauri/test_files/20260703_NP_Matrice.csv", message: "ouverture impossible: No such file or directory (os error 2)" }
[INFO] [stdout] stack backtrace:
[INFO] [stdout]    0:     0x59bf08e30531 - <<std[70759c8f55707aa4]::sys::backtrace::BacktraceLock>::print::DisplayBacktrace as core[df12db4294e9bfd3]::fmt::Display>::fmt
[INFO] [stdout]    1:     0x59bf08e45fca - core[df12db4294e9bfd3]::fmt::write
[INFO] [stdout]    2:     0x59bf08e34d4c - <alloc[2182bb758b4b3781]::vec::Vec<u8> as core[df12db4294e9bfd3]::io::write::Write>::write_fmt
[INFO] [stdout]    3:     0x59bf08e0a066 - std[70759c8f55707aa4]::panicking::default_hook::{closure#0}
[INFO] [stdout]    4:     0x59bf08e27129 - std[70759c8f55707aa4]::panicking::default_hook
[INFO] [stdout]    5:     0x59bf08d9c1f0 - test[9d35eded1c95d3be]::test_main_inner::<test[9d35eded1c95d3be]::test_main_static::{closure#0}>::{closure#0}
[INFO] [stdout]    6:     0x59bf08e272e2 - std[70759c8f55707aa4]::panicking::panic_with_hook
[INFO] [stdout]    7:     0x59bf08e0a112 - std[70759c8f55707aa4]::panicking::panic_handler::{closure#0}
[INFO] [stdout]    8:     0x59bf08e02b89 - std[70759c8f55707aa4]::sys::backtrace::__rust_end_short_backtrace::<std[70759c8f55707aa4]::panicking::panic_handler::{closure#0}, !>
[INFO] [stdout]    9:     0x59bf08e0adfd - __rustc[8fa7c3cbc660c2b3]::rust_begin_unwind
[INFO] [stdout]   10:     0x59bf08e466fc - core[df12db4294e9bfd3]::panicking::panic_fmt
[INFO] [stdout]   11:     0x59bf08e464d2 - core[df12db4294e9bfd3]::result::unwrap_failed
[INFO] [stdout]   12:     0x59bf08d3c89f - sonar_flows_core[bbb66519d4babd6e]::csv::tests::export_writes_sfms_preamble_and_reimport_reads_it_back
[INFO] [stdout]   13:     0x59bf08d60d49 - <sonar_flows_core[bbb66519d4babd6e]::csv::tests::export_writes_sfms_preamble_and_reimport_reads_it_back::{closure#0} as core[df12db4294e9bfd3]::ops::function::FnOnce<()>>::call_once
[INFO] [stdout]   14:     0x59bf08d8f4db - test[9d35eded1c95d3be]::__rust_begin_short_backtrace::<core[df12db4294e9bfd3]::result::Result<(), alloc[2182bb758b4b3781]::string::String>, fn() -> core[df12db4294e9bfd3]::result::Result<(), alloc[2182bb758b4b3781]::string::String>>
[INFO] [stdout]   15:     0x59bf08d9cb45 - test[9d35eded1c95d3be]::run_test::{closure#0}
[INFO] [stdout]   16:     0x59bf08d96404 - std[70759c8f55707aa4]::sys::backtrace::__rust_begin_short_backtrace::<test[9d35eded1c95d3be]::run_test::{closure#1}, ()>
[INFO] [stdout]   17:     0x59bf08d9fca2 - <std[70759c8f55707aa4]::thread::lifecycle::spawn_unchecked<test[9d35eded1c95d3be]::run_test::{closure#1}, ()>::{closure#1} as core[df12db4294e9bfd3]::ops::function::FnOnce<()>>::call_once::{shim:vtable#0}
[INFO] [stdout]   18:     0x59bf08e2f7e9 - <std[70759c8f55707aa4]::sys::thread::unix::Thread>::new::thread_start
[INFO] [stderr] error: test failed, to rerun pass `--lib`
[INFO] [stdout]   19:     0x71eee88b5dfa - <unknown>
[INFO] [stdout]   20:     0x71eee89493d4 - clone
[INFO] [stdout]   21:                0x0 - <unknown>
[INFO] [stdout] 
[INFO] [stdout] ---- csv::tests::invalid_cooked_identity_fields_are_rejected_explicitly stdout ----
[INFO] [stdout] 
[INFO] [stdout] thread 'csv::tests::invalid_cooked_identity_fields_are_rejected_explicitly' (671) panicked at src/csv.rs:521:14:
[INFO] [stdout] fixture: InvalidCsv { path: "/opt/rustwide/workdir/../../../src-tauri/test_files/20260703_NP_Matrice.csv", message: "ouverture impossible: No such file or directory (os error 2)" }
[INFO] [stdout] stack backtrace:
[INFO] [stdout]    0:     0x59bf08e30531 - <<std[70759c8f55707aa4]::sys::backtrace::BacktraceLock>::print::DisplayBacktrace as core[df12db4294e9bfd3]::fmt::Display>::fmt
[INFO] [stdout]    1:     0x59bf08e45fca - core[df12db4294e9bfd3]::fmt::write
[INFO] [stdout]    2:     0x59bf08e34d4c - <alloc[2182bb758b4b3781]::vec::Vec<u8> as core[df12db4294e9bfd3]::io::write::Write>::write_fmt
[INFO] [stdout]    3:     0x59bf08e0a066 - std[70759c8f55707aa4]::panicking::default_hook::{closure#0}
[INFO] [stdout]    4:     0x59bf08e27129 - std[70759c8f55707aa4]::panicking::default_hook
[INFO] [stdout]    5:     0x59bf08d9c1f0 - test[9d35eded1c95d3be]::test_main_inner::<test[9d35eded1c95d3be]::test_main_static::{closure#0}>::{closure#0}
[INFO] [stdout]    6:     0x59bf08e272e2 - std[70759c8f55707aa4]::panicking::panic_with_hook
[INFO] [stdout]    7:     0x59bf08e0a112 - std[70759c8f55707aa4]::panicking::panic_handler::{closure#0}
[INFO] [stdout]    8:     0x59bf08e02b89 - std[70759c8f55707aa4]::sys::backtrace::__rust_end_short_backtrace::<std[70759c8f55707aa4]::panicking::panic_handler::{closure#0}, !>
[INFO] [stdout]    9:     0x59bf08e0adfd - __rustc[8fa7c3cbc660c2b3]::rust_begin_unwind
[INFO] [stdout]   10:     0x59bf08e466fc - core[df12db4294e9bfd3]::panicking::panic_fmt
[INFO] [stdout]   11:     0x59bf08e464d2 - core[df12db4294e9bfd3]::result::unwrap_failed
[INFO] [stdout]   12:     0x59bf08d3dbca - sonar_flows_core[bbb66519d4babd6e]::csv::tests::invalid_cooked_identity_fields_are_rejected_explicitly
[INFO] [stdout]   13:     0x59bf08d60d69 - <sonar_flows_core[bbb66519d4babd6e]::csv::tests::invalid_cooked_identity_fields_are_rejected_explicitly::{closure#0} as core[df12db4294e9bfd3]::ops::function::FnOnce<()>>::call_once
[INFO] [stdout]   14:     0x59bf08d8f4db - test[9d35eded1c95d3be]::__rust_begin_short_backtrace::<core[df12db4294e9bfd3]::result::Result<(), alloc[2182bb758b4b3781]::string::String>, fn() -> core[df12db4294e9bfd3]::result::Result<(), alloc[2182bb758b4b3781]::string::String>>
[INFO] [stdout]   15:     0x59bf08d9cb45 - test[9d35eded1c95d3be]::run_test::{closure#0}
[INFO] [stdout]   16:     0x59bf08d96404 - std[70759c8f55707aa4]::sys::backtrace::__rust_begin_short_backtrace::<test[9d35eded1c95d3be]::run_test::{closure#1}, ()>
[INFO] [stdout]   17:     0x59bf08d9fca2 - <std[70759c8f55707aa4]::thread::lifecycle::spawn_unchecked<test[9d35eded1c95d3be]::run_test::{closure#1}, ()>::{closure#1} as core[df12db4294e9bfd3]::ops::function::FnOnce<()>>::call_once::{shim:vtable#0}
[INFO] [stdout]   18:     0x59bf08e2f7e9 - <std[70759c8f55707aa4]::sys::thread::unix::Thread>::new::thread_start
[INFO] [stdout]   19:     0x71eee88b5dfa - <unknown>
[INFO] [stdout]   20:     0x71eee89493d4 - clone
[INFO] [stdout]   21:                0x0 - <unknown>
[INFO] [stdout] 
[INFO] [stdout] ---- csv::tests::raw_sll_and_sll2_matrix_identities_round_trip stdout ----
[INFO] [stdout] 
[INFO] [stdout] thread 'csv::tests::raw_sll_and_sll2_matrix_identities_round_trip' (677) panicked at src/csv.rs:301:14:
[INFO] [stdout] fixture: InvalidCsv { path: "/opt/rustwide/workdir/../../../src-tauri/test_files/20260703_NP_Matrice.csv", message: "ouverture impossible: No such file or directory (os error 2)" }
[INFO] [stdout] stack backtrace:
[INFO] [stdout]    0:     0x59bf08e30531 - <<std[70759c8f55707aa4]::sys::backtrace::BacktraceLock>::print::DisplayBacktrace as core[df12db4294e9bfd3]::fmt::Display>::fmt
[INFO] [stdout]    1:     0x59bf08e45fca - core[df12db4294e9bfd3]::fmt::write
[INFO] [stdout]    2:     0x59bf08e34d4c - <alloc[2182bb758b4b3781]::vec::Vec<u8> as core[df12db4294e9bfd3]::io::write::Write>::write_fmt
[INFO] [stdout]    3:     0x59bf08e0a066 - std[70759c8f55707aa4]::panicking::default_hook::{closure#0}
[INFO] [stdout]    4:     0x59bf08e27129 - std[70759c8f55707aa4]::panicking::default_hook
[INFO] [stdout]    5:     0x59bf08d9c1f0 - test[9d35eded1c95d3be]::test_main_inner::<test[9d35eded1c95d3be]::test_main_static::{closure#0}>::{closure#0}
[INFO] [stdout]    6:     0x59bf08e272e2 - std[70759c8f55707aa4]::panicking::panic_with_hook
[INFO] [stdout]    7:     0x59bf08e0a112 - std[70759c8f55707aa4]::panicking::panic_handler::{closure#0}
[INFO] [stdout]    8:     0x59bf08e02b89 - std[70759c8f55707aa4]::sys::backtrace::__rust_end_short_backtrace::<std[70759c8f55707aa4]::panicking::panic_handler::{closure#0}, !>
[INFO] [stdout]    9:     0x59bf08e0adfd - __rustc[8fa7c3cbc660c2b3]::rust_begin_unwind
[INFO] [stdout]   10:     0x59bf08e466fc - core[df12db4294e9bfd3]::panicking::panic_fmt
[INFO] [stdout]   11:     0x59bf08e464d2 - core[df12db4294e9bfd3]::result::unwrap_failed
[INFO] [stdout]   12:     0x59bf08d3b228 - sonar_flows_core[bbb66519d4babd6e]::csv::tests::raw_sll_and_sll2_matrix_identities_round_trip
[INFO] [stdout]   13:     0x59bf08d60ce9 - <sonar_flows_core[bbb66519d4babd6e]::csv::tests::raw_sll_and_sll2_matrix_identities_round_trip::{closure#0} as core[df12db4294e9bfd3]::ops::function::FnOnce<()>>::call_once
[INFO] [stdout]   14:     0x59bf08d8f4db - test[9d35eded1c95d3be]::__rust_begin_short_backtrace::<core[df12db4294e9bfd3]::result::Result<(), alloc[2182bb758b4b3781]::string::String>, fn() -> core[df12db4294e9bfd3]::result::Result<(), alloc[2182bb758b4b3781]::string::String>>
[INFO] [stdout]   15:     0x59bf08d9cb45 - test[9d35eded1c95d3be]::run_test::{closure#0}
[INFO] [stdout]   16:     0x59bf08d96404 - std[70759c8f55707aa4]::sys::backtrace::__rust_begin_short_backtrace::<test[9d35eded1c95d3be]::run_test::{closure#1}, ()>
[INFO] [stdout]   17:     0x59bf08d9fca2 - <std[70759c8f55707aa4]::thread::lifecycle::spawn_unchecked<test[9d35eded1c95d3be]::run_test::{closure#1}, ()>::{closure#1} as core[df12db4294e9bfd3]::ops::function::FnOnce<()>>::call_once::{shim:vtable#0}
[INFO] [stdout]   18:     0x59bf08e2f7e9 - <std[70759c8f55707aa4]::sys::thread::unix::Thread>::new::thread_start
[INFO] [stdout]   19:     0x71eee88b5dfa - <unknown>
[INFO] [stdout]   20:     0x71eee89493d4 - clone
[INFO] [stdout]   21:                0x0 - <unknown>
[INFO] [stdout] 
[INFO] [stdout] ---- csv::tests::read_matrix_rows_parses_reference_fixture stdout ----
[INFO] [stdout] 
[INFO] [stdout] thread 'csv::tests::read_matrix_rows_parses_reference_fixture' (678) panicked at src/csv.rs:219:74:
[INFO] [stdout] lecture fixture: InvalidCsv { path: "/opt/rustwide/workdir/../../../src-tauri/test_files/20260703_NP_Matrice.csv", message: "ouverture impossible: No such file or directory (os error 2)" }
[INFO] [stdout] stack backtrace:
[INFO] [stdout]    0:     0x59bf08e30531 - <<std[70759c8f55707aa4]::sys::backtrace::BacktraceLock>::print::DisplayBacktrace as core[df12db4294e9bfd3]::fmt::Display>::fmt
[INFO] [stdout]    1:     0x59bf08e45fca - core[df12db4294e9bfd3]::fmt::write
[INFO] [stdout]    2:     0x59bf08e34d4c - <alloc[2182bb758b4b3781]::vec::Vec<u8> as core[df12db4294e9bfd3]::io::write::Write>::write_fmt
[INFO] [stdout]    3:     0x59bf08e0a066 - std[70759c8f55707aa4]::panicking::default_hook::{closure#0}
[INFO] [stdout]    4:     0x59bf08e27129 - std[70759c8f55707aa4]::panicking::default_hook
[INFO] [stdout]    5:     0x59bf08d9c1f0 - test[9d35eded1c95d3be]::test_main_inner::<test[9d35eded1c95d3be]::test_main_static::{closure#0}>::{closure#0}
[INFO] [stdout]    6:     0x59bf08e272e2 - std[70759c8f55707aa4]::panicking::panic_with_hook
[INFO] [stdout]    7:     0x59bf08e0a112 - std[70759c8f55707aa4]::panicking::panic_handler::{closure#0}
[INFO] [stdout]    8:     0x59bf08e02b89 - std[70759c8f55707aa4]::sys::backtrace::__rust_end_short_backtrace::<std[70759c8f55707aa4]::panicking::panic_handler::{closure#0}, !>
[INFO] [stdout]    9:     0x59bf08e0adfd - __rustc[8fa7c3cbc660c2b3]::rust_begin_unwind
[INFO] [stdout]   10:     0x59bf08e466fc - core[df12db4294e9bfd3]::panicking::panic_fmt
[INFO] [stdout]   11:     0x59bf08e464d2 - core[df12db4294e9bfd3]::result::unwrap_failed
[INFO] [stdout]   12:     0x59bf08d39d50 - sonar_flows_core[bbb66519d4babd6e]::csv::tests::read_matrix_rows_parses_reference_fixture
[INFO] [stdout]   13:     0x59bf08d60ca9 - <sonar_flows_core[bbb66519d4babd6e]::csv::tests::read_matrix_rows_parses_reference_fixture::{closure#0} as core[df12db4294e9bfd3]::ops::function::FnOnce<()>>::call_once
[INFO] [stdout]   14:     0x59bf08d8f4db - test[9d35eded1c95d3be]::__rust_begin_short_backtrace::<core[df12db4294e9bfd3]::result::Result<(), alloc[2182bb758b4b3781]::string::String>, fn() -> core[df12db4294e9bfd3]::result::Result<(), alloc[2182bb758b4b3781]::string::String>>
[INFO] [stdout]   15:     0x59bf08d9cb45 - test[9d35eded1c95d3be]::run_test::{closure#0}
[INFO] [stdout]   16:     0x59bf08d96404 - std[70759c8f55707aa4]::sys::backtrace::__rust_begin_short_backtrace::<test[9d35eded1c95d3be]::run_test::{closure#1}, ()>
[INFO] [stdout]   17:     0x59bf08d9fca2 - <std[70759c8f55707aa4]::thread::lifecycle::spawn_unchecked<test[9d35eded1c95d3be]::run_test::{closure#1}, ()>::{closure#1} as core[df12db4294e9bfd3]::ops::function::FnOnce<()>>::call_once::{shim:vtable#0}
[INFO] [stdout]   18:     0x59bf08e2f7e9 - <std[70759c8f55707aa4]::sys::thread::unix::Thread>::new::thread_start
[INFO] [stdout]   19:     0x71eee88b5dfa - <unknown>
[INFO] [stdout]   20:     0x71eee89493d4 - clone
[INFO] [stdout]   21:                0x0 - <unknown>
[INFO] [stdout] 
[INFO] [stdout] ---- csv::tests::matrix_paths_with_spaces_unicode_and_special_characters_round_trip stdout ----
[INFO] [stdout] 
[INFO] [stdout] thread 'csv::tests::matrix_paths_with_spaces_unicode_and_special_characters_round_trip' (673) panicked at src/csv.rs:445:78:
[INFO] [stdout] fixture: InvalidCsv { path: "/opt/rustwide/workdir/../../../src-tauri/test_files/20260703_NP_Matrice.csv", message: "ouverture impossible: No such file or directory (os error 2)" }
[INFO] [stdout] stack backtrace:
[INFO] [stdout]    0:     0x59bf08e30531 - <<std[70759c8f55707aa4]::sys::backtrace::BacktraceLock>::print::DisplayBacktrace as core[df12db4294e9bfd3]::fmt::Display>::fmt
[INFO] [stdout]    1:     0x59bf08e45fca - core[df12db4294e9bfd3]::fmt::write
[INFO] [stdout]    2:     0x59bf08e34d4c - <alloc[2182bb758b4b3781]::vec::Vec<u8> as core[df12db4294e9bfd3]::io::write::Write>::write_fmt
[INFO] [stdout]    3:     0x59bf08e0a066 - std[70759c8f55707aa4]::panicking::default_hook::{closure#0}
[INFO] [stdout]    4:     0x59bf08e27129 - std[70759c8f55707aa4]::panicking::default_hook
[INFO] [stdout]    5:     0x59bf08d9c1f0 - test[9d35eded1c95d3be]::test_main_inner::<test[9d35eded1c95d3be]::test_main_static::{closure#0}>::{closure#0}
[INFO] [stdout]    6:     0x59bf08e272e2 - std[70759c8f55707aa4]::panicking::panic_with_hook
[INFO] [stdout]    7:     0x59bf08e0a112 - std[70759c8f55707aa4]::panicking::panic_handler::{closure#0}
[INFO] [stdout]    8:     0x59bf08e02b89 - std[70759c8f55707aa4]::sys::backtrace::__rust_end_short_backtrace::<std[70759c8f55707aa4]::panicking::panic_handler::{closure#0}, !>
[INFO] [stdout]    9:     0x59bf08e0adfd - __rustc[8fa7c3cbc660c2b3]::rust_begin_unwind
[INFO] [stdout]   10:     0x59bf08e466fc - core[df12db4294e9bfd3]::panicking::panic_fmt
[INFO] [stdout]   11:     0x59bf08e464d2 - core[df12db4294e9bfd3]::result::unwrap_failed
[INFO] [stdout]   12:     0x59bf08d416d8 - sonar_flows_core[bbb66519d4babd6e]::csv::tests::matrix_paths_with_spaces_unicode_and_special_characters_round_trip
[INFO] [stdout]   13:     0x59bf08d60de9 - <sonar_flows_core[bbb66519d4babd6e]::csv::tests::matrix_paths_with_spaces_unicode_and_special_characters_round_trip::{closure#0} as core[df12db4294e9bfd3]::ops::function::FnOnce<()>>::call_once
[INFO] [stdout]   14:     0x59bf08d8f4db - test[9d35eded1c95d3be]::__rust_begin_short_backtrace::<core[df12db4294e9bfd3]::result::Result<(), alloc[2182bb758b4b3781]::string::String>, fn() -> core[df12db4294e9bfd3]::result::Result<(), alloc[2182bb758b4b3781]::string::String>>
[INFO] [stdout]   15:     0x59bf08d9cb45 - test[9d35eded1c95d3be]::run_test::{closure#0}
[INFO] [stdout]   16:     0x59bf08d96404 - std[70759c8f55707aa4]::sys::backtrace::__rust_begin_short_backtrace::<test[9d35eded1c95d3be]::run_test::{closure#1}, ()>
[INFO] [stdout]   17:     0x59bf08d9fca2 - <std[70759c8f55707aa4]::thread::lifecycle::spawn_unchecked<test[9d35eded1c95d3be]::run_test::{closure#1}, ()>::{closure#1} as core[df12db4294e9bfd3]::ops::function::FnOnce<()>>::call_once::{shim:vtable#0}
[INFO] [stdout]   18:     0x59bf08e2f7e9 - <std[70759c8f55707aa4]::sys::thread::unix::Thread>::new::thread_start
[INFO] [stdout]   19:     0x71eee88b5dfa - <unknown>
[INFO] [stdout]   20:     0x71eee89493d4 - clone
[INFO] [stdout]   21:                0x0 - <unknown>
[INFO] [stdout] 
[INFO] [stdout] ---- csv::tests::merging_matrices_of_different_dlt_is_refused stdout ----
[INFO] [stdout] 
[INFO] [stdout] thread 'csv::tests::merging_matrices_of_different_dlt_is_refused' (675) panicked at src/csv.rs:416:73:
[INFO] [stdout] lecture fixture: Os { code: 2, kind: NotFound, message: "No such file or directory" }
[INFO] [stdout] stack backtrace:
[INFO] [stdout]    0:     0x59bf08e30531 - <<std[70759c8f55707aa4]::sys::backtrace::BacktraceLock>::print::DisplayBacktrace as core[df12db4294e9bfd3]::fmt::Display>::fmt
[INFO] [stdout]    1:     0x59bf08e45fca - core[df12db4294e9bfd3]::fmt::write
[INFO] [stdout]    2:     0x59bf08e34d4c - <alloc[2182bb758b4b3781]::vec::Vec<u8> as core[df12db4294e9bfd3]::io::write::Write>::write_fmt
[INFO] [stdout]    3:     0x59bf08e0a066 - std[70759c8f55707aa4]::panicking::default_hook::{closure#0}
[INFO] [stdout]    4:     0x59bf08e27129 - std[70759c8f55707aa4]::panicking::default_hook
[INFO] [stdout]    5:     0x59bf08d9c1f0 - test[9d35eded1c95d3be]::test_main_inner::<test[9d35eded1c95d3be]::test_main_static::{closure#0}>::{closure#0}
[INFO] [stdout]    6:     0x59bf08e272e2 - std[70759c8f55707aa4]::panicking::panic_with_hook
[INFO] [stdout]    7:     0x59bf08e0a112 - std[70759c8f55707aa4]::panicking::panic_handler::{closure#0}
[INFO] [stdout]    8:     0x59bf08e02b89 - std[70759c8f55707aa4]::sys::backtrace::__rust_end_short_backtrace::<std[70759c8f55707aa4]::panicking::panic_handler::{closure#0}, !>
[INFO] [stdout]    9:     0x59bf08e0adfd - __rustc[8fa7c3cbc660c2b3]::rust_begin_unwind
[INFO] [stdout]   10:     0x59bf08e466fc - core[df12db4294e9bfd3]::panicking::panic_fmt
[INFO] [stdout]   11:     0x59bf08e464d2 - core[df12db4294e9bfd3]::result::unwrap_failed
[INFO] [stdout]   12:     0x59bf08d3a390 - sonar_flows_core[bbb66519d4babd6e]::csv::tests::merging_matrices_of_different_dlt_is_refused
[INFO] [stdout]   13:     0x59bf08d60cc9 - <sonar_flows_core[bbb66519d4babd6e]::csv::tests::merging_matrices_of_different_dlt_is_refused::{closure#0} as core[df12db4294e9bfd3]::ops::function::FnOnce<()>>::call_once
[INFO] [stdout]   14:     0x59bf08d8f4db - test[9d35eded1c95d3be]::__rust_begin_short_backtrace::<core[df12db4294e9bfd3]::result::Result<(), alloc[2182bb758b4b3781]::string::String>, fn() -> core[df12db4294e9bfd3]::result::Result<(), alloc[2182bb758b4b3781]::string::String>>
[INFO] [stdout]   15:     0x59bf08d9cb45 - test[9d35eded1c95d3be]::run_test::{closure#0}
[INFO] [stdout]   16:     0x59bf08d96404 - std[70759c8f55707aa4]::sys::backtrace::__rust_begin_short_backtrace::<test[9d35eded1c95d3be]::run_test::{closure#1}, ()>
[INFO] [stdout]   17:     0x59bf08d9fca2 - <std[70759c8f55707aa4]::thread::lifecycle::spawn_unchecked<test[9d35eded1c95d3be]::run_test::{closure#1}, ()>::{closure#1} as core[df12db4294e9bfd3]::ops::function::FnOnce<()>>::call_once::{shim:vtable#0}
[INFO] [stdout]   18:     0x59bf08e2f7e9 - <std[70759c8f55707aa4]::sys::thread::unix::Thread>::new::thread_start
[INFO] [stdout]   19:     0x71eee88b5dfa - <unknown>
[INFO] [stdout]   20:     0x71eee89493d4 - clone
[INFO] [stdout]   21:                0x0 - <unknown>
[INFO] [stdout] 
[INFO] [stdout] ---- csv::tests::sll2_matrices_from_two_observation_points_merge_one_row stdout ----
[INFO] [stdout] 
[INFO] [stdout] thread 'csv::tests::sll2_matrices_from_two_observation_points_merge_one_row' (681) panicked at src/csv.rs:362:14:
[INFO] [stdout] fixture: InvalidCsv { path: "/opt/rustwide/workdir/../../../src-tauri/test_files/20260703_NP_Matrice.csv", message: "ouverture impossible: No such file or directory (os error 2)" }
[INFO] [stdout] stack backtrace:
[INFO] [stdout]    0:     0x59bf08e30531 - <<std[70759c8f55707aa4]::sys::backtrace::BacktraceLock>::print::DisplayBacktrace as core[df12db4294e9bfd3]::fmt::Display>::fmt
[INFO] [stdout]    1:     0x59bf08e45fca - core[df12db4294e9bfd3]::fmt::write
[INFO] [stdout]    2:     0x59bf08e34d4c - <alloc[2182bb758b4b3781]::vec::Vec<u8> as core[df12db4294e9bfd3]::io::write::Write>::write_fmt
[INFO] [stdout]    3:     0x59bf08e0a066 - std[70759c8f55707aa4]::panicking::default_hook::{closure#0}
[INFO] [stdout]    4:     0x59bf08e27129 - std[70759c8f55707aa4]::panicking::default_hook
[INFO] [stdout]    5:     0x59bf08d9c1f0 - test[9d35eded1c95d3be]::test_main_inner::<test[9d35eded1c95d3be]::test_main_static::{closure#0}>::{closure#0}
[INFO] [stdout]    6:     0x59bf08e272e2 - std[70759c8f55707aa4]::panicking::panic_with_hook
[INFO] [stdout]    7:     0x59bf08e0a112 - std[70759c8f55707aa4]::panicking::panic_handler::{closure#0}
[INFO] [stdout]    8:     0x59bf08e02b89 - std[70759c8f55707aa4]::sys::backtrace::__rust_end_short_backtrace::<std[70759c8f55707aa4]::panicking::panic_handler::{closure#0}, !>
[INFO] [stdout]    9:     0x59bf08e0adfd - __rustc[8fa7c3cbc660c2b3]::rust_begin_unwind
[INFO] [stdout]   10:     0x59bf08e466fc - core[df12db4294e9bfd3]::panicking::panic_fmt
[INFO] [stdout]   11:     0x59bf08e464d2 - core[df12db4294e9bfd3]::result::unwrap_failed
[INFO] [stdout]   12:     0x59bf08d3f398 - sonar_flows_core[bbb66519d4babd6e]::csv::tests::sll2_matrices_from_two_observation_points_merge_one_row
[INFO] [stdout]   13:     0x59bf08d60d89 - <sonar_flows_core[bbb66519d4babd6e]::csv::tests::sll2_matrices_from_two_observation_points_merge_one_row::{closure#0} as core[df12db4294e9bfd3]::ops::function::FnOnce<()>>::call_once
[INFO] [stdout]   14:     0x59bf08d8f4db - test[9d35eded1c95d3be]::__rust_begin_short_backtrace::<core[df12db4294e9bfd3]::result::Result<(), alloc[2182bb758b4b3781]::string::String>, fn() -> core[df12db4294e9bfd3]::result::Result<(), alloc[2182bb758b4b3781]::string::String>>
[INFO] [stdout]   15:     0x59bf08d9cb45 - test[9d35eded1c95d3be]::run_test::{closure#0}
[INFO] [stdout]   16:     0x59bf08d96404 - std[70759c8f55707aa4]::sys::backtrace::__rust_begin_short_backtrace::<test[9d35eded1c95d3be]::run_test::{closure#1}, ()>
[INFO] [stdout]   17:     0x59bf08d9fca2 - <std[70759c8f55707aa4]::thread::lifecycle::spawn_unchecked<test[9d35eded1c95d3be]::run_test::{closure#1}, ()>::{closure#1} as core[df12db4294e9bfd3]::ops::function::FnOnce<()>>::call_once::{shim:vtable#0}
[INFO] [stdout]   18:     0x59bf08e2f7e9 - <std[70759c8f55707aa4]::sys::thread::unix::Thread>::new::thread_start
[INFO] [stdout]   19:     0x71eee88b5dfa - <unknown>
[INFO] [stdout]   20:     0x71eee89493d4 - clone
[INFO] [stdout]   21:                0x0 - <unknown>
[INFO] [stdout] 
[INFO] [stdout] 
[INFO] [stdout] failures:
[INFO] [stdout]     csv::tests::export_writes_sfms_preamble_and_reimport_reads_it_back
[INFO] [stdout]     csv::tests::invalid_cooked_identity_fields_are_rejected_explicitly
[INFO] [stdout]     csv::tests::matrix_paths_with_spaces_unicode_and_special_characters_round_trip
[INFO] [stdout]     csv::tests::merge_two_identical_files_doubles_counters_and_tracks_origins
[INFO] [stdout]     csv::tests::merging_matrices_of_different_dlt_is_refused
[INFO] [stdout]     csv::tests::pipe_in_a_matrix_file_name_is_split_by_the_origin_column
[INFO] [stdout]     csv::tests::raw_sll_and_sll2_matrix_identities_round_trip
[INFO] [stdout]     csv::tests::read_matrix_rows_parses_reference_fixture
[INFO] [stdout]     csv::tests::reimport_of_an_undefined_sfms_linktype_is_refused
[INFO] [stdout]     csv::tests::sll2_matrices_from_two_observation_points_merge_one_row
[INFO] [stdout] 
[INFO] [stdout] test result: FAILED. 63 passed; 10 failed; 0 ignored; 0 measured; 0 filtered out; finished in 0.05s
[INFO] [stdout] 
[INFO] running `Command { std: "docker" "inspect" "cc8db7988f37882cd4279487676a4d6109f78f2fef06e2e2f38098236e09b7c5", kill_on_drop: false }`
[INFO] running `Command { std: "docker" "rm" "-f" "cc8db7988f37882cd4279487676a4d6109f78f2fef06e2e2f38098236e09b7c5", kill_on_drop: false }`
[INFO] [stdout] cc8db7988f37882cd4279487676a4d6109f78f2fef06e2e2f38098236e09b7c5
