[INFO] fetching crate sonar-flows-cli 0.8.0...
[INFO] testing sonar-flows-cli-0.8.0 against 1.99.0-beta.8+cargoflags=--release for beta-release-1.100-2
[INFO] extracting crate sonar-flows-cli 0.8.0 into /workspace/builds/worker-7-tc1/source
[INFO] started tweaking crates.io crate sonar-flows-cli 0.8.0
[INFO] removed 0 missing tests
[INFO] finished tweaking crates.io crate sonar-flows-cli 0.8.0
[INFO] tweaked toml for crates.io crate sonar-flows-cli 0.8.0 written to /workspace/builds/worker-7-tc1/source/Cargo.toml
[INFO] validating manifest of crates.io crate sonar-flows-cli 0.8.0 on toolchain 1.99.0-beta.8
[INFO] running `Command { std: CARGO_HOME="/workspace/cargo-home" RUSTUP_HOME="/workspace/rustup-home" "/workspace/cargo-home/bin/cargo" "+1.99.0-beta.8" "metadata" "--manifest-path" "Cargo.toml" "--no-deps", kill_on_drop: false }`
[INFO] crate crates.io crate sonar-flows-cli 0.8.0 already has a lockfile, it will not be regenerated
[INFO] running `Command { std: CARGO_HOME="/workspace/cargo-home" RUSTUP_HOME="/workspace/rustup-home" "/workspace/cargo-home/bin/cargo" "+1.99.0-beta.8" "fetch" "--manifest-path" "Cargo.toml", kill_on_drop: false }`
[INFO] [stderr]     Updating crates.io index
[INFO] [stderr]  Downloading crates ...
[INFO] [stderr]   Downloaded pcap-file v2.0.0
[INFO] [stderr]   Downloaded sonar-flows-core v0.8.0
[INFO] [stderr]   Downloaded derive-into-owned v0.2.0
[INFO] [stderr]   Downloaded byteorder_slice v3.0.0
[INFO] [stderr]   Downloaded pcap v2.4.0
[INFO] [stderr]   Downloaded packet_parser v10.0.0
[INFO] running `Command { std: "docker" "create" "-v" "/var/lib/crater-agent-workspace/builds/worker-7-tc1/source:/opt/rustwide/workdir:ro,Z" "-v" "/var/lib/crater-agent-workspace/builds/worker-7-tc1/target:/opt/rustwide/target:rw,Z" "-v" "/var/lib/crater-agent-workspace/cargo-home:/opt/rustwide/cargo-home:ro,Z" "-v" "/var/lib/crater-agent-workspace/rustup-home:/opt/rustwide/rustup-home:ro,Z" "-m" "1610612736" "--network" "none" "ghcr.io/rust-lang/crates-build-env/linux@sha256:77db811e55d90add9212f6832c23229e3de5f1c1f9905e8cb07319ea15df73ac" "sleep" "infinity", kill_on_drop: false }`
[INFO] [stdout] e4c50ab2ff3532dfecc2c989e5ac3e549df5fd8b3efba0543e9485ce273c49d6
[INFO] running `Command { std: "docker" "start" "e4c50ab2ff3532dfecc2c989e5ac3e549df5fd8b3efba0543e9485ce273c49d6", kill_on_drop: false }`
[INFO] running `Command { std: "docker" "inspect" "e4c50ab2ff3532dfecc2c989e5ac3e549df5fd8b3efba0543e9485ce273c49d6", kill_on_drop: false }`
[INFO] running `Command { std: "docker" "exec" "-e" "SOURCE_DIR=/opt/rustwide/workdir" "-e" "CARGO_HOME=/opt/rustwide/cargo-home" "-e" "RUSTUP_HOME=/opt/rustwide/rustup-home" "-e" "CARGO_TARGET_DIR=/opt/rustwide/target" "-w" "/opt/rustwide/workdir" "--user" "0:0" "e4c50ab2ff3532dfecc2c989e5ac3e549df5fd8b3efba0543e9485ce273c49d6" "/opt/rustwide/cargo-home/bin/cargo" "+1.99.0-beta.8" "metadata" "--no-deps" "--format-version=1", kill_on_drop: false }`
[INFO] running `Command { std: "docker" "inspect" "e4c50ab2ff3532dfecc2c989e5ac3e549df5fd8b3efba0543e9485ce273c49d6", kill_on_drop: false }`
[INFO] running `Command { std: "docker" "exec" "-e" "SOURCE_DIR=/opt/rustwide/workdir" "-e" "CARGO_HOME=/opt/rustwide/cargo-home" "-e" "RUSTUP_HOME=/opt/rustwide/rustup-home" "-e" "CARGO_TARGET_DIR=/opt/rustwide/target" "-e" "CARGO_INCREMENTAL=0" "-e" "RUST_BACKTRACE=full" "-e" "RUSTFLAGS=--cap-lints=warn" "-e" "RUSTDOCFLAGS=--cap-lints=warn" "-w" "/opt/rustwide/workdir" "--user" "0:0" "e4c50ab2ff3532dfecc2c989e5ac3e549df5fd8b3efba0543e9485ce273c49d6" "/opt/rustwide/cargo-home/bin/cargo" "+1.99.0-beta.8" "build" "--frozen" "--message-format=json" "--release", kill_on_drop: false }`
[INFO] [stderr]    Compiling regex-syntax v0.8.11
[INFO] [stderr]    Compiling syn v1.0.109
[INFO] [stderr]    Compiling cfg-if v1.0.4
[INFO] [stderr]    Compiling syn v2.0.118
[INFO] [stderr]    Compiling aho-corasick v1.1.4
[INFO] [stderr]    Compiling syn v3.0.3
[INFO] [stderr]    Compiling serde_core v1.0.228
[INFO] [stderr]    Compiling byteorder_slice v3.0.0
[INFO] [stderr]    Compiling getrandom v0.4.3
[INFO] [stderr]    Compiling memchr v2.8.3
[INFO] [stderr]    Compiling errno v0.2.8
[INFO] [stderr]    Compiling chrono v0.4.45
[INFO] [stderr]    Compiling clap_builder v4.6.5
[INFO] [stderr]    Compiling libloading v0.8.9
[INFO] [stderr]    Compiling uuid v1.23.4
[INFO] [stderr]    Compiling csv-core v0.1.13
[INFO] [stderr]    Compiling derive-into-owned v0.2.0
[INFO] [stderr]    Compiling regex-automata v0.4.15
[INFO] [stderr]    Compiling thiserror-impl v1.0.69
[INFO] [stderr]    Compiling serde_derive v1.0.228
[INFO] [stderr]    Compiling thiserror v1.0.69
[INFO] [stderr]    Compiling pcap-file v2.0.0
[INFO] [stderr]    Compiling thiserror-impl v2.0.19
[INFO] [stderr]    Compiling clap_derive v4.6.4
[INFO] [stderr]    Compiling csv v1.4.0
[INFO] [stderr]    Compiling thiserror v2.0.19
[INFO] [stderr]    Compiling regex v1.13.0
[INFO] [stderr]    Compiling pcap v2.4.0
[INFO] [stderr]    Compiling serde v1.0.228
[INFO] [stderr]    Compiling clap v4.6.5
[INFO] [stderr]    Compiling packet_parser v10.0.0
[INFO] [stderr]    Compiling sonar-flows-core v0.8.0
[INFO] [stderr]    Compiling sonar-flows-cli v0.8.0 (/opt/rustwide/workdir)
[INFO] [stderr]     Finished `release` profile [optimized] target(s) in 40.83s
[INFO] running `Command { std: "docker" "inspect" "e4c50ab2ff3532dfecc2c989e5ac3e549df5fd8b3efba0543e9485ce273c49d6", kill_on_drop: false }`
[INFO] running `Command { std: "docker" "exec" "-e" "SOURCE_DIR=/opt/rustwide/workdir" "-e" "CARGO_HOME=/opt/rustwide/cargo-home" "-e" "RUSTUP_HOME=/opt/rustwide/rustup-home" "-e" "CARGO_TARGET_DIR=/opt/rustwide/target" "-e" "CARGO_INCREMENTAL=0" "-e" "RUST_BACKTRACE=full" "-e" "RUSTFLAGS=--cap-lints=warn" "-e" "RUSTDOCFLAGS=--cap-lints=warn" "-w" "/opt/rustwide/workdir" "--user" "0:0" "e4c50ab2ff3532dfecc2c989e5ac3e549df5fd8b3efba0543e9485ce273c49d6" "/opt/rustwide/cargo-home/bin/cargo" "+1.99.0-beta.8" "test" "--frozen" "--no-run" "--message-format=json" "--release", kill_on_drop: false }`
[INFO] [stderr]    Compiling sonar-flows-cli v0.8.0 (/opt/rustwide/workdir)
[INFO] [stderr]     Finished `release` profile [optimized] target(s) in 1.42s
[INFO] running `Command { std: "docker" "inspect" "e4c50ab2ff3532dfecc2c989e5ac3e549df5fd8b3efba0543e9485ce273c49d6", kill_on_drop: false }`
[INFO] running `Command { std: "docker" "exec" "-e" "SOURCE_DIR=/opt/rustwide/workdir" "-e" "CARGO_HOME=/opt/rustwide/cargo-home" "-e" "RUSTUP_HOME=/opt/rustwide/rustup-home" "-e" "CARGO_TARGET_DIR=/opt/rustwide/target" "-e" "CARGO_INCREMENTAL=0" "-e" "RUST_BACKTRACE=full" "-e" "RUSTFLAGS=--cap-lints=warn" "-e" "RUSTDOCFLAGS=--cap-lints=warn" "-w" "/opt/rustwide/workdir" "--user" "0:0" "e4c50ab2ff3532dfecc2c989e5ac3e549df5fd8b3efba0543e9485ce273c49d6" "/opt/rustwide/cargo-home/bin/cargo" "+1.99.0-beta.8" "test" "--frozen" "--release", kill_on_drop: false }`
[INFO] [stderr]     Finished `release` profile [optimized] target(s) in 0.07s
[INFO] [stderr]      Running unittests src/main.rs (/opt/rustwide/target/release/deps/sonar_cli-8b1e1efb491304bb)
[INFO] [stdout] 
[INFO] [stdout] running 0 tests
[INFO] [stdout] 
[INFO] [stdout] test result: ok. 0 passed; 0 failed; 0 ignored; 0 measured; 0 filtered out; finished in 0.00s
[INFO] [stdout] 
[INFO] [stderr]      Running tests/cli.rs (/opt/rustwide/target/release/deps/cli-3975aea2b89fcd55)
[INFO] [stdout] 
[INFO] [stdout] running 8 tests
[INFO] [stdout] test matrix_merges_two_files_and_doubles_counters ... FAILED
[INFO] [stdout] test matrix_fails_on_invalid_csv_and_reports_line_number ... ok
[INFO] [stdout] test graph_rejects_unknown_output_format ... FAILED
[INFO] [stdout] test pcap_accumulates_multiple_input_files ... ok
[INFO] [stdout] test pcap_fails_on_truncated_file_without_writing_output ... ok
[INFO] [stdout] test pcap_converts_forged_capture_to_matrix_csv ... ok
[INFO] [stdout] test graph_exports_filtered_dot_with_ip_labels ... ok
[INFO] [stdout] test pcap_fails_on_missing_input_file ... ok
[INFO] [stdout] 
[INFO] [stdout] failures:
[INFO] [stdout] 
[INFO] [stdout] ---- matrix_merges_two_files_and_doubles_counters stdout ----
[INFO] [stdout] 
[INFO] [stdout] thread 'matrix_merges_two_files_and_doubles_counters' (907) panicked at tests/cli.rs:278:46:
[INFO] [stdout] copie a: Os { code: 2, kind: NotFound, message: "No such file or directory" }
[INFO] [stdout] stack backtrace:
[INFO] [stdout]    0:     0x64dc3acf9441 - <<std[70759c8f55707aa4]::sys::backtrace::BacktraceLock>::print::DisplayBacktrace as core[df12db4294e9bfd3]::fmt::Display>::fmt
[INFO] [stdout]    1:     0x64dc3ad0daca - core[df12db4294e9bfd3]::fmt::write
[INFO] [stdout]    2:     0x64dc3acfdb3c - <alloc[2182bb758b4b3781]::vec::Vec<u8> as core[df12db4294e9bfd3]::io::write::Write>::write_fmt
[INFO] [stdout]    3:     0x64dc3acd3356 - std[70759c8f55707aa4]::panicking::default_hook::{closure#0}
[INFO] [stdout]    4:     0x64dc3acf0279 - std[70759c8f55707aa4]::panicking::default_hook
[INFO] [stdout]    5:     0x64dc3ac8b210 - test[9d35eded1c95d3be]::test_main_inner::<test[9d35eded1c95d3be]::test_main_static::{closure#0}>::{closure#0}
[INFO] [stdout]    6:     0x64dc3acf0432 - std[70759c8f55707aa4]::panicking::panic_with_hook
[INFO] [stdout]    7:     0x64dc3acd3402 - std[70759c8f55707aa4]::panicking::panic_handler::{closure#0}
[INFO] [stdout]    8:     0x64dc3accbed9 - std[70759c8f55707aa4]::sys::backtrace::__rust_end_short_backtrace::<std[70759c8f55707aa4]::panicking::panic_handler::{closure#0}, !>
[INFO] [stdout]    9:     0x64dc3acd3ffd - __rustc[8fa7c3cbc660c2b3]::rust_begin_unwind
[INFO] [stdout]   10:     0x64dc3ad0e1fc - core[df12db4294e9bfd3]::panicking::panic_fmt
[INFO] [stdout]   11:     0x64dc3ad0dfd2 - core[df12db4294e9bfd3]::result::unwrap_failed
[INFO] [stdout]   12:     0x64dc3ac7807f - <cli[70f58eb2ee295778]::matrix_merges_two_files_and_doubles_counters::{closure#0} as core[df12db4294e9bfd3]::ops::function::FnOnce<()>>::call_once
[INFO] [stdout]   13:     0x64dc3ac7e4fb - test[9d35eded1c95d3be]::__rust_begin_short_backtrace::<core[df12db4294e9bfd3]::result::Result<(), alloc[2182bb758b4b3781]::string::String>, fn() -> core[df12db4294e9bfd3]::result::Result<(), alloc[2182bb758b4b3781]::string::String>>
[INFO] [stdout]   14:     0x64dc3ac8bb65 - test[9d35eded1c95d3be]::run_test::{closure#0}
[INFO] [stdout]   15:     0x64dc3ac85424 - std[70759c8f55707aa4]::sys::backtrace::__rust_begin_short_backtrace::<test[9d35eded1c95d3be]::run_test::{closure#1}, ()>
[INFO] [stdout]   16:     0x64dc3ac8ecc2 - <std[70759c8f55707aa4]::thread::lifecycle::spawn_unchecked<test[9d35eded1c95d3be]::run_test::{closure#1}, ()>::{closure#1} as core[df12db4294e9bfd3]::ops::function::FnOnce<()>>::call_once::{shim:vtable#0}
[INFO] [stdout]   17:     0x64dc3acf86f9 - <std[70759c8f55707aa4]::sys::thread::unix::Thread>::new::thread_start
[INFO] [stdout]   18:     0x7b33cedd0dfa - <unknown>
[INFO] [stdout]   19:     0x7b33cee643d4 - clone
[INFO] [stdout]   20:                0x0 - <unknown>
[INFO] [stdout] 
[INFO] [stdout] ---- graph_rejects_unknown_output_format stdout ----
[INFO] [stdout] 
[INFO] [stdout] thread 'graph_rejects_unknown_output_format' (905) panicked at tests/cli.rs:403:5:
[INFO] [stdout] assertion failed: stderr.contains(".dot, .svg ou .png")
[INFO] [stdout] stack backtrace:
[INFO] [stdout]    0:     0x64dc3acf9441 - <<std[70759c8f55707aa4]::sys::backtrace::BacktraceLock>::print::DisplayBacktrace as core[df12db4294e9bfd3]::fmt::Display>::fmt
[INFO] [stdout]    1:     0x64dc3ad0daca - core[df12db4294e9bfd3]::fmt::write
[INFO] [stdout]    2:     0x64dc3acfdb3c - <alloc[2182bb758b4b3781]::vec::Vec<u8> as core[df12db4294e9bfd3]::io::write::Write>::write_fmt
[INFO] [stdout]    3:     0x64dc3acd3356 - std[70759c8f55707aa4]::panicking::default_hook::{closure#0}
[INFO] [stdout]    4:     0x64dc3acf0279 - std[70759c8f55707aa4]::panicking::default_hook
[INFO] [stdout]    5:     0x64dc3ac8b210 - test[9d35eded1c95d3be]::test_main_inner::<test[9d35eded1c95d3be]::test_main_static::{closure#0}>::{closure#0}
[INFO] [stdout]    6:     0x64dc3acf0432 - std[70759c8f55707aa4]::panicking::panic_with_hook
[INFO] [stdout]    7:     0x64dc3acd3434 - std[70759c8f55707aa4]::panicking::panic_handler::{closure#0}
[INFO] [stdout]    8:     0x64dc3accbed9 - std[70759c8f55707aa4]::sys::backtrace::__rust_end_short_backtrace::<std[70759c8f55707aa4]::panicking::panic_handler::{closure#0}, !>
[INFO] [stdout]    9:     0x64dc3acd3ffd - __rustc[8fa7c3cbc660c2b3]::rust_begin_unwind
[INFO] [stdout]   10:     0x64dc3ad0e1fc - core[df12db4294e9bfd3]::panicking::panic_fmt
[INFO] [stdout]   11:     0x64dc3ad0e1c2 - core[df12db4294e9bfd3]::panicking::panic
[INFO] [stdout]   12:     0x64dc3ac75fab - <cli[70f58eb2ee295778]::graph_rejects_unknown_output_format::{closure#0} as core[df12db4294e9bfd3]::ops::function::FnOnce<()>>::call_once
[INFO] [stdout]   13:     0x64dc3ac7e4fb - test[9d35eded1c95d3be]::__rust_begin_short_backtrace::<core[df12db4294e9bfd3]::result::Result<(), alloc[2182bb758b4b3781]::string::String>, fn() -> core[df12db4294e9bfd3]::result::Result<(), alloc[2182bb758b4b3781]::string::String>>
[INFO] [stdout]   14:     0x64dc3ac8bb65 - test[9d35eded1c95d3be]::run_test::{closure#0}
[INFO] [stdout]   15:     0x64dc3ac85424 - std[70759c8f55707aa4]::sys::backtrace::__rust_begin_short_backtrace::<test[9d35eded1c95d3be]::run_test::{closure#1}, ()>
[INFO] [stdout]   16:     0x64dc3ac8ecc2 - <std[70759c8f55707aa4]::thread::lifecycle::spawn_unchecked<test[9d35eded1c95d3be]::run_test::{closure#1}, ()>::{closure#1} as core[df12db4294e9bfd3]::ops::function::FnOnce<()>>::call_once::{shim:vtable#0}
[INFO] [stdout]   17:     0x64dc3acf86f9 - <std[70759c8f55707aa4]::sys::thread::unix::Thread>::new::thread_start
[INFO] [stdout]   18:     0x7b33cedd0dfa - <unknown>
[INFO] [stdout]   19:     0x7b33cee643d4 - clone
[INFO] [stdout]   20:                0x0 - <unknown>
[INFO] [stdout] 
[INFO] [stdout] 
[INFO] [stdout] failures:
[INFO] [stdout]     graph_rejects_unknown_output_format
[INFO] [stdout]     matrix_merges_two_files_and_doubles_counters
[INFO] [stdout] 
[INFO] [stdout] test result: FAILED. 6 passed; 2 failed; 0 ignored; 0 measured; 0 filtered out; finished in 0.12s
[INFO] [stdout] 
[INFO] [stderr] error: test failed, to rerun pass `--test cli`
[INFO] running `Command { std: "docker" "inspect" "e4c50ab2ff3532dfecc2c989e5ac3e549df5fd8b3efba0543e9485ce273c49d6", kill_on_drop: false }`
[INFO] running `Command { std: "docker" "rm" "-f" "e4c50ab2ff3532dfecc2c989e5ac3e549df5fd8b3efba0543e9485ce273c49d6", kill_on_drop: false }`
[INFO] [stdout] e4c50ab2ff3532dfecc2c989e5ac3e549df5fd8b3efba0543e9485ce273c49d6
