[INFO] fetching crate sonar-cli 0.3.0...
[INFO] testing sonar-cli-0.3.0 against 1.99.0-beta.8+cargoflags=--release for beta-release-1.100-2
[INFO] extracting crate sonar-cli 0.3.0 into /workspace/builds/worker-3-tc1/source
[INFO] started tweaking crates.io crate sonar-cli 0.3.0
[INFO] removed 0 missing tests
[INFO] finished tweaking crates.io crate sonar-cli 0.3.0
[INFO] tweaked toml for crates.io crate sonar-cli 0.3.0 written to /workspace/builds/worker-3-tc1/source/Cargo.toml
[INFO] validating manifest of crates.io crate sonar-cli 0.3.0 on toolchain 1.99.0-beta.8
[INFO] running `Command { std: CARGO_HOME="/workspace/cargo-home" RUSTUP_HOME="/workspace/rustup-home" "/workspace/cargo-home/bin/cargo" "+1.99.0-beta.8" "metadata" "--manifest-path" "Cargo.toml" "--no-deps", kill_on_drop: false }`
[INFO] crate crates.io crate sonar-cli 0.3.0 already has a lockfile, it will not be regenerated
[INFO] running `Command { std: CARGO_HOME="/workspace/cargo-home" RUSTUP_HOME="/workspace/rustup-home" "/workspace/cargo-home/bin/cargo" "+1.99.0-beta.8" "fetch" "--manifest-path" "Cargo.toml", kill_on_drop: false }`
[INFO] [stderr]     Updating crates.io index
[INFO] [stderr]     Blocking waiting for file lock on package cache
[INFO] [stderr]  Downloading crates ...
[INFO] [stderr]   Downloaded notify v7.0.0
[INFO] [stderr]   Downloaded sonar-core v0.3.0
[INFO] [stderr]   Downloaded notify-types v1.0.1
[INFO] [stderr]   Downloaded model2vec-rs v0.2.1
[INFO] running `Command { std: "docker" "create" "-v" "/var/lib/crater-agent-workspace/builds/worker-3-tc1/source:/opt/rustwide/workdir:ro,Z" "-v" "/var/lib/crater-agent-workspace/builds/worker-3-tc1/target:/opt/rustwide/target:rw,Z" "-v" "/var/lib/crater-agent-workspace/cargo-home:/opt/rustwide/cargo-home:ro,Z" "-v" "/var/lib/crater-agent-workspace/rustup-home:/opt/rustwide/rustup-home:ro,Z" "-m" "1610612736" "--network" "none" "ghcr.io/rust-lang/crates-build-env/linux@sha256:77db811e55d90add9212f6832c23229e3de5f1c1f9905e8cb07319ea15df73ac" "sleep" "infinity", kill_on_drop: false }`
[INFO] [stdout] 8ae8202ec83417329e2be9f57105e64c30d9ea63deecd7d4cfe05051df714ab8
[INFO] running `Command { std: "docker" "start" "8ae8202ec83417329e2be9f57105e64c30d9ea63deecd7d4cfe05051df714ab8", kill_on_drop: false }`
[INFO] running `Command { std: "docker" "inspect" "8ae8202ec83417329e2be9f57105e64c30d9ea63deecd7d4cfe05051df714ab8", kill_on_drop: false }`
[INFO] running `Command { std: "docker" "exec" "-e" "SOURCE_DIR=/opt/rustwide/workdir" "-e" "CARGO_HOME=/opt/rustwide/cargo-home" "-e" "RUSTUP_HOME=/opt/rustwide/rustup-home" "-e" "CARGO_TARGET_DIR=/opt/rustwide/target" "-w" "/opt/rustwide/workdir" "--user" "0:0" "8ae8202ec83417329e2be9f57105e64c30d9ea63deecd7d4cfe05051df714ab8" "/opt/rustwide/cargo-home/bin/cargo" "+1.99.0-beta.8" "metadata" "--no-deps" "--format-version=1", kill_on_drop: false }`
[INFO] running `Command { std: "docker" "inspect" "8ae8202ec83417329e2be9f57105e64c30d9ea63deecd7d4cfe05051df714ab8", kill_on_drop: false }`
[INFO] running `Command { std: "docker" "exec" "-e" "SOURCE_DIR=/opt/rustwide/workdir" "-e" "CARGO_HOME=/opt/rustwide/cargo-home" "-e" "RUSTUP_HOME=/opt/rustwide/rustup-home" "-e" "CARGO_TARGET_DIR=/opt/rustwide/target" "-e" "CARGO_INCREMENTAL=0" "-e" "RUST_BACKTRACE=full" "-e" "RUSTFLAGS=--cap-lints=warn" "-e" "RUSTDOCFLAGS=--cap-lints=warn" "-w" "/opt/rustwide/workdir" "--user" "0:0" "8ae8202ec83417329e2be9f57105e64c30d9ea63deecd7d4cfe05051df714ab8" "/opt/rustwide/cargo-home/bin/cargo" "+1.99.0-beta.8" "build" "--frozen" "--message-format=json" "--release", kill_on_drop: false }`
[INFO] [stderr]    Compiling cc v1.2.62
[INFO] [stderr]    Compiling libc v0.2.186
[INFO] [stderr]    Compiling tree-sitter-language v0.1.7
[INFO] [stderr]    Compiling memchr v2.8.1
[INFO] [stderr]    Compiling displaydoc v0.2.6
[INFO] [stderr]    Compiling log v0.4.30
[INFO] [stderr]    Compiling zerocopy-derive v0.8.48
[INFO] [stderr]    Compiling zerofrom v0.1.8
[INFO] [stderr]    Compiling darling_macro v0.20.11
[INFO] [stderr]    Compiling portable-atomic v1.13.1
[INFO] [stderr]    Compiling simd-adler32 v0.3.9
[INFO] [stderr]    Compiling rustls v0.23.40
[INFO] [stderr]    Compiling serde_json v1.0.150
[INFO] [stderr]    Compiling webpki-roots v1.0.7
[INFO] [stderr]    Compiling number_prefix v0.4.0
[INFO] [stderr]    Compiling yoke v0.8.2
[INFO] [stderr]    Compiling rayon v1.12.0
[INFO] [stderr]    Compiling webpki-roots v0.26.11
[INFO] [stderr]    Compiling monostate-impl v0.1.18
[INFO] [stderr]    Compiling unicode-segmentation v1.13.2
[INFO] [stderr]    Compiling clap_derive v4.6.1
[INFO] [stderr]    Compiling miniz_oxide v0.8.9
[INFO] [stderr]    Compiling darling v0.20.11
[INFO] [stderr]    Compiling monostate v0.1.18
[INFO] [stderr]    Compiling zerovec v0.11.6
[INFO] [stderr]    Compiling compact_str v0.9.1
[INFO] [stderr]    Compiling derive_builder_core v0.20.2
[INFO] [stderr]    Compiling http v1.4.1
[INFO] [stderr]    Compiling nix v0.31.3
[INFO] [stderr]    Compiling dary_heap v0.3.9
[INFO] [stderr]    Compiling zerotrie v0.2.4
[INFO] [stderr]    Compiling unicode-normalization-alignments v0.1.12
[INFO] [stderr]    Compiling aho-corasick v1.1.4
[INFO] [stderr]    Compiling flate2 v1.1.9
[INFO] [stderr]    Compiling tinystr v0.8.3
[INFO] [stderr]    Compiling potential_utf v0.1.5
[INFO] [stderr]    Compiling derive_builder_macro v0.20.2
[INFO] [stderr]    Compiling icu_locale_core v2.2.0
[INFO] [stderr]    Compiling ring v0.17.14
[INFO] [stderr]    Compiling icu_collections v2.2.0
[INFO] [stderr]    Compiling onig_sys v69.9.3
[INFO] [stderr]    Compiling zerocopy v0.8.48
[INFO] [stderr]    Compiling esaxx-rs v0.1.10
[INFO] [stderr]    Compiling nom v7.1.3
[INFO] [stderr]    Compiling derive_builder v0.20.2
[INFO] [stderr]    Compiling tree-sitter-python v0.25.0
[INFO] [stderr]    Compiling tree-sitter-java v0.23.5
[INFO] [stderr]    Compiling tree-sitter-rust v0.24.2
[INFO] [stderr]    Compiling getrandom v0.3.4
[INFO] [stderr]    Compiling getrandom v0.2.17
[INFO] [stderr]    Compiling console v0.15.11
[INFO] [stderr]    Compiling dirs-sys v0.5.0
[INFO] [stderr]    Compiling socks v0.3.4
[INFO] [stderr]    Compiling rand_core v0.9.5
[INFO] [stderr]    Compiling regex-automata v0.4.14
[INFO] [stderr]    Compiling dirs v6.0.0
[INFO] [stderr]    Compiling icu_provider v2.2.0
[INFO] [stderr]    Compiling tree-sitter v0.25.10
[INFO] [stderr]    Compiling inotify-sys v0.1.5
[INFO] [stderr]    Compiling blake3 v1.8.5
[INFO] [stderr]    Compiling icu_properties v2.2.0
[INFO] [stderr]    Compiling icu_normalizer v2.2.0
[INFO] [stderr]    Compiling tree-sitter-javascript v0.25.0
[INFO] [stderr]    Compiling tree-sitter-go v0.25.0
[INFO] [stderr]    Compiling indicatif v0.17.11
[INFO] [stderr]    Compiling tree-sitter-typescript v0.23.2
[INFO] [stderr]    Compiling bstr v1.12.1
[INFO] [stderr]    Compiling instant v0.1.13
[INFO] [stderr]    Compiling inotify v0.10.2
[INFO] [stderr]    Compiling rayon-cond v0.4.0
[INFO] [stderr]    Compiling notify-types v1.0.1
[INFO] [stderr]    Compiling idna_adapter v1.2.2
[INFO] [stderr]    Compiling idna v1.1.0
[INFO] [stderr]    Compiling safetensors v0.5.3
[INFO] [stderr]    Compiling url v2.5.8
[INFO] [stderr]    Compiling spm_precompiled v0.1.4
[INFO] [stderr]    Compiling getrandom v0.4.2
[INFO] [stderr]    Compiling filetime v0.2.29
[INFO] [stderr]    Compiling mio v1.2.0
[INFO] [stderr]    Compiling clap v4.6.1
[INFO] [stderr]    Compiling ndarray v0.15.6
[INFO] [stderr]    Compiling regex v1.12.3
[INFO] [stderr]    Compiling globset v0.4.18
[INFO] [stderr]    Compiling streaming-iterator v0.1.9
[INFO] [stderr]    Compiling ppv-lite86 v0.2.21
[INFO] [stderr]    Compiling ahash v0.8.12
[INFO] [stderr]    Compiling half v2.7.1
[INFO] [stderr]    Compiling tracing v0.1.44
[INFO] [stderr]    Compiling rand_chacha v0.9.0
[INFO] [stderr]    Compiling tempfile v3.27.0
[INFO] [stderr]    Compiling rand v0.9.4
[INFO] [stderr]    Compiling ignore v0.4.25
[INFO] [stderr]    Compiling notify v7.0.0
[INFO] [stderr]    Compiling tracing-log v0.2.0
[INFO] [stderr]    Compiling ordered-float v5.3.0
[INFO] [stderr]    Compiling tracing-subscriber v0.3.23
[INFO] [stderr]    Compiling ctrlc v3.5.2
[INFO] [stderr]    Compiling onig v6.5.3
[INFO] [stderr]    Compiling rustls-webpki v0.103.13
[INFO] [stderr]    Compiling tokenizers v0.21.4
[INFO] [stderr]    Compiling ureq v2.12.1
[INFO] [stderr]    Compiling hf-hub v0.4.3
[INFO] [stderr]    Compiling model2vec-rs v0.2.1
[INFO] [stderr]    Compiling sonar-core v0.3.0
[INFO] [stderr]    Compiling sonar-cli v0.3.0 (/opt/rustwide/workdir)
[INFO] [stderr]     Finished `release` profile [optimized] target(s) in 2m 08s
[INFO] running `Command { std: "docker" "inspect" "8ae8202ec83417329e2be9f57105e64c30d9ea63deecd7d4cfe05051df714ab8", kill_on_drop: false }`
[INFO] running `Command { std: "docker" "exec" "-e" "SOURCE_DIR=/opt/rustwide/workdir" "-e" "CARGO_HOME=/opt/rustwide/cargo-home" "-e" "RUSTUP_HOME=/opt/rustwide/rustup-home" "-e" "CARGO_TARGET_DIR=/opt/rustwide/target" "-e" "CARGO_INCREMENTAL=0" "-e" "RUST_BACKTRACE=full" "-e" "RUSTFLAGS=--cap-lints=warn" "-e" "RUSTDOCFLAGS=--cap-lints=warn" "-w" "/opt/rustwide/workdir" "--user" "0:0" "8ae8202ec83417329e2be9f57105e64c30d9ea63deecd7d4cfe05051df714ab8" "/opt/rustwide/cargo-home/bin/cargo" "+1.99.0-beta.8" "test" "--frozen" "--no-run" "--message-format=json" "--release", kill_on_drop: false }`
[INFO] [stderr]    Compiling sonar-cli v0.3.0 (/opt/rustwide/workdir)
[INFO] [stderr]     Finished `release` profile [optimized] target(s) in 1.25s
[INFO] running `Command { std: "docker" "inspect" "8ae8202ec83417329e2be9f57105e64c30d9ea63deecd7d4cfe05051df714ab8", kill_on_drop: false }`
[INFO] running `Command { std: "docker" "exec" "-e" "SOURCE_DIR=/opt/rustwide/workdir" "-e" "CARGO_HOME=/opt/rustwide/cargo-home" "-e" "RUSTUP_HOME=/opt/rustwide/rustup-home" "-e" "CARGO_TARGET_DIR=/opt/rustwide/target" "-e" "CARGO_INCREMENTAL=0" "-e" "RUST_BACKTRACE=full" "-e" "RUSTFLAGS=--cap-lints=warn" "-e" "RUSTDOCFLAGS=--cap-lints=warn" "-w" "/opt/rustwide/workdir" "--user" "0:0" "8ae8202ec83417329e2be9f57105e64c30d9ea63deecd7d4cfe05051df714ab8" "/opt/rustwide/cargo-home/bin/cargo" "+1.99.0-beta.8" "test" "--frozen" "--release", kill_on_drop: false }`
[INFO] [stderr]     Finished `release` profile [optimized] target(s) in 0.25s
[INFO] [stderr]      Running unittests src/main.rs (/opt/rustwide/target/release/deps/sonar-11debd28adacffd4)
[INFO] [stderr]      Running tests/integration_index.rs (/opt/rustwide/target/release/deps/integration_index-5333eeecf0060bb1)
[INFO] [stdout] 
[INFO] [stdout] running 0 tests
[INFO] [stdout] 
[INFO] [stdout] test result: ok. 0 passed; 0 failed; 0 ignored; 0 measured; 0 filtered out; finished in 0.00s
[INFO] [stdout] 
[INFO] [stdout] 
[INFO] [stdout] running 3 tests
[INFO] [stdout] test test_index_oobo_cli_no_panic ... FAILED
[INFO] [stdout] test test_index_project_with_multibyte_utf8 ... ok
[INFO] [stdout] test test_search_project_with_multibyte_utf8 ... ok
[INFO] [stdout] 
[INFO] [stdout] failures:
[INFO] [stdout] 
[INFO] [stdout] ---- test_index_oobo_cli_no_panic stdout ----
[INFO] [stdout] 
[INFO] [stdout] thread 'test_index_oobo_cli_no_panic' (2679) panicked at tests/integration_index.rs:263:10:
[INFO] [stdout] called `Option::unwrap()` on a `None` value
[INFO] [stdout] stack backtrace:
[INFO] [stdout]    0:     0x55f0118e3e11 - <<std[70759c8f55707aa4]::sys::backtrace::BacktraceLock>::print::DisplayBacktrace as core[df12db4294e9bfd3]::fmt::Display>::fmt
[INFO] [stdout]    1:     0x55f0118f831a - core[df12db4294e9bfd3]::fmt::write
[INFO] [stdout]    2:     0x55f0118e850c - <alloc[2182bb758b4b3781]::vec::Vec<u8> as core[df12db4294e9bfd3]::io::write::Write>::write_fmt
[INFO] [stdout]    3:     0x55f0118becf6 - std[70759c8f55707aa4]::panicking::default_hook::{closure#0}
[INFO] [stdout]    4:     0x55f0118dbc79 - std[70759c8f55707aa4]::panicking::default_hook
[INFO] [stdout]    5:     0x55f011875a70 - test[9d35eded1c95d3be]::test_main_inner::<test[9d35eded1c95d3be]::test_main_static::{closure#0}>::{closure#0}
[INFO] [stdout]    6:     0x55f0118dbe32 - std[70759c8f55707aa4]::panicking::panic_with_hook
[INFO] [stdout]    7:     0x55f0118bedd4 - std[70759c8f55707aa4]::panicking::panic_handler::{closure#0}
[INFO] [stdout]    8:     0x55f0118b7a09 - std[70759c8f55707aa4]::sys::backtrace::__rust_end_short_backtrace::<std[70759c8f55707aa4]::panicking::panic_handler::{closure#0}, !>
[INFO] [stdout]    9:     0x55f0118bf99d - __rustc[8fa7c3cbc660c2b3]::rust_begin_unwind
[INFO] [stdout]   10:     0x55f0118f8a4c - core[df12db4294e9bfd3]::panicking::panic_fmt
[INFO] [stdout]   11:     0x55f0118f8a12 - core[df12db4294e9bfd3]::panicking::panic
[INFO] [stdout]   12:     0x55f0118f87c9 - core[df12db4294e9bfd3]::option::unwrap_failed
[INFO] [stdout]   13:     0x55f01186802e - <integration_index[cb95bc7a472a28cc]::test_index_oobo_cli_no_panic::{closure#0} as core[df12db4294e9bfd3]::ops::function::FnOnce<()>>::call_once
[INFO] [stdout]   14:     0x55f011868d5b - test[9d35eded1c95d3be]::__rust_begin_short_backtrace::<core[df12db4294e9bfd3]::result::Result<(), alloc[2182bb758b4b3781]::string::String>, fn() -> core[df12db4294e9bfd3]::result::Result<(), alloc[2182bb758b4b3781]::string::String>>
[INFO] [stdout]   15:     0x55f0118763c5 - test[9d35eded1c95d3be]::run_test::{closure#0}
[INFO] [stdout]   16:     0x55f01186fc84 - std[70759c8f55707aa4]::sys::backtrace::__rust_begin_short_backtrace::<test[9d35eded1c95d3be]::run_test::{closure#1}, ()>
[INFO] [stdout]   17:     0x55f011879522 - <std[70759c8f55707aa4]::thread::lifecycle::spawn_unchecked<test[9d35eded1c95d3be]::run_test::{closure#1}, ()>::{closure#1} as core[df12db4294e9bfd3]::ops::function::FnOnce<()>>::call_once::{shim:vtable#0}
[INFO] [stdout]   18:     0x55f0118e34f9 - <std[70759c8f55707aa4]::sys::thread::unix::Thread>::new::thread_start
[INFO] [stdout]   19:     0x75a267e8ddfa - <unknown>
[INFO] [stdout]   20:     0x75a267f213d4 - clone
[INFO] [stdout]   21:                0x0 - <unknown>
[INFO] [stdout] 
[INFO] [stdout] 
[INFO] [stdout] failures:
[INFO] [stdout]     test_index_oobo_cli_no_panic
[INFO] [stdout] 
[INFO] [stdout] test result: FAILED. 2 passed; 1 failed; 0 ignored; 0 measured; 0 filtered out; finished in 0.05s
[INFO] [stdout] 
[INFO] [stderr] error: test failed, to rerun pass `--test integration_index`
[INFO] running `Command { std: "docker" "inspect" "8ae8202ec83417329e2be9f57105e64c30d9ea63deecd7d4cfe05051df714ab8", kill_on_drop: false }`
[INFO] running `Command { std: "docker" "rm" "-f" "8ae8202ec83417329e2be9f57105e64c30d9ea63deecd7d4cfe05051df714ab8", kill_on_drop: false }`
[INFO] [stdout] 8ae8202ec83417329e2be9f57105e64c30d9ea63deecd7d4cfe05051df714ab8
