[INFO] fetching crate somni-expr 0.3.2...
[INFO] testing somni-expr-0.3.2 against 1.99.0-beta.8+cargoflags=--release for beta-release-1.100-2
[INFO] extracting crate somni-expr 0.3.2 into /workspace/builds/worker-2-tc1/source
[INFO] started tweaking crates.io crate somni-expr 0.3.2
[INFO] finished tweaking crates.io crate somni-expr 0.3.2
[INFO] tweaked toml for crates.io crate somni-expr 0.3.2 written to /workspace/builds/worker-2-tc1/source/Cargo.toml
[INFO] validating manifest of crates.io crate somni-expr 0.3.2 on toolchain 1.99.0-beta.8
[INFO] running `Command { std: CARGO_HOME="/workspace/cargo-home" RUSTUP_HOME="/workspace/rustup-home" "/workspace/cargo-home/bin/cargo" "+1.99.0-beta.8" "metadata" "--manifest-path" "Cargo.toml" "--no-deps", kill_on_drop: false }`
[INFO] crate crates.io crate somni-expr 0.3.2 already has a lockfile, it will not be regenerated
[INFO] running `Command { std: CARGO_HOME="/workspace/cargo-home" RUSTUP_HOME="/workspace/rustup-home" "/workspace/cargo-home/bin/cargo" "+1.99.0-beta.8" "fetch" "--manifest-path" "Cargo.toml", kill_on_drop: false }`
[INFO] [stderr]     Updating crates.io index
[INFO] [stderr]  Downloading crates ...
[INFO] [stderr]   Downloaded somni-parser v0.3.1
[INFO] [stderr]   Downloaded ansi-parser v0.9.1
[INFO] running `Command { std: "docker" "create" "-v" "/var/lib/crater-agent-workspace/builds/worker-2-tc1/source:/opt/rustwide/workdir:ro,Z" "-v" "/var/lib/crater-agent-workspace/builds/worker-2-tc1/target:/opt/rustwide/target:rw,Z" "-v" "/var/lib/crater-agent-workspace/cargo-home:/opt/rustwide/cargo-home:ro,Z" "-v" "/var/lib/crater-agent-workspace/rustup-home:/opt/rustwide/rustup-home:ro,Z" "-m" "1610612736" "--network" "none" "ghcr.io/rust-lang/crates-build-env/linux@sha256:77db811e55d90add9212f6832c23229e3de5f1c1f9905e8cb07319ea15df73ac" "sleep" "infinity", kill_on_drop: false }`
[INFO] [stdout] e5d6ffb3d8fd70b521a870ff1a204facc9ae6c4be501d6cada29e4d0f17cb683
[INFO] running `Command { std: "docker" "start" "e5d6ffb3d8fd70b521a870ff1a204facc9ae6c4be501d6cada29e4d0f17cb683", kill_on_drop: false }`
[INFO] running `Command { std: "docker" "inspect" "e5d6ffb3d8fd70b521a870ff1a204facc9ae6c4be501d6cada29e4d0f17cb683", kill_on_drop: false }`
[INFO] running `Command { std: "docker" "exec" "-e" "SOURCE_DIR=/opt/rustwide/workdir" "-e" "CARGO_HOME=/opt/rustwide/cargo-home" "-e" "RUSTUP_HOME=/opt/rustwide/rustup-home" "-e" "CARGO_TARGET_DIR=/opt/rustwide/target" "-w" "/opt/rustwide/workdir" "--user" "0:0" "e5d6ffb3d8fd70b521a870ff1a204facc9ae6c4be501d6cada29e4d0f17cb683" "/opt/rustwide/cargo-home/bin/cargo" "+1.99.0-beta.8" "metadata" "--no-deps" "--format-version=1", kill_on_drop: false }`
[INFO] running `Command { std: "docker" "inspect" "e5d6ffb3d8fd70b521a870ff1a204facc9ae6c4be501d6cada29e4d0f17cb683", kill_on_drop: false }`
[INFO] running `Command { std: "docker" "exec" "-e" "SOURCE_DIR=/opt/rustwide/workdir" "-e" "CARGO_HOME=/opt/rustwide/cargo-home" "-e" "RUSTUP_HOME=/opt/rustwide/rustup-home" "-e" "CARGO_TARGET_DIR=/opt/rustwide/target" "-e" "CARGO_INCREMENTAL=0" "-e" "RUST_BACKTRACE=full" "-e" "RUSTFLAGS=--cap-lints=warn" "-e" "RUSTDOCFLAGS=--cap-lints=warn" "-w" "/opt/rustwide/workdir" "--user" "0:0" "e5d6ffb3d8fd70b521a870ff1a204facc9ae6c4be501d6cada29e4d0f17cb683" "/opt/rustwide/cargo-home/bin/cargo" "+1.99.0-beta.8" "build" "--frozen" "--message-format=json" "--release", kill_on_drop: false }`
[INFO] [stderr]    Compiling hashbrown v0.16.0
[INFO] [stderr]    Compiling somni-parser v0.3.1
[INFO] [stderr]    Compiling indexmap v2.12.0
[INFO] [stderr]    Compiling somni-expr v0.3.2 (/opt/rustwide/workdir)
[INFO] [stderr]     Finished `release` profile [optimized] target(s) in 4.35s
[INFO] running `Command { std: "docker" "inspect" "e5d6ffb3d8fd70b521a870ff1a204facc9ae6c4be501d6cada29e4d0f17cb683", kill_on_drop: false }`
[INFO] running `Command { std: "docker" "exec" "-e" "SOURCE_DIR=/opt/rustwide/workdir" "-e" "CARGO_HOME=/opt/rustwide/cargo-home" "-e" "RUSTUP_HOME=/opt/rustwide/rustup-home" "-e" "CARGO_TARGET_DIR=/opt/rustwide/target" "-e" "CARGO_INCREMENTAL=0" "-e" "RUST_BACKTRACE=full" "-e" "RUSTFLAGS=--cap-lints=warn" "-e" "RUSTDOCFLAGS=--cap-lints=warn" "-w" "/opt/rustwide/workdir" "--user" "0:0" "e5d6ffb3d8fd70b521a870ff1a204facc9ae6c4be501d6cada29e4d0f17cb683" "/opt/rustwide/cargo-home/bin/cargo" "+1.99.0-beta.8" "test" "--frozen" "--no-run" "--message-format=json" "--release", kill_on_drop: false }`
[INFO] [stderr]    Compiling nom v7.1.3
[INFO] [stderr]    Compiling ansi-parser v0.9.1
[INFO] [stderr]    Compiling somni-expr v0.3.2 (/opt/rustwide/workdir)
[INFO] [stderr]     Finished `release` profile [optimized] target(s) in 10.91s
[INFO] running `Command { std: "docker" "inspect" "e5d6ffb3d8fd70b521a870ff1a204facc9ae6c4be501d6cada29e4d0f17cb683", kill_on_drop: false }`
[INFO] running `Command { std: "docker" "exec" "-e" "SOURCE_DIR=/opt/rustwide/workdir" "-e" "CARGO_HOME=/opt/rustwide/cargo-home" "-e" "RUSTUP_HOME=/opt/rustwide/rustup-home" "-e" "CARGO_TARGET_DIR=/opt/rustwide/target" "-e" "CARGO_INCREMENTAL=0" "-e" "RUST_BACKTRACE=full" "-e" "RUSTFLAGS=--cap-lints=warn" "-e" "RUSTDOCFLAGS=--cap-lints=warn" "-w" "/opt/rustwide/workdir" "--user" "0:0" "e5d6ffb3d8fd70b521a870ff1a204facc9ae6c4be501d6cada29e4d0f17cb683" "/opt/rustwide/cargo-home/bin/cargo" "+1.99.0-beta.8" "test" "--frozen" "--release", kill_on_drop: false }`
[INFO] [stderr]     Finished `release` profile [optimized] target(s) in 0.02s
[INFO] [stderr]      Running unittests src/lib.rs (/opt/rustwide/target/release/deps/somni_expr-c5217d0843e61f0f)
[INFO] [stdout] 
[INFO] [stdout] running 17 tests
[INFO] [stdout] test error::tests::test_source_location ... ok
[INFO] [stdout] test test::closing_scope_releases_its_variables ... ok
[INFO] [stdout] test test::test_struct_field_write ... ok
[INFO] [stdout] test test::test_evaluating_exprs ... ok
[INFO] [stdout] test test::test_evaluate_function ... ok
[INFO] [stdout] test test::test_evaluating_exprs_with_u128 ... ok
[INFO] [stdout] test test::run_eval_tests ... FAILED
[INFO] [stdout] test test::test_unknown_struct_is_error ... ok
[INFO] [stdout] test test::test_evaluating_exprs_with_u32 ... ok
[INFO] [stdout] test test::test_context_is_mutable ... ok
[INFO] [stdout] test test::test_struct_equality ... ok
[INFO] [stdout] test test::test_eval_error ... ok
[INFO] [stdout] test test::test_struct_literals_and_field_access ... ok
[INFO] [stdout] test test::test_struct_boundary_and_macro ... ok
[INFO] [stdout] test test::test_nested_struct ... ok
[INFO] [stdout] test test::test_struct_pass_by_reference_and_autoderef ... ok
[INFO] [stdout] test test::test_reference_to_field ... ok
[INFO] [stdout] 
[INFO] [stdout] failures:
[INFO] [stdout] 
[INFO] [stdout] ---- test::run_eval_tests stdout ----
[INFO] [stdout] 
[INFO] [stdout] thread 'test::run_eval_tests' (244) panicked at src/lib.rs:1346:37:
[INFO] [stdout] Folder not found: ../tests/eval
[INFO] [stdout] stack backtrace:
[INFO] [stdout]    0:     0x5bf4857c3e11 - <<std[70759c8f55707aa4]::sys::backtrace::BacktraceLock>::print::DisplayBacktrace as core[df12db4294e9bfd3]::fmt::Display>::fmt
[INFO] [stdout]    1:     0x5bf4857d9a2a - core[df12db4294e9bfd3]::fmt::write
[INFO] [stdout]    2:     0x5bf4857c859c - <alloc[2182bb758b4b3781]::vec::Vec<u8> as core[df12db4294e9bfd3]::io::write::Write>::write_fmt
[INFO] [stdout]    3:     0x5bf48579f646 - std[70759c8f55707aa4]::panicking::default_hook::{closure#0}
[INFO] [stdout]    4:     0x5bf4857bbd69 - std[70759c8f55707aa4]::panicking::default_hook
[INFO] [stdout]    5:     0x5bf4857519e0 - test[9d35eded1c95d3be]::test_main_inner::<test[9d35eded1c95d3be]::test_main_static::{closure#0}>::{closure#0}
[INFO] [stdout]    6:     0x5bf4857bbf22 - std[70759c8f55707aa4]::panicking::panic_with_hook
[INFO] [stdout]    7:     0x5bf48579f6f2 - std[70759c8f55707aa4]::panicking::panic_handler::{closure#0}
[INFO] [stdout]    8:     0x5bf485798249 - std[70759c8f55707aa4]::sys::backtrace::__rust_end_short_backtrace::<std[70759c8f55707aa4]::panicking::panic_handler::{closure#0}, !>
[INFO] [stdout]    9:     0x5bf4857a02ed - __rustc[8fa7c3cbc660c2b3]::rust_begin_unwind
[INFO] [stdout]   10:     0x5bf4857da1cc - core[df12db4294e9bfd3]::panicking::panic_fmt
[INFO] [stdout]   11:     0x5bf48572b8ae - somni_expr[d5a6cdb6fd9067ca]::test::run_eval_tests::walk::<somni_expr[d5a6cdb6fd9067ca]::test::run_eval_tests::{closure#0}>::{closure#0}
[INFO] [stdout]   12:     0x5bf48572b7b4 - somni_expr[d5a6cdb6fd9067ca]::test::run_eval_tests::walk::<somni_expr[d5a6cdb6fd9067ca]::test::run_eval_tests::{closure#0}>
[INFO] [stdout]   13:     0x5bf48570fbf5 - <somni_expr[d5a6cdb6fd9067ca]::test::run_eval_tests::{closure#0} as core[df12db4294e9bfd3]::ops::function::FnOnce<()>>::call_once
[INFO] [stdout]   14:     0x5bf485744ccb - test[9d35eded1c95d3be]::__rust_begin_short_backtrace::<core[df12db4294e9bfd3]::result::Result<(), alloc[2182bb758b4b3781]::string::String>, fn() -> core[df12db4294e9bfd3]::result::Result<(), alloc[2182bb758b4b3781]::string::String>>
[INFO] [stdout]   15:     0x5bf485752335 - test[9d35eded1c95d3be]::run_test::{closure#0}
[INFO] [stdout]   16:     0x5bf48574bbf4 - std[70759c8f55707aa4]::sys::backtrace::__rust_begin_short_backtrace::<test[9d35eded1c95d3be]::run_test::{closure#1}, ()>
[INFO] [stdout]   17:     0x5bf485755492 - <std[70759c8f55707aa4]::thread::lifecycle::spawn_unchecked<test[9d35eded1c95d3be]::run_test::{closure#1}, ()>::{closure#1} as core[df12db4294e9bfd3]::ops::function::FnOnce<()>>::call_once::{shim:vtable#0}
[INFO] [stdout]   18:     0x5bf4857c3189 - <std[70759c8f55707aa4]::sys::thread::unix::Thread>::new::thread_start
[INFO] [stdout]   19:     0x73f1475d1dfa - <unknown>
[INFO] [stdout]   20:     0x73f1476653d4 - clone
[INFO] [stdout]   21:                0x0 - <unknown>
[INFO] [stdout] 
[INFO] [stdout] 
[INFO] [stdout] failures:
[INFO] [stdout]     test::run_eval_tests
[INFO] [stdout] 
[INFO] [stdout] test result: FAILED. 16 passed; 1 failed; 0 ignored; 0 measured; 0 filtered out; finished in 0.01s
[INFO] [stdout] 
[INFO] [stderr] error: test failed, to rerun pass `--lib`
[INFO] running `Command { std: "docker" "inspect" "e5d6ffb3d8fd70b521a870ff1a204facc9ae6c4be501d6cada29e4d0f17cb683", kill_on_drop: false }`
[INFO] running `Command { std: "docker" "rm" "-f" "e5d6ffb3d8fd70b521a870ff1a204facc9ae6c4be501d6cada29e4d0f17cb683", kill_on_drop: false }`
[INFO] [stdout] e5d6ffb3d8fd70b521a870ff1a204facc9ae6c4be501d6cada29e4d0f17cb683
