[INFO] fetching crate somfy-sdk 0.2.2...
[INFO] testing somfy-sdk-0.2.2 against 1.100.0-beta.1+cargoflags=--release for beta-release-1.100-2
[INFO] extracting crate somfy-sdk 0.2.2 into /workspace/builds/worker-7-tc2/source
[INFO] started tweaking crates.io crate somfy-sdk 0.2.2
[INFO] removed 0 missing examples
[INFO] finished tweaking crates.io crate somfy-sdk 0.2.2
[INFO] tweaked toml for crates.io crate somfy-sdk 0.2.2 written to /workspace/builds/worker-7-tc2/source/Cargo.toml
[INFO] validating manifest of crates.io crate somfy-sdk 0.2.2 on toolchain 1.100.0-beta.1
[INFO] running `Command { std: CARGO_HOME="/workspace/cargo-home" RUSTUP_HOME="/workspace/rustup-home" "/workspace/cargo-home/bin/cargo" "+1.100.0-beta.1" "metadata" "--manifest-path" "Cargo.toml" "--no-deps", kill_on_drop: false }`
[INFO] crate crates.io crate somfy-sdk 0.2.2 already has a lockfile, it will not be regenerated
[INFO] running `Command { std: CARGO_HOME="/workspace/cargo-home" RUSTUP_HOME="/workspace/rustup-home" "/workspace/cargo-home/bin/cargo" "+1.100.0-beta.1" "fetch" "--manifest-path" "Cargo.toml", kill_on_drop: false }`
[INFO] [stderr] warning: `package.homepage` is redundant with `package.repository`
[INFO] [stderr]   --> Cargo.toml:68:12
[INFO] [stderr]    |
[INFO] [stderr] 68 | homepage = "https://github.com/markusz/somfy-sdk"
[INFO] [stderr]    |            ^^^^^^^^^^^^^^^^^^^^^^^^^^^^^^^^^^^^^^
[INFO] [stderr] ...
[INFO] [stderr] 73 | repository = "https://github.com/markusz/somfy-sdk"
[INFO] [stderr]    |              --------------------------------------
[INFO] [stderr]    |
[INFO] [stderr]    = note: `cargo::redundant_homepage` is set to `warn` by default
[INFO] [stderr] help: consider removing `package.homepage`
[INFO] [stderr] warning: `somfy-sdk` (manifest) generated 1 warning
[INFO] running `Command { std: "docker" "create" "-v" "/var/lib/crater-agent-workspace/builds/worker-7-tc2/source:/opt/rustwide/workdir:ro,Z" "-v" "/var/lib/crater-agent-workspace/builds/worker-7-tc2/target:/opt/rustwide/target:rw,Z" "-v" "/var/lib/crater-agent-workspace/cargo-home:/opt/rustwide/cargo-home:ro,Z" "-v" "/var/lib/crater-agent-workspace/rustup-home:/opt/rustwide/rustup-home:ro,Z" "-m" "1610612736" "--network" "none" "ghcr.io/rust-lang/crates-build-env/linux@sha256:77db811e55d90add9212f6832c23229e3de5f1c1f9905e8cb07319ea15df73ac" "sleep" "infinity", kill_on_drop: false }`
[INFO] [stdout] 6ef932e3b85d753948b89428fe81c691e7c3ac7c24f1a28a2bcc3dfae60b24ec
[INFO] running `Command { std: "docker" "start" "6ef932e3b85d753948b89428fe81c691e7c3ac7c24f1a28a2bcc3dfae60b24ec", kill_on_drop: false }`
[INFO] running `Command { std: "docker" "inspect" "6ef932e3b85d753948b89428fe81c691e7c3ac7c24f1a28a2bcc3dfae60b24ec", kill_on_drop: false }`
[INFO] running `Command { std: "docker" "exec" "-e" "SOURCE_DIR=/opt/rustwide/workdir" "-e" "CARGO_HOME=/opt/rustwide/cargo-home" "-e" "RUSTUP_HOME=/opt/rustwide/rustup-home" "-e" "CARGO_TARGET_DIR=/opt/rustwide/target" "-w" "/opt/rustwide/workdir" "--user" "0:0" "6ef932e3b85d753948b89428fe81c691e7c3ac7c24f1a28a2bcc3dfae60b24ec" "/opt/rustwide/cargo-home/bin/cargo" "+1.100.0-beta.1" "metadata" "--no-deps" "--format-version=1", kill_on_drop: false }`
[INFO] running `Command { std: "docker" "inspect" "6ef932e3b85d753948b89428fe81c691e7c3ac7c24f1a28a2bcc3dfae60b24ec", kill_on_drop: false }`
[INFO] running `Command { std: "docker" "exec" "-e" "SOURCE_DIR=/opt/rustwide/workdir" "-e" "CARGO_HOME=/opt/rustwide/cargo-home" "-e" "RUSTUP_HOME=/opt/rustwide/rustup-home" "-e" "CARGO_TARGET_DIR=/opt/rustwide/target" "-e" "CARGO_INCREMENTAL=0" "-e" "RUST_BACKTRACE=full" "-e" "RUSTFLAGS=--cap-lints=warn" "-e" "RUSTDOCFLAGS=--cap-lints=warn" "-w" "/opt/rustwide/workdir" "--user" "0:0" "6ef932e3b85d753948b89428fe81c691e7c3ac7c24f1a28a2bcc3dfae60b24ec" "/opt/rustwide/cargo-home/bin/cargo" "+1.100.0-beta.1" "build" "--frozen" "--message-format=json" "--release", kill_on_drop: false }`
[INFO] [stderr] warning: `package.homepage` is redundant with `package.repository`
[INFO] [stderr]   --> Cargo.toml:68:12
[INFO] [stderr]    |
[INFO] [stderr] 68 | homepage = "https://github.com/markusz/somfy-sdk"
[INFO] [stderr]    |            ^^^^^^^^^^^^^^^^^^^^^^^^^^^^^^^^^^^^^^
[INFO] [stderr] ...
[INFO] [stderr] 73 | repository = "https://github.com/markusz/somfy-sdk"
[INFO] [stderr]    |              --------------------------------------
[INFO] [stderr]    |
[INFO] [stderr]    = note: `cargo::redundant_homepage` is set to `warn` by default
[INFO] [stderr] help: consider removing `package.homepage`
[INFO] [stderr] warning: `somfy-sdk` (manifest) generated 1 warning
[INFO] [stderr]    Compiling unicode-ident v1.0.18
[INFO] [stderr]    Compiling libc v0.2.175
[INFO] [stderr]    Compiling stable_deref_trait v1.2.0
[INFO] [stderr]    Compiling bytes v1.10.1
[INFO] [stderr]    Compiling itoa v1.0.15
[INFO] [stderr]    Compiling futures-core v0.3.31
[INFO] [stderr]    Compiling writeable v0.6.1
[INFO] [stderr]    Compiling smallvec v1.15.1
[INFO] [stderr]    Compiling litemap v0.8.0
[INFO] [stderr]    Compiling zeroize v1.8.1
[INFO] [stderr]    Compiling cfg-if v1.0.1
[INFO] [stderr]    Compiling futures-task v0.3.31
[INFO] [stderr]    Compiling cc v1.2.33
[INFO] [stderr]    Compiling icu_normalizer_data v2.0.0
[INFO] [stderr]    Compiling icu_properties_data v2.0.1
[INFO] [stderr]    Compiling httparse v1.10.1
[INFO] [stderr]    Compiling percent-encoding v2.3.1
[INFO] [stderr]    Compiling serde v1.0.219
[INFO] [stderr]    Compiling proc-macro2 v1.0.101
[INFO] [stderr]    Compiling futures-util v0.3.31
[INFO] [stderr]    Compiling tower-service v0.3.3
[INFO] [stderr]    Compiling try-lock v0.2.5
[INFO] [stderr]    Compiling rustls v0.23.31
[INFO] [stderr]    Compiling rustls-pki-types v1.12.0
[INFO] [stderr]    Compiling want v0.3.1
[INFO] [stderr]    Compiling futures-channel v0.3.31
[INFO] [stderr]    Compiling tracing-core v0.1.34
[INFO] [stderr]    Compiling form_urlencoded v1.2.1
[INFO] [stderr]    Compiling sync_wrapper v1.0.2
[INFO] [stderr]    Compiling utf8_iter v1.0.4
[INFO] [stderr]    Compiling tower-layer v0.3.3
[INFO] [stderr]    Compiling ryu v1.0.20
[INFO] [stderr]    Compiling ipnet v2.11.0
[INFO] [stderr]    Compiling serde_json v1.0.142
[INFO] [stderr]    Compiling thiserror v2.0.15
[INFO] [stderr]    Compiling anyhow v1.0.99
[INFO] [stderr]    Compiling iri-string v0.7.8
[INFO] [stderr]    Compiling bitflags v2.9.2
[INFO] [stderr]    Compiling rustls-native-certs v0.8.1
[INFO] [stderr]    Compiling memchr v2.7.5
[INFO] [stderr]    Compiling log v0.4.27
[INFO] [stderr]    Compiling tracing v0.1.41
[INFO] [stderr]    Compiling quote v1.0.40
[INFO] [stderr]    Compiling http v1.3.1
[INFO] [stderr]    Compiling syn v2.0.106
[INFO] [stderr]    Compiling socket2 v0.6.0
[INFO] [stderr]    Compiling mio v1.0.4
[INFO] [stderr]    Compiling getrandom v0.2.16
[INFO] [stderr]    Compiling dirs-sys v0.5.0
[INFO] [stderr]    Compiling ring v0.17.14
[INFO] [stderr]    Compiling dirs v6.0.0
[INFO] [stderr]    Compiling http-body v1.0.1
[INFO] [stderr]    Compiling http-body-util v0.1.3
[INFO] [stderr]    Compiling synstructure v0.13.2
[INFO] [stderr]    Compiling zerofrom-derive v0.1.6
[INFO] [stderr]    Compiling yoke-derive v0.8.0
[INFO] [stderr]    Compiling zerovec-derive v0.11.1
[INFO] [stderr]    Compiling displaydoc v0.2.5
[INFO] [stderr]    Compiling tokio-macros v2.5.0
[INFO] [stderr]    Compiling serde_derive v1.0.219
[INFO] [stderr]    Compiling thiserror-impl v2.0.15
[INFO] [stderr]    Compiling tokio v1.47.1
[INFO] [stderr]    Compiling zerofrom v0.1.6
[INFO] [stderr]    Compiling yoke v0.8.0
[INFO] [stderr]    Compiling zerovec v0.11.4
[INFO] [stderr]    Compiling zerotrie v0.2.2
[INFO] [stderr]    Compiling tinystr v0.8.1
[INFO] [stderr]    Compiling potential_utf v0.1.2
[INFO] [stderr]    Compiling icu_collections v2.0.0
[INFO] [stderr]    Compiling icu_locale_core v2.0.0
[INFO] [stderr]    Compiling icu_provider v2.0.0
[INFO] [stderr]    Compiling icu_properties v2.0.1
[INFO] [stderr]    Compiling icu_normalizer v2.0.0
[INFO] [stderr]    Compiling idna_adapter v1.2.1
[INFO] [stderr]    Compiling idna v1.0.3
[INFO] [stderr]    Compiling url v2.5.4
[INFO] [stderr]    Compiling hyper v1.6.0
[INFO] [stderr]    Compiling tower v0.5.2
[INFO] [stderr]    Compiling serde_urlencoded v0.7.1
[INFO] [stderr]    Compiling tower-http v0.6.6
[INFO] [stderr]    Compiling hyper-util v0.1.16
[INFO] [stderr]    Compiling rustls-webpki v0.103.4
[INFO] [stderr]    Compiling tokio-rustls v0.26.2
[INFO] [stderr]    Compiling hyper-rustls v0.27.7
[INFO] [stderr]    Compiling reqwest v0.12.23
[INFO] [stderr]    Compiling somfy-sdk v0.2.2 (/opt/rustwide/workdir)
[INFO] [stderr]     Finished `release` profile [optimized] target(s) in 1m 21s
[INFO] running `Command { std: "docker" "inspect" "6ef932e3b85d753948b89428fe81c691e7c3ac7c24f1a28a2bcc3dfae60b24ec", kill_on_drop: false }`
[INFO] running `Command { std: "docker" "exec" "-e" "SOURCE_DIR=/opt/rustwide/workdir" "-e" "CARGO_HOME=/opt/rustwide/cargo-home" "-e" "RUSTUP_HOME=/opt/rustwide/rustup-home" "-e" "CARGO_TARGET_DIR=/opt/rustwide/target" "-e" "CARGO_INCREMENTAL=0" "-e" "RUST_BACKTRACE=full" "-e" "RUSTFLAGS=--cap-lints=warn" "-e" "RUSTDOCFLAGS=--cap-lints=warn" "-w" "/opt/rustwide/workdir" "--user" "0:0" "6ef932e3b85d753948b89428fe81c691e7c3ac7c24f1a28a2bcc3dfae60b24ec" "/opt/rustwide/cargo-home/bin/cargo" "+1.100.0-beta.1" "test" "--frozen" "--no-run" "--message-format=json" "--release", kill_on_drop: false }`
[INFO] [stderr] warning: `package.homepage` is redundant with `package.repository`
[INFO] [stderr]   --> Cargo.toml:68:12
[INFO] [stderr]    |
[INFO] [stderr] 68 | homepage = "https://github.com/markusz/somfy-sdk"
[INFO] [stderr]    |            ^^^^^^^^^^^^^^^^^^^^^^^^^^^^^^^^^^^^^^
[INFO] [stderr] ...
[INFO] [stderr] 73 | repository = "https://github.com/markusz/somfy-sdk"
[INFO] [stderr]    |              --------------------------------------
[INFO] [stderr]    |
[INFO] [stderr]    = note: `cargo::redundant_homepage` is set to `warn` by default
[INFO] [stderr] help: consider removing `package.homepage`
[INFO] [stderr] warning: `somfy-sdk` (manifest) generated 1 warning
[INFO] [stderr]    Compiling slab v0.4.11
[INFO] [stderr]    Compiling futures-task v0.3.31
[INFO] [stderr]    Compiling semver v1.0.26
[INFO] [stderr]    Compiling syn v2.0.106
[INFO] [stderr]    Compiling memchr v2.7.5
[INFO] [stderr]    Compiling hashbrown v0.15.5
[INFO] [stderr]    Compiling regex-syntax v0.8.5
[INFO] [stderr]    Compiling winnow v0.7.12
[INFO] [stderr]    Compiling glob v0.3.3
[INFO] [stderr]    Compiling cfg-if v1.0.1
[INFO] [stderr]    Compiling relative-path v1.9.3
[INFO] [stderr]    Compiling futures-timer v3.0.3
[INFO] [stderr]    Compiling rustc_version v0.4.1
[INFO] [stderr]    Compiling rstest_macros v0.26.1
[INFO] [stderr]    Compiling aho-corasick v1.1.3
[INFO] [stderr]    Compiling indexmap v2.10.0
[INFO] [stderr]    Compiling regex-automata v0.4.9
[INFO] [stderr]    Compiling toml_edit v0.22.27
[INFO] [stderr]    Compiling proc-macro-crate v3.3.0
[INFO] [stderr]    Compiling regex v1.11.1
[INFO] [stderr]    Compiling synstructure v0.13.2
[INFO] [stderr]    Compiling zerofrom-derive v0.1.6
[INFO] [stderr]    Compiling yoke-derive v0.8.0
[INFO] [stderr]    Compiling zerovec-derive v0.11.1
[INFO] [stderr]    Compiling displaydoc v0.2.5
[INFO] [stderr]    Compiling futures-macro v0.3.31
[INFO] [stderr]    Compiling tokio-macros v2.5.0
[INFO] [stderr]    Compiling serde_derive v1.0.219
[INFO] [stderr]    Compiling thiserror-impl v2.0.15
[INFO] [stderr]    Compiling tokio v1.47.1
[INFO] [stderr]    Compiling futures-util v0.3.31
[INFO] [stderr]    Compiling zerofrom v0.1.6
[INFO] [stderr]    Compiling yoke v0.8.0
[INFO] [stderr]    Compiling zerovec v0.11.4
[INFO] [stderr]    Compiling zerotrie v0.2.2
[INFO] [stderr]    Compiling thiserror v2.0.15
[INFO] [stderr]    Compiling tinystr v0.8.1
[INFO] [stderr]    Compiling potential_utf v0.1.2
[INFO] [stderr]    Compiling icu_collections v2.0.0
[INFO] [stderr]    Compiling icu_locale_core v2.0.0
[INFO] [stderr]    Compiling serde v1.0.219
[INFO] [stderr]    Compiling icu_provider v2.0.0
[INFO] [stderr]    Compiling rstest v0.26.1
[INFO] [stderr]    Compiling icu_normalizer v2.0.0
[INFO] [stderr]    Compiling icu_properties v2.0.1
[INFO] [stderr]    Compiling idna_adapter v1.2.1
[INFO] [stderr]    Compiling idna v1.0.3
[INFO] [stderr]    Compiling url v2.5.4
[INFO] [stderr]    Compiling hyper v1.6.0
[INFO] [stderr]    Compiling tower v0.5.2
[INFO] [stderr]    Compiling tokio-rustls v0.26.2
[INFO] [stderr]    Compiling serde_json v1.0.142
[INFO] [stderr]    Compiling serde_urlencoded v0.7.1
[INFO] [stderr]    Compiling tower-http v0.6.6
[INFO] [stderr]    Compiling hyper-util v0.1.16
[INFO] [stderr]    Compiling hyper-rustls v0.27.7
[INFO] [stderr]    Compiling reqwest v0.12.23
[INFO] [stderr]    Compiling somfy-sdk v0.2.2 (/opt/rustwide/workdir)
[INFO] [stderr]     Finished `release` profile [optimized] target(s) in 1m 08s
[INFO] running `Command { std: "docker" "inspect" "6ef932e3b85d753948b89428fe81c691e7c3ac7c24f1a28a2bcc3dfae60b24ec", kill_on_drop: false }`
[INFO] running `Command { std: "docker" "exec" "-e" "SOURCE_DIR=/opt/rustwide/workdir" "-e" "CARGO_HOME=/opt/rustwide/cargo-home" "-e" "RUSTUP_HOME=/opt/rustwide/rustup-home" "-e" "CARGO_TARGET_DIR=/opt/rustwide/target" "-e" "CARGO_INCREMENTAL=0" "-e" "RUST_BACKTRACE=full" "-e" "RUSTFLAGS=--cap-lints=warn" "-e" "RUSTDOCFLAGS=--cap-lints=warn" "-w" "/opt/rustwide/workdir" "--user" "0:0" "6ef932e3b85d753948b89428fe81c691e7c3ac7c24f1a28a2bcc3dfae60b24ec" "/opt/rustwide/cargo-home/bin/cargo" "+1.100.0-beta.1" "test" "--frozen" "--release", kill_on_drop: false }`
[INFO] [stderr] warning: `package.homepage` is redundant with `package.repository`
[INFO] [stderr]   --> Cargo.toml:68:12
[INFO] [stderr]    |
[INFO] [stderr] 68 | homepage = "https://github.com/markusz/somfy-sdk"
[INFO] [stderr]    |            ^^^^^^^^^^^^^^^^^^^^^^^^^^^^^^^^^^^^^^
[INFO] [stderr] ...
[INFO] [stderr] 73 | repository = "https://github.com/markusz/somfy-sdk"
[INFO] [stderr]    |              --------------------------------------
[INFO] [stderr]    |
[INFO] [stderr]    = note: `cargo::redundant_homepage` is set to `warn` by default
[INFO] [stderr] help: consider removing `package.homepage`
[INFO] [stderr] warning: `somfy-sdk` (manifest) generated 1 warning
[INFO] [stderr]     Finished `release` profile [optimized] target(s) in 0.30s
[INFO] [stderr]      Running unittests src/lib.rs (/opt/rustwide/target/release/build/somfy-sdk/d5e346b6d0dbb783/out/somfy_sdk-d5e346b6d0dbb783)
[INFO] [stdout] 
[INFO] [stdout] running 75 tests
[INFO] [stdout] test commands::fetch_events::generates_correct_request_path ... ok
[INFO] [stdout] test commands::fetch_events::parse_valid_body_correctly ... ok
[INFO] [stdout] test commands::cancel_execution::errs_for_invalid_body ... ok
[INFO] [stdout] test commands::cancel_execution::parse_valid_body_correctly ... ok
[INFO] [stdout] test commands::cancel_execution::url_encoding_works_correctly ... ok
[INFO] [stdout] test commands::fetch_events::errs_for_invalid_body ... ok
[INFO] [stdout] test commands::execute_action_group::tests::parse_valid_body_correctly ... ok
[INFO] [stdout] test commands::cancel_all_executions::errs_for_invalid_body ... ok
[INFO] [stdout] test commands::cancel_execution::generates_correct_request_path ... ok
[INFO] [stdout] test commands::fetch_events::url_encoding_works_correctly ... ok
[INFO] [stdout] test commands::get_current_executions::errs_for_invalid_body ... ok
[INFO] [stdout] test commands::get_current_executions::parse_valid_body_correctly ... ok
[INFO] [stdout] test commands::get_current_executions::parse_empty_array_correctly ... ok
[INFO] [stdout] test commands::get_device_state::errs_for_invalid_body ... ok
[INFO] [stdout] test commands::get_device::device_json_parser::attributes::parse_valid_procedure_array_correctly ... FAILED
[INFO] [stdout] test commands::get_device_state::parse_valid_body_correctly ... ok
[INFO] [stdout] test commands::get_current_executions::generates_correct_request_path ... ok
[INFO] [stdout] test commands::get_device::device_json_parser::attributes::parse_valid_str_array_correctly ... FAILED
[INFO] [stdout] test commands::cancel_all_executions::generates_correct_request_path ... ok
[INFO] [stdout] test commands::get_device::device_json_parser::states::parse_valid_i64_value_correctly ... FAILED
[INFO] [stdout] test commands::get_device_states::errs_for_invalid_body ... ok
[INFO] [stdout] test commands::get_device_states::parse_valid_body_correctly ... ok
[INFO] [stdout] test commands::get_device_state::url_encoding_works_correctly ... ok
[INFO] [stdout] test commands::get_device::tests::test_to_request ... ok
[INFO] [stdout] test commands::get_device::device_json_parser::attributes::parse_valid_string_correctly ... FAILED
[INFO] [stdout] test commands::get_device::device_json_parser::states::parse_valid_bool_value_correctly ... FAILED
[INFO] [stdout] test commands::get_device::device_json_parser::valid_minimal_device_json ... FAILED
[INFO] [stdout] test commands::get_device::device_json_parser::states::parse_valid_str_value_correctly ... FAILED
[INFO] [stdout] test commands::get_execution::handle_undocumented_empty_array_correctly ... ok
[INFO] [stdout] test commands::get_execution::handle_undocumented_null_correctly ... ok
[INFO] [stdout] test commands::get_execution::parse_valid_body_correctly ... ok
[INFO] [stdout] test commands::get_execution::url_encoding_works_correctly ... ok
[INFO] [stdout] test commands::get_setup::parse_valid_body_correctly ... ok
[INFO] [stdout] test commands::get_setup::tests::test_to_request ... ok
[INFO] [stdout] test commands::get_execution::generates_correct_request_path ... ok
[INFO] [stdout] test commands::get_device::device_json_parser::states::parse_valid_map_value_correctly ... FAILED
[INFO] [stdout] test commands::get_setup_gateways::tests::test_to_request ... ok
[INFO] [stdout] test commands::get_setup_gateways::errs_for_invalid_body ... ok
[INFO] [stdout] test commands::get_setup_gateways::parse_valid_body_correctly ... ok
[INFO] [stdout] test commands::get_devices_by_controllable::errs_for_invalid_body ... ok
[INFO] [stdout] test commands::get_version::tests::errs_for_invalid_body ... ok
[INFO] [stdout] test commands::get_devices_by_controllable::parse_valid_body_correctly ... ok
[INFO] [stdout] test commands::get_devices_by_controllable::url_encoding_works_correctly ... ok
[INFO] [stdout] test commands::get_version::tests::parse_valid_body_correctly ... ok
[INFO] [stdout] test commands::traits::tests::test_default_post_headers ... ok
[INFO] [stdout] test commands::traits::tests::test_http_method_default ... ok
[INFO] [stdout] test commands::types::tests::test_device_attribute_procedure_display ... ok
[INFO] [stdout] test commands::register_event_listener::errs_for_invalid_body ... ok
[INFO] [stdout] test commands::register_event_listener::generates_correct_request_path ... ok
[INFO] [stdout] test commands::register_event_listener::parse_valid_body_correctly ... ok
[INFO] [stdout] test commands::get_version::tests::test_to_request ... ok
[INFO] [stdout] test commands::traits::tests::test_get_content_length_empty_body ... ok
[INFO] [stdout] test commands::unregister_event_listener::generates_correct_request_path ... ok
[INFO] [stdout] test commands::types::tests::test_device_attribute_value_display_procedures ... ok
[INFO] [stdout] test commands::types::tests::test_device_display ... ok
[INFO] [stdout] test commands::get_setup_gateways::tests::test_from_body ... ok
[INFO] [stdout] test commands::unregister_event_listener::errs_for_invalid_body ... ok
[INFO] [stdout] test commands::types::tests::test_device_attribute_value_display_states ... ok
[INFO] [stdout] test commands::unregister_event_listener::url_encoding_works_correctly ... ok
[INFO] [stdout] test commands::types::tests::test_device_attribute_value_display_string ... ok
[INFO] [stdout] test commands::unregister_event_listener::parse_valid_body_correctly ... ok
[INFO] [stdout] test err::http::tests::test_error_display ... ok
[INFO] [stdout] test err::http::tests::test_from_custom_server_error ... ok
[INFO] [stdout] test err::http::tests::test_from_request_response_mapping_error ... ok
[INFO] [stdout] test err::http::tests::test_from_serde_error ... ok
[INFO] [stdout] test api_client::api_client_tests::creates_api_client_with_from ... FAILED
[INFO] [stdout] test api_client::api_client_tests::creates_api_client_with_new ... FAILED
[INFO] [stdout] test commands::cancel_all_executions::parse_valid_body_correctly ... ok
[INFO] [stdout] test commands::get_device_states::url_encoding_works_correctly ... ok
[INFO] [stdout] test commands::get_devices::tests::test_from_body ... ok
[INFO] [stdout] test commands::get_devices::tests::test_to_request ... ok
[INFO] [stdout] test commands::get_execution::errs_for_invalid_body ... ok
[INFO] [stdout] test commands::traits::tests::test_get_content_length_with_body ... ok
[INFO] [stdout] test commands::traits::tests::test_request_data_defaults ... ok
[INFO] [stdout] test config::tls_cert::download_cert ... FAILED
[INFO] [stdout] 
[INFO] [stdout] failures:
[INFO] [stdout] 
[INFO] [stdout] ---- commands::get_device::device_json_parser::attributes::parse_valid_procedure_array_correctly stdout ----
[INFO] [stdout] 
[INFO] [stdout] thread 'commands::get_device::device_json_parser::attributes::parse_valid_procedure_array_correctly' (2976) panicked at src/commands/get_device.rs:81:40:
[INFO] [stdout] should have fixture: Os { code: 2, kind: NotFound, message: "No such file or directory" }
[INFO] [stdout] stack backtrace:
[INFO] [stdout]    0:     0x627850d2d2c1 - <<std[617be2ca0a6fd877]::sys::backtrace::BacktraceLock>::print::DisplayBacktrace as core[a373ad73a504971]::fmt::Display>::fmt
[INFO] [stdout]    1:     0x627850d43a4a - core[a373ad73a504971]::fmt::write
[INFO] [stdout]    2:     0x627850d3236c - <alloc[2e1b2a31b91974c5]::vec::Vec<u8> as core[a373ad73a504971]::io::write::Write>::write_fmt
[INFO] [stdout]    3:     0x627850d06a16 - std[617be2ca0a6fd877]::panicking::default_hook::{closure#0}
[INFO] [stdout]    4:     0x627850d24839 - std[617be2ca0a6fd877]::panicking::default_hook
[INFO] [stdout]    5:     0x627850ad7e40 - test[aada8e7e76ba119b]::test_main_inner::{closure#0}
[INFO] [stdout]    6:     0x627850d24b62 - std[617be2ca0a6fd877]::panicking::panic_with_hook
[INFO] [stdout]    7:     0x627850d06ac2 - std[617be2ca0a6fd877]::panicking::panic_handler::{closure#0}
[INFO] [stdout]    8:     0x627850cfee19 - std[617be2ca0a6fd877]::sys::backtrace::__rust_end_short_backtrace::<std[617be2ca0a6fd877]::panicking::panic_handler::{closure#0}, !>
[INFO] [stdout]    9:     0x627850d079cd - __rustc[ea4f61d10b84890b]::rust_begin_unwind
[INFO] [stdout]   10:     0x627850d441ac - core[a373ad73a504971]::panicking::panic_fmt
[INFO] [stdout]   11:     0x627850d43f82 - core[a373ad73a504971]::result::unwrap_failed
[INFO] [stdout]   12:     0x627850ac61b5 - somfy_sdk[12db1fe3a7b8adbd]::commands::get_device::device_json_parser::load_json
[INFO] [stdout]   13:     0x627850ac2ca3 - <somfy_sdk[12db1fe3a7b8adbd]::commands::get_device::device_json_parser::attributes::parse_valid_procedure_array_correctly::{closure#0} as core[a373ad73a504971]::ops::function::FnOnce<()>>::call_once
[INFO] [stdout]   14:     0x627850acb28b - test[aada8e7e76ba119b]::__rust_begin_short_backtrace::<core[a373ad73a504971]::result::Result<(), alloc[2e1b2a31b91974c5]::string::String>, fn() -> core[a373ad73a504971]::result::Result<(), alloc[2e1b2a31b91974c5]::string::String>>
[INFO] [stdout]   15:     0x627850ad8465 - test[aada8e7e76ba119b]::run_test::{closure#0}
[INFO] [stdout]   16:     0x627850ad1d54 - std[617be2ca0a6fd877]::sys::backtrace::__rust_begin_short_backtrace::<test[aada8e7e76ba119b]::run_test::{closure#1}, ()>
[INFO] [stdout]   17:     0x627850adb4f2 - <std[617be2ca0a6fd877]::thread::lifecycle::spawn_unchecked<test[aada8e7e76ba119b]::run_test::{closure#1}, ()>::{closure#1} as core[a373ad73a504971]::ops::function::FnOnce<()>>::call_once::{shim:vtable#0}
[INFO] [stdout]   18:     0x627850d2c0ff - <std[617be2ca0a6fd877]::sys::thread::unix::Thread>::new::thread_start
[INFO] [stdout]   19:     0x71b689a68dfa - <unknown>
[INFO] [stdout]   20:     0x71b689afc3d4 - clone
[INFO] [stdout]   21:                0x0 - <unknown>
[INFO] [stdout] 
[INFO] [stdout] ---- commands::get_device::device_json_parser::attributes::parse_valid_str_array_correctly stdout ----
[INFO] [stdout] 
[INFO] [stdout] thread 'commands::get_device::device_json_parser::attributes::parse_valid_str_array_correctly' (2977) panicked at src/commands/get_device.rs:81:40:
[INFO] [stdout] should have fixture: Os { code: 2, kind: NotFound, message: "No such file or directory" }
[INFO] [stdout] stack backtrace:
[INFO] [stdout]    0:     0x627850d2d2c1 - <<std[617be2ca0a6fd877]::sys::backtrace::BacktraceLock>::print::DisplayBacktrace as core[a373ad73a504971]::fmt::Display>::fmt
[INFO] [stdout]    1:     0x627850d43a4a - core[a373ad73a504971]::fmt::write
[INFO] [stdout]    2:     0x627850d3236c - <alloc[2e1b2a31b91974c5]::vec::Vec<u8> as core[a373ad73a504971]::io::write::Write>::write_fmt
[INFO] [stdout]    3:     0x627850d06a16 - std[617be2ca0a6fd877]::panicking::default_hook::{closure#0}
[INFO] [stdout]    4:     0x627850d24839 - std[617be2ca0a6fd877]::panicking::default_hook
[INFO] [stdout]    5:     0x627850ad7e40 - test[aada8e7e76ba119b]::test_main_inner::{closure#0}
[INFO] [stdout]    6:     0x627850d24b62 - std[617be2ca0a6fd877]::panicking::panic_with_hook
[INFO] [stdout]    7:     0x627850d06ac2 - std[617be2ca0a6fd877]::panicking::panic_handler::{closure#0}
[INFO] [stdout]    8:     0x627850cfee19 - std[617be2ca0a6fd877]::sys::backtrace::__rust_end_short_backtrace::<std[617be2ca0a6fd877]::panicking::panic_handler::{closure#0}, !>
[INFO] [stdout]    9:     0x627850d079cd - __rustc[ea4f61d10b84890b]::rust_begin_unwind
[INFO] [stdout]   10:     0x627850d441ac - core[a373ad73a504971]::panicking::panic_fmt
[INFO] [stdout]   11:     0x627850d43f82 - core[a373ad73a504971]::result::unwrap_failed
[INFO] [stdout]   12:     0x627850ac61b5 - somfy_sdk[12db1fe3a7b8adbd]::commands::get_device::device_json_parser::load_json
[INFO] [stdout]   13:     0x627850ac2b33 - <somfy_sdk[12db1fe3a7b8adbd]::commands::get_device::device_json_parser::attributes::parse_valid_str_array_correctly::{closure#0} as core[a373ad73a504971]::ops::function::FnOnce<()>>::call_once
[INFO] [stdout]   14:     0x627850acb28b - test[aada8e7e76ba119b]::__rust_begin_short_backtrace::<core[a373ad73a504971]::result::Result<(), alloc[2e1b2a31b91974c5]::string::String>, fn() -> core[a373ad73a504971]::result::Result<(), alloc[2e1b2a31b91974c5]::string::String>>
[INFO] [stdout]   15:     0x627850ad8465 - test[aada8e7e76ba119b]::run_test::{closure#0}
[INFO] [stdout]   16:     0x627850ad1d54 - std[617be2ca0a6fd877]::sys::backtrace::__rust_begin_short_backtrace::<test[aada8e7e76ba119b]::run_test::{closure#1}, ()>
[INFO] [stdout]   17:     0x627850adb4f2 - <std[617be2ca0a6fd877]::thread::lifecycle::spawn_unchecked<test[aada8e7e76ba119b]::run_test::{closure#1}, ()>::{closure#1} as core[a373ad73a504971]::ops::function::FnOnce<()>>::call_once::{shim:vtable#0}
[INFO] [stdout]   18:     0x627850d2c0ff - <std[617be2ca0a6fd877]::sys::thread::unix::Thread>::new::thread_start
[INFO] [stdout]   19:     0x71b689a68dfa - <unknown>
[INFO] [stdout]   20:     0x71b689afc3d4 - clone
[INFO] [stdout]   21:                0x0 - <unknown>
[INFO] [stdout] 
[INFO] [stdout] ---- commands::get_device::device_json_parser::states::parse_valid_i64_value_correctly stdout ----
[INFO] [stdout] 
[INFO] [stdout] thread 'commands::get_device::device_json_parser::states::parse_valid_i64_value_correctly' (2980) panicked at src/commands/get_device.rs:81:40:
[INFO] [stdout] should have fixture: Os { code: 2, kind: NotFound, message: "No such file or directory" }
[INFO] [stdout] stack backtrace:
[INFO] [stdout]    0:     0x627850d2d2c1 - <<std[617be2ca0a6fd877]::sys::backtrace::BacktraceLock>::print::DisplayBacktrace as core[a373ad73a504971]::fmt::Display>::fmt
[INFO] [stdout]    1:     0x627850d43a4a - core[a373ad73a504971]::fmt::write
[INFO] [stdout]    2:     0x627850d3236c - <alloc[2e1b2a31b91974c5]::vec::Vec<u8> as core[a373ad73a504971]::io::write::Write>::write_fmt
[INFO] [stdout]    3:     0x627850d06a16 - std[617be2ca0a6fd877]::panicking::default_hook::{closure#0}
[INFO] [stdout]    4:     0x627850d24839 - std[617be2ca0a6fd877]::panicking::default_hook
[INFO] [stdout]    5:     0x627850ad7e40 - test[aada8e7e76ba119b]::test_main_inner::{closure#0}
[INFO] [stdout]    6:     0x627850d24b62 - std[617be2ca0a6fd877]::panicking::panic_with_hook
[INFO] [stdout]    7:     0x627850d06ac2 - std[617be2ca0a6fd877]::panicking::panic_handler::{closure#0}
[INFO] [stdout]    8:     0x627850cfee19 - std[617be2ca0a6fd877]::sys::backtrace::__rust_end_short_backtrace::<std[617be2ca0a6fd877]::panicking::panic_handler::{closure#0}, !>
[INFO] [stdout]    9:     0x627850d079cd - __rustc[ea4f61d10b84890b]::rust_begin_unwind
[INFO] [stdout]   10:     0x627850d441ac - core[a373ad73a504971]::panicking::panic_fmt
[INFO] [stdout]   11:     0x627850d43f82 - core[a373ad73a504971]::result::unwrap_failed
[INFO] [stdout]   12:     0x627850ac61b5 - somfy_sdk[12db1fe3a7b8adbd]::commands::get_device::device_json_parser::load_json
[INFO] [stdout]   13:     0x627850ab7243 - <somfy_sdk[12db1fe3a7b8adbd]::commands::get_device::device_json_parser::states::parse_valid_i64_value_correctly::{closure#0} as core[a373ad73a504971]::ops::function::FnOnce<()>>::call_once
[INFO] [stdout]   14:     0x627850acb28b - test[aada8e7e76ba119b]::__rust_begin_short_backtrace::<core[a373ad73a504971]::result::Result<(), alloc[2e1b2a31b91974c5]::string::String>, fn() -> core[a373ad73a504971]::result::Result<(), alloc[2e1b2a31b91974c5]::string::String>>
[INFO] [stdout]   15:     0x627850ad8465 - test[aada8e7e76ba119b]::run_test::{closure#0}
[INFO] [stdout]   16:     0x627850ad1d54 - std[617be2ca0a6fd877]::sys::backtrace::__rust_begin_short_backtrace::<test[aada8e7e76ba119b]::run_test::{closure#1}, ()>
[INFO] [stdout]   17:     0x627850adb4f2 - <std[617be2ca0a6fd877]::thread::lifecycle::spawn_unchecked<test[aada8e7e76ba119b]::run_test::{closure#1}, ()>::{closure#1} as core[a373ad73a504971]::ops::function::FnOnce<()>>::call_once::{shim:vtable#0}
[INFO] [stdout]   18:     0x627850d2c0ff - <std[617be2ca0a6fd877]::sys::thread::unix::Thread>::new::thread_start
[INFO] [stdout]   19:     0x71b689a68dfa - <unknown>
[INFO] [stdout]   20:     0x71b689afc3d4 - clone
[INFO] [stdout]   21:                0x0 - <unknown>
[INFO] [stdout] 
[INFO] [stdout] ---- commands::get_device::device_json_parser::attributes::parse_valid_string_correctly stdout ----
[INFO] [stdout] 
[INFO] [stdout] thread 'commands::get_device::device_json_parser::attributes::parse_valid_string_correctly' (2978) panicked at src/commands/get_device.rs:81:40:
[INFO] [stdout] should have fixture: Os { code: 2, kind: NotFound, message: "No such file or directory" }
[INFO] [stdout] stack backtrace:
[INFO] [stdout]    0:     0x627850d2d2c1 - <<std[617be2ca0a6fd877]::sys::backtrace::BacktraceLock>::print::DisplayBacktrace as core[a373ad73a504971]::fmt::Display>::fmt
[INFO] [stdout]    1:     0x627850d43a4a - core[a373ad73a504971]::fmt::write
[INFO] [stdout]    2:     0x627850d3236c - <alloc[2e1b2a31b91974c5]::vec::Vec<u8> as core[a373ad73a504971]::io::write::Write>::write_fmt
[INFO] [stdout]    3:     0x627850d06a16 - std[617be2ca0a6fd877]::panicking::default_hook::{closure#0}
[INFO] [stdout]    4:     0x627850d24839 - std[617be2ca0a6fd877]::panicking::default_hook
[INFO] [stdout]    5:     0x627850ad7e40 - test[aada8e7e76ba119b]::test_main_inner::{closure#0}
[INFO] [stdout]    6:     0x627850d24b62 - std[617be2ca0a6fd877]::panicking::panic_with_hook
[INFO] [stdout]    7:     0x627850d06ac2 - std[617be2ca0a6fd877]::panicking::panic_handler::{closure#0}
[INFO] [stdout]    8:     0x627850cfee19 - std[617be2ca0a6fd877]::sys::backtrace::__rust_end_short_backtrace::<std[617be2ca0a6fd877]::panicking::panic_handler::{closure#0}, !>
[INFO] [stdout]    9:     0x627850d079cd - __rustc[ea4f61d10b84890b]::rust_begin_unwind
[INFO] [stdout]   10:     0x627850d441ac - core[a373ad73a504971]::panicking::panic_fmt
[INFO] [stdout]   11:     0x627850d43f82 - core[a373ad73a504971]::result::unwrap_failed
[INFO] [stdout]   12:     0x627850ac61b5 - somfy_sdk[12db1fe3a7b8adbd]::commands::get_device::device_json_parser::load_json
[INFO] [stdout]   13:     0x627850ac29a3 - <somfy_sdk[12db1fe3a7b8adbd]::commands::get_device::device_json_parser::attributes::parse_valid_string_correctly::{closure#0} as core[a373ad73a504971]::ops::function::FnOnce<()>>::call_once
[INFO] [stdout]   14:     0x627850acb28b - test[aada8e7e76ba119b]::__rust_begin_short_backtrace::<core[a373ad73a504971]::result::Result<(), alloc[2e1b2a31b91974c5]::string::String>, fn() -> core[a373ad73a504971]::result::Result<(), alloc[2e1b2a31b91974c5]::string::String>>
[INFO] [stdout]   15:     0x627850ad8465 - test[aada8e7e76ba119b]::run_test::{closure#0}
[INFO] [stdout]   16:     0x627850ad1d54 - std[617be2ca0a6fd877]::sys::backtrace::__rust_begin_short_backtrace::<test[aada8e7e76ba119b]::run_test::{closure#1}, ()>
[INFO] [stdout]   17:     0x627850adb4f2 - <std[617be2ca0a6fd877]::thread::lifecycle::spawn_unchecked<test[aada8e7e76ba119b]::run_test::{closure#1}, ()>::{closure#1} as core[a373ad73a504971]::ops::function::FnOnce<()>>::call_once::{shim:vtable#0}
[INFO] [stdout]   18:     0x627850d2c0ff - <std[617be2ca0a6fd877]::sys::thread::unix::Thread>::new::thread_start
[INFO] [stdout]   19:     0x71b689a68dfa - <unknown>
[INFO] [stdout]   20:     0x71b689afc3d4 - clone
[INFO] [stdout]   21:                0x0 - <unknown>
[INFO] [stdout] 
[INFO] [stdout] ---- commands::get_device::device_json_parser::states::parse_valid_bool_value_correctly stdout ----
[INFO] [stdout] 
[INFO] [stdout] thread 'commands::get_device::device_json_parser::states::parse_valid_bool_value_correctly' (2979) panicked at src/commands/get_device.rs:81:40:
[INFO] [stdout] should have fixture: Os { code: 2, kind: NotFound, message: "No such file or directory" }
[INFO] [stdout] stack backtrace:
[INFO] [stdout]    0:     0x627850d2d2c1 - <<std[617be2ca0a6fd877]::sys::backtrace::BacktraceLock>::print::DisplayBacktrace as core[a373ad73a504971]::fmt::Display>::fmt
[INFO] [stdout]    1:     0x627850d43a4a - core[a373ad73a504971]::fmt::write
[INFO] [stdout]    2:     0x627850d3236c - <alloc[2e1b2a31b91974c5]::vec::Vec<u8> as core[a373ad73a504971]::io::write::Write>::write_fmt
[INFO] [stdout]    3:     0x627850d06a16 - std[617be2ca0a6fd877]::panicking::default_hook::{closure#0}
[INFO] [stdout]    4:     0x627850d24839 - std[617be2ca0a6fd877]::panicking::default_hook
[INFO] [stdout]    5:     0x627850ad7e40 - test[aada8e7e76ba119b]::test_main_inner::{closure#0}
[INFO] [stdout]    6:     0x627850d24b62 - std[617be2ca0a6fd877]::panicking::panic_with_hook
[INFO] [stdout]    7:     0x627850d06ac2 - std[617be2ca0a6fd877]::panicking::panic_handler::{closure#0}
[INFO] [stdout]    8:     0x627850cfee19 - std[617be2ca0a6fd877]::sys::backtrace::__rust_end_short_backtrace::<std[617be2ca0a6fd877]::panicking::panic_handler::{closure#0}, !>
[INFO] [stdout]    9:     0x627850d079cd - __rustc[ea4f61d10b84890b]::rust_begin_unwind
[INFO] [stdout]   10:     0x627850d441ac - core[a373ad73a504971]::panicking::panic_fmt
[INFO] [stdout]   11:     0x627850d43f82 - core[a373ad73a504971]::result::unwrap_failed
[INFO] [stdout]   12:     0x627850ac61b5 - somfy_sdk[12db1fe3a7b8adbd]::commands::get_device::device_json_parser::load_json
[INFO] [stdout]   13:     0x627850ab7773 - <somfy_sdk[12db1fe3a7b8adbd]::commands::get_device::device_json_parser::states::parse_valid_bool_value_correctly::{closure#0} as core[a373ad73a504971]::ops::function::FnOnce<()>>::call_once
[INFO] [stdout]   14:     0x627850acb28b - test[aada8e7e76ba119b]::__rust_begin_short_backtrace::<core[a373ad73a504971]::result::Result<(), alloc[2e1b2a31b91974c5]::string::String>, fn() -> core[a373ad73a504971]::result::Result<(), alloc[2e1b2a31b91974c5]::string::String>>
[INFO] [stdout]   15:     0x627850ad8465 - test[aada8e7e76ba119b]::run_test::{closure#0}
[INFO] [stdout]   16:     0x627850ad1d54 - std[617be2ca0a6fd877]::sys::backtrace::__rust_begin_short_backtrace::<test[aada8e7e76ba119b]::run_test::{closure#1}, ()>
[INFO] [stdout]   17:     0x627850adb4f2 - <std[617be2ca0a6fd877]::thread::lifecycle::spawn_unchecked<test[aada8e7e76ba119b]::run_test::{closure#1}, ()>::{closure#1} as core[a373ad73a504971]::ops::function::FnOnce<()>>::call_once::{shim:vtable#0}
[INFO] [stdout]   18:     0x627850d2c0ff - <std[617be2ca0a6fd877]::sys::thread::unix::Thread>::new::thread_start
[INFO] [stdout]   19:     0x71b689a68dfa - <unknown>
[INFO] [stdout]   20:     0x71b689afc3d4 - clone
[INFO] [stdout]   21:                0x0 - <unknown>
[INFO] [stdout] 
[INFO] [stdout] ---- commands::get_device::device_json_parser::valid_minimal_device_json stdout ----
[INFO] [stdout] 
[INFO] [stdout] thread 'commands::get_device::device_json_parser::valid_minimal_device_json' (2983) panicked at src/commands/get_device.rs:81:40:
[INFO] [stdout] should have fixture: Os { code: 2, kind: NotFound, message: "No such file or directory" }
[INFO] [stdout] stack backtrace:
[INFO] [stdout]    0:     0x627850d2d2c1 - <<std[617be2ca0a6fd877]::sys::backtrace::BacktraceLock>::print::DisplayBacktrace as core[a373ad73a504971]::fmt::Display>::fmt
[INFO] [stdout]    1:     0x627850d43a4a - core[a373ad73a504971]::fmt::write
[INFO] [stdout]    2:     0x627850d3236c - <alloc[2e1b2a31b91974c5]::vec::Vec<u8> as core[a373ad73a504971]::io::write::Write>::write_fmt
[INFO] [stdout]    3:     0x627850d06a16 - std[617be2ca0a6fd877]::panicking::default_hook::{closure#0}
[INFO] [stdout]    4:     0x627850d24839 - std[617be2ca0a6fd877]::panicking::default_hook
[INFO] [stdout]    5:     0x627850ad7e40 - test[aada8e7e76ba119b]::test_main_inner::{closure#0}
[INFO] [stdout]    6:     0x627850d24b62 - std[617be2ca0a6fd877]::panicking::panic_with_hook
[INFO] [stdout]    7:     0x627850d06ac2 - std[617be2ca0a6fd877]::panicking::panic_handler::{closure#0}
[INFO] [stdout]    8:     0x627850cfee19 - std[617be2ca0a6fd877]::sys::backtrace::__rust_end_short_backtrace::<std[617be2ca0a6fd877]::panicking::panic_handler::{closure#0}, !>
[INFO] [stdout]    9:     0x627850d079cd - __rustc[ea4f61d10b84890b]::rust_begin_unwind
[INFO] [stdout]   10:     0x627850d441ac - core[a373ad73a504971]::panicking::panic_fmt
[INFO] [stdout]   11:     0x627850d43f82 - core[a373ad73a504971]::result::unwrap_failed
[INFO] [stdout]   12:     0x627850ac61b5 - somfy_sdk[12db1fe3a7b8adbd]::commands::get_device::device_json_parser::load_json
[INFO] [stdout]   13:     0x627850ac7d61 - <somfy_sdk[12db1fe3a7b8adbd]::commands::get_device::device_json_parser::valid_minimal_device_json::{closure#0} as core[a373ad73a504971]::ops::function::FnOnce<()>>::call_once
[INFO] [stdout]   14:     0x627850acb28b - test[aada8e7e76ba119b]::__rust_begin_short_backtrace::<core[a373ad73a504971]::result::Result<(), alloc[2e1b2a31b91974c5]::string::String>, fn() -> core[a373ad73a504971]::result::Result<(), alloc[2e1b2a31b91974c5]::string::String>>
[INFO] [stdout]   15:     0x627850ad8465 - test[aada8e7e76ba119b]::run_test::{closure#0}
[INFO] [stdout]   16:     0x627850ad1d54 - std[617be2ca0a6fd877]::sys::backtrace::__rust_begin_short_backtrace::<test[aada8e7e76ba119b]::run_test::{closure#1}, ()>
[INFO] [stdout]   17:     0x627850adb4f2 - <std[617be2ca0a6fd877]::thread::lifecycle::spawn_unchecked<test[aada8e7e76ba119b]::run_test::{closure#1}, ()>::{closure#1} as core[a373ad73a504971]::ops::function::FnOnce<()>>::call_once::{shim:vtable#0}
[INFO] [stdout]   18:     0x627850d2c0ff - <std[617be2ca0a6fd877]::sys::thread::unix::Thread>::new::thread_start
[INFO] [stdout]   19:     0x71b689a68dfa - <unknown>
[INFO] [stdout]   20:     0x71b689afc3d4 - clone
[INFO] [stdout]   21:                0x0 - <unknown>
[INFO] [stdout] 
[INFO] [stdout] ---- commands::get_device::device_json_parser::states::parse_valid_str_value_correctly stdout ----
[INFO] [stdout] 
[INFO] [stdout] thread 'commands::get_device::device_json_parser::states::parse_valid_str_value_correctly' (2982) panicked at src/commands/get_device.rs:81:40:
[INFO] [stdout] should have fixture: Os { code: 2, kind: NotFound, message: "No such file or directory" }
[INFO] [stdout] stack backtrace:
[INFO] [stdout]    0:     0x627850d2d2c1 - <<std[617be2ca0a6fd877]::sys::backtrace::BacktraceLock>::print::DisplayBacktrace as core[a373ad73a504971]::fmt::Display>::fmt
[INFO] [stdout]    1:     0x627850d43a4a - core[a373ad73a504971]::fmt::write
[INFO] [stdout]    2:     0x627850d3236c - <alloc[2e1b2a31b91974c5]::vec::Vec<u8> as core[a373ad73a504971]::io::write::Write>::write_fmt
[INFO] [stdout]    3:     0x627850d06a16 - std[617be2ca0a6fd877]::panicking::default_hook::{closure#0}
[INFO] [stdout]    4:     0x627850d24839 - std[617be2ca0a6fd877]::panicking::default_hook
[INFO] [stdout]    5:     0x627850ad7e40 - test[aada8e7e76ba119b]::test_main_inner::{closure#0}
[INFO] [stdout]    6:     0x627850d24b62 - std[617be2ca0a6fd877]::panicking::panic_with_hook
[INFO] [stdout]    7:     0x627850d06ac2 - std[617be2ca0a6fd877]::panicking::panic_handler::{closure#0}
[INFO] [stdout]    8:     0x627850cfee19 - std[617be2ca0a6fd877]::sys::backtrace::__rust_end_short_backtrace::<std[617be2ca0a6fd877]::panicking::panic_handler::{closure#0}, !>
[INFO] [stdout]    9:     0x627850d079cd - __rustc[ea4f61d10b84890b]::rust_begin_unwind
[INFO] [stdout]   10:     0x627850d441ac - core[a373ad73a504971]::panicking::panic_fmt
[INFO] [stdout]   11:     0x627850d43f82 - core[a373ad73a504971]::result::unwrap_failed
[INFO] [stdout]   12:     0x627850ac61b5 - somfy_sdk[12db1fe3a7b8adbd]::commands::get_device::device_json_parser::load_json
[INFO] [stdout]   13:     0x627850ab75c3 - <somfy_sdk[12db1fe3a7b8adbd]::commands::get_device::device_json_parser::states::parse_valid_str_value_correctly::{closure#0} as core[a373ad73a504971]::ops::function::FnOnce<()>>::call_once
[INFO] [stdout]   14:     0x627850acb28b - test[aada8e7e76ba119b]::__rust_begin_short_backtrace::<core[a373ad73a504971]::result::Result<(), alloc[2e1b2a31b91974c5]::string::String>, fn() -> core[a373ad73a504971]::result::Result<(), alloc[2e1b2a31b91974c5]::string::String>>
[INFO] [stdout]   15:     0x627850ad8465 - test[aada8e7e76ba119b]::run_test::{closure#0}
[INFO] [stdout]   16:     0x627850ad1d54 - std[617be2ca0a6fd877]::sys::backtrace::__rust_begin_short_backtrace::<test[aada8e7e76ba119b]::run_test::{closure#1}, ()>
[INFO] [stdout]   17:     0x627850adb4f2 - <std[617be2ca0a6fd877]::thread::lifecycle::spawn_unchecked<test[aada8e7e76ba119b]::run_test::{closure#1}, ()>::{closure#1} as core[a373ad73a504971]::ops::function::FnOnce<()>>::call_once::{shim:vtable#0}
[INFO] [stdout]   18:     0x627850d2c0ff - <std[617be2ca0a6fd877]::sys::thread::unix::Thread>::new::thread_start
[INFO] [stdout]   19:     0x71b689a68dfa - <unknown>
[INFO] [stdout]   20:     0x71b689afc3d4 - clone
[INFO] [stdout]   21:                0x0 - <unknown>
[INFO] [stdout] 
[INFO] [stdout] ---- commands::get_device::device_json_parser::states::parse_valid_map_value_correctly stdout ----
[INFO] [stdout] 
[INFO] [stdout] thread 'commands::get_device::device_json_parser::states::parse_valid_map_value_correctly' (2981) panicked at src/commands/get_device.rs:81:40:
[INFO] [stdout] should have fixture: Os { code: 2, kind: NotFound, message: "No such file or directory" }
[INFO] [stdout] stack backtrace:
[INFO] [stdout]    0:     0x627850d2d2c1 - <<std[617be2ca0a6fd877]::sys::backtrace::BacktraceLock>::print::DisplayBacktrace as core[a373ad73a504971]::fmt::Display>::fmt
[INFO] [stdout]    1:     0x627850d43a4a - core[a373ad73a504971]::fmt::write
[INFO] [stdout]    2:     0x627850d3236c - <alloc[2e1b2a31b91974c5]::vec::Vec<u8> as core[a373ad73a504971]::io::write::Write>::write_fmt
[INFO] [stdout]    3:     0x627850d06a16 - std[617be2ca0a6fd877]::panicking::default_hook::{closure#0}
[INFO] [stdout]    4:     0x627850d24839 - std[617be2ca0a6fd877]::panicking::default_hook
[INFO] [stdout]    5:     0x627850ad7e40 - test[aada8e7e76ba119b]::test_main_inner::{closure#0}
[INFO] [stdout]    6:     0x627850d24b62 - std[617be2ca0a6fd877]::panicking::panic_with_hook
[INFO] [stdout]    7:     0x627850d06ac2 - std[617be2ca0a6fd877]::panicking::panic_handler::{closure#0}
[INFO] [stdout]    8:     0x627850cfee19 - std[617be2ca0a6fd877]::sys::backtrace::__rust_end_short_backtrace::<std[617be2ca0a6fd877]::panicking::panic_handler::{closure#0}, !>
[INFO] [stdout]    9:     0x627850d079cd - __rustc[ea4f61d10b84890b]::rust_begin_unwind
[INFO] [stdout]   10:     0x627850d441ac - core[a373ad73a504971]::panicking::panic_fmt
[INFO] [stdout]   11:     0x627850d43f82 - core[a373ad73a504971]::result::unwrap_failed
[INFO] [stdout]   12:     0x627850ac61b5 - somfy_sdk[12db1fe3a7b8adbd]::commands::get_device::device_json_parser::load_json
[INFO] [stdout]   13:     0x627850ab7403 - <somfy_sdk[12db1fe3a7b8adbd]::commands::get_device::device_json_parser::states::parse_valid_map_value_correctly::{closure#0} as core[a373ad73a504971]::ops::function::FnOnce<()>>::call_once
[INFO] [stdout]   14:     0x627850acb28b - test[aada8e7e76ba119b]::__rust_begin_short_backtrace::<core[a373ad73a504971]::result::Result<(), alloc[2e1b2a31b91974c5]::string::String>, fn() -> core[a373ad73a504971]::result::Result<(), alloc[2e1b2a31b91974c5]::string::String>>
[INFO] [stdout]   15:     0x627850ad8465 - test[aada8e7e76ba119b]::run_test::{closure#0}
[INFO] [stdout]   16:     0x627850ad1d54 - std[617be2ca0a6fd877]::sys::backtrace::__rust_begin_short_backtrace::<test[aada8e7e76ba119b]::run_test::{closure#1}, ()>
[INFO] [stdout]   17:     0x627850adb4f2 - <std[617be2ca0a6fd877]::thread::lifecycle::spawn_unchecked<test[aada8e7e76ba119b]::run_test::{closure#1}, ()>::{closure#1} as core[a373ad73a504971]::ops::function::FnOnce<()>>::call_once::{shim:vtable#0}
[INFO] [stdout]   18:     0x627850d2c0ff - <std[617be2ca0a6fd877]::sys::thread::unix::Thread>::new::thread_start
[INFO] [stdout]   19:     0x71b689a68dfa - <unknown>
[INFO] [stdout]   20:     0x71b689afc3d4 - clone
[INFO] [stdout]   21:                0x0 - <unknown>
[INFO] [stdout] 
[INFO] [stdout] ---- api_client::api_client_tests::creates_api_client_with_from stdout ----
[INFO] [stdout] 
[INFO] [stdout] thread 'api_client::api_client_tests::creates_api_client_with_from' (2958) panicked at src/api_client.rs:337:14:
[INFO] [stdout] should create an ApiClient: Cert
[INFO] [stdout] stack backtrace:
[INFO] [stdout]    0:     0x627850d2d2c1 - <<std[617be2ca0a6fd877]::sys::backtrace::BacktraceLock>::print::DisplayBacktrace as core[a373ad73a504971]::fmt::Display>::fmt
[INFO] [stdout]    1:     0x627850d43a4a - core[a373ad73a504971]::fmt::write
[INFO] [stdout]    2:     0x627850d3236c - <alloc[2e1b2a31b91974c5]::vec::Vec<u8> as core[a373ad73a504971]::io::write::Write>::write_fmt
[INFO] [stdout]    3:     0x627850d06a16 - std[617be2ca0a6fd877]::panicking::default_hook::{closure#0}
[INFO] [stdout]    4:     0x627850d24839 - std[617be2ca0a6fd877]::panicking::default_hook
[INFO] [stdout]    5:     0x627850ad7e40 - test[aada8e7e76ba119b]::test_main_inner::{closure#0}
[INFO] [stdout]    6:     0x627850d24b62 - std[617be2ca0a6fd877]::panicking::panic_with_hook
[INFO] [stdout]    7:     0x627850d06ac2 - std[617be2ca0a6fd877]::panicking::panic_handler::{closure#0}
[INFO] [stdout]    8:     0x627850cfee19 - std[617be2ca0a6fd877]::sys::backtrace::__rust_end_short_backtrace::<std[617be2ca0a6fd877]::panicking::panic_handler::{closure#0}, !>
[INFO] [stdout]    9:     0x627850d079cd - __rustc[ea4f61d10b84890b]::rust_begin_unwind
[INFO] [stdout]   10:     0x627850d441ac - core[a373ad73a504971]::panicking::panic_fmt
[INFO] [stdout]   11:     0x627850d43f82 - core[a373ad73a504971]::result::unwrap_failed
[INFO] [stdout]   12:     0x627850aa5064 - somfy_sdk[12db1fe3a7b8adbd]::api_client::api_client_tests::creates_api_client_with_from::{closure#0}
[INFO] [stdout]   13:     0x627850ab2cdb - <tokio[7f14b5a898dd3a03]::runtime::scheduler::current_thread::CurrentThread>::block_on::<core[a373ad73a504971]::pin::Pin<&mut dyn core[a373ad73a504971]::future::future::Future<Output = ()>>>
[INFO] [stdout]   14:     0x627850aa5972 - <tokio[7f14b5a898dd3a03]::runtime::runtime::Runtime>::block_on::<core[a373ad73a504971]::pin::Pin<&mut dyn core[a373ad73a504971]::future::future::Future<Output = ()>>>
[INFO] [stdout]   15:     0x627850aa582e - <somfy_sdk[12db1fe3a7b8adbd]::api_client::api_client_tests::creates_api_client_with_from::{closure#0} as core[a373ad73a504971]::ops::function::FnOnce<()>>::call_once
[INFO] [stdout]   16:     0x627850acb28b - test[aada8e7e76ba119b]::__rust_begin_short_backtrace::<core[a373ad73a504971]::result::Result<(), alloc[2e1b2a31b91974c5]::string::String>, fn() -> core[a373ad73a504971]::result::Result<(), alloc[2e1b2a31b91974c5]::string::String>>
[INFO] [stdout]   17:     0x627850ad8465 - test[aada8e7e76ba119b]::run_test::{closure#0}
[INFO] [stdout]   18:     0x627850ad1d54 - std[617be2ca0a6fd877]::sys::backtrace::__rust_begin_short_backtrace::<test[aada8e7e76ba119b]::run_test::{closure#1}, ()>
[INFO] [stdout]   19:     0x627850adb4f2 - <std[617be2ca0a6fd877]::thread::lifecycle::spawn_unchecked<test[aada8e7e76ba119b]::run_test::{closure#1}, ()>::{closure#1} as core[a373ad73a504971]::ops::function::FnOnce<()>>::call_once::{shim:vtable#0}
[INFO] [stdout]   20:     0x627850d2c0ff - <std[617be2ca0a6fd877]::sys::thread::unix::Thread>::new::thread_start
[INFO] [stdout]   21:     0x71b689a68dfa - <unknown>
[INFO] [stdout]   22:     0x71b689afc3d4 - clone
[INFO] [stdout]   23:                0x0 - <unknown>
[INFO] [stdout] 
[INFO] [stdout] ---- api_client::api_client_tests::creates_api_client_with_new stdout ----
[INFO] [stdout] 
[INFO] [stdout] thread 'api_client::api_client_tests::creates_api_client_with_new' (2959) panicked at src/api_client.rs:322:10:
[INFO] [stdout] should create an ApiClient: Cert
[INFO] [stdout] stack backtrace:
[INFO] [stdout]    0:     0x627850d2d2c1 - <<std[617be2ca0a6fd877]::sys::backtrace::BacktraceLock>::print::DisplayBacktrace as core[a373ad73a504971]::fmt::Display>::fmt
[INFO] [stdout]    1:     0x627850d43a4a - core[a373ad73a504971]::fmt::write
[INFO] [stdout]    2:     0x627850d3236c - <alloc[2e1b2a31b91974c5]::vec::Vec<u8> as core[a373ad73a504971]::io::write::Write>::write_fmt
[INFO] [stdout]    3:     0x627850d06a16 - std[617be2ca0a6fd877]::panicking::default_hook::{closure#0}
[INFO] [stdout]    4:     0x627850d24839 - std[617be2ca0a6fd877]::panicking::default_hook
[INFO] [stdout]    5:     0x627850ad7e40 - test[aada8e7e76ba119b]::test_main_inner::{closure#0}
[INFO] [stdout]    6:     0x627850d24b62 - std[617be2ca0a6fd877]::panicking::panic_with_hook
[INFO] [stdout]    7:     0x627850d06ac2 - std[617be2ca0a6fd877]::panicking::panic_handler::{closure#0}
[INFO] [stdout]    8:     0x627850cfee19 - std[617be2ca0a6fd877]::sys::backtrace::__rust_end_short_backtrace::<std[617be2ca0a6fd877]::panicking::panic_handler::{closure#0}, !>
[INFO] [stdout]    9:     0x627850d079cd - __rustc[ea4f61d10b84890b]::rust_begin_unwind
[INFO] [stdout]   10:     0x627850d441ac - core[a373ad73a504971]::panicking::panic_fmt
[INFO] [stdout]   11:     0x627850d43f82 - core[a373ad73a504971]::result::unwrap_failed
[INFO] [stdout]   12:     0x627850aa49bb - somfy_sdk[12db1fe3a7b8adbd]::api_client::api_client_tests::creates_api_client_with_new::{closure#0}
[INFO] [stdout]   13:     0x627850ab2cdb - <tokio[7f14b5a898dd3a03]::runtime::scheduler::current_thread::CurrentThread>::block_on::<core[a373ad73a504971]::pin::Pin<&mut dyn core[a373ad73a504971]::future::future::Future<Output = ()>>>
[INFO] [stdout]   14:     0x627850aa5972 - <tokio[7f14b5a898dd3a03]::runtime::runtime::Runtime>::block_on::<core[a373ad73a504971]::pin::Pin<&mut dyn core[a373ad73a504971]::future::future::Future<Output = ()>>>
[INFO] [stdout]   15:     0x627850aa56be - <somfy_sdk[12db1fe3a7b8adbd]::api_client::api_client_tests::creates_api_client_with_new::{closure#0} as core[a373ad73a504971]::ops::function::FnOnce<()>>::call_once
[INFO] [stdout]   16:     0x627850acb28b - test[aada8e7e76ba119b]::__rust_begin_short_backtrace::<core[a373ad73a504971]::result::Result<(), alloc[2e1b2a31b91974c5]::string::String>, fn() -> core[a373ad73a504971]::result::Result<(), alloc[2e1b2a31b91974c5]::string::String>>
[INFO] [stdout]   17:     0x627850ad8465 - test[aada8e7e76ba119b]::run_test::{closure#0}
[INFO] [stdout]   18:     0x627850ad1d54 - std[617be2ca0a6fd877]::sys::backtrace::__rust_begin_short_backtrace::<test[aada8e7e76ba119b]::run_test::{closure#1}, ()>
[INFO] [stdout]   19:     0x627850adb4f2 - <std[617be2ca0a6fd877]::thread::lifecycle::spawn_unchecked<test[aada8e7e76ba119b]::run_test::{closure#1}, ()>::{closure#1} as core[a373ad73a504971]::ops::function::FnOnce<()>>::call_once::{shim:vtable#0}
[INFO] [stdout]   20:     0x627850d2c0ff - <std[617be2ca0a6fd877]::sys::thread::unix::Thread>::new::thread_start
[INFO] [stdout]   21:     0x71b689a68dfa - <unknown>
[INFO] [stdout]   22:     0x71b689afc3d4 - clone
[INFO] [stdout]   23:                0x0 - <unknown>
[INFO] [stdout] 
[INFO] [stdout] ---- config::tls_cert::download_cert stdout ----
[INFO] [stdout] "./tests/fixtures/temp_cert.crt"
[INFO] [stdout] 
[INFO] [stdout] thread 'config::tls_cert::download_cert' (3029) panicked at src/config/tls_cert.rs:72:37:
[INFO] [stdout] cert should have been downloaded: Os { code: 2, kind: NotFound, message: "No such file or directory" }
[INFO] [stdout] stack backtrace:
[INFO] [stdout]    0:     0x627850d2d2c1 - <<std[617be2ca0a6fd877]::sys::backtrace::BacktraceLock>::print::DisplayBacktrace as core[a373ad73a504971]::fmt::Display>::fmt
[INFO] [stdout]    1:     0x627850d43a4a - core[a373ad73a504971]::fmt::write
[INFO] [stdout]    2:     0x627850d3236c - <alloc[2e1b2a31b91974c5]::vec::Vec<u8> as core[a373ad73a504971]::io::write::Write>::write_fmt
[INFO] [stdout]    3:     0x627850d06a16 - std[617be2ca0a6fd877]::panicking::default_hook::{closure#0}
[INFO] [stdout]    4:     0x627850d24839 - std[617be2ca0a6fd877]::panicking::default_hook
[INFO] [stdout]    5:     0x627850ad7e40 - test[aada8e7e76ba119b]::test_main_inner::{closure#0}
[INFO] [stdout]    6:     0x627850d24b62 - std[617be2ca0a6fd877]::panicking::panic_with_hook
[INFO] [stdout]    7:     0x627850d06ac2 - std[617be2ca0a6fd877]::panicking::panic_handler::{closure#0}
[INFO] [stdout]    8:     0x627850cfee19 - std[617be2ca0a6fd877]::sys::backtrace::__rust_end_short_backtrace::<std[617be2ca0a6fd877]::panicking::panic_handler::{closure#0}, !>
[INFO] [stdout]    9:     0x627850d079cd - __rustc[ea4f61d10b84890b]::rust_begin_unwind
[INFO] [stdout]   10:     0x627850d441ac - core[a373ad73a504971]::panicking::panic_fmt
[INFO] [stdout]   11:     0x627850d43f82 - core[a373ad73a504971]::result::unwrap_failed
[INFO] [stdout]   12:     0x627850aba0da - somfy_sdk[12db1fe3a7b8adbd]::config::tls_cert::download_cert::{closure#0}
[INFO] [stdout]   13:     0x627850ab2cdb - <tokio[7f14b5a898dd3a03]::runtime::scheduler::current_thread::CurrentThread>::block_on::<core[a373ad73a504971]::pin::Pin<&mut dyn core[a373ad73a504971]::future::future::Future<Output = ()>>>
[INFO] [stdout]   14:     0x627850aa5972 - <tokio[7f14b5a898dd3a03]::runtime::runtime::Runtime>::block_on::<core[a373ad73a504971]::pin::Pin<&mut dyn core[a373ad73a504971]::future::future::Future<Output = ()>>>
[INFO] [stdout]   15:     0x627850aba8ee - <somfy_sdk[12db1fe3a7b8adbd]::config::tls_cert::download_cert::{closure#0} as core[a373ad73a504971]::ops::function::FnOnce<()>>::call_once
[INFO] [stdout]   16:     0x627850acb28b - test[aada8e7e76ba119b]::__rust_begin_short_backtrace::<core[a373ad73a504971]::result::Result<(), alloc[2e1b2a31b91974c5]::string::String>, fn() -> core[a373ad73a504971]::result::Result<(), alloc[2e1b2a31b91974c5]::string::String>>
[INFO] [stdout]   17:     0x627850ad8465 - test[aada8e7e76ba119b]::run_test::{closure#0}
[INFO] [stdout]   18:     0x627850ad1d54 - std[617be2ca0a6fd877]::sys::backtrace::__rust_begin_short_backtrace::<test[aada8e7e76ba119b]::run_test::{closure#1}, ()>
[INFO] [stdout]   19:     0x627850adb4f2 - <std[617be2ca0a6fd877]::thread::lifecycle::spawn_unchecked<test[aada8e7e76ba119b]::run_test::{closure#1}, ()>::{closure#1} as core[a373ad73a504971]::ops::function::FnOnce<()>>::call_once::{shim:vtable#0}
[INFO] [stdout]   20:     0x627850d2c0ff - <std[617be2ca0a6fd877]::sys::thread::unix::Thread>::new::thread_start
[INFO] [stdout]   21:     0x71b689a68dfa - <unknown>
[INFO] [stdout]   22:     0x71b689afc3d4 - clone
[INFO] [stdout]   23:                0x0 - <unknown>
[INFO] [stdout] 
[INFO] [stdout] 
[INFO] [stdout] failures:
[INFO] [stdout]     api_client::api_client_tests::creates_api_client_with_from
[INFO] [stdout]     api_client::api_client_tests::creates_api_client_with_new
[INFO] [stdout]     commands::get_device::device_json_parser::attributes::parse_valid_procedure_array_correctly
[INFO] [stdout]     commands::get_device::device_json_parser::attributes::parse_valid_str_array_correctly
[INFO] [stdout]     commands::get_device::device_json_parser::attributes::parse_valid_string_correctly
[INFO] [stdout]     commands::get_device::device_json_parser::states::parse_valid_bool_value_correctly
[INFO] [stdout]     commands::get_device::device_json_parser::states::parse_valid_i64_value_correctly
[INFO] [stdout]     commands::get_device::device_json_parser::states::parse_valid_map_value_correctly
[INFO] [stdout]     commands::get_device::device_json_parser::states::parse_valid_str_value_correctly
[INFO] [stdout]     commands::get_device::device_json_parser::valid_minimal_device_json
[INFO] [stdout]     config::tls_cert::download_cert
[INFO] [stdout] 
[INFO] [stdout] test result: FAILED. 64 passed; 11 failed; 0 ignored; 0 measured; 0 filtered out; finished in 0.08s
[INFO] [stdout] 
[INFO] [stderr] error: test failed, to rerun pass `--lib`
[INFO] running `Command { std: "docker" "inspect" "6ef932e3b85d753948b89428fe81c691e7c3ac7c24f1a28a2bcc3dfae60b24ec", kill_on_drop: false }`
[INFO] running `Command { std: "docker" "rm" "-f" "6ef932e3b85d753948b89428fe81c691e7c3ac7c24f1a28a2bcc3dfae60b24ec", kill_on_drop: false }`
[INFO] [stdout] 6ef932e3b85d753948b89428fe81c691e7c3ac7c24f1a28a2bcc3dfae60b24ec
