[INFO] fetching crate somatize-worker 0.5.1...
[INFO] testing somatize-worker-0.5.1 against 1.99.0-beta.8+cargoflags=--release for beta-release-1.100-2
[INFO] extracting crate somatize-worker 0.5.1 into /workspace/builds/worker-7-tc1/source
[INFO] started tweaking crates.io crate somatize-worker 0.5.1
[INFO] removed 0 missing tests
[INFO] finished tweaking crates.io crate somatize-worker 0.5.1
[INFO] tweaked toml for crates.io crate somatize-worker 0.5.1 written to /workspace/builds/worker-7-tc1/source/Cargo.toml
[INFO] validating manifest of crates.io crate somatize-worker 0.5.1 on toolchain 1.99.0-beta.8
[INFO] running `Command { std: CARGO_HOME="/workspace/cargo-home" RUSTUP_HOME="/workspace/rustup-home" "/workspace/cargo-home/bin/cargo" "+1.99.0-beta.8" "metadata" "--manifest-path" "Cargo.toml" "--no-deps", kill_on_drop: false }`
[INFO] crate crates.io crate somatize-worker 0.5.1 already has a lockfile, it will not be regenerated
[INFO] running `Command { std: CARGO_HOME="/workspace/cargo-home" RUSTUP_HOME="/workspace/rustup-home" "/workspace/cargo-home/bin/cargo" "+1.99.0-beta.8" "fetch" "--manifest-path" "Cargo.toml", kill_on_drop: false }`
[INFO] [stderr]     Blocking waiting for file lock on package cache
[INFO] [stderr]     Updating crates.io index
[INFO] [stderr]  Downloading crates ...
[INFO] [stderr]   Downloaded somatize-compiler v0.5.1
[INFO] [stderr]   Downloaded hostname v0.4.2
[INFO] [stderr]   Downloaded sysinfo v0.33.1
[INFO] [stderr]   Downloaded somatize-runtime v0.5.1
[INFO] [stderr]   Downloaded iri-string v0.7.11
[INFO] running `Command { std: "docker" "create" "-v" "/var/lib/crater-agent-workspace/builds/worker-7-tc1/source:/opt/rustwide/workdir:ro,Z" "-v" "/var/lib/crater-agent-workspace/builds/worker-7-tc1/target:/opt/rustwide/target:rw,Z" "-v" "/var/lib/crater-agent-workspace/cargo-home:/opt/rustwide/cargo-home:ro,Z" "-v" "/var/lib/crater-agent-workspace/rustup-home:/opt/rustwide/rustup-home:ro,Z" "-m" "1610612736" "--network" "none" "ghcr.io/rust-lang/crates-build-env/linux@sha256:77db811e55d90add9212f6832c23229e3de5f1c1f9905e8cb07319ea15df73ac" "sleep" "infinity", kill_on_drop: false }`
[INFO] [stdout] 35b1ad194dfd80c5219dc69302bca5f7726d4b796ea2050443cabfad9d8ca246
[INFO] running `Command { std: "docker" "start" "35b1ad194dfd80c5219dc69302bca5f7726d4b796ea2050443cabfad9d8ca246", kill_on_drop: false }`
[INFO] running `Command { std: "docker" "inspect" "35b1ad194dfd80c5219dc69302bca5f7726d4b796ea2050443cabfad9d8ca246", kill_on_drop: false }`
[INFO] running `Command { std: "docker" "exec" "-e" "SOURCE_DIR=/opt/rustwide/workdir" "-e" "CARGO_HOME=/opt/rustwide/cargo-home" "-e" "RUSTUP_HOME=/opt/rustwide/rustup-home" "-e" "CARGO_TARGET_DIR=/opt/rustwide/target" "-w" "/opt/rustwide/workdir" "--user" "0:0" "35b1ad194dfd80c5219dc69302bca5f7726d4b796ea2050443cabfad9d8ca246" "/opt/rustwide/cargo-home/bin/cargo" "+1.99.0-beta.8" "metadata" "--no-deps" "--format-version=1", kill_on_drop: false }`
[INFO] running `Command { std: "docker" "inspect" "35b1ad194dfd80c5219dc69302bca5f7726d4b796ea2050443cabfad9d8ca246", kill_on_drop: false }`
[INFO] running `Command { std: "docker" "exec" "-e" "SOURCE_DIR=/opt/rustwide/workdir" "-e" "CARGO_HOME=/opt/rustwide/cargo-home" "-e" "RUSTUP_HOME=/opt/rustwide/rustup-home" "-e" "CARGO_TARGET_DIR=/opt/rustwide/target" "-e" "CARGO_INCREMENTAL=0" "-e" "RUST_BACKTRACE=full" "-e" "RUSTFLAGS=--cap-lints=warn" "-e" "RUSTDOCFLAGS=--cap-lints=warn" "-w" "/opt/rustwide/workdir" "--user" "0:0" "35b1ad194dfd80c5219dc69302bca5f7726d4b796ea2050443cabfad9d8ca246" "/opt/rustwide/cargo-home/bin/cargo" "+1.99.0-beta.8" "build" "--frozen" "--message-format=json" "--release", kill_on_drop: false }`
[INFO] [stderr]    Compiling syn v2.0.117
[INFO] [stderr]    Compiling zerocopy v0.8.47
[INFO] [stderr]    Compiling serde_core v1.0.228
[INFO] [stderr]    Compiling cc v1.2.58
[INFO] [stderr]    Compiling parking_lot_core v0.9.12
[INFO] [stderr]    Compiling mio v1.2.0
[INFO] [stderr]    Compiling getrandom v0.2.17
[INFO] [stderr]    Compiling num-traits v0.2.19
[INFO] [stderr]    Compiling serde_json v1.0.149
[INFO] [stderr]    Compiling getrandom v0.3.4
[INFO] [stderr]    Compiling webpki-roots v1.0.6
[INFO] [stderr]    Compiling futures-channel v0.3.32
[INFO] [stderr]    Compiling iri-string v0.7.11
[INFO] [stderr]    Compiling either v1.15.0
[INFO] [stderr]    Compiling bitflags v2.11.0
[INFO] [stderr]    Compiling clap_builder v4.6.0
[INFO] [stderr]    Compiling rayon v1.11.0
[INFO] [stderr]    Compiling rand_core v0.9.5
[INFO] [stderr]    Compiling webpki-roots v0.26.11
[INFO] [stderr]    Compiling tracing-log v0.2.0
[INFO] [stderr]    Compiling parking_lot v0.12.5
[INFO] [stderr]    Compiling hostname v0.4.2
[INFO] [stderr]    Compiling tracing-subscriber v0.3.23
[INFO] [stderr]    Compiling ring v0.17.14
[INFO] [stderr]    Compiling blake3 v1.8.5
[INFO] [stderr]    Compiling rmp v0.8.15
[INFO] [stderr]    Compiling sysinfo v0.33.1
[INFO] [stderr]    Compiling serde_path_to_error v0.1.20
[INFO] [stderr]    Compiling synstructure v0.13.2
[INFO] [stderr]    Compiling zerofrom-derive v0.1.6
[INFO] [stderr]    Compiling yoke-derive v0.8.1
[INFO] [stderr]    Compiling zerocopy-derive v0.8.47
[INFO] [stderr]    Compiling zerovec-derive v0.11.2
[INFO] [stderr]    Compiling tokio-macros v2.6.1
[INFO] [stderr]    Compiling displaydoc v0.2.5
[INFO] [stderr]    Compiling tracing-attributes v0.1.31
[INFO] [stderr]    Compiling serde_derive v1.0.228
[INFO] [stderr]    Compiling futures-macro v0.3.32
[INFO] [stderr]    Compiling thiserror-impl v2.0.18
[INFO] [stderr]    Compiling somatize-macros v0.5.1
[INFO] [stderr]    Compiling clap_derive v4.6.0
[INFO] [stderr]    Compiling tokio v1.50.0
[INFO] [stderr]    Compiling futures-util v0.3.32
[INFO] [stderr]    Compiling zerofrom v0.1.6
[INFO] [stderr]    Compiling yoke v0.8.1
[INFO] [stderr]    Compiling zerotrie v0.2.3
[INFO] [stderr]    Compiling zerovec v0.11.5
[INFO] [stderr]    Compiling tracing v0.1.44
[INFO] [stderr]    Compiling axum-core v0.5.6
[INFO] [stderr]    Compiling thiserror v2.0.18
[INFO] [stderr]    Compiling tinystr v0.8.2
[INFO] [stderr]    Compiling potential_utf v0.1.4
[INFO] [stderr]    Compiling clap v4.6.0
[INFO] [stderr]    Compiling icu_collections v2.1.1
[INFO] [stderr]    Compiling icu_locale_core v2.1.1
[INFO] [stderr]    Compiling serde v1.0.228
[INFO] [stderr]    Compiling icu_provider v2.1.1
[INFO] [stderr]    Compiling icu_normalizer v2.1.1
[INFO] [stderr]    Compiling icu_properties v2.1.2
[INFO] [stderr]    Compiling chrono v0.4.44
[INFO] [stderr]    Compiling serde_urlencoded v0.7.1
[INFO] [stderr]    Compiling rmp-serde v1.3.1
[INFO] [stderr]    Compiling idna_adapter v1.2.1
[INFO] [stderr]    Compiling idna v1.1.0
[INFO] [stderr]    Compiling rustls v0.23.37
[INFO] [stderr]    Compiling url v2.5.8
[INFO] [stderr]    Compiling ppv-lite86 v0.2.21
[INFO] [stderr]    Compiling half v2.7.1
[INFO] [stderr]    Compiling hyper v1.8.1
[INFO] [stderr]    Compiling tower v0.5.3
[INFO] [stderr]    Compiling ciborium-ll v0.2.2
[INFO] [stderr]    Compiling ciborium v0.2.2
[INFO] [stderr]    Compiling rand_chacha v0.9.0
[INFO] [stderr]    Compiling rand v0.9.2
[INFO] [stderr]    Compiling rustls-webpki v0.103.10
[INFO] [stderr]    Compiling somatize-core v0.5.1
[INFO] [stderr]    Compiling tower-http v0.6.8
[INFO] [stderr]    Compiling hyper-util v0.1.20
[INFO] [stderr]    Compiling tokio-rustls v0.26.4
[INFO] [stderr]    Compiling tungstenite v0.28.0
[INFO] [stderr]    Compiling hyper-rustls v0.27.7
[INFO] [stderr]    Compiling reqwest v0.12.28
[INFO] [stderr]    Compiling tokio-tungstenite v0.28.0
[INFO] [stderr]    Compiling axum v0.8.8
[INFO] [stderr]    Compiling somatize-compiler v0.5.1
[INFO] [stderr]    Compiling somatize-runtime v0.5.1
[INFO] [stderr]    Compiling somatize-worker v0.5.1 (/opt/rustwide/workdir)
[INFO] [stderr]     Finished `release` profile [optimized] target(s) in 2m 57s
[INFO] running `Command { std: "docker" "inspect" "35b1ad194dfd80c5219dc69302bca5f7726d4b796ea2050443cabfad9d8ca246", kill_on_drop: false }`
[INFO] running `Command { std: "docker" "exec" "-e" "SOURCE_DIR=/opt/rustwide/workdir" "-e" "CARGO_HOME=/opt/rustwide/cargo-home" "-e" "RUSTUP_HOME=/opt/rustwide/rustup-home" "-e" "CARGO_TARGET_DIR=/opt/rustwide/target" "-e" "CARGO_INCREMENTAL=0" "-e" "RUST_BACKTRACE=full" "-e" "RUSTFLAGS=--cap-lints=warn" "-e" "RUSTDOCFLAGS=--cap-lints=warn" "-w" "/opt/rustwide/workdir" "--user" "0:0" "35b1ad194dfd80c5219dc69302bca5f7726d4b796ea2050443cabfad9d8ca246" "/opt/rustwide/cargo-home/bin/cargo" "+1.99.0-beta.8" "test" "--frozen" "--no-run" "--message-format=json" "--release", kill_on_drop: false }`
[INFO] [stderr]    Compiling tower-http v0.6.8
[INFO] [stderr]    Compiling getrandom v0.4.2
[INFO] [stderr]    Compiling rustix v1.1.4
[INFO] [stderr]    Compiling wait-timeout v0.2.1
[INFO] [stderr]    Compiling rand_xorshift v0.4.0
[INFO] [stderr]    Compiling reqwest v0.12.28
[INFO] [stderr]    Compiling tempfile v3.27.0
[INFO] [stderr]    Compiling rusty-fork v0.3.1
[INFO] [stderr]    Compiling proptest v1.11.0
[INFO] [stderr]    Compiling somatize-worker v0.5.1 (/opt/rustwide/workdir)
[INFO] [stderr]     Finished `release` profile [optimized] target(s) in 2m 12s
[INFO] running `Command { std: "docker" "inspect" "35b1ad194dfd80c5219dc69302bca5f7726d4b796ea2050443cabfad9d8ca246", kill_on_drop: false }`
[INFO] running `Command { std: "docker" "exec" "-e" "SOURCE_DIR=/opt/rustwide/workdir" "-e" "CARGO_HOME=/opt/rustwide/cargo-home" "-e" "RUSTUP_HOME=/opt/rustwide/rustup-home" "-e" "CARGO_TARGET_DIR=/opt/rustwide/target" "-e" "CARGO_INCREMENTAL=0" "-e" "RUST_BACKTRACE=full" "-e" "RUSTFLAGS=--cap-lints=warn" "-e" "RUSTDOCFLAGS=--cap-lints=warn" "-w" "/opt/rustwide/workdir" "--user" "0:0" "35b1ad194dfd80c5219dc69302bca5f7726d4b796ea2050443cabfad9d8ca246" "/opt/rustwide/cargo-home/bin/cargo" "+1.99.0-beta.8" "test" "--frozen" "--release", kill_on_drop: false }`
[INFO] [stderr]     Finished `release` profile [optimized] target(s) in 0.31s
[INFO] [stderr]      Running unittests src/lib.rs (/opt/rustwide/target/release/deps/somatize_worker-555bf900ee76f579)
[INFO] [stdout] 
[INFO] [stdout] running 41 tests
[INFO] [stdout] test detect::tests::limits_none_keeps_all ... ok
[INFO] [stdout] test env_manager::tests::parse_requirements_formats ... ok
[INFO] [stdout] test env_manager::tests::the_env_id_follows_the_requirements_not_the_caller ... ok
[INFO] [stdout] test env_manager::tests::hash_requirements_ignores_comments ... ok
[INFO] [stdout] test protocol::tests::an_inline_input_resolves_to_itself ... ok
[INFO] [stdout] test env_manager::tests::hash_changes_on_version_change ... ok
[INFO] [stdout] test env_manager::tests::hash_requirements_stable ... ok
[INFO] [stdout] test detect::tests::summary_format ... ok
[INFO] [stdout] test error::tests::a_worker_error_keeps_its_layer_when_it_crosses_the_seam ... ok
[INFO] [stdout] test protocol::tests::a_version_mismatch_is_refused_not_executed ... ok
[INFO] [stdout] test protocol::tests::heartbeat_serde ... ok
[INFO] [stdout] test protocol::tests::pickled_filter_bytes_survive_json ... ok
[INFO] [stdout] test protocol::tests::plan_result_serde ... ok
[INFO] [stdout] test protocol::tests::event_message_serde ... ok
[INFO] [stdout] test protocol::tests::worker_message_serde ... ok
[INFO] [stdout] test server::tests::router_builds ... ok
[INFO] [stdout] test protocol::tests::capabilities_serde ... ok
[INFO] [stdout] test worker::tests::a_fit_over_a_large_reference_is_not_silently_streamed ... ok
[INFO] [stdout] test protocol::tests::an_unresolvable_reference_is_an_error_not_an_empty_value ... ok
[INFO] [stdout] test worker::tests::worker_handles_missing_filter ... ok
[INFO] [stdout] test worker::tests::worker_executes_sequence ... ok
[INFO] [stdout] test worker::tests::a_large_data_ref_streams_concatenated_through_stream_run ... ok
[INFO] [stdout] test detect::tests::limits_restrict_capabilities ... ok
[INFO] [stdout] test error::tests::a_core_error_passes_through_unchanged ... ok
[INFO] [stdout] test worker::tests::a_stateful_filter_keeps_its_state_across_a_streamed_data_ref ... ok
[INFO] [stdout] test protocol::tests::every_stream_message_survives_msgpack ... ok
[INFO] [stdout] test worker::tests::worker_matches_target_by_tag ... ok
[INFO] [stdout] test ws_transport::tests::different_seeds_differ_on_the_wire ... ok
[INFO] [stdout] test ws_transport::tests::wire_plan_carries_the_run_seed ... ok
[INFO] [stdout] test ws_transport::tests::wire_plan_sends_no_filters ... ok
[INFO] [stdout] test ws_transport::tests::wire_plan_without_a_seed_stays_unseeded ... ok
[INFO] [stdout] test worker::tests::worker_matches_target_by_id ... ok
[INFO] [stdout] test ws_transport::tests::fit_mode_carries_labels_and_the_seed_together ... ok
[INFO] [stdout] test worker::tests::worker_registration ... ok
[INFO] [stdout] test protocol::tests::a_plan_without_a_version_field_does_not_claim_ours ... ok
[INFO] [stdout] test worker::tests::worker_executes_plan_successfully ... ok
[INFO] [stdout] test worker::tests::worker_emits_events ... ok
[INFO] [stdout] test protocol::tests::coordinator_message_serde ... ok
[INFO] [stdout] test server::tests::health_returns_ok ... ok
[INFO] [stdout] test server::tests::full_server_starts_and_stops ... ok
[INFO] [stdout] test detect::tests::detect_finds_cpus_and_ram ... ok
[INFO] [stdout] 
[INFO] [stdout] test result: ok. 41 passed; 0 failed; 0 ignored; 0 measured; 0 filtered out; finished in 0.08s
[INFO] [stdout] 
[INFO] [stderr]      Running unittests src/bin/soma-worker.rs (/opt/rustwide/target/release/deps/soma_worker-b61a1a8783601b9b)
[INFO] [stdout] 
[INFO] [stdout] running 0 tests
[INFO] [stdout] 
[INFO] [stdout] test result: ok. 0 passed; 0 failed; 0 ignored; 0 measured; 0 filtered out; finished in 0.00s
[INFO] [stdout] 
[INFO] [stdout] 
[INFO] [stderr]      Running tests/e2e_cli.rs (/opt/rustwide/target/release/deps/e2e_cli-37ec5b7b52dfb0a3)
[INFO] [stdout] running 2 tests
[INFO] [stdout] test cli_help_flag ... ok
[INFO] [stdout] test cli_starts_and_responds_to_health ... ok
[INFO] [stderr]      Running tests/e2e_env_manager.rs (/opt/rustwide/target/release/deps/e2e_env_manager-612e69edfb088446)
[INFO] [stdout] 
[INFO] [stdout] test result: ok. 2 passed; 0 failed; 0 ignored; 0 measured; 0 filtered out; finished in 0.22s
[INFO] [stdout] 
[INFO] [stdout] 
[INFO] [stdout] running 6 tests
[INFO] [stdout] test install_real_package ... FAILED
[INFO] [stdout] test different_requirements_trigger_update ... FAILED
[INFO] [stdout] test create_venv_and_get_python ... FAILED
[INFO] [stdout] test lockfile_persists_between_calls ... FAILED
[INFO] [stdout] test cleanup_old_envs ... FAILED
[INFO] [stdout] test reuse_existing_venv ... FAILED
[INFO] [stdout] 
[INFO] [stdout] failures:
[INFO] [stdout] 
[INFO] [stdout] ---- install_real_package stdout ----
[INFO] [stdout] 
[INFO] [stdout] thread 'install_real_package' (2760) panicked at tests/e2e_env_manager.rs:102:54:
[INFO] [stdout] called `Result::unwrap()` on an `Err` value: Env("venv creation failed: ")
[INFO] [stdout] stack backtrace:
[INFO] [stdout]    0:     0x59c39bd81541 - <<std[70759c8f55707aa4]::sys::backtrace::BacktraceLock>::print::DisplayBacktrace as core[df12db4294e9bfd3]::fmt::Display>::fmt
[INFO] [stdout]    1:     0x59c39bd97a4a - core[df12db4294e9bfd3]::fmt::write
[INFO] [stdout]    2:     0x59c39bd85ccc - <alloc[2182bb758b4b3781]::vec::Vec<u8> as core[df12db4294e9bfd3]::io::write::Write>::write_fmt
[INFO] [stdout]    3:     0x59c39bd5bad6 - std[70759c8f55707aa4]::panicking::default_hook::{closure#0}
[INFO] [stdout]    4:     0x59c39bd78ce9 - std[70759c8f55707aa4]::panicking::default_hook
[INFO] [stdout]    5:     0x59c39bcef9d0 - test[9d35eded1c95d3be]::test_main_inner::<test[9d35eded1c95d3be]::test_main_static::{closure#0}>::{closure#0}
[INFO] [stdout]    6:     0x59c39bd78ea2 - std[70759c8f55707aa4]::panicking::panic_with_hook
[INFO] [stdout]    7:     0x59c39bd5bb82 - std[70759c8f55707aa4]::panicking::panic_handler::{closure#0}
[INFO] [stdout]    8:     0x59c39bd545b9 - std[70759c8f55707aa4]::sys::backtrace::__rust_end_short_backtrace::<std[70759c8f55707aa4]::panicking::panic_handler::{closure#0}, !>
[INFO] [stdout]    9:     0x59c39bd5c77d - __rustc[8fa7c3cbc660c2b3]::rust_begin_unwind
[INFO] [stdout]   10:     0x59c39bd981ac - core[df12db4294e9bfd3]::panicking::panic_fmt
[INFO] [stdout]   11:     0x59c39bd97f82 - core[df12db4294e9bfd3]::result::unwrap_failed
[INFO] [stdout]   12:     0x59c39bcda28a - <e2e_env_manager[b468ac9a81ac8e96]::install_real_package::{closure#0} as core[df12db4294e9bfd3]::ops::function::FnOnce<()>>::call_once
[INFO] [stdout]   13:     0x59c39bce2cbb - test[9d35eded1c95d3be]::__rust_begin_short_backtrace::<core[df12db4294e9bfd3]::result::Result<(), alloc[2182bb758b4b3781]::string::String>, fn() -> core[df12db4294e9bfd3]::result::Result<(), alloc[2182bb758b4b3781]::string::String>>
[INFO] [stdout]   14:     0x59c39bcf0325 - test[9d35eded1c95d3be]::run_test::{closure#0}
[INFO] [stdout]   15:     0x59c39bce9be4 - std[70759c8f55707aa4]::sys::backtrace::__rust_begin_short_backtrace::<test[9d35eded1c95d3be]::run_test::{closure#1}, ()>
[INFO] [stdout]   16:     0x59c39bcf3482 - <std[70759c8f55707aa4]::thread::lifecycle::spawn_unchecked<test[9d35eded1c95d3be]::run_test::{closure#1}, ()>::{closure#1} as core[df12db4294e9bfd3]::ops::function::FnOnce<()>>::call_once::{shim:vtable#0}
[INFO] [stdout]   17:     0x59c39bd80889 - <std[70759c8f55707aa4]::sys::thread::unix::Thread>::new::thread_start
[INFO] [stdout]   18:     0x7700b73e0dfa - <unknown>
[INFO] [stdout]   19:     0x7700b74743d4 - clone
[INFO] [stdout]   20:                0x0 - <unknown>
[INFO] [stdout] 
[INFO] [stdout] ---- different_requirements_trigger_update stdout ----
[INFO] [stdout] 
[INFO] [stdout] thread 'different_requirements_trigger_update' (2759) panicked at tests/e2e_env_manager.rs:82:54:
[INFO] [stdout] called `Result::unwrap()` on an `Err` value: Env("venv creation failed: ")
[INFO] [stdout] stack backtrace:
[INFO] [stdout]    0:     0x59c39bd81541 - <<std[70759c8f55707aa4]::sys::backtrace::BacktraceLock>::print::DisplayBacktrace as core[df12db4294e9bfd3]::fmt::Display>::fmt
[INFO] [stdout]    1:     0x59c39bd97a4a - core[df12db4294e9bfd3]::fmt::write
[INFO] [stdout]    2:     0x59c39bd85ccc - <alloc[2182bb758b4b3781]::vec::Vec<u8> as core[df12db4294e9bfd3]::io::write::Write>::write_fmt
[INFO] [stdout]    3:     0x59c39bd5bad6 - std[70759c8f55707aa4]::panicking::default_hook::{closure#0}
[INFO] [stdout]    4:     0x59c39bd78ce9 - std[70759c8f55707aa4]::panicking::default_hook
[INFO] [stdout]    5:     0x59c39bcef9d0 - test[9d35eded1c95d3be]::test_main_inner::<test[9d35eded1c95d3be]::test_main_static::{closure#0}>::{closure#0}
[INFO] [stdout]    6:     0x59c39bd78ea2 - std[70759c8f55707aa4]::panicking::panic_with_hook
[INFO] [stdout]    7:     0x59c39bd5bb82 - std[70759c8f55707aa4]::panicking::panic_handler::{closure#0}
[INFO] [stdout]    8:     0x59c39bd545b9 - std[70759c8f55707aa4]::sys::backtrace::__rust_end_short_backtrace::<std[70759c8f55707aa4]::panicking::panic_handler::{closure#0}, !>
[INFO] [stdout]    9:     0x59c39bd5c77d - __rustc[8fa7c3cbc660c2b3]::rust_begin_unwind
[INFO] [stdout]   10:     0x59c39bd981ac - core[df12db4294e9bfd3]::panicking::panic_fmt
[INFO] [stdout]   11:     0x59c39bd97f82 - core[df12db4294e9bfd3]::result::unwrap_failed
[INFO] [stdout]   12:     0x59c39bcdb522 - <e2e_env_manager[b468ac9a81ac8e96]::different_requirements_trigger_update::{closure#0} as core[df12db4294e9bfd3]::ops::function::FnOnce<()>>::call_once
[INFO] [stdout]   13:     0x59c39bce2cbb - test[9d35eded1c95d3be]::__rust_begin_short_backtrace::<core[df12db4294e9bfd3]::result::Result<(), alloc[2182bb758b4b3781]::string::String>, fn() -> core[df12db4294e9bfd3]::result::Result<(), alloc[2182bb758b4b3781]::string::String>>
[INFO] [stdout]   14:     0x59c39bcf0325 - test[9d35eded1c95d3be]::run_test::{closure#0}
[INFO] [stdout]   15:     0x59c39bce9be4 - std[70759c8f55707aa4]::sys::backtrace::__rust_begin_short_backtrace::<test[9d35eded1c95d3be]::run_test::{closure#1}, ()>
[INFO] [stdout]   16:     0x59c39bcf3482 - <std[70759c8f55707aa4]::thread::lifecycle::spawn_unchecked<test[9d35eded1c95d3be]::run_test::{closure#1}, ()>::{closure#1} as core[df12db4294e9bfd3]::ops::function::FnOnce<()>>::call_once::{shim:vtable#0}
[INFO] [stdout]   17:     0x59c39bd80889 - <std[70759c8f55707aa4]::sys::thread::unix::Thread>::new::thread_start
[INFO] [stdout]   18:     0x7700b73e0dfa - <unknown>
[INFO] [stdout]   19:     0x7700b74743d4 - clone
[INFO] [stdout]   20:                0x0 - <unknown>
[INFO] [stdout] 
[INFO] [stdout] ---- create_venv_and_get_python stdout ----
[INFO] [stdout] 
[INFO] [stdout] thread 'create_venv_and_get_python' (2758) panicked at tests/e2e_env_manager.rs:27:54:
[INFO] [stdout] called `Result::unwrap()` on an `Err` value: Env("venv creation failed: ")
[INFO] [stdout] stack backtrace:
[INFO] [stdout]    0:     0x59c39bd81541 - <<std[70759c8f55707aa4]::sys::backtrace::BacktraceLock>::print::DisplayBacktrace as core[df12db4294e9bfd3]::fmt::Display>::fmt
[INFO] [stdout]    1:     0x59c39bd97a4a - core[df12db4294e9bfd3]::fmt::write
[INFO] [stdout]    2:     0x59c39bd85ccc - <alloc[2182bb758b4b3781]::vec::Vec<u8> as core[df12db4294e9bfd3]::io::write::Write>::write_fmt
[INFO] [stdout]    3:     0x59c39bd5bad6 - std[70759c8f55707aa4]::panicking::default_hook::{closure#0}
[INFO] [stdout]    4:     0x59c39bd78ce9 - std[70759c8f55707aa4]::panicking::default_hook
[INFO] [stdout]    5:     0x59c39bcef9d0 - test[9d35eded1c95d3be]::test_main_inner::<test[9d35eded1c95d3be]::test_main_static::{closure#0}>::{closure#0}
[INFO] [stdout]    6:     0x59c39bd78ea2 - std[70759c8f55707aa4]::panicking::panic_with_hook
[INFO] [stdout]    7:     0x59c39bd5bb82 - std[70759c8f55707aa4]::panicking::panic_handler::{closure#0}
[INFO] [stdout]    8:     0x59c39bd545b9 - std[70759c8f55707aa4]::sys::backtrace::__rust_end_short_backtrace::<std[70759c8f55707aa4]::panicking::panic_handler::{closure#0}, !>
[INFO] [stdout]    9:     0x59c39bd5c77d - __rustc[8fa7c3cbc660c2b3]::rust_begin_unwind
[INFO] [stdout]   10:     0x59c39bd981ac - core[df12db4294e9bfd3]::panicking::panic_fmt
[INFO] [stdout]   11:     0x59c39bd97f82 - core[df12db4294e9bfd3]::result::unwrap_failed
[INFO] [stdout]   12:     0x59c39bcdab93 - <e2e_env_manager[b468ac9a81ac8e96]::create_venv_and_get_python::{closure#0} as core[df12db4294e9bfd3]::ops::function::FnOnce<()>>::call_once
[INFO] [stdout]   13:     0x59c39bce2cbb - test[9d35eded1c95d3be]::__rust_begin_short_backtrace::<core[df12db4294e9bfd3]::result::Result<(), alloc[2182bb758b4b3781]::string::String>, fn() -> core[df12db4294e9bfd3]::result::Result<(), alloc[2182bb758b4b3781]::string::String>>
[INFO] [stdout]   14:     0x59c39bcf0325 - test[9d35eded1c95d3be]::run_test::{closure#0}
[INFO] [stdout]   15:     0x59c39bce9be4 - std[70759c8f55707aa4]::sys::backtrace::__rust_begin_short_backtrace::<test[9d35eded1c95d3be]::run_test::{closure#1}, ()>
[INFO] [stdout]   16:     0x59c39bcf3482 - <std[70759c8f55707aa4]::thread::lifecycle::spawn_unchecked<test[9d35eded1c95d3be]::run_test::{closure#1}, ()>::{closure#1} as core[df12db4294e9bfd3]::ops::function::FnOnce<()>>::call_once::{shim:vtable#0}
[INFO] [stdout]   17:     0x59c39bd80889 - <std[70759c8f55707aa4]::sys::thread::unix::Thread>::new::thread_start
[INFO] [stdout]   18:     0x7700b73e0dfa - <unknown>
[INFO] [stdout]   19:     0x7700b74743d4 - clone
[INFO] [stdout]   20:                0x0 - <unknown>
[INFO] [stdout] 
[INFO] [stdout] ---- lockfile_persists_between_calls stdout ----
[INFO] [stdout] 
[INFO] [stdout] thread 'lockfile_persists_between_calls' (2762) panicked at tests/e2e_env_manager.rs:144:64:
[INFO] [stdout] called `Result::unwrap()` on an `Err` value: Env("venv creation failed: ")
[INFO] [stdout] stack backtrace:
[INFO] [stdout]    0:     0x59c39bd81541 - <<std[70759c8f55707aa4]::sys::backtrace::BacktraceLock>::print::DisplayBacktrace as core[df12db4294e9bfd3]::fmt::Display>::fmt
[INFO] [stdout]    1:     0x59c39bd97a4a - core[df12db4294e9bfd3]::fmt::write
[INFO] [stdout]    2:     0x59c39bd85ccc - <alloc[2182bb758b4b3781]::vec::Vec<u8> as core[df12db4294e9bfd3]::io::write::Write>::write_fmt
[INFO] [stdout]    3:     0x59c39bd5bad6 - std[70759c8f55707aa4]::panicking::default_hook::{closure#0}
[INFO] [stdout]    4:     0x59c39bd78ce9 - std[70759c8f55707aa4]::panicking::default_hook
[INFO] [stdout]    5:     0x59c39bcef9d0 - test[9d35eded1c95d3be]::test_main_inner::<test[9d35eded1c95d3be]::test_main_static::{closure#0}>::{closure#0}
[INFO] [stdout]    6:     0x59c39bd78ea2 - std[70759c8f55707aa4]::panicking::panic_with_hook
[INFO] [stdout]    7:     0x59c39bd5bb82 - std[70759c8f55707aa4]::panicking::panic_handler::{closure#0}
[INFO] [stdout]    8:     0x59c39bd545b9 - std[70759c8f55707aa4]::sys::backtrace::__rust_end_short_backtrace::<std[70759c8f55707aa4]::panicking::panic_handler::{closure#0}, !>
[INFO] [stdout]    9:     0x59c39bd5c77d - __rustc[8fa7c3cbc660c2b3]::rust_begin_unwind
[INFO] [stdout]   10:     0x59c39bd981ac - core[df12db4294e9bfd3]::panicking::panic_fmt
[INFO] [stdout]   11:     0x59c39bd97f82 - core[df12db4294e9bfd3]::result::unwrap_failed
[INFO] [stdout]   12:     0x59c39bcdb0e2 - <e2e_env_manager[b468ac9a81ac8e96]::lockfile_persists_between_calls::{closure#0} as core[df12db4294e9bfd3]::ops::function::FnOnce<()>>::call_once
[INFO] [stdout]   13:     0x59c39bce2cbb - test[9d35eded1c95d3be]::__rust_begin_short_backtrace::<core[df12db4294e9bfd3]::result::Result<(), alloc[2182bb758b4b3781]::string::String>, fn() -> core[df12db4294e9bfd3]::result::Result<(), alloc[2182bb758b4b3781]::string::String>>
[INFO] [stdout]   14:     0x59c39bcf0325 - test[9d35eded1c95d3be]::run_test::{closure#0}
[INFO] [stdout]   15:     0x59c39bce9be4 - std[70759c8f55707aa4]::sys::backtrace::__rust_begin_short_backtrace::<test[9d35eded1c95d3be]::run_test::{closure#1}, ()>
[INFO] [stdout]   16:     0x59c39bcf3482 - <std[70759c8f55707aa4]::thread::lifecycle::spawn_unchecked<test[9d35eded1c95d3be]::run_test::{closure#1}, ()>::{closure#1} as core[df12db4294e9bfd3]::ops::function::FnOnce<()>>::call_once::{shim:vtable#0}
[INFO] [stdout]   17:     0x59c39bd80889 - <std[70759c8f55707aa4]::sys::thread::unix::Thread>::new::thread_start
[INFO] [stdout]   18:     0x7700b73e0dfa - <unknown>
[INFO] [stdout]   19:     0x7700b74743d4 - clone
[INFO] [stdout]   20:                0x0 - <unknown>
[INFO] [stdout] 
[INFO] [stdout] ---- cleanup_old_envs stdout ----
[INFO] [stdout] 
[INFO] [stdout] thread 'cleanup_old_envs' (2757) panicked at tests/e2e_env_manager.rs:127:54:
[INFO] [stdout] called `Result::unwrap()` on an `Err` value: Env("venv creation failed: ")
[INFO] [stdout] stack backtrace:
[INFO] [stdout]    0:     0x59c39bd81541 - <<std[70759c8f55707aa4]::sys::backtrace::BacktraceLock>::print::DisplayBacktrace as core[df12db4294e9bfd3]::fmt::Display>::fmt
[INFO] [stdout]    1:     0x59c39bd97a4a - core[df12db4294e9bfd3]::fmt::write
[INFO] [stdout]    2:     0x59c39bd85ccc - <alloc[2182bb758b4b3781]::vec::Vec<u8> as core[df12db4294e9bfd3]::io::write::Write>::write_fmt
[INFO] [stdout]    3:     0x59c39bd5bad6 - std[70759c8f55707aa4]::panicking::default_hook::{closure#0}
[INFO] [stdout]    4:     0x59c39bd78ce9 - std[70759c8f55707aa4]::panicking::default_hook
[INFO] [stdout]    5:     0x59c39bcef9d0 - test[9d35eded1c95d3be]::test_main_inner::<test[9d35eded1c95d3be]::test_main_static::{closure#0}>::{closure#0}
[INFO] [stdout]    6:     0x59c39bd78ea2 - std[70759c8f55707aa4]::panicking::panic_with_hook
[INFO] [stdout]    7:     0x59c39bd5bb82 - std[70759c8f55707aa4]::panicking::panic_handler::{closure#0}
[INFO] [stdout]    8:     0x59c39bd545b9 - std[70759c8f55707aa4]::sys::backtrace::__rust_end_short_backtrace::<std[70759c8f55707aa4]::panicking::panic_handler::{closure#0}, !>
[INFO] [stdout]    9:     0x59c39bd5c77d - __rustc[8fa7c3cbc660c2b3]::rust_begin_unwind
[INFO] [stdout]   10:     0x59c39bd981ac - core[df12db4294e9bfd3]::panicking::panic_fmt
[INFO] [stdout]   11:     0x59c39bd97f82 - core[df12db4294e9bfd3]::result::unwrap_failed
[INFO] [stdout]   12:     0x59c39bcd9986 - <e2e_env_manager[b468ac9a81ac8e96]::cleanup_old_envs::{closure#0} as core[df12db4294e9bfd3]::ops::function::FnOnce<()>>::call_once
[INFO] [stdout]   13:     0x59c39bce2cbb - test[9d35eded1c95d3be]::__rust_begin_short_backtrace::<core[df12db4294e9bfd3]::result::Result<(), alloc[2182bb758b4b3781]::string::String>, fn() -> core[df12db4294e9bfd3]::result::Result<(), alloc[2182bb758b4b3781]::string::String>>
[INFO] [stdout]   14:     0x59c39bcf0325 - test[9d35eded1c95d3be]::run_test::{closure#0}
[INFO] [stdout]   15:     0x59c39bce9be4 - std[70759c8f55707aa4]::sys::backtrace::__rust_begin_short_backtrace::<test[9d35eded1c95d3be]::run_test::{closure#1}, ()>
[INFO] [stdout]   16:     0x59c39bcf3482 - <std[70759c8f55707aa4]::thread::lifecycle::spawn_unchecked<test[9d35eded1c95d3be]::run_test::{closure#1}, ()>::{closure#1} as core[df12db4294e9bfd3]::ops::function::FnOnce<()>>::call_once::{shim:vtable#0}
[INFO] [stdout]   17:     0x59c39bd80889 - <std[70759c8f55707aa4]::sys::thread::unix::Thread>::new::thread_start
[INFO] [stdout]   18:     0x7700b73e0dfa - <unknown>
[INFO] [stdout]   19:     0x7700b74743d4 - clone
[INFO] [stdout]   20:                0x0 - <unknown>
[INFO] [stdout] 
[INFO] [stdout] ---- reuse_existing_venv stdout ----
[INFO] [stdout] 
[INFO] [stdout] thread 'reuse_existing_venv' (2763) panicked at tests/e2e_env_manager.rs:63:52:
[INFO] [stdout] called `Result::unwrap()` on an `Err` value: Env("venv creation failed: ")
[INFO] [stdout] stack backtrace:
[INFO] [stdout]    0:     0x59c39bd81541 - <<std[70759c8f55707aa4]::sys::backtrace::BacktraceLock>::print::DisplayBacktrace as core[df12db4294e9bfd3]::fmt::Display>::fmt
[INFO] [stdout]    1:     0x59c39bd97a4a - core[df12db4294e9bfd3]::fmt::write
[INFO] [stdout]    2:     0x59c39bd85ccc - <alloc[2182bb758b4b3781]::vec::Vec<u8> as core[df12db4294e9bfd3]::io::write::Write>::write_fmt
[INFO] [stdout]    3:     0x59c39bd5bad6 - std[70759c8f55707aa4]::panicking::default_hook::{closure#0}
[INFO] [stdout]    4:     0x59c39bd78ce9 - std[70759c8f55707aa4]::panicking::default_hook
[INFO] [stdout]    5:     0x59c39bcef9d0 - test[9d35eded1c95d3be]::test_main_inner::<test[9d35eded1c95d3be]::test_main_static::{closure#0}>::{closure#0}
[INFO] [stdout]    6:     0x59c39bd78ea2 - std[70759c8f55707aa4]::panicking::panic_with_hook
[INFO] [stdout]    7:     0x59c39bd5bb82 - std[70759c8f55707aa4]::panicking::panic_handler::{closure#0}
[INFO] [stdout]    8:     0x59c39bd545b9 - std[70759c8f55707aa4]::sys::backtrace::__rust_end_short_backtrace::<std[70759c8f55707aa4]::panicking::panic_handler::{closure#0}, !>
[INFO] [stdout]    9:     0x59c39bd5c77d - __rustc[8fa7c3cbc660c2b3]::rust_begin_unwind
[INFO] [stdout]   10:     0x59c39bd981ac - core[df12db4294e9bfd3]::panicking::panic_fmt
[INFO] [stdout]   11:     0x59c39bd97f82 - core[df12db4294e9bfd3]::result::unwrap_failed
[INFO] [stdout]   12:     0x59c39bcd9e5b - <e2e_env_manager[b468ac9a81ac8e96]::reuse_existing_venv::{closure#0} as core[df12db4294e9bfd3]::ops::function::FnOnce<()>>::call_once
[INFO] [stdout]   13:     0x59c39bce2cbb - test[9d35eded1c95d3be]::__rust_begin_short_backtrace::<core[df12db4294e9bfd3]::result::Result<(), alloc[2182bb758b4b3781]::string::String>, fn() -> core[df12db4294e9bfd3]::result::Result<(), alloc[2182bb758b4b3781]::string::String>>
[INFO] [stdout]   14:     0x59c39bcf0325 - test[9d35eded1c95d3be]::run_test::{closure#0}
[INFO] [stdout]   15:     0x59c39bce9be4 - std[70759c8f55707aa4]::sys::backtrace::__rust_begin_short_backtrace::<test[9d35eded1c95d3be]::run_test::{closure#1}, ()>
[INFO] [stdout]   16:     0x59c39bcf3482 - <std[70759c8f55707aa4]::thread::lifecycle::spawn_unchecked<test[9d35eded1c95d3be]::run_test::{closure#1}, ()>::{closure#1} as core[df12db4294e9bfd3]::ops::function::FnOnce<()>>::call_once::{shim:vtable#0}
[INFO] [stdout]   17:     0x59c39bd80889 - <std[70759c8f55707aa4]::sys::thread::unix::Thread>::new::thread_start
[INFO] [stdout]   18:     0x7700b73e0dfa - <unknown>
[INFO] [stdout]   19:     0x7700b74743d4 - clone
[INFO] [stdout]   20:                0x0 - <unknown>
[INFO] [stdout] 
[INFO] [stdout] 
[INFO] [stdout] failures:
[INFO] [stdout]     cleanup_old_envs
[INFO] [stdout]     create_venv_and_get_python
[INFO] [stdout]     different_requirements_trigger_update
[INFO] [stdout]     install_real_package
[INFO] [stdout]     lockfile_persists_between_calls
[INFO] [stdout]     reuse_existing_venv
[INFO] [stdout] 
[INFO] [stdout] test result: FAILED. 0 passed; 6 failed; 0 ignored; 0 measured; 0 filtered out; finished in 0.58s
[INFO] [stdout] 
[INFO] [stderr] error: test failed, to rerun pass `--test e2e_env_manager`
[INFO] running `Command { std: "docker" "inspect" "35b1ad194dfd80c5219dc69302bca5f7726d4b796ea2050443cabfad9d8ca246", kill_on_drop: false }`
[INFO] running `Command { std: "docker" "rm" "-f" "35b1ad194dfd80c5219dc69302bca5f7726d4b796ea2050443cabfad9d8ca246", kill_on_drop: false }`
[INFO] [stdout] 35b1ad194dfd80c5219dc69302bca5f7726d4b796ea2050443cabfad9d8ca246
