[INFO] fetching crate soma-som-ring 0.6.0...
[INFO] testing soma-som-ring-0.6.0 against 1.100.0-beta.1+cargoflags=--release for beta-release-1.100-2
[INFO] extracting crate soma-som-ring 0.6.0 into /workspace/builds/worker-7-tc2/source
[INFO] removed /workspace/builds/worker-7-tc2/source/rust-toolchain.toml
[INFO] started tweaking crates.io crate soma-som-ring 0.6.0
[INFO] removed 0 missing tests
[INFO] finished tweaking crates.io crate soma-som-ring 0.6.0
[INFO] tweaked toml for crates.io crate soma-som-ring 0.6.0 written to /workspace/builds/worker-7-tc2/source/Cargo.toml
[INFO] validating manifest of crates.io crate soma-som-ring 0.6.0 on toolchain 1.100.0-beta.1
[INFO] running `Command { std: CARGO_HOME="/workspace/cargo-home" RUSTUP_HOME="/workspace/rustup-home" "/workspace/cargo-home/bin/cargo" "+1.100.0-beta.1" "metadata" "--manifest-path" "Cargo.toml" "--no-deps", kill_on_drop: false }`
[INFO] crate crates.io crate soma-som-ring 0.6.0 already has a lockfile, it will not be regenerated
[INFO] running `Command { std: CARGO_HOME="/workspace/cargo-home" RUSTUP_HOME="/workspace/rustup-home" "/workspace/cargo-home/bin/cargo" "+1.100.0-beta.1" "fetch" "--manifest-path" "Cargo.toml", kill_on_drop: false }`
[INFO] running `Command { std: "docker" "create" "-v" "/var/lib/crater-agent-workspace/builds/worker-7-tc2/source:/opt/rustwide/workdir:ro,Z" "-v" "/var/lib/crater-agent-workspace/builds/worker-7-tc2/target:/opt/rustwide/target:rw,Z" "-v" "/var/lib/crater-agent-workspace/cargo-home:/opt/rustwide/cargo-home:ro,Z" "-v" "/var/lib/crater-agent-workspace/rustup-home:/opt/rustwide/rustup-home:ro,Z" "-m" "1610612736" "--network" "none" "ghcr.io/rust-lang/crates-build-env/linux@sha256:77db811e55d90add9212f6832c23229e3de5f1c1f9905e8cb07319ea15df73ac" "sleep" "infinity", kill_on_drop: false }`
[INFO] [stdout] 231f340aee70bb40f04c03afc4875897d66caff127c6bcd42f3f3af617d66edd
[INFO] running `Command { std: "docker" "start" "231f340aee70bb40f04c03afc4875897d66caff127c6bcd42f3f3af617d66edd", kill_on_drop: false }`
[INFO] running `Command { std: "docker" "inspect" "231f340aee70bb40f04c03afc4875897d66caff127c6bcd42f3f3af617d66edd", kill_on_drop: false }`
[INFO] running `Command { std: "docker" "exec" "-e" "SOURCE_DIR=/opt/rustwide/workdir" "-e" "CARGO_HOME=/opt/rustwide/cargo-home" "-e" "RUSTUP_HOME=/opt/rustwide/rustup-home" "-e" "CARGO_TARGET_DIR=/opt/rustwide/target" "-w" "/opt/rustwide/workdir" "--user" "0:0" "231f340aee70bb40f04c03afc4875897d66caff127c6bcd42f3f3af617d66edd" "/opt/rustwide/cargo-home/bin/cargo" "+1.100.0-beta.1" "metadata" "--no-deps" "--format-version=1", kill_on_drop: false }`
[INFO] running `Command { std: "docker" "inspect" "231f340aee70bb40f04c03afc4875897d66caff127c6bcd42f3f3af617d66edd", kill_on_drop: false }`
[INFO] running `Command { std: "docker" "exec" "-e" "SOURCE_DIR=/opt/rustwide/workdir" "-e" "CARGO_HOME=/opt/rustwide/cargo-home" "-e" "RUSTUP_HOME=/opt/rustwide/rustup-home" "-e" "CARGO_TARGET_DIR=/opt/rustwide/target" "-e" "CARGO_INCREMENTAL=0" "-e" "RUST_BACKTRACE=full" "-e" "RUSTFLAGS=--cap-lints=warn" "-e" "RUSTDOCFLAGS=--cap-lints=warn" "-w" "/opt/rustwide/workdir" "--user" "0:0" "231f340aee70bb40f04c03afc4875897d66caff127c6bcd42f3f3af617d66edd" "/opt/rustwide/cargo-home/bin/cargo" "+1.100.0-beta.1" "build" "--frozen" "--message-format=json" "--release", kill_on_drop: false }`
[INFO] [stderr]    Compiling unicode-ident v1.0.27
[INFO] [stderr]    Compiling cc v1.8.0
[INFO] [stderr]    Compiling proc-macro2 v1.0.107
[INFO] [stderr]    Compiling quote v1.0.47
[INFO] [stderr]    Compiling syn v3.0.9
[INFO] [stderr]    Compiling blake3 v1.8.7
[INFO] [stderr]    Compiling serde_derive v1.0.229
[INFO] [stderr]    Compiling thiserror-impl v2.0.21
[INFO] [stderr]    Compiling thiserror v2.0.21
[INFO] [stderr]    Compiling serde v1.0.229
[INFO] [stderr]    Compiling soma-som-ring v0.6.0 (/opt/rustwide/workdir)
[INFO] [stderr]     Finished `release` profile [optimized] target(s) in 11.31s
[INFO] running `Command { std: "docker" "inspect" "231f340aee70bb40f04c03afc4875897d66caff127c6bcd42f3f3af617d66edd", kill_on_drop: false }`
[INFO] running `Command { std: "docker" "exec" "-e" "SOURCE_DIR=/opt/rustwide/workdir" "-e" "CARGO_HOME=/opt/rustwide/cargo-home" "-e" "RUSTUP_HOME=/opt/rustwide/rustup-home" "-e" "CARGO_TARGET_DIR=/opt/rustwide/target" "-e" "CARGO_INCREMENTAL=0" "-e" "RUST_BACKTRACE=full" "-e" "RUSTFLAGS=--cap-lints=warn" "-e" "RUSTDOCFLAGS=--cap-lints=warn" "-w" "/opt/rustwide/workdir" "--user" "0:0" "231f340aee70bb40f04c03afc4875897d66caff127c6bcd42f3f3af617d66edd" "/opt/rustwide/cargo-home/bin/cargo" "+1.100.0-beta.1" "test" "--frozen" "--no-run" "--message-format=json" "--release", kill_on_drop: false }`
[INFO] [stderr]    Compiling serde v1.0.229
[INFO] [stderr]    Compiling syn v2.0.119
[INFO] [stderr]    Compiling zerocopy v0.8.62
[INFO] [stderr]    Compiling target-tuple v1.0.2
[INFO] [stderr]    Compiling serde_json v1.0.154
[INFO] [stderr]    Compiling serde_spanned v1.1.2
[INFO] [stderr]    Compiling toml_datetime v1.1.2+spec-1.1.0
[INFO] [stderr]    Compiling indexmap v2.14.2
[INFO] [stderr]    Compiling toml_parser v1.1.5+spec-1.1.0
[INFO] [stderr]    Compiling toml_write v0.1.2
[INFO] [stderr]    Compiling ciborium-io v0.2.2
[INFO] [stderr]    Compiling toml_writer v1.1.3+spec-1.1.0
[INFO] [stderr]    Compiling winnow v0.7.15
[INFO] [stderr]    Compiling cobs v0.3.0
[INFO] [stderr]    Compiling glob v0.3.4
[INFO] [stderr]    Compiling termcolor v1.4.1
[INFO] [stderr]    Compiling serde_spanned v0.6.9
[INFO] [stderr]    Compiling toml_datetime v0.6.11
[INFO] [stderr]    Compiling postcard v1.1.3
[INFO] [stderr]    Compiling soma-som-ring v0.6.0 (/opt/rustwide/workdir)
[INFO] [stderr]    Compiling toml v1.1.8+spec-1.1.0
[INFO] [stderr]    Compiling trybuild v1.0.122
[INFO] [stderr]    Compiling toml_edit v0.22.27
[INFO] [stderr]    Compiling zerocopy-derive v0.8.62
[INFO] [stderr]    Compiling toml v0.8.23
[INFO] [stderr]    Compiling half v2.7.1
[INFO] [stderr]    Compiling ciborium-ll v0.2.2
[INFO] [stderr]    Compiling ciborium v0.2.2
[INFO] [stderr]     Finished `release` profile [optimized] target(s) in 47.45s
[INFO] running `Command { std: "docker" "inspect" "231f340aee70bb40f04c03afc4875897d66caff127c6bcd42f3f3af617d66edd", kill_on_drop: false }`
[INFO] running `Command { std: "docker" "exec" "-e" "SOURCE_DIR=/opt/rustwide/workdir" "-e" "CARGO_HOME=/opt/rustwide/cargo-home" "-e" "RUSTUP_HOME=/opt/rustwide/rustup-home" "-e" "CARGO_TARGET_DIR=/opt/rustwide/target" "-e" "CARGO_INCREMENTAL=0" "-e" "RUST_BACKTRACE=full" "-e" "RUSTFLAGS=--cap-lints=warn" "-e" "RUSTDOCFLAGS=--cap-lints=warn" "-w" "/opt/rustwide/workdir" "--user" "0:0" "231f340aee70bb40f04c03afc4875897d66caff127c6bcd42f3f3af617d66edd" "/opt/rustwide/cargo-home/bin/cargo" "+1.100.0-beta.1" "test" "--frozen" "--release", kill_on_drop: false }`
[INFO] [stderr]     Finished `release` profile [optimized] target(s) in 0.07s
[INFO] [stderr]      Running unittests src/lib.rs (/opt/rustwide/target/release/build/soma-som-ring/c1611ac249193b91/out/soma_som_ring-c1611ac249193b91)
[INFO] [stdout] 
[INFO] [stdout] running 147 tests
[INFO] [stdout] test asymmetry::temporal_ledger_deposit::tests::error_variants_are_distinguishable ... ok
[INFO] [stdout] test federation::fingerprint::tests::display_is_64_hex_chars ... ok
[INFO] [stdout] test federation::fingerprint::tests::different_observer_vks_produce_different_fingerprints ... ok
[INFO] [stdout] test federation::fingerprint::tests::try_from_rejects_all_zero_preimage ... ok
[INFO] [stdout] test federation::fingerprint::tests::from_stipulation_is_deterministic ... ok
[INFO] [stdout] test federation::fingerprint::tests::serde_round_trip ... ok
[INFO] [stdout] test asymmetry::temporal_ledger_deposit::tests::temporal_ledger_deposit_appends ... ok
[INFO] [stdout] test federation::fingerprint::tests::from_bytes_unchecked_round_trips ... ok
[INFO] [stdout] test federation::meta_crossing::tests::bridge_trait_is_implementable ... ok
[INFO] [stdout] test federation::meta_crossing::tests::meta_crossing_witness_serde_round_trip ... ok
[INFO] [stdout] test federation::meta_crossing::tests::accessors_match_construction_args ... ok
[INFO] [stdout] test federation::meta_crossing::tests::distinct_source_and_target_genesis ... ok
[INFO] [stdout] test federation::meta_crossing::tests::verified_into_inner_yields_crossing ... ok
[INFO] [stdout] test genesis::stipulation::tests::genesis_seed_from_bytes_accepts_nonzero ... ok
[INFO] [stdout] test federation::fingerprint::tests::different_seeds_produce_different_fingerprints ... ok
[INFO] [stdout] test genesis::stipulation::tests::genesis_stipulation_seed_and_vk_are_distinct_fields ... ok
[INFO] [stdout] test federation::fingerprint::tests::serde_deser_rejects_all_zero_preimage ... ok
[INFO] [stdout] test layers::client::tests::clientlayer_external_input_emits_to_server ... ok
[INFO] [stdout] test layers::client::tests::clientlayer_fork_receipt_emits_to_interface ... ok
[INFO] [stdout] test genesis::stipulation::tests::genesis_stipulation_fields_are_separate ... ok
[INFO] [stdout] test genesis::stipulation::tests::serde_deser_rejects_all_zero_seed ... ok
[INFO] [stdout] test genesis::stipulation::tests::try_from_rejects_all_zero ... ok
[INFO] [stdout] test federation::fingerprint::tests::fingerprint_is_not_the_vk ... ok
[INFO] [stdout] test asymmetry::temporal_ledger_deposit::tests::depositor_bound_requires_temporal_ledger_deposit ... ok
[INFO] [stdout] test federation::fingerprint::tests::try_from_accepts_non_zero_preimage ... ok
[INFO] [stdout] test federation::meta_crossing::tests::serde_round_trip ... ok
[INFO] [stdout] test genesis::stipulation::tests::genesis_seed_from_bytes_rejects_all_zero ... ok
[INFO] [stdout] test layers::data::tests::datalayer_has_no_mutation_surface ... ok
[INFO] [stdout] test federation::fingerprint::tests::serde_deser_accepts_non_zero_preimage ... ok
[INFO] [stdout] test federation::meta_crossing::tests::new_derives_witness_from_source ... ok
[INFO] [stdout] test federation::meta_crossing::tests::witness_source_equals_source_genesis ... ok
[INFO] [stdout] test layers::server::tests::serverlayer_data_advance_path ... ok
[INFO] [stdout] test layers::server::tests::serverlayer_fork_always_has_both_branches ... ok
[INFO] [stdout] test lexicon::atom::newtype_tests::atom_hash_chain_differs_from_state_for_non_root ... ok
[INFO] [stdout] test layers::server::tests::serverlayer_client_input_path ... ok
[INFO] [stdout] test lexicon::atom::newtype_tests::atom_hash_chain_matches_dq3_recurrence ... ok
[INFO] [stdout] test federation::meta_crossing::tests::verified_from_wire_accepts_consistent_crossing ... ok
[INFO] [stdout] test federation::meta_crossing::tests::verified_from_wire_rejects_tampered_witness ... ok
[INFO] [stdout] test lexicon::atom::newtype_tests::atom_hash_from_hex_rejects_uppercase ... ok
[INFO] [stdout] test lexicon::atom::newtype_tests::atom_hash_roundtrips_hex ... ok
[INFO] [stdout] test lexicon::atom::newtype_tests::r_scope_and_rp_scope_are_distinct_types ... ok
[INFO] [stdout] test lexicon::capability::tests::empty_citizen_default_atoms_is_empty ... ok
[INFO] [stdout] test federation::fingerprint::tests::fingerprint_is_not_the_seed ... ok
[INFO] [stdout] test lexicon::atom::newtype_tests::atom_hash_from_hex_rejects_wrong_length ... ok
[INFO] [stdout] test lexicon::atom::newtype_tests::atom_hash_from_state_matches_direct_blake3 ... ok
[INFO] [stdout] test lexicon::atom::newtype_tests::atom_hash_from_hex_rejects_non_hex ... ok
[INFO] [stdout] test lexicon::capability::tests::empty_citizen_default_contributor_name_is_empty ... ok
[INFO] [stdout] test lexicon::atom::newtype_tests::atom_hash_from_hex_rejects_odd_length ... ok
[INFO] [stdout] test lexicon::atom::newtype_tests::atom_hash_serde_roundtrip_via_json ... ok
[INFO] [stdout] test lexicon::capability::tests::rejects_malformed_uri_empty_namespace ... ok
[INFO] [stdout] test layers::data::tests::datalayer_trait_bound_satisfiable ... ok
[INFO] [stdout] test lexicon::capability::tests::validator_accepts_well_formed_citizen ... ok
[INFO] [stdout] test lexicon::capability::tests::validator_accepts_empty_citizen ... ok
[INFO] [stdout] test lexicon::capability::tests::in_rust_citizen_validator_always_passes ... ok
[INFO] [stdout] test lexicon::atom::newtype_tests::atom_uri_validates_shape ... ok
[INFO] [stdout] test lexicon::capability::tests::validator_rejects_malformed_uri ... ok
[INFO] [stdout] test lexicon::capability::tests::rejects_malformed_uri_missing_separator ... ok
[INFO] [stdout] test lexicon::capability::tests::rejects_malformed_uri_multiple_separators ... ok
[INFO] [stdout] test lexicon::resolver::tests::resolver_missing_atom_returns_none ... ok
[INFO] [stdout] test lexicon::resolver::tests::resolver_register_is_last_write_wins ... ok
[INFO] [stdout] test lexicon::resolver::tests::resolver_atom_uri_lookup_ok ... ok
[INFO] [stdout] test lexicon::resolver::tests::resolver_bcp47_prefix_match ... ok
[INFO] [stdout] test lexicon::resolver::tests::resolver_deterministic_iteration_ordered_map ... ok
[INFO] [stdout] test federation::meta_crossing::tests::verified_deref_gives_crossing_accessors ... ok
[INFO] [stdout] test lexicon::resolver::tests::resolver_missing_locale_falls_back_to_default_en ... ok
[INFO] [stdout] test observer::ledger_chain::tests::batch_append_empty_slice_returns_genesis_hash ... ok
[INFO] [stdout] test observer::attestor::tests::attestor_never_exposes_signing_key ... ok
[INFO] [stdout] test observer::keys::tests::signature_roundtrip ... ok
[INFO] [stdout] test observer::ledger_chain::tests::ledger_entry_roundtrip ... ok
[INFO] [stdout] test layers::client::tests::clientlayer_output_is_single_destination ... ok
[INFO] [stdout] test observer::ledger_chain::tests::ledger_view_family_and_fold_block ... ok
[INFO] [stdout] test layers::interface::tests::interfacelayer_has_no_transition_function ... ok
[INFO] [stdout] test observer::verifier::tests::verifier_bound_cannot_sign ... ok
[INFO] [stdout] test observer::keys::tests::signature_byte_shape ... ok
[INFO] [stdout] test observer::attestor::tests::attestor_signs_and_exposes_verifying_key ... ok
[INFO] [stdout] test participation::tests::cycle_error_closure_break_message ... ok
[INFO] [stdout] test observer::ledger_chain::tests::batch_append_preserves_per_entry_verifiability ... ok
[INFO] [stdout] test participation::tests::from_closure_break_error_preserves_cycle_and_missing_transition ... ok
[INFO] [stdout] test layers::interface::tests::interfacelayer_trait_bound_satisfiable ... ok
[INFO] [stdout] test participation::tests::register_before_seal_succeeds ... ok
[INFO] [stdout] test participation::tests::seal_is_idempotent ... ok
[INFO] [stdout] test projection::bws::tests::body_and_widget_new_produce_labelless_defaults ... ok
[INFO] [stdout] test participation::tests::register_after_seal_returns_registry_locked ... ok
[INFO] [stdout] test projection::bws::tests::content_id_of_and_new_are_equivalent ... ok
[INFO] [stdout] test participation::tests::cycle_error_envelope_validation_failure_message ... ok
[INFO] [stdout] test participation::tests::cycle_error_registry_locked_message ... ok
[INFO] [stdout] test participation::tests::cycle_error_timing_exceeded_message ... ok
[INFO] [stdout] test participation::tests::deposit_error_display ... ok
[INFO] [stdout] test projection::bws::tests::quad_instance_fingerprint_distinguishes_cycles ... ok
[INFO] [stdout] test participation::tests::fire_before_crossing_first_reject_wins ... ok
[INFO] [stdout] test projection::companion::tests::capability_record_carries_name_and_description ... ok
[INFO] [stdout] test observer::ledger_chain::tests::batch_append_sequential_calls_append_per_entry ... ok
[INFO] [stdout] test participation::tests::fire_cycle_begin_invokes_hooks_in_registration_order ... ok
[INFO] [stdout] test observer::keys::tests::verifying_key_byte_shape ... ok
[INFO] [stdout] test projection::companion::tests::contribution_identity_carries_name_and_attestation_fingerprint ... ok
[INFO] [stdout] test observer::ledger_chain::tests::batch_append_partial_commit_surfaces_committed_count ... ok
[INFO] [stdout] test observer::verifier::tests::verifier_verifies_signature ... ok
[INFO] [stdout] test projection::bws::tests::intra_body_fan_in_same_widget_multiple_positions ... ok
[INFO] [stdout] test projection::interrogative::tests::interrogative_ord_follows_ring_order ... ok
[INFO] [stdout] test projection::companion::tests::vocab_record_captures_position_and_vocabulary ... ok
[INFO] [stdout] test projection::companion::tests::widget_registration_binds_contributor_widget_and_genesis ... ok
[INFO] [stdout] test projection::interrogative::tests::interrogative_has_six_variants ... ok
[INFO] [stdout] test participation::tests::cycle_error_crossing_rejected_message ... ok
[INFO] [stdout] test participation::tests::new_registry_is_unsealed_and_empty ... ok
[INFO] [stderr]      Running tests/asymmetry_unit_bind_compile_fail.rs (/opt/rustwide/target/release/build/soma-som-ring/eb6899a00992c59c/out/asymmetry_unit_bind_compile_fail-eb6899a00992c59c)
[INFO] [stdout] test projection::bws::tests::content_id_is_phantom_typed_across_content_classes ... ok
[INFO] [stdout] test projection::interrogative::tests::successor_closes_ring ... ok
[INFO] [stdout] test projection::tests::content_contribution_trait_is_object_safe ... ok
[INFO] [stdout] test projection::tests::minimal_contributor_projects_bws_content ... ok
[INFO] [stdout] test projection::tests::bare_contributor_gets_empty_interface_contribution_via_defaults ... ok
[INFO] [stdout] test types::attested_hop::tests::attested_hop_accessors_round_trip ... ok
[INFO] [stdout] test types::cycle::tests::cycle_index_ordering ... ok
[INFO] [stdout] test types::envelope::tests::presentation_signingview_accessors ... ok
[INFO] [stdout] test types::attested_hop::tests::sigma_hops_construction ... ok
[INFO] [stdout] test types::envelope::tests::signingview_serde_json_roundtrip_via_wire ... ok
[INFO] [stdout] test types::envelope::tests::intra_signingview_has_no_sequence_field ... ok
[INFO] [stdout] test types::events::tests::client_event_variants_distinct ... ok
[INFO] [stdout] test types::events::tests::cycle_close_message_accessors ... ok
[INFO] [stdout] test types::envelope::tests::presentation_signingview_roundtrip ... ok
[INFO] [stdout] test types::cycle::tests::statehash_roundtrip ... ok
[INFO] [stdout] test types::events::tests::interface_delta_roundtrip ... ok
[INFO] [stdout] test types::events::tests::server_event_roundtrip ... ok
[INFO] [stdout] test types::events::tests::client_output_to_interface_wraps_delta ... ok
[INFO] [stdout] test types::envelope::tests::signingview_accessors_return_correct_values ... ok
[INFO] [stdout] test types::events::tests::validation_rule_name_accessor_and_display ... ok
[INFO] [stdout] test types::families::tests::presentation_family_is_concurrent_with_ring_families ... ok
[INFO] [stdout] test types::fold::tests::fold_block_block_assignment ... ok
[INFO] [stdout] test types::fork::tests::fork_always_has_both_branches ... ok
[INFO] [stdout] test types::fork::tests::fork_roundtrip ... ok
[INFO] [stdout] test types::path::tests::path_is_empty_after_new ... ok
[INFO] [stdout] test types::fold::tests::fold_block_family_bijection ... ok
[INFO] [stdout] test types::envelope::tests::ring_signing_view_builder_produces_sequence_bearing_envelope ... ok
[INFO] [stdout] test types::path::tests::path_roundtrip ... ok
[INFO] [stdout] test types::envelope::tests::ring_signingview_roundtrip ... ok
[INFO] [stdout] test types::families::tests::full_cycle_is_eighteen ... ok
[INFO] [stdout] test types::events::tests::client_output_to_server ... ok
[INFO] [stdout] test types::events::tests::rejected_envelope_payload_slice ... ok
[INFO] [stdout] test types::families::tests::crossing_family_variants ... ok
[INFO] [stdout] test types::events::tests::closure_break_error_display_and_error_source ... ok
[INFO] [stdout] test types::fold::tests::fold_position_new_boundary ... ok
[INFO] [stdout] test types::fold::tests::fold_position_next_in_cycle_wraps ... ok
[INFO] [stdout] test types::snapshot::tests::snapshot_accessors_are_by_value_readonly ... ok
[INFO] [stdout] test types::snapshot::tests::snapshot_roundtrip ... ok
[INFO] [stdout] test types::wall::tests::wall_position_ord_follows_canonical_order ... ok
[INFO] [stdout] test types::events::tests::som_snapshot_deposit_copy_and_hash_accessor ... ok
[INFO] [stdout] test types::envelope::tests::intraunit_signingview_roundtrip ... ok
[INFO] [stdout] test types::fold::tests::fold_block_range_covers_exactly_six_positions ... ok
[INFO] [stdout] test types::wall::tests::wall_positions_canonical_order ... ok
[INFO] [stdout] 
[INFO] [stdout] test result: ok. 147 passed; 0 failed; 0 ignored; 0 measured; 0 filtered out; finished in 0.06s
[INFO] [stdout] 
[INFO] [stdout] 
[INFO] [stdout] running 2 tests
[INFO] [stderr]    Compiling proc-macro2 v1.0.107
[INFO] [stderr]    Compiling unicode-ident v1.0.27
[INFO] [stderr]    Compiling quote v1.0.47
[INFO] [stderr]    Compiling serde_core v1.0.229
[INFO] [stderr]    Compiling serde v1.0.229
[INFO] [stderr]    Compiling thiserror v2.0.21
[INFO] [stderr]    Compiling zerocopy v0.8.62
[INFO] [stderr]    Compiling shlex v2.0.1
[INFO] [stderr]     Checking cfg-if v1.0.5
[INFO] [stderr]    Compiling find-msvc-tools v0.1.14
[INFO] [stderr]     Checking equivalent v1.0.2
[INFO] [stderr]    Compiling zmij v1.0.23
[INFO] [stderr]     Checking hashbrown v0.17.1
[INFO] [stderr]     Checking winnow v0.7.15
[INFO] [stderr]    Compiling serde_json v1.0.154
[INFO] [stderr]     Checking constant_time_eq v0.4.2
[INFO] [stderr]     Checking toml_write v0.1.2
[INFO] [stderr]     Checking arrayvec v0.7.8
[INFO] [stderr]     Checking cpufeatures v0.3.1
[INFO] [stderr]     Checking ciborium-io v0.2.2
[INFO] [stderr]     Checking memchr v2.8.3
[INFO] [stderr]     Checking itoa v1.0.18
[INFO] [stderr]    Compiling cc v1.8.0
[INFO] [stderr]    Compiling syn v3.0.9
[INFO] [stderr]    Compiling syn v2.0.119
[INFO] [stderr]     Checking indexmap v2.14.2
[INFO] [stderr]    Compiling blake3 v1.8.7
[INFO] [stderr]    Compiling serde_derive v1.0.229
[INFO] [stderr]    Compiling thiserror-impl v2.0.21
[INFO] [stderr]     Checking cobs v0.3.0
[INFO] [stderr]    Compiling zerocopy-derive v0.8.62
[INFO] [stderr]     Checking toml_datetime v0.6.11
[INFO] [stderr]     Checking serde_spanned v0.6.9
[INFO] [stderr]     Checking postcard v1.1.3
[INFO] [stderr]     Checking soma-som-ring v0.6.0 (/opt/rustwide/workdir)
[INFO] [stderr]     Checking toml_edit v0.22.27
[INFO] [stderr]     Checking toml v0.8.23
[INFO] [stderr]     Checking half v2.7.1
[INFO] [stderr]     Checking ciborium-ll v0.2.2
[INFO] [stderr]     Checking ciborium v0.2.2
[INFO] [stderr]     Checking soma-som-ring-tests v0.0.0 (/opt/rustwide/target/tests/trybuild/soma-som-ring)
[INFO] [stderr]     Finished `dev` profile [unoptimized + debuginfo] target(s) in 24.65s
[INFO] [stderr] 
[INFO] [stderr] 
[INFO] [stderr] test tests/ui/wrong_unit_ring_close_reception.rs ... ok
[INFO] [stdout] test wrong_unit_binding_is_compile_error ... FAILED
[INFO] [stderr] test tests/ui/wrong_unit_ring_close_emit.rs ... ok
[INFO] [stderr] test tests/ui/wrong_unit_temporal_ledger_deposit.rs ... ok
[INFO] [stderr] test tests/ui/wrong_unit_way_authentication_anchor.rs ... ok
[INFO] [stderr] test tests/ui/wrong_unit_action_input_edge.rs ... ok
[INFO] [stderr] test tests/ui/wrong_unit_wire_egress_edge.rs ... ok
[INFO] [stderr] test tests/ui/same_producer_sigma_hops_fails.rs ... mismatch
[INFO] [stderr] 
[INFO] [stderr] EXPECTED:
[INFO] [stderr] ┈┈┈┈┈┈┈┈┈┈┈┈┈┈┈┈┈┈┈┈┈┈┈┈┈┈┈┈┈┈┈┈┈┈┈┈┈┈┈┈┈┈┈┈┈┈┈┈┈┈┈┈┈┈┈┈┈┈┈┈
[INFO] [stderr] warning: unused import: `Mu`
[INFO] [stderr]   --> tests/ui/same_producer_sigma_hops_fails.rs:10:39
[INFO] [stderr]    |
[INFO] [stderr] 10 | use soma_som_ring::unit::{Cu, Fu, Hu, Mu, Ou, Su};
[INFO] [stderr]    |                                       ^^
[INFO] [stderr]    |
[INFO] [stderr]    = note: `#[warn(unused_imports)]` on by default
[INFO] [stderr] 
[INFO] [stderr] error[E0308]: mismatched types
[INFO] [stderr]   --> tests/ui/same_producer_sigma_hops_fails.rs:16:13
[INFO] [stderr]    |
[INFO] [stderr] 16 |         mu: AttestedHop::<Fu>::new(Interrogative::WIU, Interrogative::WCN, Sequence(2)), // WRONG: Fu in Mu slot
[INFO] [stderr]    |             ^^^^^^^^^^^^^^^^^^^^^^^^^^^^^^^^^^^^^^^^^^^^^^^^^^^^^^^^^^^^^^^^^^^^^^^^^^^ expected `AttestedHop<Mu>`, found `AttestedHop<Fu>`
[INFO] [stderr]    |
[INFO] [stderr]    = note: expected struct `AttestedHop<soma_som_ring::unit::Mu>`
[INFO] [stderr]               found struct `AttestedHop<soma_som_ring::unit::Fu>`
[INFO] [stderr] ┈┈┈┈┈┈┈┈┈┈┈┈┈┈┈┈┈┈┈┈┈┈┈┈┈┈┈┈┈┈┈┈┈┈┈┈┈┈┈┈┈┈┈┈┈┈┈┈┈┈┈┈┈┈┈┈┈┈┈┈
[INFO] [stderr] 
[INFO] [stderr] ACTUAL OUTPUT:
[INFO] [stderr] ┈┈┈┈┈┈┈┈┈┈┈┈┈┈┈┈┈┈┈┈┈┈┈┈┈┈┈┈┈┈┈┈┈┈┈┈┈┈┈┈┈┈┈┈┈┈┈┈┈┈┈┈┈┈┈┈┈┈┈┈
[INFO] [stderr] warning: unused import: `Mu`
[INFO] [stderr]   --> tests/ui/same_producer_sigma_hops_fails.rs:10:39
[INFO] [stderr]    |
[INFO] [stderr] 10 | use soma_som_ring::unit::{Cu, Fu, Hu, Mu, Ou, Su};
[INFO] [stderr]    |                                       ^^
[INFO] [stderr]    |
[INFO] [stderr]    = note: `#[warn(unused_imports)]` (part of `#[warn(unused)]`) on by default
[INFO] [stderr] 
[INFO] [stderr] error[E0308]: mismatched types
[INFO] [stderr]   --> tests/ui/same_producer_sigma_hops_fails.rs:16:13
[INFO] [stderr]    |
[INFO] [stderr] 16 |         mu: AttestedHop::<Fu>::new(Interrogative::WIU, Interrogative::WCN, Sequence(2)), // WRONG: Fu in Mu slot
[INFO] [stderr]    |             ^^^^^^^^^^^^^^^^^^^^^^^^^^^^^^^^^^^^^^^^^^^^^^^^^^^^^^^^^^^^^^^^^^^^^^^^^^^ expected `AttestedHop<Mu>`, found `AttestedHop<Fu>`
[INFO] [stderr]    |
[INFO] [stderr]    = note: expected struct `AttestedHop<soma_som_ring::unit::Mu>`
[INFO] [stderr]               found struct `AttestedHop<soma_som_ring::unit::Fu>`
[INFO] [stderr] ┈┈┈┈┈┈┈┈┈┈┈┈┈┈┈┈┈┈┈┈┈┈┈┈┈┈┈┈┈┈┈┈┈┈┈┈┈┈┈┈┈┈┈┈┈┈┈┈┈┈┈┈┈┈┈┈┈┈┈┈
[INFO] [stderr] note: If the actual output is the correct output you can bless it by rerunning
[INFO] [stderr]       your test with the environment variable TRYBUILD=overwrite
[INFO] [stderr] 
[INFO] [stderr] 
[INFO] [stderr] 
[INFO] [stderr]    Compiling cfg-if v1.0.5
[INFO] [stderr]    Compiling equivalent v1.0.2
[INFO] [stderr]    Compiling hashbrown v0.17.1
[INFO] [stderr]    Compiling cpufeatures v0.3.1
[INFO] [stderr]    Compiling ciborium-io v0.2.2
[INFO] [stderr]    Compiling toml_write v0.1.2
[INFO] [stderr]    Compiling arrayvec v0.7.8
[INFO] [stderr]    Compiling constant_time_eq v0.4.2
[INFO] [stderr]    Compiling winnow v0.7.15
[INFO] [stderr]    Compiling serde_core v1.0.229
[INFO] [stderr]    Compiling zerocopy v0.8.62
[INFO] [stderr]    Compiling thiserror v2.0.21
[INFO] [stderr]    Compiling zmij v1.0.23
[INFO] [stderr]    Compiling memchr v2.8.3
[INFO] [stderr]    Compiling itoa v1.0.18
[INFO] [stderr]    Compiling cobs v0.3.0
[INFO] [stderr]    Compiling blake3 v1.8.7
[INFO] [stderr]    Compiling indexmap v2.14.2
[INFO] [stderr]    Compiling serde v1.0.229
[INFO] [stderr]    Compiling serde_json v1.0.154
[INFO] [stderr]    Compiling toml_datetime v0.6.11
[INFO] [stderr]    Compiling serde_spanned v0.6.9
[INFO] [stderr]    Compiling postcard v1.1.3
[INFO] [stderr]    Compiling soma-som-ring v0.6.0 (/opt/rustwide/workdir)
[INFO] [stderr]    Compiling toml_edit v0.22.27
[INFO] [stderr]    Compiling half v2.7.1
[INFO] [stderr]    Compiling toml v0.8.23
[INFO] [stderr]    Compiling ciborium-ll v0.2.2
[INFO] [stderr]    Compiling ciborium v0.2.2
[INFO] [stderr]    Compiling soma-som-ring-tests v0.0.0 (/opt/rustwide/target/tests/trybuild/soma-som-ring)
[INFO] [stderr]     Finished `dev` profile [unoptimized + debuginfo] target(s) in 13.84s
[INFO] [stderr] 
[INFO] [stderr] 
[INFO] [stdout] test correct_unit_binding_compiles has been running for over 60 seconds
[INFO] [stderr] test tests/ui/correct_unit_ring_close_reception.rs ... ok
[INFO] [stderr] test tests/ui/correct_unit_ring_close_emit.rs ... ok
[INFO] [stderr] test tests/ui/correct_unit_way_authentication_anchor.rs ... ok
[INFO] [stderr] test tests/ui/correct_unit_action_input_edge.rs ... ok
[INFO] [stderr] test tests/ui/correct_unit_wire_egress_edge.rs ... ok
[INFO] [stderr] 
[INFO] [stderr] 
[INFO] [stdout] test correct_unit_binding_compiles ... ok
[INFO] [stdout] 
[INFO] [stdout] failures:
[INFO] [stdout] 
[INFO] [stdout] ---- wrong_unit_binding_is_compile_error stdout ----
[INFO] [stdout] 
[INFO] [stdout] thread 'wrong_unit_binding_is_compile_error' (1339) panicked at /opt/rustwide/cargo-home/registry/src/index.crates.io-1949cf8c6b5b557f/trybuild-1.0.122/src/run.rs:103:13:
[INFO] [stdout] 1 of 7 tests failed
[INFO] [stdout] stack backtrace:
[INFO] [stdout]    0:     0x55bfb1cd4261 - <<std[617be2ca0a6fd877]::sys::backtrace::BacktraceLock>::print::DisplayBacktrace as core[a373ad73a504971]::fmt::Display>::fmt
[INFO] [stdout]    1:     0x55bfb1cea54a - core[a373ad73a504971]::fmt::write
[INFO] [stdout]    2:     0x55bfb1cd8aac - <alloc[2e1b2a31b91974c5]::vec::Vec<u8> as core[a373ad73a504971]::io::write::Write>::write_fmt
[INFO] [stdout]    3:     0x55bfb1cad6c6 - std[617be2ca0a6fd877]::panicking::default_hook::{closure#0}
[INFO] [stdout]    4:     0x55bfb1ccb809 - std[617be2ca0a6fd877]::panicking::default_hook
[INFO] [stdout]    5:     0x55bfb1c64e10 - test[aada8e7e76ba119b]::test_main_inner::{closure#0}
[INFO] [stdout]    6:     0x55bfb1ccb9c2 - std[617be2ca0a6fd877]::panicking::panic_with_hook
[INFO] [stdout]    7:     0x55bfb1cad772 - std[617be2ca0a6fd877]::panicking::panic_handler::{closure#0}
[INFO] [stdout]    8:     0x55bfb1ca5fc9 - std[617be2ca0a6fd877]::sys::backtrace::__rust_end_short_backtrace::<std[617be2ca0a6fd877]::panicking::panic_handler::{closure#0}, !>
[INFO] [stdout]    9:     0x55bfb1cae37d - __rustc[ea4f61d10b84890b]::rust_begin_unwind
[INFO] [stdout]   10:     0x55bfb1ceacbc - core[a373ad73a504971]::panicking::panic_fmt
[INFO] [stdout]   11:     0x55bfb1bb7d3b - <trybuild[c440d6e70bed12a7]::Runner>::run
[INFO] [stdout]   12:     0x55bfb1bbafb0 - <trybuild[c440d6e70bed12a7]::TestCases as core[a373ad73a504971]::ops::drop::Drop>::drop
[INFO] [stdout]   13:     0x55bfb1bb169e - <asymmetry_unit_bind_compile_fail[802b9036df315dd2]::wrong_unit_binding_is_compile_error::{closure#0} as core[a373ad73a504971]::ops::function::FnOnce<()>>::call_once
[INFO] [stdout]   14:     0x55bfb1c5825b - test[aada8e7e76ba119b]::__rust_begin_short_backtrace::<core[a373ad73a504971]::result::Result<(), alloc[2e1b2a31b91974c5]::string::String>, fn() -> core[a373ad73a504971]::result::Result<(), alloc[2e1b2a31b91974c5]::string::String>>
[INFO] [stdout]   15:     0x55bfb1c65435 - test[aada8e7e76ba119b]::run_test::{closure#0}
[INFO] [stdout]   16:     0x55bfb1c5ed24 - std[617be2ca0a6fd877]::sys::backtrace::__rust_begin_short_backtrace::<test[aada8e7e76ba119b]::run_test::{closure#1}, ()>
[INFO] [stdout]   17:     0x55bfb1c684c2 - <std[617be2ca0a6fd877]::thread::lifecycle::spawn_unchecked<test[aada8e7e76ba119b]::run_test::{closure#1}, ()>::{closure#1} as core[a373ad73a504971]::ops::function::FnOnce<()>>::call_once::{shim:vtable#0}
[INFO] [stdout]   18:     0x55bfb1cd34bf - <std[617be2ca0a6fd877]::sys::thread::unix::Thread>::new::thread_start
[INFO] [stdout]   19:     0x790965c64dfa - <unknown>
[INFO] [stdout]   20:     0x790965cf83d4 - clone
[INFO] [stdout]   21:                0x0 - <unknown>
[INFO] [stdout] 
[INFO] [stdout] 
[INFO] [stdout] failures:
[INFO] [stdout]     wrong_unit_binding_is_compile_error
[INFO] [stdout] 
[INFO] [stdout] test result: FAILED. 1 passed; 1 failed; 0 ignored; 0 measured; 0 filtered out; finished in 67.00s
[INFO] [stdout] 
[INFO] [stderr] error: test failed, to rerun pass `--test asymmetry_unit_bind_compile_fail`
[INFO] running `Command { std: "docker" "inspect" "231f340aee70bb40f04c03afc4875897d66caff127c6bcd42f3f3af617d66edd", kill_on_drop: false }`
[INFO] running `Command { std: "docker" "rm" "-f" "231f340aee70bb40f04c03afc4875897d66caff127c6bcd42f3f3af617d66edd", kill_on_drop: false }`
[INFO] [stdout] 231f340aee70bb40f04c03afc4875897d66caff127c6bcd42f3f3af617d66edd
