[INFO] fetching crate soma-core 2.0.2...
[INFO] testing soma-core-2.0.2 against 1.100.0-beta.1+cargoflags=--release for beta-release-1.100-2
[INFO] extracting crate soma-core 2.0.2 into /workspace/builds/worker-5-tc2/source
[INFO] started tweaking crates.io crate soma-core 2.0.2
[INFO] removed 0 missing examples
[INFO] removed 0 missing tests
[INFO] finished tweaking crates.io crate soma-core 2.0.2
[INFO] tweaked toml for crates.io crate soma-core 2.0.2 written to /workspace/builds/worker-5-tc2/source/Cargo.toml
[INFO] validating manifest of crates.io crate soma-core 2.0.2 on toolchain 1.100.0-beta.1
[INFO] running `Command { std: CARGO_HOME="/workspace/cargo-home" RUSTUP_HOME="/workspace/rustup-home" "/workspace/cargo-home/bin/cargo" "+1.100.0-beta.1" "metadata" "--manifest-path" "Cargo.toml" "--no-deps", kill_on_drop: false }`
[INFO] crate crates.io crate soma-core 2.0.2 already has a lockfile, it will not be regenerated
[INFO] running `Command { std: CARGO_HOME="/workspace/cargo-home" RUSTUP_HOME="/workspace/rustup-home" "/workspace/cargo-home/bin/cargo" "+1.100.0-beta.1" "fetch" "--manifest-path" "Cargo.toml", kill_on_drop: false }`
[INFO] [stderr] warning: `package.homepage` is redundant with `package.repository`
[INFO] [stderr]    --> Cargo.toml:140:12
[INFO] [stderr]     |
[INFO] [stderr] 140 | homepage = "https://github.com/soma-core/soma-core"
[INFO] [stderr]     |            ^^^^^^^^^^^^^^^^^^^^^^^^^^^^^^^^^^^^^^^^
[INFO] [stderr] ...
[INFO] [stderr] 145 | repository = "https://github.com/soma-core/soma-core"
[INFO] [stderr]     |              ----------------------------------------
[INFO] [stderr]     |
[INFO] [stderr]     = note: `cargo::redundant_homepage` is set to `warn` by default
[INFO] [stderr] help: consider removing `package.homepage`
[INFO] [stderr] warning: `soma-core` (manifest) generated 1 warning
[INFO] running `Command { std: "docker" "create" "-v" "/var/lib/crater-agent-workspace/builds/worker-5-tc2/source:/opt/rustwide/workdir:ro,Z" "-v" "/var/lib/crater-agent-workspace/builds/worker-5-tc2/target:/opt/rustwide/target:rw,Z" "-v" "/var/lib/crater-agent-workspace/cargo-home:/opt/rustwide/cargo-home:ro,Z" "-v" "/var/lib/crater-agent-workspace/rustup-home:/opt/rustwide/rustup-home:ro,Z" "-m" "1610612736" "--network" "none" "ghcr.io/rust-lang/crates-build-env/linux@sha256:77db811e55d90add9212f6832c23229e3de5f1c1f9905e8cb07319ea15df73ac" "sleep" "infinity", kill_on_drop: false }`
[INFO] [stdout] 884441fbf318b43c71c2c717b24f0ebbfd67080aaaba1ddf042664fc113b1e3c
[INFO] running `Command { std: "docker" "start" "884441fbf318b43c71c2c717b24f0ebbfd67080aaaba1ddf042664fc113b1e3c", kill_on_drop: false }`
[INFO] running `Command { std: "docker" "inspect" "884441fbf318b43c71c2c717b24f0ebbfd67080aaaba1ddf042664fc113b1e3c", kill_on_drop: false }`
[INFO] running `Command { std: "docker" "exec" "-e" "SOURCE_DIR=/opt/rustwide/workdir" "-e" "CARGO_HOME=/opt/rustwide/cargo-home" "-e" "RUSTUP_HOME=/opt/rustwide/rustup-home" "-e" "CARGO_TARGET_DIR=/opt/rustwide/target" "-w" "/opt/rustwide/workdir" "--user" "0:0" "884441fbf318b43c71c2c717b24f0ebbfd67080aaaba1ddf042664fc113b1e3c" "/opt/rustwide/cargo-home/bin/cargo" "+1.100.0-beta.1" "metadata" "--no-deps" "--format-version=1", kill_on_drop: false }`
[INFO] running `Command { std: "docker" "inspect" "884441fbf318b43c71c2c717b24f0ebbfd67080aaaba1ddf042664fc113b1e3c", kill_on_drop: false }`
[INFO] running `Command { std: "docker" "exec" "-e" "SOURCE_DIR=/opt/rustwide/workdir" "-e" "CARGO_HOME=/opt/rustwide/cargo-home" "-e" "RUSTUP_HOME=/opt/rustwide/rustup-home" "-e" "CARGO_TARGET_DIR=/opt/rustwide/target" "-e" "CARGO_INCREMENTAL=0" "-e" "RUST_BACKTRACE=full" "-e" "RUSTFLAGS=--cap-lints=warn" "-e" "RUSTDOCFLAGS=--cap-lints=warn" "-w" "/opt/rustwide/workdir" "--user" "0:0" "884441fbf318b43c71c2c717b24f0ebbfd67080aaaba1ddf042664fc113b1e3c" "/opt/rustwide/cargo-home/bin/cargo" "+1.100.0-beta.1" "build" "--frozen" "--message-format=json" "--release", kill_on_drop: false }`
[INFO] [stderr] warning: `package.homepage` is redundant with `package.repository`
[INFO] [stderr]    --> Cargo.toml:140:12
[INFO] [stderr]     |
[INFO] [stderr] 140 | homepage = "https://github.com/soma-core/soma-core"
[INFO] [stderr]     |            ^^^^^^^^^^^^^^^^^^^^^^^^^^^^^^^^^^^^^^^^
[INFO] [stderr] ...
[INFO] [stderr] 145 | repository = "https://github.com/soma-core/soma-core"
[INFO] [stderr]     |              ----------------------------------------
[INFO] [stderr]     |
[INFO] [stderr]     = note: `cargo::redundant_homepage` is set to `warn` by default
[INFO] [stderr] help: consider removing `package.homepage`
[INFO] [stderr] warning: `soma-core` (manifest) generated 1 warning
[INFO] [stderr]    Compiling smallvec v1.15.0
[INFO] [stderr]    Compiling lock_api v0.4.13
[INFO] [stderr]    Compiling cc v1.2.25
[INFO] [stderr]    Compiling syn v2.0.101
[INFO] [stderr]    Compiling signal-hook-registry v1.4.5
[INFO] [stderr]    Compiling socket2 v0.5.10
[INFO] [stderr]    Compiling mio v1.0.4
[INFO] [stderr]    Compiling log v0.4.27
[INFO] [stderr]    Compiling parking_lot_core v0.9.11
[INFO] [stderr]    Compiling parking_lot v0.12.4
[INFO] [stderr]    Compiling bitflags v2.9.1
[INFO] [stderr]    Compiling openssl v0.10.73
[INFO] [stderr]    Compiling http v0.2.12
[INFO] [stderr]    Compiling tracing-core v0.1.33
[INFO] [stderr]    Compiling futures-task v0.3.31
[INFO] [stderr]    Compiling hashbrown v0.15.3
[INFO] [stderr]    Compiling native-tls v0.2.14
[INFO] [stderr]    Compiling futures-util v0.3.31
[INFO] [stderr]    Compiling tracing v0.1.41
[INFO] [stderr]    Compiling futures-channel v0.3.31
[INFO] [stderr]    Compiling num-traits v0.2.19
[INFO] [stderr]    Compiling signal-hook v0.3.18
[INFO] [stderr]    Compiling openssl-sys v0.9.109
[INFO] [stderr]    Compiling http-body v0.4.6
[INFO] [stderr]    Compiling indexmap v2.9.0
[INFO] [stderr]    Compiling mio v0.8.11
[INFO] [stderr]    Compiling clap_builder v4.5.39
[INFO] [stderr]    Compiling signal-hook-mio v0.2.4
[INFO] [stderr]    Compiling rustls-pemfile v1.0.4
[INFO] [stderr]    Compiling encoding_rs v0.8.35
[INFO] [stderr]    Compiling sync_wrapper v0.1.2
[INFO] [stderr]    Compiling crossterm v0.27.0
[INFO] [stderr]    Compiling dotenv v0.15.0
[INFO] [stderr]    Compiling synstructure v0.13.2
[INFO] [stderr]    Compiling zerofrom-derive v0.1.6
[INFO] [stderr]    Compiling yoke-derive v0.8.0
[INFO] [stderr]    Compiling zerovec-derive v0.11.1
[INFO] [stderr]    Compiling displaydoc v0.2.5
[INFO] [stderr]    Compiling tokio-macros v2.5.0
[INFO] [stderr]    Compiling serde_derive v1.0.219
[INFO] [stderr]    Compiling openssl-macros v0.1.1
[INFO] [stderr]    Compiling tokio v1.45.1
[INFO] [stderr]    Compiling zerofrom v0.1.6
[INFO] [stderr]    Compiling clap_derive v4.5.32
[INFO] [stderr]    Compiling yoke v0.8.0
[INFO] [stderr]    Compiling zerotrie v0.2.2
[INFO] [stderr]    Compiling zerovec v0.11.2
[INFO] [stderr]    Compiling tinystr v0.8.1
[INFO] [stderr]    Compiling potential_utf v0.1.2
[INFO] [stderr]    Compiling icu_locale_core v2.0.0
[INFO] [stderr]    Compiling icu_collections v2.0.0
[INFO] [stderr]    Compiling clap v4.5.39
[INFO] [stderr]    Compiling icu_provider v2.0.0
[INFO] [stderr]    Compiling serde v1.0.219
[INFO] [stderr]    Compiling icu_properties v2.0.1
[INFO] [stderr]    Compiling icu_normalizer v2.0.0
[INFO] [stderr]    Compiling idna_adapter v1.2.1
[INFO] [stderr]    Compiling idna v1.0.3
[INFO] [stderr]    Compiling url v2.5.4
[INFO] [stderr]    Compiling serde_json v1.0.140
[INFO] [stderr]    Compiling serde_urlencoded v0.7.1
[INFO] [stderr]    Compiling chrono v0.4.41
[INFO] [stderr]    Compiling tokio-util v0.7.15
[INFO] [stderr]    Compiling tokio-native-tls v0.3.1
[INFO] [stderr]    Compiling h2 v0.3.26
[INFO] [stderr]    Compiling hyper v0.14.32
[INFO] [stderr]    Compiling hyper-tls v0.5.0
[INFO] [stderr]    Compiling reqwest v0.11.27
[INFO] [stderr]    Compiling soma-core v2.0.2 (/opt/rustwide/workdir)
[INFO] [stdout] warning: struct `SerializableSystemMetrics` is never constructed
[INFO] [stdout]    --> src/cli/meta_reflective.rs:840:8
[INFO] [stdout]     |
[INFO] [stdout] 840 | struct SerializableSystemMetrics {
[INFO] [stdout]     |        ^^^^^^^^^^^^^^^^^^^^^^^^^
[INFO] [stdout]     |
[INFO] [stdout]     = note: `#[warn(dead_code)]` (part of `#[warn(unused)]`) on by default
[INFO] [stdout] 
[INFO] [stdout] 
[INFO] [stderr]     Finished `release` profile [optimized] target(s) in 3m 00s
[INFO] running `Command { std: "docker" "inspect" "884441fbf318b43c71c2c717b24f0ebbfd67080aaaba1ddf042664fc113b1e3c", kill_on_drop: false }`
[INFO] running `Command { std: "docker" "exec" "-e" "SOURCE_DIR=/opt/rustwide/workdir" "-e" "CARGO_HOME=/opt/rustwide/cargo-home" "-e" "RUSTUP_HOME=/opt/rustwide/rustup-home" "-e" "CARGO_TARGET_DIR=/opt/rustwide/target" "-e" "CARGO_INCREMENTAL=0" "-e" "RUST_BACKTRACE=full" "-e" "RUSTFLAGS=--cap-lints=warn" "-e" "RUSTDOCFLAGS=--cap-lints=warn" "-w" "/opt/rustwide/workdir" "--user" "0:0" "884441fbf318b43c71c2c717b24f0ebbfd67080aaaba1ddf042664fc113b1e3c" "/opt/rustwide/cargo-home/bin/cargo" "+1.100.0-beta.1" "test" "--frozen" "--no-run" "--message-format=json" "--release", kill_on_drop: false }`
[INFO] [stderr] warning: `package.homepage` is redundant with `package.repository`
[INFO] [stderr]    --> Cargo.toml:140:12
[INFO] [stderr]     |
[INFO] [stderr] 140 | homepage = "https://github.com/soma-core/soma-core"
[INFO] [stderr]     |            ^^^^^^^^^^^^^^^^^^^^^^^^^^^^^^^^^^^^^^^^
[INFO] [stderr] ...
[INFO] [stderr] 145 | repository = "https://github.com/soma-core/soma-core"
[INFO] [stderr]     |              ----------------------------------------
[INFO] [stderr]     |
[INFO] [stderr]     = note: `cargo::redundant_homepage` is set to `warn` by default
[INFO] [stderr] help: consider removing `package.homepage`
[INFO] [stderr] warning: `soma-core` (manifest) generated 1 warning
[INFO] [stderr]    Compiling openssl v0.10.73
[INFO] [stderr]    Compiling crossterm v0.27.0
[INFO] [stderr]    Compiling getrandom v0.3.3
[INFO] [stderr]    Compiling tempfile v3.20.0
[INFO] [stderr]    Compiling native-tls v0.2.14
[INFO] [stderr]    Compiling tokio-native-tls v0.3.1
[INFO] [stderr]    Compiling hyper-tls v0.5.0
[INFO] [stderr]    Compiling reqwest v0.11.27
[INFO] [stderr]    Compiling soma-core v2.0.2 (/opt/rustwide/workdir)
[INFO] [stdout] warning: struct `SerializableSystemMetrics` is never constructed
[INFO] [stdout]    --> src/cli/meta_reflective.rs:840:8
[INFO] [stdout]     |
[INFO] [stdout] 840 | struct SerializableSystemMetrics {
[INFO] [stdout]     |        ^^^^^^^^^^^^^^^^^^^^^^^^^
[INFO] [stdout]     |
[INFO] [stdout]     = note: `#[warn(dead_code)]` (part of `#[warn(unused)]`) on by default
[INFO] [stdout] 
[INFO] [stdout] 
[INFO] [stdout] warning: struct `SerializableSystemMetrics` is never constructed
[INFO] [stdout]    --> src/cli/meta_reflective.rs:840:8
[INFO] [stdout]     |
[INFO] [stdout] 840 | struct SerializableSystemMetrics {
[INFO] [stdout]     |        ^^^^^^^^^^^^^^^^^^^^^^^^^
[INFO] [stdout]     |
[INFO] [stdout]     = note: `#[warn(dead_code)]` (part of `#[warn(unused)]`) on by default
[INFO] [stdout] 
[INFO] [stdout] 
[INFO] [stderr]     Finished `release` profile [optimized] target(s) in 2m 08s
[INFO] running `Command { std: "docker" "inspect" "884441fbf318b43c71c2c717b24f0ebbfd67080aaaba1ddf042664fc113b1e3c", kill_on_drop: false }`
[INFO] running `Command { std: "docker" "exec" "-e" "SOURCE_DIR=/opt/rustwide/workdir" "-e" "CARGO_HOME=/opt/rustwide/cargo-home" "-e" "RUSTUP_HOME=/opt/rustwide/rustup-home" "-e" "CARGO_TARGET_DIR=/opt/rustwide/target" "-e" "CARGO_INCREMENTAL=0" "-e" "RUST_BACKTRACE=full" "-e" "RUSTFLAGS=--cap-lints=warn" "-e" "RUSTDOCFLAGS=--cap-lints=warn" "-w" "/opt/rustwide/workdir" "--user" "0:0" "884441fbf318b43c71c2c717b24f0ebbfd67080aaaba1ddf042664fc113b1e3c" "/opt/rustwide/cargo-home/bin/cargo" "+1.100.0-beta.1" "test" "--frozen" "--release", kill_on_drop: false }`
[INFO] [stderr] warning: `package.homepage` is redundant with `package.repository`
[INFO] [stderr]    --> Cargo.toml:140:12
[INFO] [stderr]     |
[INFO] [stderr] 140 | homepage = "https://github.com/soma-core/soma-core"
[INFO] [stderr]     |            ^^^^^^^^^^^^^^^^^^^^^^^^^^^^^^^^^^^^^^^^
[INFO] [stderr] ...
[INFO] [stderr] 145 | repository = "https://github.com/soma-core/soma-core"
[INFO] [stderr]     |              ----------------------------------------
[INFO] [stderr]     |
[INFO] [stderr]     = note: `cargo::redundant_homepage` is set to `warn` by default
[INFO] [stderr] help: consider removing `package.homepage`
[INFO] [stderr] warning: `soma-core` (manifest) generated 1 warning
[INFO] [stderr] warning: struct `SerializableSystemMetrics` is never constructed
[INFO] [stderr]    --> src/cli/meta_reflective.rs:840:8
[INFO] [stderr]     |
[INFO] [stderr] 840 | struct SerializableSystemMetrics {
[INFO] [stderr]     |        ^^^^^^^^^^^^^^^^^^^^^^^^^
[INFO] [stderr]     |
[INFO] [stderr]     = note: `#[warn(dead_code)]` (part of `#[warn(unused)]`) on by default
[INFO] [stderr] 
[INFO] [stderr] warning: `soma-core` (lib) generated 1 warning
[INFO] [stderr] warning: `soma-core` (lib test) generated 1 warning (1 duplicate)
[INFO] [stderr]     Finished `release` profile [optimized] target(s) in 0.30s
[INFO] [stderr]      Running unittests src/lib.rs (/opt/rustwide/target/release/build/soma-core/753d1de009ec29f0/out/soma_core-753d1de009ec29f0)
[INFO] [stdout] 
[INFO] [stdout] running 154 tests
[INFO] [stdout] test classification::edit_classifier_working::tests::test_classification_system_creation ... ok
[INFO] [stdout] test classification::edit_classifier_working::tests::test_edit_classification ... ok
[INFO] [stdout] test agents::custom_agent_config::tests::test_personality_creation_and_retrieval ... ok
[INFO] [stdout] test classification::edit_classifier_working::tests::test_batch_classification ... ok
[INFO] [stdout] test agents::custom_agent_config::tests::test_custom_agent_configuration_system_creation ... ok
[INFO] [stdout] test agents::custom_agent_config::tests::test_custom_agent_creation ... ok
[INFO] [stdout] test agents::custom_agent_config::tests::test_save_and_load_configuration ... ok
[INFO] [stdout] test classification::edit_classifier_working::tests::test_filtering ... ok
[INFO] [stdout] test classification::edit_classifier_working::tests::test_security_pattern_detection ... ok
[INFO] [stdout] test classification::types::tests::test_edit_category_priority ... ok
[INFO] [stdout] test classification::types::tests::test_risk_assessment_builder ... ok
[INFO] [stdout] test classification::types::tests::test_edit_category_description ... ok
[INFO] [stdout] test agents::custom_agent_config::tests::test_user_interaction_recording ... ok
[INFO] [stdout] test cli::advanced_preview::tests::test_editor_newline_insertion ... ok
[INFO] [stdout] test cli::advanced_preview::tests::test_cursor_movement ... ok
[INFO] [stdout] test cli::cognitive_workflow::tests::test_cognitive_analysis_structure ... ok
[INFO] [stdout] test cli::cognitive_workflow::tests::test_cognitive_workflow_creation ... ok
[INFO] [stdout] test cli::cognitive_workflow::tests::test_edit_context_building ... ok
[INFO] [stdout] test cli::advanced_preview::tests::test_preview_line_extraction ... ok
[INFO] [stdout] test cli::editor::tests::test_cursor_movement ... ok
[INFO] [stdout] test cli::advanced_preview::tests::test_advanced_preview_system_creation ... ok
[INFO] [stdout] test cli::advanced_preview::tests::test_editor_text_insertion ... ok
[INFO] [stdout] test cli::editor::tests::test_newline_insertion ... ok
[INFO] [stdout] test cli::editor::tests::test_editor_creation ... ok
[INFO] [stdout] test cli::editor::tests::test_text_insertion ... ok
[INFO] [stdout] test cli::advanced_preview::tests::test_auto_preview_timing ... ok
[INFO] [stdout] test cli::advanced_preview::tests::test_pane_switching ... ok
[INFO] [stdout] test cli::meta_reflective::tests::test_context_setup ... ok
[INFO] [stdout] test cli::meta_reflective::tests::test_analyze_meta_reflective ... ok
[INFO] [stdout] test cli::meta_reflective::tests::test_meta_reflective_session_tracking ... ok
[INFO] [stdout] test cli::advanced_preview::tests::test_scroll_adjustment ... ok
[INFO] [stdout] test cli::meta_reflective::tests::test_performance_metrics_update ... ok
[INFO] [stdout] test cli::meta_reflective::tests::test_meta_reflective_system_creation ... ok
[INFO] [stdout] test cli::meta_reflective::tests::test_optimization_recommendations ... ok
[INFO] [stdout] test cli::preview::tests::test_diff_generation ... ok
[INFO] [stdout] test cli::preview::tests::test_preview_generation ... ok
[INFO] [stdout] test cli::preview::tests::test_render_to_string ... ok
[INFO] [stdout] test cli::preview::tests::test_confidence_visualization ... ok
[INFO] [stdout] test cli::preview::tests::test_syntax_highlighter ... ok
[INFO] [stdout] test cli::staged_application::tests::test_staged_application_interface_creation ... ok
[INFO] [stdout] test cli::staged_application::tests::test_staged_application_interface_with_system ... ok
[INFO] [stdout] test cli::time_travel::tests::test_add_edits_to_timeline ... ok
[INFO] [stdout] test cli::staged_application::tests::test_demo_edit_creation ... ok
[INFO] [stdout] test cli::time_travel::tests::test_timeline_selection ... ok
[INFO] [stdout] test cli::time_travel::tests::test_time_travel_cli_creation ... ok
[INFO] [stdout] test cli::visual_reasoning::tests::test_dependency_extraction_helper ... ok
[INFO] [stdout] test cli::visual_reasoning::tests::test_process_visual_reasoning_function ... ignored
[INFO] [stdout] test cli::visual_reasoning::tests::test_visual_analysis_result_creation ... ok
[INFO] [stdout] test cli::visual_reasoning::tests::test_pattern_detection_helper ... ok
[INFO] [stdout] test cli::visual_reasoning::tests::test_visual_reasoning_cli_creation ... ok
[INFO] [stdout] test cli::visual_reasoning::tests::test_visual_session_creation ... ok
[INFO] [stdout] test edit_control::conditional_logic::tests::test_always_pass_condition ... ok
[INFO] [stdout] test edit_control::conditional_logic::tests::test_classification_condition ... ok
[INFO] [stdout] test edit_control::conditional_logic::tests::test_chain_creation ... ok
[INFO] [stdout] test edit_control::conditional_logic::tests::test_condition_creation ... ok
[INFO] [stdout] test cli::preview::tests::test_preview_builder ... ok
[INFO] [stdout] test edit_control::conditional_logic::tests::test_session_creation ... ok
[INFO] [stdout] test edit_control::conditional_logic::tests::test_success_rate_calculation ... ok
[INFO] [stdout] test edit_control::conditional_logic::tests::test_conditional_system_creation ... ok
[INFO] [stdout] test edit_control::conditional_logic::tests::test_test_configuration ... ok
[INFO] [stdout] test edit_control::edit_history_time_travel::tests::test_checkpoint_creation ... ok
[INFO] [stdout] test edit_control::conditional_logic::tests::test_edit_id_generation ... ok
[INFO] [stdout] test edit_control::edit_history_time_travel::tests::test_history_search ... ok
[INFO] [stdout] test edit_control::edit_history_time_travel::tests::test_time_navigation ... ok
[INFO] [stdout] test edit_control::edit_history_time_travel::tests::test_time_travel_system_creation ... ok
[INFO] [stdout] test edit_control::edit_history_time_travel::tests::test_timeline_branching ... ok
[INFO] [stdout] test edit_control::edit_history_time_travel::tests::test_timeline_creation ... ok
[INFO] [stdout] test edit_control::file_protection::tests::test_documentation_edit_allowed ... ok
[INFO] [stdout] test edit_control::file_protection::tests::test_file_pattern_matching ... ok
[INFO] [stdout] test edit_control::edit_history_time_travel::tests::test_edit_event_addition ... ok
[INFO] [stdout] test edit_control::file_protection::tests::test_protection_system_creation ... ok
[INFO] [stdout] test edit_control::file_protection::tests::test_security_file_protection ... ok
[INFO] [stdout] test edit_control::staged_application::tests::test_checkpoint_creation ... ok
[INFO] [stdout] test edit_control::staged_application::tests::test_checkpoint_metadata_calculation ... ok
[INFO] [stdout] test edit_control::staged_application::tests::test_rollback_data_creation ... ok
[INFO] [stdout] test edit_control::staged_application::tests::test_stage_creation ... ok
[INFO] [stdout] test edit_control::staged_application::tests::test_stage_order_and_execution ... ok
[INFO] [stdout] test edit_control::staged_application::tests::test_staged_application_system_creation ... ok
[INFO] [stdout] test edit_control::staged_application::tests::test_stage_dependencies ... ok
[INFO] [stdout] test edit_control::staged_application::tests::test_status_summary ... ok
[INFO] [stdout] test edit_control::tests::test_approval_evaluation_workflow ... ok
[INFO] [stdout] test edit_control::tests::test_approval_level_determination ... ok
[INFO] [stdout] test edit_control::tests::test_approval_level_calculation ... ok
[INFO] [stdout] test edit_control::staged_application::tests::test_validation_rules ... ok
[INFO] [stdout] test edit_control::tests::test_approval_states ... ok
[INFO] [stdout] test edit_control::tests::test_approval_status_summary ... ok
[INFO] [stdout] test edit_control::tests::test_approval_sufficiency_check ... ok
[INFO] [stdout] test edit_control::tests::test_branching_history_after_undo ... ok
[INFO] [stdout] test edit_control::tests::test_approval_level_ordering ... ok
[INFO] [stdout] test edit_control::tests::test_approval_record_creation ... ok
[INFO] [stdout] test edit_control::tests::test_code_modification ... ok
[INFO] [stdout] test edit_control::tests::test_current_snapshot_description ... ok
[INFO] [stdout] test edit_control::tests::test_delegation_chain_validation ... ok
[INFO] [stdout] test edit_control::tests::test_critical_approval_requirements ... ok
[INFO] [stdout] test edit_control::tests::test_edit_modification_interface_creation ... ok
[INFO] [stdout] test edit_control::tests::test_confidence_adjustment ... ok
[INFO] [stdout] test edit_control::tests::test_escalation_request ... ok
[INFO] [stdout] test edit_control::tests::test_file_pattern_matching ... ok
[INFO] [stdout] test edit_control::tests::test_granular_approval_system_creation ... ok
[INFO] [stdout] test edit_control::tests::test_history_summary ... ok
[INFO] [stdout] test edit_control::tests::test_lead_approval ... ok
[INFO] [stdout] test edit_control::tests::test_large_change_detection ... ok
[INFO] [stdout] test edit_control::tests::test_modifiable_edit_creation ... ok
[INFO] [stdout] test edit_control::tests::test_modifiable_edit_granular_approval_integration ... ok
[INFO] [stdout] test edit_control::tests::test_modification_tracking_with_snapshots ... ok
[INFO] [stdout] test cli::advanced_preview::tests::test_layout_cycling ... ok
[INFO] [stdout] test edit_control::tests::test_pattern_matching ... ok
[INFO] [stdout] test edit_control::tests::test_security_pattern_detection ... ok
[INFO] [stdout] test edit_control::tests::test_syntax_highlighting_toggle ... ok
[INFO] [stdout] test edit_control::validation::tests::test_conflict_detection ... ok
[INFO] [stdout] test edit_control::validation::tests::test_incremental_validation ... ok
[INFO] [stdout] test edit_control::validation::tests::test_performance_validation ... ok
[INFO] [stdout] test edit_control::validation::tests::test_security_validation ... ok
[INFO] [stdout] test edit_control::validation::tests::test_syntax_checker ... ok
[INFO] [stdout] test edit_control::validation::tests::test_syntax_validation ... ok
[INFO] [stdout] test edit_control::validation::tests::test_validation_summary ... ok
[INFO] [stdout] test edit_control::validation::tests::test_validator_creation ... ok
[INFO] [stdout] test edit_control::tests::test_undo_redo_functionality ... ok
[INFO] [stdout] test edit_control::tests::test_view_mode_and_interface_state ... ok
[INFO] [stdout] test feedback_loop::tests::test_feedback_loop_execution ... FAILED
[INFO] [stdout] test feedback_loop::tests::test_merge_edits_consensus ... ok
[INFO] [stdout] test edit_control::tests::test_diff_summary_calculation ... ok
[INFO] [stdout] test git_integration::tests::test_git_config_default ... ok
[INFO] [stdout] test cli::git_integration::tests::test_pending_edits_management ... ok
[INFO] [stdout] test git_integration::tests::test_conflict_detection ... ok
[INFO] [stdout] test llm_operator::tests::test_api_key_validation ... ok
[INFO] [stdout] test llm_operator::tests::test_env_initialization ... ok
[INFO] [stdout] test llm_operator::tests::test_llm_operator_registry_and_execution ... ok
[INFO] [stdout] test ops::tests::test_add_operator ... ok
[INFO] [stdout] test ops::tests::test_attention_focus_operator ... ok
[INFO] [stdout] test ops::tests::test_cognitive_load_operator ... ok
[INFO] [stdout] test ops::tests::test_consensus_operator ... ok
[INFO] [stdout] test cli::git_integration::tests::test_git_integration_cli_creation ... ok
[INFO] [stdout] test cli::git_integration::tests::test_view_mode_cycling ... ok
[INFO] [stdout] test ops::tests::test_doubt_operator ... ok
[INFO] [stdout] test ops::tests::test_empathy_operator ... ok
[INFO] [stdout] test ops::tests::test_if_then_operator ... ok
[INFO] [stdout] test ops::tests::test_introspect_operator ... ok
[INFO] [stdout] test ops::tests::test_meta_reflective_operator ... ok
[INFO] [stdout] test ops::tests::test_negotiate_operator ... ok
[INFO] [stdout] test ops::tests::test_new_operators_in_registry ... ok
[INFO] [stdout] test ops::tests::test_reflect_operator ... ok
[INFO] [stdout] test ops::tests::test_uncertainty_propagate_operator ... ok
[INFO] [stdout] test ops::tests::test_visual_reasoning_cognitive_cost ... ok
[INFO] [stdout] test ops::tests::test_visual_reasoning_memory_integration ... ok
[INFO] [stdout] test ops::tests::test_visual_reasoning_multiple_analysis_modes ... ok
[INFO] [stdout] test ops::tests::test_visual_reasoning_uncertainty_model ... ok
[INFO] [stdout] test ops::tests::test_visual_reasoning_operator ... ok
[INFO] [stdout] test cli::git_integration::tests::test_session_operations ... ok
[INFO] [stdout] test git_integration::tests::test_backup_manager ... ok
[INFO] [stdout] test ops::tests::test_delay_operator ... ok
[INFO] [stdout] test git_integration::tests::test_git_integration_system_creation ... ok
[INFO] [stdout] test git_integration::tests::test_branch_manager ... ok
[INFO] [stdout] test git_integration::tests::test_session_start_and_end ... ok
[INFO] [stdout] 
[INFO] [stdout] failures:
[INFO] [stdout] 
[INFO] [stdout] ---- feedback_loop::tests::test_feedback_loop_execution stdout ----
[INFO] [stdout] 
[INFO] [stdout] thread 'feedback_loop::tests::test_feedback_loop_execution' (2385) panicked at src/feedback_loop.rs:202:6:
[INFO] [stdout] called `Result::unwrap()` on an `Err` value: Os { code: 30, kind: ReadOnlyFilesystem, message: "Read-only file system" }
[INFO] [stdout] stack backtrace:
[INFO] [stdout]    0:     0x5b2df7b98f91 - <<std[617be2ca0a6fd877]::sys::backtrace::BacktraceLock>::print::DisplayBacktrace as core[a373ad73a504971]::fmt::Display>::fmt
[INFO] [stdout]    1:     0x5b2df7bb1c9a - core[a373ad73a504971]::fmt::write
[INFO] [stdout]    2:     0x5b2df7b9e02c - <alloc[2e1b2a31b91974c5]::vec::Vec<u8> as core[a373ad73a504971]::io::write::Write>::write_fmt
[INFO] [stdout]    3:     0x5b2df7b71d56 - std[617be2ca0a6fd877]::panicking::default_hook::{closure#0}
[INFO] [stdout]    4:     0x5b2df7b90099 - std[617be2ca0a6fd877]::panicking::default_hook
[INFO] [stdout]    5:     0x5b2df7b16b30 - test[aada8e7e76ba119b]::test_main_inner::{closure#0}
[INFO] [stdout]    6:     0x5b2df7b903c2 - std[617be2ca0a6fd877]::panicking::panic_with_hook
[INFO] [stdout]    7:     0x5b2df7b71e02 - std[617be2ca0a6fd877]::panicking::panic_handler::{closure#0}
[INFO] [stdout]    8:     0x5b2df7b69fe9 - std[617be2ca0a6fd877]::sys::backtrace::__rust_end_short_backtrace::<std[617be2ca0a6fd877]::panicking::panic_handler::{closure#0}, !>
[INFO] [stdout]    9:     0x5b2df7b72e2d - __rustc[ea4f61d10b84890b]::rust_begin_unwind
[INFO] [stdout]   10:     0x5b2df7bb23fc - core[a373ad73a504971]::panicking::panic_fmt
[INFO] [stdout]   11:     0x5b2df7bb21d2 - core[a373ad73a504971]::result::unwrap_failed
[INFO] [stdout]   12:     0x5b2df793fa26 - <soma_core[faa0492d9556860f]::feedback_loop::tests::test_feedback_loop_execution::{closure#0} as core[a373ad73a504971]::ops::function::FnOnce<()>>::call_once
[INFO] [stdout]   13:     0x5b2df7b09f7b - test[aada8e7e76ba119b]::__rust_begin_short_backtrace::<core[a373ad73a504971]::result::Result<(), alloc[2e1b2a31b91974c5]::string::String>, fn() -> core[a373ad73a504971]::result::Result<(), alloc[2e1b2a31b91974c5]::string::String>>
[INFO] [stdout]   14:     0x5b2df7b17155 - test[aada8e7e76ba119b]::run_test::{closure#0}
[INFO] [stdout]   15:     0x5b2df7b10a44 - std[617be2ca0a6fd877]::sys::backtrace::__rust_begin_short_backtrace::<test[aada8e7e76ba119b]::run_test::{closure#1}, ()>
[INFO] [stdout]   16:     0x5b2df7b1a1e2 - <std[617be2ca0a6fd877]::thread::lifecycle::spawn_unchecked<test[aada8e7e76ba119b]::run_test::{closure#1}, ()>::{closure#1} as core[a373ad73a504971]::ops::function::FnOnce<()>>::call_once::{shim:vtable#0}
[INFO] [stdout]   17:     0x5b2df7b97eff - <std[617be2ca0a6fd877]::sys::thread::unix::Thread>::new::thread_start
[INFO] [stdout]   18:     0x7a2584cc7dfa - <unknown>
[INFO] [stdout]   19:     0x7a2584d5b3d4 - clone
[INFO] [stdout]   20:                0x0 - <unknown>
[INFO] [stdout] 
[INFO] [stdout] 
[INFO] [stdout] failures:
[INFO] [stdout]     feedback_loop::tests::test_feedback_loop_execution
[INFO] [stdout] 
[INFO] [stdout] test result: FAILED. 152 passed; 1 failed; 1 ignored; 0 measured; 0 filtered out; finished in 0.27s
[INFO] [stdout] 
[INFO] [stderr] error: test failed, to rerun pass `--lib`
[INFO] running `Command { std: "docker" "inspect" "884441fbf318b43c71c2c717b24f0ebbfd67080aaaba1ddf042664fc113b1e3c", kill_on_drop: false }`
[INFO] running `Command { std: "docker" "rm" "-f" "884441fbf318b43c71c2c717b24f0ebbfd67080aaaba1ddf042664fc113b1e3c", kill_on_drop: false }`
[INFO] [stdout] 884441fbf318b43c71c2c717b24f0ebbfd67080aaaba1ddf042664fc113b1e3c
