[INFO] fetching crate solverforge-service 0.3.0...
[INFO] testing solverforge-service-0.3.0 against 1.99.0-beta.8+cargoflags=--release for beta-release-1.100-2
[INFO] extracting crate solverforge-service 0.3.0 into /workspace/builds/worker-2-tc1/source
[INFO] started tweaking crates.io crate solverforge-service 0.3.0
[INFO] removed 0 missing tests
[INFO] finished tweaking crates.io crate solverforge-service 0.3.0
[INFO] tweaked toml for crates.io crate solverforge-service 0.3.0 written to /workspace/builds/worker-2-tc1/source/Cargo.toml
[INFO] validating manifest of crates.io crate solverforge-service 0.3.0 on toolchain 1.99.0-beta.8
[INFO] running `Command { std: CARGO_HOME="/workspace/cargo-home" RUSTUP_HOME="/workspace/rustup-home" "/workspace/cargo-home/bin/cargo" "+1.99.0-beta.8" "metadata" "--manifest-path" "Cargo.toml" "--no-deps", kill_on_drop: false }`
[INFO] crate crates.io crate solverforge-service 0.3.0 already has a lockfile, it will not be regenerated
[INFO] running `Command { std: CARGO_HOME="/workspace/cargo-home" RUSTUP_HOME="/workspace/rustup-home" "/workspace/cargo-home/bin/cargo" "+1.99.0-beta.8" "fetch" "--manifest-path" "Cargo.toml", kill_on_drop: false }`
[INFO] [stderr]     Updating crates.io index
[INFO] [stderr]  Downloading crates ...
[INFO] [stderr]   Downloaded wat v1.243.0
[INFO] [stderr]   Downloaded uuid v1.19.0
[INFO] [stderr]   Downloaded wasm-encoder v0.223.1
[INFO] [stderr]   Downloaded wasm-encoder v0.243.0
[INFO] [stderr]   Downloaded wasmparser v0.243.0
[INFO] [stderr]   Downloaded rustls-pki-types v1.13.1
[INFO] [stderr]   Downloaded solverforge-core v0.3.0
[INFO] [stderr]   Downloaded wast v243.0.0
[INFO] [stderr]   Downloaded reqwest v0.12.26
[INFO] [stderr]   Downloaded wasmparser v0.223.1
[INFO] [stderr]   Downloaded webpki-roots v1.0.4
[INFO] [stderr]   Downloaded env_filter v0.1.4
[INFO] [stderr]   Downloaded jiff-static v0.2.16
[INFO] [stderr]   Downloaded jiff v0.2.16
[INFO] [stderr]   Downloaded libredox v0.1.10
[INFO] running `Command { std: "docker" "create" "-v" "/var/lib/crater-agent-workspace/builds/worker-2-tc1/source:/opt/rustwide/workdir:ro,Z" "-v" "/var/lib/crater-agent-workspace/builds/worker-2-tc1/target:/opt/rustwide/target:rw,Z" "-v" "/var/lib/crater-agent-workspace/cargo-home:/opt/rustwide/cargo-home:ro,Z" "-v" "/var/lib/crater-agent-workspace/rustup-home:/opt/rustwide/rustup-home:ro,Z" "-m" "1610612736" "--network" "none" "ghcr.io/rust-lang/crates-build-env/linux@sha256:77db811e55d90add9212f6832c23229e3de5f1c1f9905e8cb07319ea15df73ac" "sleep" "infinity", kill_on_drop: false }`
[INFO] [stdout] 170b4e045f78c6ba5b568d259666e775868849c83052c1f9bde075a5608f06f9
[INFO] running `Command { std: "docker" "start" "170b4e045f78c6ba5b568d259666e775868849c83052c1f9bde075a5608f06f9", kill_on_drop: false }`
[INFO] running `Command { std: "docker" "inspect" "170b4e045f78c6ba5b568d259666e775868849c83052c1f9bde075a5608f06f9", kill_on_drop: false }`
[INFO] running `Command { std: "docker" "exec" "-e" "SOURCE_DIR=/opt/rustwide/workdir" "-e" "CARGO_HOME=/opt/rustwide/cargo-home" "-e" "RUSTUP_HOME=/opt/rustwide/rustup-home" "-e" "CARGO_TARGET_DIR=/opt/rustwide/target" "-w" "/opt/rustwide/workdir" "--user" "0:0" "170b4e045f78c6ba5b568d259666e775868849c83052c1f9bde075a5608f06f9" "/opt/rustwide/cargo-home/bin/cargo" "+1.99.0-beta.8" "metadata" "--no-deps" "--format-version=1", kill_on_drop: false }`
[INFO] running `Command { std: "docker" "inspect" "170b4e045f78c6ba5b568d259666e775868849c83052c1f9bde075a5608f06f9", kill_on_drop: false }`
[INFO] running `Command { std: "docker" "exec" "-e" "SOURCE_DIR=/opt/rustwide/workdir" "-e" "CARGO_HOME=/opt/rustwide/cargo-home" "-e" "RUSTUP_HOME=/opt/rustwide/rustup-home" "-e" "CARGO_TARGET_DIR=/opt/rustwide/target" "-e" "CARGO_INCREMENTAL=0" "-e" "RUST_BACKTRACE=full" "-e" "RUSTFLAGS=--cap-lints=warn" "-e" "RUSTDOCFLAGS=--cap-lints=warn" "-w" "/opt/rustwide/workdir" "--user" "0:0" "170b4e045f78c6ba5b568d259666e775868849c83052c1f9bde075a5608f06f9" "/opt/rustwide/cargo-home/bin/cargo" "+1.99.0-beta.8" "build" "--frozen" "--message-format=json" "--release", kill_on_drop: false }`
[INFO] [stderr]    Compiling syn v2.0.111
[INFO] [stderr]    Compiling find-msvc-tools v0.1.5
[INFO] [stderr]    Compiling futures-sink v0.3.31
[INFO] [stderr]    Compiling memchr v2.7.6
[INFO] [stderr]    Compiling http v1.4.0
[INFO] [stderr]    Compiling getrandom v0.2.16
[INFO] [stderr]    Compiling rustls-pki-types v1.13.1
[INFO] [stderr]    Compiling tokio v1.48.0
[INFO] [stderr]    Compiling rustls v0.23.35
[INFO] [stderr]    Compiling tracing-core v0.1.35
[INFO] [stderr]    Compiling num-traits v0.2.19
[INFO] [stderr]    Compiling wasm-encoder v0.223.1
[INFO] [stderr]    Compiling bitflags v2.10.0
[INFO] [stderr]    Compiling rust_decimal v1.39.0
[INFO] [stderr]    Compiling iri-string v0.7.9
[INFO] [stderr]    Compiling thiserror v2.0.17
[INFO] [stderr]    Compiling futures-channel v0.3.31
[INFO] [stderr]    Compiling arrayvec v0.7.6
[INFO] [stderr]    Compiling cc v1.2.49
[INFO] [stderr]    Compiling leb128 v0.2.5
[INFO] [stderr]    Compiling indexmap v2.12.1
[INFO] [stderr]    Compiling dirs-sys v0.5.0
[INFO] [stderr]    Compiling dirs v6.0.0
[INFO] [stderr]    Compiling webpki-roots v1.0.4
[INFO] [stderr]    Compiling tracing v0.1.43
[INFO] [stderr]    Compiling futures-util v0.3.31
[INFO] [stderr]    Compiling serde_json v1.0.145
[INFO] [stderr]    Compiling http-body v1.0.1
[INFO] [stderr]    Compiling http-body-util v0.1.3
[INFO] [stderr]    Compiling ring v0.17.14
[INFO] [stderr]    Compiling synstructure v0.13.2
[INFO] [stderr]    Compiling zerovec-derive v0.11.2
[INFO] [stderr]    Compiling displaydoc v0.2.5
[INFO] [stderr]    Compiling serde_derive v1.0.228
[INFO] [stderr]    Compiling thiserror-impl v2.0.17
[INFO] [stderr]    Compiling zerofrom-derive v0.1.6
[INFO] [stderr]    Compiling yoke-derive v0.8.1
[INFO] [stderr]    Compiling zerofrom v0.1.6
[INFO] [stderr]    Compiling yoke v0.8.1
[INFO] [stderr]    Compiling zerotrie v0.2.3
[INFO] [stderr]    Compiling zerovec v0.11.5
[INFO] [stderr]    Compiling tinystr v0.8.2
[INFO] [stderr]    Compiling potential_utf v0.1.4
[INFO] [stderr]    Compiling icu_collections v2.1.1
[INFO] [stderr]    Compiling icu_locale_core v2.1.1
[INFO] [stderr]    Compiling serde v1.0.228
[INFO] [stderr]    Compiling hyper v1.8.1
[INFO] [stderr]    Compiling tower v0.5.2
[INFO] [stderr]    Compiling icu_provider v2.1.1
[INFO] [stderr]    Compiling icu_normalizer v2.1.1
[INFO] [stderr]    Compiling icu_properties v2.1.2
[INFO] [stderr]    Compiling tower-http v0.6.8
[INFO] [stderr]    Compiling serde_urlencoded v0.7.1
[INFO] [stderr]    Compiling hyper-util v0.1.19
[INFO] [stderr]    Compiling idna_adapter v1.2.1
[INFO] [stderr]    Compiling idna v1.1.0
[INFO] [stderr]    Compiling url v2.5.7
[INFO] [stderr]    Compiling rustls-webpki v0.103.8
[INFO] [stderr]    Compiling tokio-rustls v0.26.4
[INFO] [stderr]    Compiling hyper-rustls v0.27.7
[INFO] [stderr]    Compiling reqwest v0.12.26
[INFO] [stderr]    Compiling solverforge-core v0.3.0
[INFO] [stderr]    Compiling solverforge-service v0.3.0 (/opt/rustwide/workdir)
[INFO] [stderr]     Finished `release` profile [optimized] target(s) in 1m 25s
[INFO] running `Command { std: "docker" "inspect" "170b4e045f78c6ba5b568d259666e775868849c83052c1f9bde075a5608f06f9", kill_on_drop: false }`
[INFO] running `Command { std: "docker" "exec" "-e" "SOURCE_DIR=/opt/rustwide/workdir" "-e" "CARGO_HOME=/opt/rustwide/cargo-home" "-e" "RUSTUP_HOME=/opt/rustwide/rustup-home" "-e" "CARGO_TARGET_DIR=/opt/rustwide/target" "-e" "CARGO_INCREMENTAL=0" "-e" "RUST_BACKTRACE=full" "-e" "RUSTFLAGS=--cap-lints=warn" "-e" "RUSTDOCFLAGS=--cap-lints=warn" "-w" "/opt/rustwide/workdir" "--user" "0:0" "170b4e045f78c6ba5b568d259666e775868849c83052c1f9bde075a5608f06f9" "/opt/rustwide/cargo-home/bin/cargo" "+1.99.0-beta.8" "test" "--frozen" "--no-run" "--message-format=json" "--release", kill_on_drop: false }`
[INFO] [stderr]    Compiling bitflags v2.10.0
[INFO] [stderr]    Compiling aho-corasick v1.1.4
[INFO] [stderr]    Compiling wasm-encoder v0.243.0
[INFO] [stderr]    Compiling regex-syntax v0.8.8
[INFO] [stderr]    Compiling leb128fmt v0.1.0
[INFO] [stderr]    Compiling anstyle-parse v0.2.7
[INFO] [stderr]    Compiling bumpalo v3.19.0
[INFO] [stderr]    Compiling colorchoice v1.0.4
[INFO] [stderr]    Compiling anstyle v1.0.13
[INFO] [stderr]    Compiling getrandom v0.3.4
[INFO] [stderr]    Compiling jiff v0.2.16
[INFO] [stderr]    Compiling chrono v0.4.42
[INFO] [stderr]    Compiling tower-http v0.6.8
[INFO] [stderr]    Compiling rustix v1.1.2
[INFO] [stderr]    Compiling anstream v0.6.21
[INFO] [stderr]    Compiling reqwest v0.12.26
[INFO] [stderr]    Compiling wast v243.0.0
[INFO] [stderr]    Compiling regex-automata v0.4.13
[INFO] [stderr]    Compiling tempfile v3.23.0
[INFO] [stderr]    Compiling solverforge-core v0.3.0
[INFO] [stderr]    Compiling regex v1.12.2
[INFO] [stderr]    Compiling env_filter v0.1.4
[INFO] [stderr]    Compiling env_logger v0.11.8
[INFO] [stderr]    Compiling wat v1.243.0
[INFO] [stderr]    Compiling solverforge-service v0.3.0 (/opt/rustwide/workdir)
[INFO] [stderr]     Finished `release` profile [optimized] target(s) in 1m 17s
[INFO] running `Command { std: "docker" "inspect" "170b4e045f78c6ba5b568d259666e775868849c83052c1f9bde075a5608f06f9", kill_on_drop: false }`
[INFO] running `Command { std: "docker" "exec" "-e" "SOURCE_DIR=/opt/rustwide/workdir" "-e" "CARGO_HOME=/opt/rustwide/cargo-home" "-e" "RUSTUP_HOME=/opt/rustwide/rustup-home" "-e" "CARGO_TARGET_DIR=/opt/rustwide/target" "-e" "CARGO_INCREMENTAL=0" "-e" "RUST_BACKTRACE=full" "-e" "RUSTFLAGS=--cap-lints=warn" "-e" "RUSTDOCFLAGS=--cap-lints=warn" "-w" "/opt/rustwide/workdir" "--user" "0:0" "170b4e045f78c6ba5b568d259666e775868849c83052c1f9bde075a5608f06f9" "/opt/rustwide/cargo-home/bin/cargo" "+1.99.0-beta.8" "test" "--frozen" "--release", kill_on_drop: false }`
[INFO] [stderr]     Finished `release` profile [optimized] target(s) in 0.27s
[INFO] [stderr]      Running unittests src/lib.rs (/opt/rustwide/target/release/deps/solverforge_service-388a4e874ddd1b48)
[INFO] [stdout] 
[INFO] [stdout] running 14 tests
[INFO] [stdout] test config::tests::test_multiple_java_opts ... ok
[INFO] [stdout] test util::tests::test_find_java_with_invalid_home ... ok
[INFO] [stdout] test error::tests::test_io_error_conversion ... ok
[INFO] [stderr]      Running tests/employee_scheduling_integration.rs (/opt/rustwide/target/release/deps/employee_scheduling_integration-fa73ac9a994a6bf5)
[INFO] [stdout] test config::tests::test_builder_pattern ... ok
[INFO] [stdout] test error::tests::test_error_display ... ok
[INFO] [stdout] test jar::tests::test_jar_path ... ok
[INFO] [stdout] test jar::tests::test_jar_exists_false ... ok
[INFO] [stdout] test service::tests::test_url_generation ... ok
[INFO] [stdout] test config::tests::test_default_config ... ok
[INFO] [stdout] test util::tests::test_get_cache_dir ... ok
[INFO] [stdout] test service::tests::test_is_running_no_process ... ok
[INFO] [stdout] test util::tests::test_find_available_port ... ok
[INFO] [stdout] test jar::tests::test_cache_dir ... ok
[INFO] [stdout] test service::tests::test_port_getter ... ok
[INFO] [stdout] 
[INFO] [stdout] test result: ok. 14 passed; 0 failed; 0 ignored; 0 measured; 0 filtered out; finished in 0.01s
[INFO] [stdout] 
[INFO] [stdout] 
[INFO] [stdout] running 2 tests
[INFO] [stdout] test test_employee_scheduling_wasm_builds ... ok
[INFO] [stdout] test test_employee_scheduling_solve ... FAILED
[INFO] [stdout] 
[INFO] [stdout] failures:
[INFO] [stdout] 
[INFO] [stdout] ---- test_employee_scheduling_solve stdout ----
[INFO] [stdout] 
[INFO] [stdout] === Problem Scale ===
[INFO] [stdout] Employees: 5
[INFO] [stdout] Shifts: 10
[INFO] [stdout] 
[INFO] [stdout] thread 'test_employee_scheduling_solve' (2166) panicked at tests/employee_scheduling_integration.rs:743:50:
[INFO] [stdout] Failed to start service: JavaNotFound("java not found in JAVA_HOME: /usr/lib64/jvm/java-24-openjdk-24")
[INFO] [stdout] stack backtrace:
[INFO] [stdout]    0:     0x64b8021b8e21 - <<std[70759c8f55707aa4]::sys::backtrace::BacktraceLock>::print::DisplayBacktrace as core[df12db4294e9bfd3]::fmt::Display>::fmt
[INFO] [stdout]    1:     0x64b8021d15ea - core[df12db4294e9bfd3]::fmt::write
[INFO] [stdout]    2:     0x64b8021bf69c - <alloc[2182bb758b4b3781]::vec::Vec<u8> as core[df12db4294e9bfd3]::io::write::Write>::write_fmt
[INFO] [stdout]    3:     0x64b802191186 - std[70759c8f55707aa4]::panicking::default_hook::{closure#0}
[INFO] [stdout]    4:     0x64b8021af169 - std[70759c8f55707aa4]::panicking::default_hook
[INFO] [stdout]    5:     0x64b801f25230 - test[9d35eded1c95d3be]::test_main_inner::<test[9d35eded1c95d3be]::test_main_static::{closure#0}>::{closure#0}
[INFO] [stdout]    6:     0x64b8021af492 - std[70759c8f55707aa4]::panicking::panic_with_hook
[INFO] [stderr] error: test failed, to rerun pass `--test employee_scheduling_integration`
[INFO] [stdout]    7:     0x64b802191232 - std[70759c8f55707aa4]::panicking::panic_handler::{closure#0}
[INFO] [stdout]    8:     0x64b802189d19 - std[70759c8f55707aa4]::sys::backtrace::__rust_end_short_backtrace::<std[70759c8f55707aa4]::panicking::panic_handler::{closure#0}, !>
[INFO] [stdout]    9:     0x64b80219201d - __rustc[8fa7c3cbc660c2b3]::rust_begin_unwind
[INFO] [stdout]   10:     0x64b8021d1dcc - core[df12db4294e9bfd3]::panicking::panic_fmt
[INFO] [stdout]   11:     0x64b8021d1ba2 - core[df12db4294e9bfd3]::result::unwrap_failed
[INFO] [stdout]   12:     0x64b801e2543c - employee_scheduling_integration[486320d8dfb712f3]::test_employee_scheduling_solve
[INFO] [stdout]   13:     0x64b801e27a89 - <employee_scheduling_integration[486320d8dfb712f3]::test_employee_scheduling_solve::{closure#0} as core[df12db4294e9bfd3]::ops::function::FnOnce<()>>::call_once
[INFO] [stdout]   14:     0x64b801f1851b - test[9d35eded1c95d3be]::__rust_begin_short_backtrace::<core[df12db4294e9bfd3]::result::Result<(), alloc[2182bb758b4b3781]::string::String>, fn() -> core[df12db4294e9bfd3]::result::Result<(), alloc[2182bb758b4b3781]::string::String>>
[INFO] [stdout]   15:     0x64b801f25b85 - test[9d35eded1c95d3be]::run_test::{closure#0}
[INFO] [stdout]   16:     0x64b801f1f444 - std[70759c8f55707aa4]::sys::backtrace::__rust_begin_short_backtrace::<test[9d35eded1c95d3be]::run_test::{closure#1}, ()>
[INFO] [stdout]   17:     0x64b801f28ce2 - <std[70759c8f55707aa4]::thread::lifecycle::spawn_unchecked<test[9d35eded1c95d3be]::run_test::{closure#1}, ()>::{closure#1} as core[df12db4294e9bfd3]::ops::function::FnOnce<()>>::call_once::{shim:vtable#0}
[INFO] [stdout]   18:     0x64b8021b8039 - <std[70759c8f55707aa4]::sys::thread::unix::Thread>::new::thread_start
[INFO] [stdout]   19:     0x758ec1d75dfa - <unknown>
[INFO] [stdout]   20:     0x758ec1e093d4 - clone
[INFO] [stdout]   21:                0x0 - <unknown>
[INFO] [stdout] 
[INFO] [stdout] 
[INFO] [stdout] failures:
[INFO] [stdout]     test_employee_scheduling_solve
[INFO] [stdout] 
[INFO] [stdout] test result: FAILED. 1 passed; 1 failed; 0 ignored; 0 measured; 0 filtered out; finished in 0.00s
[INFO] [stdout] 
[INFO] running `Command { std: "docker" "inspect" "170b4e045f78c6ba5b568d259666e775868849c83052c1f9bde075a5608f06f9", kill_on_drop: false }`
[INFO] running `Command { std: "docker" "rm" "-f" "170b4e045f78c6ba5b568d259666e775868849c83052c1f9bde075a5608f06f9", kill_on_drop: false }`
[INFO] [stdout] 170b4e045f78c6ba5b568d259666e775868849c83052c1f9bde075a5608f06f9
