[INFO] fetching crate solverforge-cli 3.5.1...
[INFO] testing solverforge-cli-3.5.1 against 1.99.0-beta.8+cargoflags=--release for beta-release-1.100-2
[INFO] extracting crate solverforge-cli 3.5.1 into /workspace/builds/worker-7-tc1/source
[INFO] started tweaking crates.io crate solverforge-cli 3.5.1
[INFO] removed 0 missing tests
[INFO] finished tweaking crates.io crate solverforge-cli 3.5.1
[INFO] tweaked toml for crates.io crate solverforge-cli 3.5.1 written to /workspace/builds/worker-7-tc1/source/Cargo.toml
[INFO] validating manifest of crates.io crate solverforge-cli 3.5.1 on toolchain 1.99.0-beta.8
[INFO] running `Command { std: CARGO_HOME="/workspace/cargo-home" RUSTUP_HOME="/workspace/rustup-home" "/workspace/cargo-home/bin/cargo" "+1.99.0-beta.8" "metadata" "--manifest-path" "Cargo.toml" "--no-deps", kill_on_drop: false }`
[INFO] crate crates.io crate solverforge-cli 3.5.1 already has a lockfile, it will not be regenerated
[INFO] running `Command { std: CARGO_HOME="/workspace/cargo-home" RUSTUP_HOME="/workspace/rustup-home" "/workspace/cargo-home/bin/cargo" "+1.99.0-beta.8" "fetch" "--manifest-path" "Cargo.toml", kill_on_drop: false }`
[INFO] [stderr]     Updating crates.io index
[INFO] [stderr]  Downloading crates ...
[INFO] [stderr]   Downloaded rmcp-macros v3.5.1
[INFO] [stderr]   Downloaded sse-stream v0.2.6
[INFO] [stderr]   Downloaded process-wrap v10.0.1
[INFO] [stderr]   Downloaded jsonc-parser v0.34.0
[INFO] [stderr]   Downloaded rmcp v3.5.1
[INFO] running `Command { std: "docker" "create" "-v" "/var/lib/crater-agent-workspace/builds/worker-7-tc1/source:/opt/rustwide/workdir:ro,Z" "-v" "/var/lib/crater-agent-workspace/builds/worker-7-tc1/target:/opt/rustwide/target:rw,Z" "-v" "/var/lib/crater-agent-workspace/cargo-home:/opt/rustwide/cargo-home:ro,Z" "-v" "/var/lib/crater-agent-workspace/rustup-home:/opt/rustwide/rustup-home:ro,Z" "-m" "1610612736" "--network" "none" "ghcr.io/rust-lang/crates-build-env/linux@sha256:77db811e55d90add9212f6832c23229e3de5f1c1f9905e8cb07319ea15df73ac" "sleep" "infinity", kill_on_drop: false }`
[INFO] [stdout] 7f6520c813a96f60b1acd5ebedd35d7a0a24974025da16d82595e7a3762fa766
[INFO] running `Command { std: "docker" "start" "7f6520c813a96f60b1acd5ebedd35d7a0a24974025da16d82595e7a3762fa766", kill_on_drop: false }`
[INFO] running `Command { std: "docker" "inspect" "7f6520c813a96f60b1acd5ebedd35d7a0a24974025da16d82595e7a3762fa766", kill_on_drop: false }`
[INFO] running `Command { std: "docker" "exec" "-e" "SOURCE_DIR=/opt/rustwide/workdir" "-e" "CARGO_HOME=/opt/rustwide/cargo-home" "-e" "RUSTUP_HOME=/opt/rustwide/rustup-home" "-e" "CARGO_TARGET_DIR=/opt/rustwide/target" "-w" "/opt/rustwide/workdir" "--user" "0:0" "7f6520c813a96f60b1acd5ebedd35d7a0a24974025da16d82595e7a3762fa766" "/opt/rustwide/cargo-home/bin/cargo" "+1.99.0-beta.8" "metadata" "--no-deps" "--format-version=1", kill_on_drop: false }`
[INFO] running `Command { std: "docker" "inspect" "7f6520c813a96f60b1acd5ebedd35d7a0a24974025da16d82595e7a3762fa766", kill_on_drop: false }`
[INFO] running `Command { std: "docker" "exec" "-e" "SOURCE_DIR=/opt/rustwide/workdir" "-e" "CARGO_HOME=/opt/rustwide/cargo-home" "-e" "RUSTUP_HOME=/opt/rustwide/rustup-home" "-e" "CARGO_TARGET_DIR=/opt/rustwide/target" "-e" "CARGO_INCREMENTAL=0" "-e" "RUST_BACKTRACE=full" "-e" "RUSTFLAGS=--cap-lints=warn" "-e" "RUSTDOCFLAGS=--cap-lints=warn" "-w" "/opt/rustwide/workdir" "--user" "0:0" "7f6520c813a96f60b1acd5ebedd35d7a0a24974025da16d82595e7a3762fa766" "/opt/rustwide/cargo-home/bin/cargo" "+1.99.0-beta.8" "build" "--frozen" "--message-format=json" "--release", kill_on_drop: false }`
[INFO] [stderr]    Compiling serde_core v1.0.229
[INFO] [stderr]    Compiling syn v3.0.6
[INFO] [stderr]    Compiling proc-macro2 v1.0.107
[INFO] [stderr]    Compiling unicode-ident v1.0.26
[INFO] [stderr]    Compiling winnow v1.0.4
[INFO] [stderr]    Compiling clap_lex v1.1.1
[INFO] [stderr]    Compiling quote v1.0.47
[INFO] [stderr]    Compiling toml_writer v1.1.2+spec-1.1.0
[INFO] [stderr]    Compiling indexmap v2.14.2
[INFO] [stderr]    Compiling console v0.16.6
[INFO] [stderr]    Compiling include_dir_macros v0.7.4
[INFO] [stderr]    Compiling zeroize v1.9.0
[INFO] [stderr]    Compiling solverforge-cli v3.5.1 (/opt/rustwide/workdir)
[INFO] [stderr]    Compiling shell-words v1.1.1
[INFO] [stderr]    Compiling owo-colors v4.4.0
[INFO] [stderr]    Compiling clap_builder v4.6.7
[INFO] [stderr]    Compiling include_dir v0.7.4
[INFO] [stderr]    Compiling dialoguer v0.12.0
[INFO] [stderr]    Compiling toml_parser v1.1.3+spec-1.1.0
[INFO] [stderr]    Compiling clap_derive v4.6.7
[INFO] [stderr]    Compiling serde_derive v1.0.229
[INFO] [stderr]    Compiling toml_datetime v1.1.1+spec-1.1.0
[INFO] [stderr]    Compiling serde_spanned v1.1.1
[INFO] [stderr]    Compiling serde_json v1.0.151
[INFO] [stderr]    Compiling toml v1.1.6+spec-1.1.0
[INFO] [stderr]    Compiling toml_edit v0.25.15+spec-1.1.0
[INFO] [stderr]    Compiling clap v4.6.7
[INFO] [stderr]    Compiling clap_complete v4.6.11
[INFO] [stderr]    Compiling serde v1.0.229
[INFO] [stderr]    Compiling jsonc-parser v0.34.0
[INFO] [stderr]     Finished `release` profile [optimized] target(s) in 1m 13s
[INFO] running `Command { std: "docker" "inspect" "7f6520c813a96f60b1acd5ebedd35d7a0a24974025da16d82595e7a3762fa766", kill_on_drop: false }`
[INFO] running `Command { std: "docker" "exec" "-e" "SOURCE_DIR=/opt/rustwide/workdir" "-e" "CARGO_HOME=/opt/rustwide/cargo-home" "-e" "RUSTUP_HOME=/opt/rustwide/rustup-home" "-e" "CARGO_TARGET_DIR=/opt/rustwide/target" "-e" "CARGO_INCREMENTAL=0" "-e" "RUST_BACKTRACE=full" "-e" "RUSTFLAGS=--cap-lints=warn" "-e" "RUSTDOCFLAGS=--cap-lints=warn" "-w" "/opt/rustwide/workdir" "--user" "0:0" "7f6520c813a96f60b1acd5ebedd35d7a0a24974025da16d82595e7a3762fa766" "/opt/rustwide/cargo-home/bin/cargo" "+1.99.0-beta.8" "test" "--frozen" "--no-run" "--message-format=json" "--release", kill_on_drop: false }`
[INFO] [stderr]    Compiling syn v3.0.6
[INFO] [stderr]    Compiling libc v0.2.189
[INFO] [stderr]    Compiling serde_core v1.0.229
[INFO] [stderr]    Compiling smallvec v1.16.2
[INFO] [stderr]    Compiling futures-core v0.3.34
[INFO] [stderr]    Compiling find-msvc-tools v0.1.14
[INFO] [stderr]    Compiling once_cell v1.21.4
[INFO] [stderr]    Compiling futures-sink v0.3.34
[INFO] [stderr]    Compiling memchr v2.8.3
[INFO] [stderr]    Compiling slab v0.4.12
[INFO] [stderr]    Compiling dunce v1.0.5
[INFO] [stderr]    Compiling fs_extra v1.3.0
[INFO] [stderr]    Compiling pkg-config v0.3.34
[INFO] [stderr]    Compiling futures-io v0.3.34
[INFO] [stderr]    Compiling http v1.5.0
[INFO] [stderr]    Compiling futures-channel v0.3.34
[INFO] [stderr]    Compiling writeable v0.6.4
[INFO] [stderr]    Compiling litemap v0.8.3
[INFO] [stderr]    Compiling aws-lc-rs v1.18.1
[INFO] [stderr]    Compiling syn v2.0.119
[INFO] [stderr]    Compiling icu_properties_data v2.3.0
[INFO] [stderr]    Compiling icu_normalizer_data v2.3.0
[INFO] [stderr]    Compiling tracing-core v0.1.36
[INFO] [stderr]    Compiling rustls-pki-types v1.15.1
[INFO] [stderr]    Compiling serde v1.0.229
[INFO] [stderr]    Compiling rustls v0.23.45
[INFO] [stderr]    Compiling serde_json v1.0.151
[INFO] [stderr]    Compiling num-traits v0.2.19
[INFO] [stderr]    Compiling cfg_aliases v0.2.2
[INFO] [stderr]    Compiling encoding_rs v0.8.42
[INFO] [stderr]    Compiling nix v0.31.3
[INFO] [stderr]    Compiling form_urlencoded v1.2.2
[INFO] [stderr]    Compiling sync_wrapper v1.0.2
[INFO] [stderr]    Compiling zmij v1.0.23
[INFO] [stderr]    Compiling base64 v0.23.1
[INFO] [stderr]    Compiling ipnet v2.12.2
[INFO] [stderr]    Compiling ref-cast v1.0.27
[INFO] [stderr]    Compiling thiserror v2.0.21
[INFO] [stderr]    Compiling itoa v1.0.18
[INFO] [stderr]    Compiling multiversion_no_op v1.0.0
[INFO] [stderr]    Compiling rustls-native-certs v0.8.4
[INFO] [stderr]    Compiling simdutf8 v0.1.5
[INFO] [stderr]    Compiling core_detect v1.0.0
[INFO] [stderr]    Compiling http-body v1.1.0
[INFO] [stderr]    Compiling http-body-util v0.1.5
[INFO] [stderr]    Compiling jobserver v0.1.35
[INFO] [stderr]    Compiling rmcp v3.5.1
[INFO] [stderr]    Compiling pastey v0.2.3
[INFO] [stderr]    Compiling cc v1.5.1
[INFO] [stderr]    Compiling cmake v0.1.58
[INFO] [stderr]    Compiling errno v0.3.14
[INFO] [stderr]    Compiling parking_lot_core v0.9.12
[INFO] [stderr]    Compiling mio v1.2.3
[INFO] [stderr]    Compiling socket2 v0.6.5
[INFO] [stderr]    Compiling getrandom v0.4.3
[INFO] [stderr]    Compiling console v0.16.6
[INFO] [stderr]    Compiling signal-hook-registry v1.4.8
[INFO] [stderr]    Compiling parking_lot v0.12.5
[INFO] [stderr]    Compiling tempfile v3.27.0
[INFO] [stderr]    Compiling uuid v1.26.1
[INFO] [stderr]    Compiling aws-lc-sys v0.45.0
[INFO] [stderr]    Compiling indexmap v2.14.2
[INFO] [stderr]    Compiling toml_datetime v1.1.1+spec-1.1.0
[INFO] [stderr]    Compiling serde_spanned v1.1.1
[INFO] [stderr]    Compiling dialoguer v0.12.0
[INFO] [stderr]    Compiling toml v1.1.6+spec-1.1.0
[INFO] [stderr]    Compiling tracing-attributes v0.1.31
[INFO] [stderr]    Compiling synstructure v0.14.0
[INFO] [stderr]    Compiling darling_core v0.24.1
[INFO] [stderr]    Compiling serde_derive_internals v0.30.0
[INFO] [stderr]    Compiling toml_edit v0.25.15+spec-1.1.0
[INFO] [stderr]    Compiling tracing v0.1.44
[INFO] [stderr]    Compiling zerofrom-derive v0.1.8
[INFO] [stderr]    Compiling yoke-derive v0.8.3
[INFO] [stderr]    Compiling zerovec-derive v0.11.6
[INFO] [stderr]    Compiling tokio-macros v2.7.2
[INFO] [stderr]    Compiling displaydoc v0.2.7
[INFO] [stderr]    Compiling futures-macro v0.3.34
[INFO] [stderr]    Compiling serde_derive v1.0.229
[INFO] [stderr]    Compiling clap_derive v4.6.7
[INFO] [stderr]    Compiling ref-cast-impl v1.0.27
[INFO] [stderr]    Compiling schemars_derive v1.2.2
[INFO] [stderr]    Compiling thiserror-impl v2.0.21
[INFO] [stderr]    Compiling futures-util v0.3.34
[INFO] [stderr]    Compiling tokio v1.53.1
[INFO] [stderr]    Compiling zerofrom v0.1.8
[INFO] [stderr]    Compiling yoke v0.8.3
[INFO] [stderr]    Compiling zerovec v0.11.8
[INFO] [stderr]    Compiling zerotrie v0.2.5
[INFO] [stderr]    Compiling clap v4.6.7
[INFO] [stderr]    Compiling clap_complete v4.6.11
[INFO] [stderr]    Compiling darling_macro v0.24.1
[INFO] [stderr]    Compiling tinystr v0.8.4
[INFO] [stderr]    Compiling potential_utf v0.1.6
[INFO] [stderr]    Compiling icu_collections v2.3.0
[INFO] [stderr]    Compiling darling v0.24.1
[INFO] [stderr]    Compiling rmcp-macros v3.5.1
[INFO] [stderr]    Compiling icu_locale_core v2.3.0
[INFO] [stderr]    Compiling chrono v0.4.45
[INFO] [stderr]    Compiling jsonc-parser v0.34.0
[INFO] [stderr]    Compiling icu_provider v2.3.1
[INFO] [stderr]    Compiling icu_normalizer v2.3.0
[INFO] [stderr]    Compiling icu_properties v2.3.0
[INFO] [stderr]    Compiling futures-executor v0.3.34
[INFO] [stderr]    Compiling sse-stream v0.2.6
[INFO] [stderr]    Compiling futures v0.3.34
[INFO] [stderr]    Compiling schemars v1.2.2
[INFO] [stderr]    Compiling idna_adapter v1.2.2
[INFO] [stderr]    Compiling idna v1.1.0
[INFO] [stderr]    Compiling tokio-util v0.7.19
[INFO] [stderr]    Compiling tower v0.5.3
[INFO] [stderr]    Compiling url v2.5.8
[INFO] [stderr]    Compiling process-wrap v10.0.1
[INFO] [stderr]    Compiling tokio-stream v0.1.19
[INFO] [stderr]    Compiling solverforge-cli v3.5.1 (/opt/rustwide/workdir)
[INFO] [stderr]    Compiling tower-http v0.6.11
[INFO] [stderr]    Compiling h2 v0.4.19
[INFO] [stderr]    Compiling hyper v1.11.1
[INFO] [stderr]    Compiling hyper-util v0.1.21
[INFO] [stderr]    Compiling rustls-webpki v0.103.15
[INFO] [stderr]    Compiling tokio-rustls v0.26.6
[INFO] [stderr]    Compiling rustls-platform-verifier v0.7.1
[INFO] [stderr]    Compiling hyper-rustls v0.27.10
[INFO] [stderr]    Compiling reqwest v0.13.5
[INFO] [stderr]     Finished `release` profile [optimized] target(s) in 4m 34s
[INFO] running `Command { std: "docker" "inspect" "7f6520c813a96f60b1acd5ebedd35d7a0a24974025da16d82595e7a3762fa766", kill_on_drop: false }`
[INFO] running `Command { std: "docker" "exec" "-e" "SOURCE_DIR=/opt/rustwide/workdir" "-e" "CARGO_HOME=/opt/rustwide/cargo-home" "-e" "RUSTUP_HOME=/opt/rustwide/rustup-home" "-e" "CARGO_TARGET_DIR=/opt/rustwide/target" "-e" "CARGO_INCREMENTAL=0" "-e" "RUST_BACKTRACE=full" "-e" "RUSTFLAGS=--cap-lints=warn" "-e" "RUSTDOCFLAGS=--cap-lints=warn" "-w" "/opt/rustwide/workdir" "--user" "0:0" "7f6520c813a96f60b1acd5ebedd35d7a0a24974025da16d82595e7a3762fa766" "/opt/rustwide/cargo-home/bin/cargo" "+1.99.0-beta.8" "test" "--frozen" "--release", kill_on_drop: false }`
[INFO] [stderr]     Finished `release` profile [optimized] target(s) in 0.34s
[INFO] [stderr]      Running unittests src/main.rs (/opt/rustwide/target/release/deps/solverforge-c5cde487be29d443)
[INFO] [stdout] 
[INFO] [stdout] running 191 tests
[INFO] [stdout] test commands::check::tests::check_rejects_constraint_named_value_that_differs_from_module_id ... ok
[INFO] [stdout] test commands::check::tests::check_rejects_stale_grouped_scalar_neighborhood_solver_config ... ok
[INFO] [stdout] test app_spec::tests::variable_source_collection_rejects_unknown_kinds ... ok
[INFO] [stdout] test commands::check::tests::check_rejects_invalid_override_templates ... ok
[INFO] [stdout] test commands::check::tests::check_rejects_mismatched_solver_config_managed_blocks ... ok
[INFO] [stdout] test commands::check::tests::check_rejects_missing_candidate_scalar_group_construction_config ... ok
[INFO] [stdout] test commands::check::tests::check_rejects_stale_conflict_repair_constraint ... ok
[INFO] [stdout] test commands::config::tests::parse_toml_value_parses_integer_float_bool_and_string ... ok
[INFO] [stdout] test commands::check::tests::check_rejects_stale_conflict_repair_neighborhood_solver_config ... ok
[INFO] [stdout] test commands::config::tests::run_set_preserves_managed_solver_config_blocks_for_non_phase_keys ... ok
[INFO] [stdout] test commands::check::tests::check_ignores_constraint_helper_files_not_declared_in_managed_mod ... ok
[INFO] [stdout] test commands::check::tests::check_rejects_stale_grouped_scalar_solver_config ... ok
[INFO] [stdout] test commands::check::tests::check_rejects_missing_primary_re_exports_and_constraint_tuple_drift ... ok
[INFO] [stdout] test commands::check::tests::check_rejects_malformed_current_managed_files ... ok
[INFO] [stdout] test commands::check::tests::check_rejects_assignment_rule_without_sequence_key ... ok
[INFO] [stdout] test commands::check::tests::check_rejects_solver_config_reference_to_disabled_scalar_group ... ok
[INFO] [stdout] test commands::check::tests::check_rejects_stale_conflict_repair_solver_config ... ok
[INFO] [stdout] test commands::check::tests::check_rejects_stale_nested_selector_solver_config ... ok
[INFO] [stdout] test commands::check::tests::check_rejects_stale_scalar_group_variable_targets ... ok
[INFO] [stdout] test commands::check::tests::check_rejects_variables_that_reference_missing_fact_collections ... ok
[INFO] [stdout] test commands::config::tests::set_toml_key_errors_when_array_index_is_missing ... ok
[INFO] [stdout] test commands::config::tests::set_toml_key_errors_when_intermediate_value_is_not_a_table ... ok
[INFO] [stdout] test commands::config::tests::set_toml_key_creates_nested_tables_and_preserves_siblings ... ok
[INFO] [stdout] test commands::check::tests::check_skips_disabled_scalar_group_variable_targets ... ok
[INFO] [stdout] test commands::config::tests::set_toml_key_errors_when_root_is_not_a_table ... ok
[INFO] [stdout] test commands::config::tests::set_toml_key_updates_array_table_by_index ... ok
[INFO] [stdout] test commands::config::tests::run_set_enables_bounded_candidate_trace ... ok
[INFO] [stdout] test commands::config::tests::set_toml_key_sets_top_level_key ... ok
[INFO] [stdout] test commands::connect::tests::merge_is_idempotent ... ok
[INFO] [stdout] test commands::config::tests::run_set_preserves_interleaved_managed_solver_phase_order_for_non_phase_keys ... ok
[INFO] [stdout] test commands::connect::tests::merge_creates_the_document_when_absent ... ok
[INFO] [stdout] test commands::config::tests::run_set_errors_when_solver_toml_is_missing ... ok
[INFO] [stdout] test commands::connect::tests::crate_name_matches_generated_binary_naming ... ok
[INFO] [stdout] test commands::connect::tests::generic_clients_use_the_mcp_servers_shape ... ok
[INFO] [stdout] test commands::connect::tests::merge_adds_schema_for_opencode_and_preserves_an_existing_one ... ok
[INFO] [stdout] test commands::config::tests::run_set_rejects_phase_edits ... ok
[INFO] [stdout] test commands::check::tests::check_rejects_enabled_scalar_group_without_solution_path ... ok
[INFO] [stdout] test commands::config::tests::run_set_reports_parse_errors_for_invalid_toml ... ok
[INFO] [stdout] test commands::config::tests::run_set_rejects_zero_candidate_trace_capacity_without_writing ... ok
[INFO] [stdout] test commands::connect::tests::merge_preserves_comments_trailing_commas_and_unrelated_members ... ok
[INFO] [stdout] test commands::connect::tests::merge_preserves_crlf_newlines ... ok
[INFO] [stdout] test commands::config::tests::run_set_stores_string_values_as_strings ... ok
[INFO] [stdout] test commands::connect::tests::opencode_document_uses_the_mcp_root_and_schema ... ok
[INFO] [stdout] test commands::connect::tests::opencode_entry_uses_the_local_mcp_shape ... ok
[INFO] [stdout] test commands::connect::tests::merge_supports_the_mcp_servers_root_and_preserves_other_keys ... ok
[INFO] [stdout] test commands::connect::tests::merge_preserves_other_vscode_servers_and_adds_the_project_entry ... ok
[INFO] [stdout] test commands::connect::tests::merge_replaces_an_existing_solverforge_entry_in_place ... ok
[INFO] [stdout] test commands::connect::tests::merge_refuses_non_object_root ... ok
[INFO] [stdout] test commands::connect::tests::vscode_uses_the_servers_shape ... ok
[INFO] [stdout] test commands::connect::tests::merge_refuses_non_object_servers_entry ... ok
[INFO] [stdout] test commands::connect::tests::resolve_binary_prefers_release_and_reports_build_state ... ok
[INFO] [stdout] test commands::connect::tests::merge_refuses_duplicate_relevant_keys ... ok
[INFO] [stdout] test commands::config::tests::run_set_updates_solver_toml_with_typed_nested_value ... ok
[INFO] [stdout] test commands::config::tests::run_set_updates_nested_value_in_inline_table ... ok
[INFO] [stdout] test commands::connect::write_tests::write_refuses_a_symlinked_config_without_touching_either_file ... ok
[INFO] [stdout] test commands::connect::tests::merge_refuses_invalid_existing_jsonc_instead_of_clobbering ... ok
[INFO] [stdout] test commands::connect::tests::stdio_entry_runs_the_binary_without_arguments ... ok
[INFO] [stdout] test commands::config::tests::run_show_errors_when_solver_toml_is_missing ... ok
[INFO] [stdout] test commands::config::tests::run_show_succeeds_when_solver_toml_exists ... ok
[INFO] [stdout] test commands::destroy::tests::destroy_constraint_preflights_constraint_mod_before_delete ... ok
[INFO] [stdout] test commands::connect::write_tests::atomic_replace_aborts_when_the_file_changed_since_read ... ok
[INFO] [stdout] test commands::connect::write_tests::write_refuses_a_non_regular_config_target ... ok
[INFO] [stdout] test commands::destroy::tests::destroy_entity_preflights_solution_rewrite_before_domain_update_or_delete ... ok
[INFO] [stdout] test commands::destroy::tests::destroy_solution_preflights_domain_mod_before_delete ... ok
[INFO] [stdout] test commands::connect::write_tests::write_creates_missing_config_directories_and_file ... ok
[INFO] [stdout] test commands::destroy::tests::destroy_constraint_rejects_conflict_repair_refs_without_mutation ... ok
[INFO] [stdout] test commands::destroy::tests::removes_constraint_from_managed_tuple_entry ... ok
[INFO] [stdout] test commands::destroy::tests::removes_last_constraint_to_empty_tuple ... ok
[INFO] [stdout] test commands::connect::write_tests::atomic_replace_writes_and_carries_permissions ... ok
[INFO] [stdout] test commands::destroy::tests::destroy_variable_rejects_scalar_group_targets_without_mutation ... ok
[INFO] [stdout] test commands::generate_constraint::tests::test_generate_skeleton_balance_soft ... ok
[INFO] [stdout] test commands::generate_constraint::tests::test_generate_skeleton_join_hard ... ok
[INFO] [stdout] test commands::generate_constraint::tests::test_generate_skeleton_pair_hard ... ok
[INFO] [stdout] test commands::generate_constraint::tests::test_generate_skeleton_reward_soft_is_compile_safe ... ok
[INFO] [stdout] test commands::destroy::tests::destroy_entity_resyncs_data_seed ... ok
[INFO] [stdout] test commands::generate_constraint::tests::test_generate_skeleton_unary_hard ... ok
[INFO] [stdout] test commands::generate_constraint::tests::test_grouped_skeletons_use_weight_closures_instead_of_post_group_filters ... ok
[INFO] [stdout] test commands::generate_constraint::tests::test_remove_constraint_from_source_preserves_empty_tuple_shape ... ok
[INFO] [stdout] test commands::generate_constraint::tests::test_remove_constraint_from_source_handles_nested_tuple_calls ... ok
[INFO] [stdout] test commands::generate_constraint::tests::test_rewrite_mod_appends_module_and_call_to_managed_blocks ... ok
[INFO] [stdout] test commands::generate_constraint::tests::test_rewrite_mod_requires_every_declared_constraint_to_be_wired ... ok
[INFO] [stdout] test commands::generate_constraint::tests::test_rewrite_mod_flattens_nested_constraint_tuples ... ok
[INFO] [stdout] test commands::destroy::tests::destroy_conflict_repair_blocks_unmanaged_shared_selector_without_mutation ... ok
[INFO] [stdout] test commands::generate_constraint::tests::test_run_preflights_managed_constraint_mod_before_creating_file ... ok
[INFO] [stdout] test commands::destroy::tests::destroy_fact_rejects_still_referenced_fact_collection ... ok
[INFO] [stdout] test commands::destroy::tests::destroy_entity_preflights_domain_mod_before_delete ... ok
[INFO] [stdout] test commands::generate_constraint::tests::test_validate_constraint_mod_source_rejects_undeclared_call ... ok
[INFO] [stdout] test commands::generate_constraint::tests::test_validate_name ... ok
[INFO] [stdout] test commands::generate_constraint::tests::test_skeletons_wire_generated_collection_accessors_as_stream_source ... ok
[INFO] [stdout] test commands::generate_domain::tests::test_add_import_idempotent ... ok
[INFO] [stdout] test commands::generate_domain::tests::test_add_import_new ... ok
[INFO] [stdout] test commands::destroy::tests::destroy_fact_resyncs_data_seed ... ok
[INFO] [stdout] test commands::generate_domain::tests::test_free_form_entity_template_output_is_rejected ... ok
[INFO] [stdout] test commands::generate_domain::tests::test_generate_entity_no_var ... ok
[INFO] [stdout] test commands::generate_domain::tests::test_free_form_solution_template_output_is_rejected ... ok
[INFO] [stdout] test commands::destroy::tests::destroy_scalar_group_blocks_nested_solver_config_refs_without_mutation ... ok
[INFO] [stdout] test commands::destroy::tests::destroy_entity_rejects_scalar_group_targets_without_mutation ... ok
[INFO] [stdout] test commands::destroy::tests::destroy_fact_preflights_domain_mod_before_delete ... ok
[INFO] [stdout] test commands::destroy::tests::destroy_conflict_repair_blocks_nested_solver_config_refs_without_mutation ... ok
[INFO] [stdout] test commands::destroy::tests::destroy_solution_skips_data_seed_resync_without_a_solution ... ok
[INFO] [stdout] test commands::destroy::tests::destroy_variable_ignores_disabled_scalar_group_targets ... ok
[INFO] [stdout] test commands::destroy::tests::destroy_constraint_resyncs_data_seed ... ok
[INFO] [stdout] test commands::generate_constraint::domain::tests::parses_multiline_attrs_and_manifest_modules ... ok
[INFO] [stdout] test commands::generate_domain::tests::test_inject_scalar_variable_with_countable_range ... ok
[INFO] [stdout] test commands::generate_constraint::tests::test_run_accepts_soft_constraint_for_soft_score ... ok
[INFO] [stdout] test commands::generate_domain::tests::test_pluralize ... ok
[INFO] [stdout] test commands::destroy::tests::destroy_conflict_repair_requires_exact_constraint_id ... ok
[INFO] [stdout] test commands::generate_constraint::tests::test_run_rejects_hard_constraint_for_soft_score ... ok
[INFO] [stdout] test commands::generate_domain::tests::generate_score_is_idempotent_and_failure_safe ... ok
[INFO] [stdout] test commands::generate_domain::tests::test_replace_score_type ... ok
[INFO] [stdout] test commands::generate_domain::tests::test_replace_score_type_missing ... ok
[INFO] [stdout] test commands::generate_domain::tests::test_rewrite_domain_mod_source_groups_mods_before_uses ... ok
[INFO] [stdout] test commands::generate_domain::tests::generate_score_rewrites_constraints_and_contract_files ... ok
[INFO] [stdout] test commands::generate_domain::tests::test_generate_entity_output_satisfies_managed_block_contract ... ok
[INFO] [stdout] test commands::generate_domain::tests::test_generate_fact ... ok
[INFO] [stdout] test commands::generate_domain::tests::test_generate_entity_with_var ... ok
[INFO] [stdout] test commands::generate_domain::tests::test_generate_solution ... ok
[INFO] [stdout] test commands::generate_domain::tests::test_generate_solution_output_satisfies_managed_block_contract ... ok
[INFO] [stdout] test commands::generate_domain::tests::test_inject_list_variable ... ok
[INFO] [stdout] test commands::generate_domain::tests::test_inject_list_variable_with_current_runtime_metadata ... ok
[INFO] [stdout] test commands::generate_domain::tests::test_rewrite_domain_mod_source_preserves_self_uses_and_multiple_exports ... ok
[INFO] [stdout] test commands::generate_domain::tests::test_inject_list_variable_with_cvrp_profile ... ok
[INFO] [stdout] test commands::generate_domain::tests::test_rewrite_domain_mod_source_requires_managed_exports ... ok
[INFO] [stdout] test commands::generate_domain::tests::test_rewrite_domain_mod_source_requires_primary_re_export_for_each_module ... ok
[INFO] [stdout] test commands::generate_domain::tests::test_rewrite_domain_mod_source_preserves_user_owned_tail_content ... ok
[INFO] [stdout] test commands::generate_domain::tests::test_snake_to_pascal ... ok
[INFO] [stdout] test commands::generate_domain::tests::test_update_domain_mod_format ... ok
[INFO] [stdout] test commands::generate_constraint::domain::tests::parses_simple_type_alias_collections ... ok
[INFO] [stdout] test commands::generate_domain::tests::test_inject_second_planning_variable ... ok
[INFO] [stdout] test commands::model_resource::tests::candidate_scalar_group_entry_ignores_stale_assignment_hooks ... ok
[INFO] [stdout] test commands::generate_domain::tests::test_inject_scalar_variable_with_hook_metadata ... ok
[INFO] [stdout] test commands::model_resource::tests::assignment_scalar_group_rejects_assignment_rule_without_sequence_key ... ok
[INFO] [stdout] test commands::generate_domain::tests::test_validate_domain_mod_source_accepts_planning_model_manifest ... ok
[INFO] [stdout] test commands::generate_domain::tests::test_variable_injection_requires_managed_blocks ... ok
[INFO] [stdout] test commands::model_resource::tests::removable_conflict_repair_stubs_keep_providers_required_by_remaining_repairs ... ok
[INFO] [stdout] test commands::generate_domain::tests::test_wire_collection_into_solution_requires_managed_blocks ... ok
[INFO] [stdout] test commands::generate_domain::tests::test_wire_collection_into_solution_updates_neutral_constructor ... ok
[INFO] [stdout] test commands::model_resource::tests::candidate_scalar_group_rejects_assignment_hook_flags ... ok
[INFO] [stdout] test commands::model_resource::tests::scalar_group_entry_renders_assignment_hooks_and_limits ... ok
[INFO] [stdout] test commands::model_resource::tests::removable_scalar_group_stubs_keep_hooks_required_by_remaining_groups ... ok
[INFO] [stdout] test commands::model_resource::tests::solution_attribute_path_is_added_with_comma ... ok
[INFO] [stdout] test commands::generate_domain::tests::test_validate_domain_mod_source_rejects_undeclared_re_export ... ok
[INFO] [stdout] test commands::generate_domain::tests::test_validate_domain_mod_source_requires_managed_block_inside_manifest ... ok
[INFO] [stdout] test commands::server::tests::mcp_shell_boots_the_http_transport ... ok
[INFO] [stdout] test commands::server::tests::other_shells_keep_their_default_entry_point ... ok
[INFO] [stdout] test countable_range::tests::parses_half_open_non_negative_range ... ok
[INFO] [stdout] test countable_range::tests::rejects_invalid_and_empty_ranges ... ok
[INFO] [stdout] test managed_block::tests::detects_and_rewrites_managed_block ... ok
[INFO] [stdout] test commands::generate_domain::tests::test_remove_variable_field ... ok
[INFO] [stdout] test main_tests::explicit_server_port_overrides_rc_port ... ok
[INFO] [stdout] test main_tests::rc_server_port_overrides_builtin_default ... ok
[INFO] [stdout] test main_tests::server_port_uses_builtin_default_without_preference ... ok
[INFO] [stdout] test commands::generate_domain::tests::test_remove_variable_field_removes_multiline_hook_attribute ... ok
[INFO] [stdout] test commands::generate_domain::tests::test_validate_score_type ... ok
[INFO] [stdout] test model_contract::tests::contract_accepts_canonical_conflict_repair_constraint_id ... ok
[INFO] [stdout] test model_contract::tests::contract_rejects_assignment_rule_without_sequence_key ... ok
[INFO] [stdout] test commands::sf_config::tests::preserves_arbitrary_view_shape_when_updating_constraints ... ok
[INFO] [stdout] test commands::generate_domain::tests::test_remove_neutral_scaffold_preserves_user_owned_data_wrapper ... ok
[INFO] [stdout] test model_contract::tests::contract_rejects_enabled_scalar_group_without_solution_path ... ok
[INFO] [stdout] test model_contract::tests::contract_rejects_enabled_conflict_repair_without_solution_path ... ok
[INFO] [stdout] test model_contract::tests::contract_rejects_candidate_scalar_group_missing_construction_config ... ok
[INFO] [stdout] test model_contract::tests::contract_rejects_stale_conflict_repair_solver_config ... ok
[INFO] [stdout] test model_contract::tests::contract_reports_stale_nested_solver_config_locations ... ok
[INFO] [stdout] test model_contract::tests::scalar_groups_for_variable_matches_exact_target ... ok
[INFO] [stdout] test main_tests::variable_command_rejects_scalar_predecessor_flags ... ok
[INFO] [stdout] test model_contract::tests::contract_rejects_candidate_assignment_hooks ... ok
[INFO] [stdout] test rc::tests::test_parse_rc_empty ... ok
[INFO] [stdout] test rc::tests::test_parse_rc_bad_toml ... ok
[INFO] [stdout] test rc::tests::test_parse_rc_full ... ok
[INFO] [stdout] test model_contract::tests::contract_rejects_constraint_declared_name_drift ... ok
[INFO] [stdout] test model_contract::tests::contract_rejects_invalid_conflict_repair_constraint_id ... ok
[INFO] [stdout] test model_contract::tests::scalar_groups_for_entity_returns_dependent_groups ... ok
[INFO] [stdout] test rc::tests::test_parse_rc_invalid_port ... ok
[INFO] [stdout] test solver_config::tests::candidate_trace_accepts_bounded_capacity ... ok
[INFO] [stdout] test solver_config::tests::candidate_trace_requires_positive_capacity ... ok
[INFO] [stdout] test solver_config::tests::candidate_scalar_group_gets_managed_construction_and_search_config ... ok
[INFO] [stdout] test solver_config::tests::generated_region_inserts_after_user_construction_before_user_local_search ... ok
[INFO] [stdout] test solver_config::tests::generated_region_uses_parsed_phase_type_values ... ok
[INFO] [stdout] test solver_config::tests::sync_removes_generated_refs_for_removed_resources ... ok
[INFO] [stdout] test solver_config::tests::user_authored_refs_for_skip_solver_config_groups_are_allowed ... ok
[INFO] [stdout] test solver_config::tests::owner_mismatch_is_rejected ... ok
[INFO] [stdout] test solver_config::tests::destroy_blocker_sees_nested_conflict_repair_ref ... ok
[INFO] [stdout] test solver_config::tests::sync_blocks_when_user_authored_scalar_group_ref_already_exists ... ok
[INFO] [stdout] test solver_config::tests::destroy_blocker_sees_nested_user_scalar_group_ref ... ok
[INFO] [stdout] test solver_config::tests::legacy_per_resource_managed_blocks_are_rejected ... ok
[INFO] [stdout] test solver_config::tests::owner_markers_outside_region_are_rejected ... ok
[INFO] [stdout] test solver_config::tests::sync_is_idempotent ... ok
[INFO] [stdout] test commands::sf_config::tests::preserves_unknown_top_level_keys_when_updating_constraints ... ok
[INFO] [stdout] test solver_config::tests::conflict_repair_uses_generated_region_instead_of_shared_selector_mutation ... ok
[INFO] [stdout] test solver_config::tests::generated_region_inserts_after_user_construction_with_inline_type_comment ... ok
[INFO] [stderr]      Running tests/install_skill_test.rs (/opt/rustwide/target/release/deps/install_skill_test-8243b6f4ff31cdfe)
[INFO] [stdout] test solver_config::tests::destroy_blocker_sees_unmanaged_conflict_repair_ref ... ok
[INFO] [stdout] 
[INFO] [stdout] test result: ok. 191 passed; 0 failed; 0 ignored; 0 measured; 0 filtered out; finished in 0.19s
[INFO] [stdout] 
[INFO] [stdout] 
[INFO] [stdout] running 20 tests
[INFO] [stdout] test no_agent_without_tty_fails_without_creating_directories ... ok
[INFO] [stdout] test skill_name_traversal_is_rejected ... ok
[INFO] [stdout] test only_flag_is_rejected ... ok
[INFO] [stdout] test three_harness_covering_is_refused_with_guidance ... ok
[INFO] [stdout] test unknown_skill_name_is_rejected ... ok
[INFO] [stdout] test foreign_entries_are_left_untouched ... ok
[INFO] [stdout] test explicit_skill_selection_installs_only_that_skill ... ok
[INFO] [stdout] test manually_copied_skill_is_not_owned_by_the_installer ... ok
[INFO] [stdout] test make_wrapper_forwards_args ... ok
[INFO] [stdout] test explicit_dir_with_spaces_works ... ok
[INFO] [stdout] test reinstalling_an_owned_copy_reports_current ... ok
[INFO] [stdout] test symlinked_receipt_is_not_trusted ... ok
[INFO] [stdout] test altered_receipt_is_not_trusted ... ok
[INFO] [stdout] test uninstall_after_link_deletion_removes_only_the_receipt ... ok
[INFO] [stdout] test link_and_uninstall_round_trip ... ok
[INFO] [stdout] test copied_install_is_owned_and_uninstalls ... ok
[INFO] [stdout] test owned_dangling_link_is_still_removed ... ok
[INFO] [stdout] test default_installs_one_copy_per_selected_harness_and_refuses_duplicates ... ok
[INFO] [stdout] test replaced_link_with_stale_receipt_is_preserved ... ok
[INFO] [stdout] test three_harness_per_harness_requires_force_and_force_installs_all_copies ... ok
[INFO] [stdout] 
[INFO] [stdout] test result: ok. 20 passed; 0 failed; 0 ignored; 0 measured; 0 filtered out; finished in 0.51s
[INFO] [stdout] 
[INFO] [stderr]      Running tests/network_retry_test.rs (/opt/rustwide/target/release/deps/network_retry_test-1301c0d957a85912)
[INFO] [stdout] 
[INFO] [stdout] running 4 tests
[INFO] [stdout] test does_not_retry_a_compile_error ... ok
[INFO] [stdout] test returns_success_without_retrying ... ok
[INFO] [stdout] test cargo_wrapper_runs_a_real_cargo_command ... ok
[INFO] [stdout] test retries_a_transient_registry_failure ... ok
[INFO] [stdout] 
[INFO] [stdout] test result: ok. 4 passed; 0 failed; 0 ignored; 0 measured; 0 filtered out; finished in 10.02s
[INFO] [stdout] 
[INFO] [stderr]      Running tests/runtime_mcp_pipeline_test.rs (/opt/rustwide/target/release/deps/runtime_mcp_pipeline_test-fef8eacf241e2f09)
[INFO] [stdout] 
[INFO] [stdout] running 2 tests
[INFO] [stdout] test mcp_stdio_pipeline ... FAILED
[INFO] [stdout] test mcp_http_pipeline ... FAILED
[INFO] [stdout] 
[INFO] [stdout] failures:
[INFO] [stdout] 
[INFO] [stdout] ---- mcp_stdio_pipeline stdout ----
[INFO] [stdout] 
[INFO] [stdout] thread 'mcp_stdio_pipeline' (5909) panicked at tests/support/mcp_generated_app.rs:41:43:
[INFO] [stdout] failed to create artifact dir: Os { code: 30, kind: ReadOnlyFilesystem, message: "Read-only file system" }
[INFO] [stdout] stack backtrace:
[INFO] [stdout]    0:     0x5e02e4394921 - <<std[70759c8f55707aa4]::sys::backtrace::BacktraceLock>::print::DisplayBacktrace as core[df12db4294e9bfd3]::fmt::Display>::fmt
[INFO] [stdout]    1:     0x5e02e43acbba - core[df12db4294e9bfd3]::fmt::write
[INFO] [stdout]    2:     0x5e02e4399eec - <alloc[2182bb758b4b3781]::vec::Vec<u8> as core[df12db4294e9bfd3]::io::write::Write>::write_fmt
[INFO] [stdout]    3:     0x5e02e436c156 - std[70759c8f55707aa4]::panicking::default_hook::{closure#0}
[INFO] [stdout]    4:     0x5e02e438a269 - std[70759c8f55707aa4]::panicking::default_hook
[INFO] [stdout]    5:     0x5e02e3df26b0 - test[9d35eded1c95d3be]::test_main_inner::<test[9d35eded1c95d3be]::test_main_static::{closure#0}>::{closure#0}
[INFO] [stdout]    6:     0x5e02e438a592 - std[70759c8f55707aa4]::panicking::panic_with_hook
[INFO] [stderr] error: test failed, to rerun pass `--test runtime_mcp_pipeline_test`
[INFO] [stdout]    7:     0x5e02e436c202 - std[70759c8f55707aa4]::panicking::panic_handler::{closure#0}
[INFO] [stdout]    8:     0x5e02e4364b59 - std[70759c8f55707aa4]::sys::backtrace::__rust_end_short_backtrace::<std[70759c8f55707aa4]::panicking::panic_handler::{closure#0}, !>
[INFO] [stdout]    9:     0x5e02e436cfed - __rustc[8fa7c3cbc660c2b3]::rust_begin_unwind
[INFO] [stdout]   10:     0x5e02e43ad31c - core[df12db4294e9bfd3]::panicking::panic_fmt
[INFO] [stdout]   11:     0x5e02e43ad0f2 - core[df12db4294e9bfd3]::result::unwrap_failed
[INFO] [stdout]   12:     0x5e02e3cc24b0 - <runtime_mcp_pipeline_test[28728526bf224983]::mcp_generated_app::McpGeneratedApp>::new
[INFO] [stdout]   13:     0x5e02e3d7c330 - runtime_mcp_pipeline_test[28728526bf224983]::seed_modeled_mcp_app
[INFO] [stdout]   14:     0x5e02e3d84062 - <runtime_mcp_pipeline_test[28728526bf224983]::mcp_stdio_pipeline::{closure#0} as core[df12db4294e9bfd3]::ops::function::FnOnce<()>>::call_once
[INFO] [stdout]   15:     0x5e02e3de599b - test[9d35eded1c95d3be]::__rust_begin_short_backtrace::<core[df12db4294e9bfd3]::result::Result<(), alloc[2182bb758b4b3781]::string::String>, fn() -> core[df12db4294e9bfd3]::result::Result<(), alloc[2182bb758b4b3781]::string::String>>
[INFO] [stdout]   16:     0x5e02e3df3005 - test[9d35eded1c95d3be]::run_test::{closure#0}
[INFO] [stdout]   17:     0x5e02e3dec8c4 - std[70759c8f55707aa4]::sys::backtrace::__rust_begin_short_backtrace::<test[9d35eded1c95d3be]::run_test::{closure#1}, ()>
[INFO] [stdout]   18:     0x5e02e3df6162 - <std[70759c8f55707aa4]::thread::lifecycle::spawn_unchecked<test[9d35eded1c95d3be]::run_test::{closure#1}, ()>::{closure#1} as core[df12db4294e9bfd3]::ops::function::FnOnce<()>>::call_once::{shim:vtable#0}
[INFO] [stdout]   19:     0x5e02e43935d9 - <std[70759c8f55707aa4]::sys::thread::unix::Thread>::new::thread_start
[INFO] [stdout]   20:     0x7aef7b2dddfa - <unknown>
[INFO] [stdout]   21:     0x7aef7b3713d4 - clone
[INFO] [stdout]   22:                0x0 - <unknown>
[INFO] [stdout] 
[INFO] [stdout] ---- mcp_http_pipeline stdout ----
[INFO] [stdout] 
[INFO] [stdout] thread 'mcp_http_pipeline' (5908) panicked at tests/support/mcp_generated_app.rs:41:43:
[INFO] [stdout] failed to create artifact dir: Os { code: 30, kind: ReadOnlyFilesystem, message: "Read-only file system" }
[INFO] [stdout] stack backtrace:
[INFO] [stdout]    0:     0x5e02e4394921 - <<std[70759c8f55707aa4]::sys::backtrace::BacktraceLock>::print::DisplayBacktrace as core[df12db4294e9bfd3]::fmt::Display>::fmt
[INFO] [stdout]    1:     0x5e02e43acbba - core[df12db4294e9bfd3]::fmt::write
[INFO] [stdout]    2:     0x5e02e4399eec - <alloc[2182bb758b4b3781]::vec::Vec<u8> as core[df12db4294e9bfd3]::io::write::Write>::write_fmt
[INFO] [stdout]    3:     0x5e02e436c156 - std[70759c8f55707aa4]::panicking::default_hook::{closure#0}
[INFO] [stdout]    4:     0x5e02e438a269 - std[70759c8f55707aa4]::panicking::default_hook
[INFO] [stdout]    5:     0x5e02e3df26b0 - test[9d35eded1c95d3be]::test_main_inner::<test[9d35eded1c95d3be]::test_main_static::{closure#0}>::{closure#0}
[INFO] [stdout]    6:     0x5e02e438a592 - std[70759c8f55707aa4]::panicking::panic_with_hook
[INFO] [stdout]    7:     0x5e02e436c202 - std[70759c8f55707aa4]::panicking::panic_handler::{closure#0}
[INFO] [stdout]    8:     0x5e02e4364b59 - std[70759c8f55707aa4]::sys::backtrace::__rust_end_short_backtrace::<std[70759c8f55707aa4]::panicking::panic_handler::{closure#0}, !>
[INFO] [stdout]    9:     0x5e02e436cfed - __rustc[8fa7c3cbc660c2b3]::rust_begin_unwind
[INFO] [stdout]   10:     0x5e02e43ad31c - core[df12db4294e9bfd3]::panicking::panic_fmt
[INFO] [stdout]   11:     0x5e02e43ad0f2 - core[df12db4294e9bfd3]::result::unwrap_failed
[INFO] [stdout]   12:     0x5e02e3cc24b0 - <runtime_mcp_pipeline_test[28728526bf224983]::mcp_generated_app::McpGeneratedApp>::new
[INFO] [stdout]   13:     0x5e02e3d7c330 - runtime_mcp_pipeline_test[28728526bf224983]::seed_modeled_mcp_app
[INFO] [stdout]   14:     0x5e02e3d83b14 - <runtime_mcp_pipeline_test[28728526bf224983]::mcp_http_pipeline::{closure#0} as core[df12db4294e9bfd3]::ops::function::FnOnce<()>>::call_once
[INFO] [stdout]   15:     0x5e02e3de599b - test[9d35eded1c95d3be]::__rust_begin_short_backtrace::<core[df12db4294e9bfd3]::result::Result<(), alloc[2182bb758b4b3781]::string::String>, fn() -> core[df12db4294e9bfd3]::result::Result<(), alloc[2182bb758b4b3781]::string::String>>
[INFO] [stdout]   16:     0x5e02e3df3005 - test[9d35eded1c95d3be]::run_test::{closure#0}
[INFO] [stdout]   17:     0x5e02e3dec8c4 - std[70759c8f55707aa4]::sys::backtrace::__rust_begin_short_backtrace::<test[9d35eded1c95d3be]::run_test::{closure#1}, ()>
[INFO] [stdout]   18:     0x5e02e3df6162 - <std[70759c8f55707aa4]::thread::lifecycle::spawn_unchecked<test[9d35eded1c95d3be]::run_test::{closure#1}, ()>::{closure#1} as core[df12db4294e9bfd3]::ops::function::FnOnce<()>>::call_once::{shim:vtable#0}
[INFO] [stdout]   19:     0x5e02e43935d9 - <std[70759c8f55707aa4]::sys::thread::unix::Thread>::new::thread_start
[INFO] [stdout]   20:     0x7aef7b2dddfa - <unknown>
[INFO] [stdout]   21:     0x7aef7b3713d4 - clone
[INFO] [stdout]   22:                0x0 - <unknown>
[INFO] [stdout] 
[INFO] [stdout] 
[INFO] [stdout] failures:
[INFO] [stdout]     mcp_http_pipeline
[INFO] [stdout]     mcp_stdio_pipeline
[INFO] [stdout] 
[INFO] [stdout] test result: FAILED. 0 passed; 2 failed; 0 ignored; 0 measured; 0 filtered out; finished in 0.01s
[INFO] [stdout] 
[INFO] running `Command { std: "docker" "inspect" "7f6520c813a96f60b1acd5ebedd35d7a0a24974025da16d82595e7a3762fa766", kill_on_drop: false }`
[INFO] running `Command { std: "docker" "rm" "-f" "7f6520c813a96f60b1acd5ebedd35d7a0a24974025da16d82595e7a3762fa766", kill_on_drop: false }`
[INFO] [stdout] 7f6520c813a96f60b1acd5ebedd35d7a0a24974025da16d82595e7a3762fa766
