[INFO] fetching crate solvela-x402 0.2.0...
[INFO] testing solvela-x402-0.2.0 against 1.100.0-beta.1+cargoflags=--release for beta-release-1.100-2
[INFO] extracting crate solvela-x402 0.2.0 into /workspace/builds/worker-6-tc2/source
[INFO] started tweaking crates.io crate solvela-x402 0.2.0
[INFO] finished tweaking crates.io crate solvela-x402 0.2.0
[INFO] tweaked toml for crates.io crate solvela-x402 0.2.0 written to /workspace/builds/worker-6-tc2/source/Cargo.toml
[INFO] validating manifest of crates.io crate solvela-x402 0.2.0 on toolchain 1.100.0-beta.1
[INFO] running `Command { std: CARGO_HOME="/workspace/cargo-home" RUSTUP_HOME="/workspace/rustup-home" "/workspace/cargo-home/bin/cargo" "+1.100.0-beta.1" "metadata" "--manifest-path" "Cargo.toml" "--no-deps", kill_on_drop: false }`
[INFO] crate crates.io crate solvela-x402 0.2.0 already has a lockfile, it will not be regenerated
[INFO] running `Command { std: CARGO_HOME="/workspace/cargo-home" RUSTUP_HOME="/workspace/rustup-home" "/workspace/cargo-home/bin/cargo" "+1.100.0-beta.1" "fetch" "--manifest-path" "Cargo.toml", kill_on_drop: false }`
[INFO] running `Command { std: "docker" "create" "-v" "/var/lib/crater-agent-workspace/builds/worker-6-tc2/source:/opt/rustwide/workdir:ro,Z" "-v" "/var/lib/crater-agent-workspace/builds/worker-6-tc2/target:/opt/rustwide/target:rw,Z" "-v" "/var/lib/crater-agent-workspace/cargo-home:/opt/rustwide/cargo-home:ro,Z" "-v" "/var/lib/crater-agent-workspace/rustup-home:/opt/rustwide/rustup-home:ro,Z" "-m" "1610612736" "--network" "none" "ghcr.io/rust-lang/crates-build-env/linux@sha256:77db811e55d90add9212f6832c23229e3de5f1c1f9905e8cb07319ea15df73ac" "sleep" "infinity", kill_on_drop: false }`
[INFO] [stdout] bbc05702becbd776315c9a2fe3ed8e68c511bdbe3554f96d373a60fcf49ffd06
[INFO] running `Command { std: "docker" "start" "bbc05702becbd776315c9a2fe3ed8e68c511bdbe3554f96d373a60fcf49ffd06", kill_on_drop: false }`
[INFO] running `Command { std: "docker" "inspect" "bbc05702becbd776315c9a2fe3ed8e68c511bdbe3554f96d373a60fcf49ffd06", kill_on_drop: false }`
[INFO] running `Command { std: "docker" "exec" "-e" "SOURCE_DIR=/opt/rustwide/workdir" "-e" "CARGO_HOME=/opt/rustwide/cargo-home" "-e" "RUSTUP_HOME=/opt/rustwide/rustup-home" "-e" "CARGO_TARGET_DIR=/opt/rustwide/target" "-w" "/opt/rustwide/workdir" "--user" "0:0" "bbc05702becbd776315c9a2fe3ed8e68c511bdbe3554f96d373a60fcf49ffd06" "/opt/rustwide/cargo-home/bin/cargo" "+1.100.0-beta.1" "metadata" "--no-deps" "--format-version=1", kill_on_drop: false }`
[INFO] running `Command { std: "docker" "inspect" "bbc05702becbd776315c9a2fe3ed8e68c511bdbe3554f96d373a60fcf49ffd06", kill_on_drop: false }`
[INFO] running `Command { std: "docker" "exec" "-e" "SOURCE_DIR=/opt/rustwide/workdir" "-e" "CARGO_HOME=/opt/rustwide/cargo-home" "-e" "RUSTUP_HOME=/opt/rustwide/rustup-home" "-e" "CARGO_TARGET_DIR=/opt/rustwide/target" "-e" "CARGO_INCREMENTAL=0" "-e" "RUST_BACKTRACE=full" "-e" "RUSTFLAGS=--cap-lints=warn" "-e" "RUSTDOCFLAGS=--cap-lints=warn" "-w" "/opt/rustwide/workdir" "--user" "0:0" "bbc05702becbd776315c9a2fe3ed8e68c511bdbe3554f96d373a60fcf49ffd06" "/opt/rustwide/cargo-home/bin/cargo" "+1.100.0-beta.1" "build" "--frozen" "--message-format=json" "--release", kill_on_drop: false }`
[INFO] [stderr]    Compiling typenum v1.20.0
[INFO] [stderr]    Compiling syn v2.0.117
[INFO] [stderr]    Compiling parking_lot_core v0.9.12
[INFO] [stderr]    Compiling errno v0.3.14
[INFO] [stderr]    Compiling socket2 v0.6.2
[INFO] [stderr]    Compiling mio v1.1.1
[INFO] [stderr]    Compiling litemap v0.8.1
[INFO] [stderr]    Compiling writeable v0.6.2
[INFO] [stderr]    Compiling signal-hook-registry v1.4.8
[INFO] [stderr]    Compiling ring v0.17.14
[INFO] [stderr]    Compiling icu_normalizer_data v2.1.1
[INFO] [stderr]    Compiling parking_lot v0.12.5
[INFO] [stderr]    Compiling icu_properties_data v2.1.2
[INFO] [stderr]    Compiling once_cell v1.21.3
[INFO] [stderr]    Compiling getrandom v0.2.17
[INFO] [stderr]    Compiling slab v0.4.12
[INFO] [stderr]    Compiling futures-task v0.3.32
[INFO] [stderr]    Compiling semver v1.0.27
[INFO] [stderr]    Compiling futures-util v0.3.32
[INFO] [stderr]    Compiling rustls v0.23.37
[INFO] [stderr]    Compiling generic-array v0.14.7
[INFO] [stderr]    Compiling rustc_version v0.4.1
[INFO] [stderr]    Compiling hybrid-array v0.4.11
[INFO] [stderr]    Compiling tracing-core v0.1.36
[INFO] [stderr]    Compiling serde_json v1.0.149
[INFO] [stderr]    Compiling curve25519-dalek v4.1.3
[INFO] [stderr]    Compiling ipnet v2.11.0
[INFO] [stderr]    Compiling memchr v2.8.0
[INFO] [stderr]    Compiling crypto-common v0.2.1
[INFO] [stderr]    Compiling block-buffer v0.10.4
[INFO] [stderr]    Compiling crypto-common v0.1.7
[INFO] [stderr]    Compiling digest v0.10.7
[INFO] [stderr]    Compiling block-buffer v0.12.0
[INFO] [stderr]    Compiling signature v2.2.0
[INFO] [stderr]    Compiling ed25519 v2.2.3
[INFO] [stderr]    Compiling rapidhash v4.4.1
[INFO] [stderr]    Compiling sha2 v0.10.9
[INFO] [stderr]    Compiling metrics v0.24.6
[INFO] [stderr]    Compiling digest v0.11.2
[INFO] [stderr]    Compiling sha2 v0.11.0
[INFO] [stderr]    Compiling bs58 v0.5.1
[INFO] [stderr]    Compiling synstructure v0.13.2
[INFO] [stderr]    Compiling zerofrom-derive v0.1.6
[INFO] [stderr]    Compiling yoke-derive v0.8.1
[INFO] [stderr]    Compiling zerovec-derive v0.11.2
[INFO] [stderr]    Compiling displaydoc v0.2.5
[INFO] [stderr]    Compiling zeroize_derive v1.4.3
[INFO] [stderr]    Compiling tokio-macros v2.6.0
[INFO] [stderr]    Compiling serde_derive v1.0.228
[INFO] [stderr]    Compiling tokio v1.50.0
[INFO] [stderr]    Compiling zeroize v1.8.2
[INFO] [stderr]    Compiling rustls-pki-types v1.14.0
[INFO] [stderr]    Compiling tracing-attributes v0.1.31
[INFO] [stderr]    Compiling curve25519-dalek-derive v0.1.1
[INFO] [stderr]    Compiling webpki-roots v1.0.6
[INFO] [stderr]    Compiling zerofrom v0.1.6
[INFO] [stderr]    Compiling thiserror-impl v2.0.18
[INFO] [stderr]    Compiling yoke v0.8.1
[INFO] [stderr]    Compiling zerovec v0.11.5
[INFO] [stderr]    Compiling zerotrie v0.2.3
[INFO] [stderr]    Compiling async-trait v0.1.89
[INFO] [stderr]    Compiling tracing v0.1.44
[INFO] [stderr]    Compiling tinystr v0.8.2
[INFO] [stderr]    Compiling potential_utf v0.1.4
[INFO] [stderr]    Compiling icu_locale_core v2.1.1
[INFO] [stderr]    Compiling icu_collections v2.1.1
[INFO] [stderr]    Compiling thiserror v2.0.18
[INFO] [stderr]    Compiling ed25519-dalek v2.2.0
[INFO] [stderr]    Compiling serde v1.0.228
[INFO] [stderr]    Compiling icu_provider v2.1.1
[INFO] [stderr]    Compiling icu_properties v2.1.2
[INFO] [stderr]    Compiling icu_normalizer v2.1.1
[INFO] [stderr]    Compiling serde_urlencoded v0.7.1
[INFO] [stderr]    Compiling solvela-protocol v0.2.2
[INFO] [stderr]    Compiling idna_adapter v1.2.1
[INFO] [stderr]    Compiling idna v1.1.0
[INFO] [stderr]    Compiling url v2.5.8
[INFO] [stderr]    Compiling hyper v1.8.1
[INFO] [stderr]    Compiling tower v0.5.3
[INFO] [stderr]    Compiling tokio-util v0.7.18
[INFO] [stderr]    Compiling tower-http v0.6.10
[INFO] [stderr]    Compiling hyper-util v0.1.20
[INFO] [stderr]    Compiling rustls-webpki v0.103.13
[INFO] [stderr]    Compiling tokio-rustls v0.26.4
[INFO] [stderr]    Compiling hyper-rustls v0.27.7
[INFO] [stderr]    Compiling reqwest v0.12.28
[INFO] [stderr]    Compiling solvela-x402 v0.2.0 (/opt/rustwide/workdir)
[INFO] [stderr] warning: unused dependency `metrics`
[INFO] [stderr]   --> Cargo.toml:20:15
[INFO] [stderr]    |
[INFO] [stderr] 20 | [dependencies.metrics]
[INFO] [stderr]    |               ^^^^^^^^
[INFO] [stderr]    |
[INFO] [stderr]    = note: `cargo::unused_dependencies` is set to `warn` by default
[INFO] [stderr] help: consider removing the dependency on `metrics`
[INFO] [stderr] warning: `solvela-x402` (manifest) generated 1 warning
[INFO] [stderr]     Finished `release` profile [optimized] target(s) in 2m 29s
[INFO] running `Command { std: "docker" "inspect" "bbc05702becbd776315c9a2fe3ed8e68c511bdbe3554f96d373a60fcf49ffd06", kill_on_drop: false }`
[INFO] running `Command { std: "docker" "exec" "-e" "SOURCE_DIR=/opt/rustwide/workdir" "-e" "CARGO_HOME=/opt/rustwide/cargo-home" "-e" "RUSTUP_HOME=/opt/rustwide/rustup-home" "-e" "CARGO_TARGET_DIR=/opt/rustwide/target" "-e" "CARGO_INCREMENTAL=0" "-e" "RUST_BACKTRACE=full" "-e" "RUSTFLAGS=--cap-lints=warn" "-e" "RUSTDOCFLAGS=--cap-lints=warn" "-w" "/opt/rustwide/workdir" "--user" "0:0" "bbc05702becbd776315c9a2fe3ed8e68c511bdbe3554f96d373a60fcf49ffd06" "/opt/rustwide/cargo-home/bin/cargo" "+1.100.0-beta.1" "test" "--frozen" "--no-run" "--message-format=json" "--release", kill_on_drop: false }`
[INFO] [stderr]    Compiling solvela-x402 v0.2.0 (/opt/rustwide/workdir)
[INFO] [stderr] warning: unused dependency `metrics`
[INFO] [stderr]   --> Cargo.toml:20:15
[INFO] [stderr]    |
[INFO] [stderr] 20 | [dependencies.metrics]
[INFO] [stderr]    |               ^^^^^^^^
[INFO] [stderr]    |
[INFO] [stderr]    = note: `cargo::unused_dependencies` is set to `warn` by default
[INFO] [stderr] help: consider removing the dependency on `metrics`
[INFO] [stderr] warning: `solvela-x402` (manifest) generated 1 warning
[INFO] [stderr]     Finished `release` profile [optimized] target(s) in 14.27s
[INFO] running `Command { std: "docker" "inspect" "bbc05702becbd776315c9a2fe3ed8e68c511bdbe3554f96d373a60fcf49ffd06", kill_on_drop: false }`
[INFO] running `Command { std: "docker" "exec" "-e" "SOURCE_DIR=/opt/rustwide/workdir" "-e" "CARGO_HOME=/opt/rustwide/cargo-home" "-e" "RUSTUP_HOME=/opt/rustwide/rustup-home" "-e" "CARGO_TARGET_DIR=/opt/rustwide/target" "-e" "CARGO_INCREMENTAL=0" "-e" "RUST_BACKTRACE=full" "-e" "RUSTFLAGS=--cap-lints=warn" "-e" "RUSTDOCFLAGS=--cap-lints=warn" "-w" "/opt/rustwide/workdir" "--user" "0:0" "bbc05702becbd776315c9a2fe3ed8e68c511bdbe3554f96d373a60fcf49ffd06" "/opt/rustwide/cargo-home/bin/cargo" "+1.100.0-beta.1" "test" "--frozen" "--release", kill_on_drop: false }`
[INFO] [stderr] warning: unused dependency `metrics`
[INFO] [stderr]   --> Cargo.toml:20:15
[INFO] [stderr]    |
[INFO] [stderr] 20 | [dependencies.metrics]
[INFO] [stderr]    |               ^^^^^^^^
[INFO] [stderr]    |
[INFO] [stderr]    = note: `cargo::unused_dependencies` is set to `warn` by default
[INFO] [stderr] help: consider removing the dependency on `metrics`
[INFO] [stderr] warning: `solvela-x402` (manifest) generated 1 warning
[INFO] [stderr]     Finished `release` profile [optimized] target(s) in 0.19s
[INFO] [stderr]      Running unittests src/lib.rs (/opt/rustwide/target/release/build/solvela-x402/a3f57ffab1b4fdbb/out/solvela_x402-a3f57ffab1b4fdbb)
[INFO] [stdout] 
[INFO] [stdout] running 132 tests
[INFO] [stdout] test escrow::claimer::tests::is_insufficient_sol_error_rejects_unrelated_errors ... ok
[INFO] [stdout] test escrow::claimer::tests::is_insufficient_sol_error_does_not_match_longer_hex_codes ... ok
[INFO] [stdout] test escrow::claimer::tests::is_insufficient_sol_error_still_matches_real_0x1_payloads ... ok
[INFO] [stdout] test escrow::claimer::tests::sysvar_recent_blockhashes_id_decodes_to_32_bytes ... ok
[INFO] [stdout] test escrow::claimer::tests::test_escrow_claimer_new_invalid_program_id ... ok
[INFO] [stdout] test escrow::claimer::tests::is_insufficient_sol_error_matches_all_documented_patterns ... ok
[INFO] [stdout] test escrow::claimer::tests::claim_async_short_circuits_when_no_healthy_fee_payer ... ok
[INFO] [stdout] test escrow::claimer::tests::test_escrow_claimer_debug_does_not_leak_keys ... ok
[INFO] [stdout] test escrow::claimer::tests::test_is_insufficient_sol_error ... ok
[INFO] [stdout] test escrow::claimer::tests::do_claim_with_params_errors_when_no_healthy_fee_payer ... ok
[INFO] [stdout] test escrow::claimer::tests::is_insufficient_sol_error_is_case_insensitive ... ok
[INFO] [stdout] test escrow::claimer::tests::test_escrow_claimer_new_with_nonce_pool ... ok
[INFO] [stdout] test escrow::claimer::tests::test_escrow_claimer_new_valid_construction ... ok
[INFO] [stdout] test escrow::deposit::tests::test_build_deposit_tx_contains_agent_pubkey ... ok
[INFO] [stdout] test escrow::deposit::tests::test_build_deposit_tx_contains_correct_discriminator ... ok
[INFO] [stdout] test escrow::deposit::tests::test_build_deposit_tx_invalid_keypair_rejected ... ok
[INFO] [stdout] test escrow::deposit::tests::test_build_deposit_tx_produces_valid_base64 ... ok
[INFO] [stdout] test escrow::pda::tests::test_decode_bs58_pubkey_invalid ... ok
[INFO] [stdout] test escrow::deposit::tests::test_build_deposit_tx_zero_amount_rejected ... ok
[INFO] [stdout] test escrow::pda::tests::test_anchor_discriminator ... ok
[INFO] [stdout] test escrow::pda::tests::test_escrow_pda_derivation_external_ground_truth ... ok
[INFO] [stdout] test escrow::pda::tests::test_derive_ata_address ... ok
[INFO] [stdout] test escrow::pda::tests::test_derive_ata_for_known_wallet ... ok
[INFO] [stdout] test escrow::refund::tests::test_build_refund_tx_invalid_keypair_rejected ... ok
[INFO] [stdout] test escrow::pda::tests::test_decode_bs58_pubkey_valid ... ok
[INFO] [stdout] test escrow::pda::tests::test_solana_types_derive_ata_matches ... ok
[INFO] [stdout] test escrow::refund::tests::test_build_refund_tx_pda_mismatch_rejected ... ok
[INFO] [stdout] test escrow::refund::tests::test_build_refund_tx_produces_valid_base64 ... ok
[INFO] [stdout] test escrow::pda::tests::test_pda_derivation ... ok
[INFO] [stdout] test escrow::claimer::tests::test_nonce_fallback_when_pool_none ... ok
[INFO] [stdout] test escrow::refund::tests::test_refund_params_debug_redacts_keypair ... ok
[INFO] [stdout] test escrow::verifier::tests::test_escrow_verifier_rejects_direct_payload ... ok
[INFO] [stdout] test escrow::refund::tests::test_build_refund_tx_contains_agent_pubkey ... ok
[INFO] [stdout] test escrow::verifier::tests::test_escrow_verifier_rejects_insufficient_amount ... ok
[INFO] [stdout] test escrow::refund::tests::test_build_refund_tx_contains_correct_discriminator ... ok
[INFO] [stdout] test escrow::verifier::tests::test_escrow_verifier_creation ... ok
[INFO] [stdout] test facilitator::tests::test_facilitator_unsupported_network ... ok
[INFO] [stdout] test escrow::claimer::tests::test_nonce_fallback_when_pool_empty ... ok
[INFO] [stdout] test facilitator::tests::test_facilitator_verify ... ok
[INFO] [stdout] test escrow::verifier::tests::test_escrow_verifier_rejects_mismatched_service_id ... ok
[INFO] [stdout] test facilitator::tests::test_facilitator_verify_and_settle ... ok
[INFO] [stdout] test escrow::verifier::tests::test_escrow_verifier_rejects_wrong_escrow_program ... ok
[INFO] [stdout] test escrow::verifier::tests::test_escrow_verifier_rejects_wrong_provider ... ok
[INFO] [stdout] test fee_payer::tests::test_mark_healthy_clears_cooldown ... ok
[INFO] [stdout] test fee_payer::tests::test_all_failed_returns_error ... ok
[INFO] [stdout] test fee_payer::tests::test_fee_payer_rotation_on_failure_skips_to_next ... ok
[INFO] [stdout] test fee_payer::tests::test_all_payers_unhealthy_returns_all_failed ... ok
[INFO] [stdout] test fee_payer::tests::test_debug_redacts_keypair ... ok
[INFO] [stdout] test fee_payer::tests::test_pool_invalid_key_fails ... ok
[INFO] [stdout] test fee_payer::tests::test_failover_skips_failed_wallet ... ok
[INFO] [stdout] test fee_payer::tests::test_mark_healthy_out_of_bounds_noop ... ok
[INFO] [stdout] test fee_payer::tests::test_pool_empty_fails ... ok
[INFO] [stdout] test fee_payer::tests::test_pool_wrong_length_key_fails ... ok
[INFO] [stdout] test fee_payer::tests::test_pubkeys_returns_all ... ok
[INFO] [stdout] test fee_payer::tests::test_pool_loads_multiple_keys ... ok
[INFO] [stdout] test escrow::verifier::tests::test_escrow_verifier_accepts_valid_deposit_tx ... FAILED
[INFO] [stdout] test fee_payer::tests::test_pool_loads_single_key ... ok
[INFO] [stdout] test nonce_pool::tests::parse_nonce_account_data_returns_nonce_when_authority_matches ... ok
[INFO] [stdout] test nonce_pool::tests::test_authority_pubkey_format_invalid ... ok
[INFO] [stdout] test nonce_pool::tests::test_empty_pool_returns_none ... ok
[INFO] [stdout] test nonce_pool::tests::test_from_env_empty ... ok
[INFO] [stdout] test fee_payer::tests::test_round_robin_selection ... ok
[INFO] [stdout] test nonce_pool::tests::test_from_env_reader_skips_invalid_pubkeys ... ok
[INFO] [stdout] test nonce_pool::tests::test_nonce_account_pubkey_format_invalid_garbage ... ok
[INFO] [stdout] test nonce_pool::tests::test_from_env_reader_falls_back_to_legacy_rcr_names ... ok
[INFO] [stdout] test nonce_pool::tests::parse_nonce_account_data_rejects_authority_mismatch ... ok
[INFO] [stdout] test nonce_pool::tests::test_from_env_reader_picks_up_primary_entry ... ok
[INFO] [stdout] test nonce_pool::tests::parse_nonce_account_data_rejects_truncated_data ... ok
[INFO] [stdout] test nonce_pool::tests::test_nonce_account_pubkey_format_valid ... ok
[INFO] [stdout] test nonce_pool::tests::test_nonce_account_pubkey_format_wrong_length ... ok
[INFO] [stdout] test nonce_pool::tests::test_round_robin ... ok
[INFO] [stdout] test nonce_pool::tests::test_single_entry_pool ... ok
[INFO] [stdout] test solana::tests::test_decode_and_validate_invalid_base64 ... ok
[INFO] [stdout] test solana::tests::test_decode_and_validate_no_signatures ... ok
[INFO] [stdout] test solana::tests::test_extract_spl_transfer_basic ... ok
[INFO] [stdout] test solana::tests::test_extract_spl_transfer_checked ... ok
[INFO] [stdout] test solana::tests::test_extract_spl_transfer_no_token_instruction ... ok
[INFO] [stdout] test solana::tests::test_full_transfer_checked_extraction_via_transaction ... ok
[INFO] [stdout] test solana::tests::test_full_transfer_extraction_via_transaction ... ok
[INFO] [stdout] test solana::tests::test_insufficient_payment_detected ... ok
[INFO] [stdout] test solana::tests::test_is_nonce_transaction_detects_advance_nonce ... ok
[INFO] [stdout] test solana::tests::test_is_nonce_transaction_first_ix_not_system_program ... ok
[INFO] [stdout] test solana::tests::test_is_nonce_transaction_returns_none_for_normal_tx ... ok
[INFO] [stdout] test solana::tests::test_is_nonce_transaction_wrong_discriminator ... ok
[INFO] [stdout] test solana::tests::test_solana_verifier_creation ... ok
[INFO] [stdout] test solana::tests::test_solana_verifier_invalid_recipient ... ok
[INFO] [stdout] test solana::tests::test_wrong_mint_detected ... ok
[INFO] [stdout] test solana::tests::test_wrong_recipient_detected ... ok
[INFO] [stdout] test solana_rpc::tests::test_is_already_processed_error_enum_variant ... ok
[INFO] [stdout] test solana_rpc::tests::test_is_already_processed_error_jsonrpc_code ... ok
[INFO] [stdout] test solana_rpc::tests::test_is_already_processed_error_lowercase ... ok
[INFO] [stdout] test solana_rpc::tests::test_is_already_processed_error_titlecase ... ok
[INFO] [stdout] test solana_rpc::tests::test_is_already_processed_error_unrelated ... ok
[INFO] [stdout] test solana_types::tests::test_decode_compact_u16_127 ... ok
[INFO] [stdout] test solana_types::tests::test_decode_compact_u16_128 ... ok
[INFO] [stdout] test solana_types::tests::test_decode_compact_u16_empty ... ok
[INFO] [stdout] test solana_types::tests::test_decode_compact_u16_single_byte ... ok
[INFO] [stdout] test solana_types::tests::test_decode_compact_u16_with_offset ... ok
[INFO] [stdout] test solana_types::tests::test_decode_compact_u16_zero ... ok
[INFO] [stdout] test solana_types::tests::test_parse_legacy_message_basic ... ok
[INFO] [stdout] test solana_types::tests::test_parse_message_empty ... ok
[INFO] [stdout] test solana_types::tests::test_parse_message_multiple_instructions ... ok
[INFO] [stdout] test solana_types::tests::test_parse_v0_message ... ok
[INFO] [stdout] test solana_types::tests::test_pubkey_display_roundtrip ... ok
[INFO] [stdout] test solana_types::tests::test_pubkey_from_str_valid ... ok
[INFO] [stdout] test solana_types::tests::test_pubkey_invalid_base58 ... ok
[INFO] [stdout] test solana_types::tests::test_pubkey_serde_roundtrip ... ok
[INFO] [stdout] test solana_types::tests::test_pubkey_wrong_length ... ok
[INFO] [stdout] test solana_types::tests::test_token_2022_program_id_constant ... ok
[INFO] [stdout] test solana_types::tests::test_token_program_id_constant ... ok
[INFO] [stdout] test solana_types::tests::test_transaction_parse_message_integration ... ok
[INFO] [stdout] test solana_types::tests::test_usdc_mint_pubkey ... ok
[INFO] [stdout] test solana_types::tests::test_versioned_transaction_empty_signatures ... ok
[INFO] [stdout] test solana_types::tests::test_versioned_transaction_from_bytes ... ok
[INFO] [stdout] test solana_types::tests::test_versioned_transaction_too_short ... ok
[INFO] [stdout] test solana_types::tests::test_versioned_transaction_truncated_signatures ... ok
[INFO] [stdout] test spl_transfer::tests::accepts_transfer_checked_from_token_2022_program ... ok
[INFO] [stdout] test spl_transfer::tests::extracts_transfer_amount_and_destination ... ok
[INFO] [stdout] test spl_transfer::tests::extracts_transfer_checked_amount_destination_and_mint ... ok
[INFO] [stdout] test spl_transfer::tests::finds_transfer_after_skipping_non_token_instruction ... ok
[INFO] [stdout] test spl_transfer::tests::rejects_transfer_checked_with_missing_accounts ... ok
[INFO] [stdout] test spl_transfer::tests::rejects_transfer_checked_with_oob_destination_index ... ok
[INFO] [stdout] test spl_transfer::tests::rejects_transfer_checked_with_oob_mint_index ... ok
[INFO] [stdout] test spl_transfer::tests::rejects_transfer_checked_with_truncated_data ... ok
[INFO] [stdout] test spl_transfer::tests::rejects_transfer_with_missing_accounts ... ok
[INFO] [stdout] test spl_transfer::tests::rejects_transfer_with_oob_destination_index ... ok
[INFO] [stdout] test spl_transfer::tests::rejects_transfer_with_truncated_data ... ok
[INFO] [stdout] test spl_transfer::tests::skips_empty_instruction_data ... ok
[INFO] [stdout] test spl_transfer::tests::skips_non_spl_token_program_instructions ... ok
[INFO] [stdout] test spl_transfer::tests::skips_out_of_bounds_program_id_index ... ok
[INFO] [stdout] test spl_transfer::tests::skips_unknown_discriminators ... ok
[INFO] [stderr] error: test failed, to rerun pass `--lib`
[INFO] [stdout] test fee_payer::tests::test_failed_wallet_recovers_after_cooldown ... ok
[INFO] [stdout] 
[INFO] [stdout] failures:
[INFO] [stdout] 
[INFO] [stdout] ---- escrow::verifier::tests::test_escrow_verifier_accepts_valid_deposit_tx stdout ----
[INFO] [stdout] 
[INFO] [stdout] thread 'escrow::verifier::tests::test_escrow_verifier_accepts_valid_deposit_tx' (1693) panicked at src/escrow/verifier.rs:609:9:
[INFO] [stdout] verification should succeed: Some(Rpc("error sending request for url (https://api.mainnet-beta.solana.com/)"))
[INFO] [stdout] stack backtrace:
[INFO] [stdout]    0:     0x5941a71dda81 - <<std[617be2ca0a6fd877]::sys::backtrace::BacktraceLock>::print::DisplayBacktrace as core[a373ad73a504971]::fmt::Display>::fmt
[INFO] [stdout]    1:     0x5941a71f444a - core[a373ad73a504971]::fmt::write
[INFO] [stdout]    2:     0x5941a71e233c - <alloc[2e1b2a31b91974c5]::vec::Vec<u8> as core[a373ad73a504971]::io::write::Write>::write_fmt
[INFO] [stdout]    3:     0x5941a71b8bc6 - std[617be2ca0a6fd877]::panicking::default_hook::{closure#0}
[INFO] [stdout]    4:     0x5941a71d58c9 - std[617be2ca0a6fd877]::panicking::default_hook
[INFO] [stdout]    5:     0x5941a6f77a20 - test[aada8e7e76ba119b]::test_main_inner::{closure#0}
[INFO] [stdout]    6:     0x5941a71d5bf2 - std[617be2ca0a6fd877]::panicking::panic_with_hook
[INFO] [stdout]    7:     0x5941a71b8c72 - std[617be2ca0a6fd877]::panicking::panic_handler::{closure#0}
[INFO] [stdout]    8:     0x5941a71b18a9 - std[617be2ca0a6fd877]::sys::backtrace::__rust_end_short_backtrace::<std[617be2ca0a6fd877]::panicking::panic_handler::{closure#0}, !>
[INFO] [stdout]    9:     0x5941a71b9a6d - __rustc[ea4f61d10b84890b]::rust_begin_unwind
[INFO] [stdout]   10:     0x5941a71f4bac - core[a373ad73a504971]::panicking::panic_fmt
[INFO] [stdout]   11:     0x5941a6f45d3d - solvela_x402[49cfa9a0b8656583]::escrow::verifier::tests::test_escrow_verifier_accepts_valid_deposit_tx::{closure#0}
[INFO] [stdout]   12:     0x5941a6f5cb67 - <tokio[e8fb32a91c99353e]::runtime::scheduler::current_thread::CurrentThread>::block_on::<core[a373ad73a504971]::pin::Pin<&mut dyn core[a373ad73a504971]::future::future::Future<Output = ()>>>
[INFO] [stdout]   13:     0x5941a6f3a8e2 - <tokio[e8fb32a91c99353e]::runtime::runtime::Runtime>::block_on::<core[a373ad73a504971]::pin::Pin<&mut dyn core[a373ad73a504971]::future::future::Future<Output = ()>>>
[INFO] [stdout]   14:     0x5941a6f49cbe - <solvela_x402[49cfa9a0b8656583]::escrow::verifier::tests::test_escrow_verifier_accepts_valid_deposit_tx::{closure#0} as core[a373ad73a504971]::ops::function::FnOnce<()>>::call_once
[INFO] [stdout]   15:     0x5941a6f6ae6b - test[aada8e7e76ba119b]::__rust_begin_short_backtrace::<core[a373ad73a504971]::result::Result<(), alloc[2e1b2a31b91974c5]::string::String>, fn() -> core[a373ad73a504971]::result::Result<(), alloc[2e1b2a31b91974c5]::string::String>>
[INFO] [stdout]   16:     0x5941a6f78045 - test[aada8e7e76ba119b]::run_test::{closure#0}
[INFO] [stdout]   17:     0x5941a6f71934 - std[617be2ca0a6fd877]::sys::backtrace::__rust_begin_short_backtrace::<test[aada8e7e76ba119b]::run_test::{closure#1}, ()>
[INFO] [stdout]   18:     0x5941a6f7b0d2 - <std[617be2ca0a6fd877]::thread::lifecycle::spawn_unchecked<test[aada8e7e76ba119b]::run_test::{closure#1}, ()>::{closure#1} as core[a373ad73a504971]::ops::function::FnOnce<()>>::call_once::{shim:vtable#0}
[INFO] [stdout]   19:     0x5941a71dcf2f - <std[617be2ca0a6fd877]::sys::thread::unix::Thread>::new::thread_start
[INFO] [stdout]   20:     0x7d2ed21b4dfa - <unknown>
[INFO] [stdout]   21:     0x7d2ed22483d4 - clone
[INFO] [stdout]   22:                0x0 - <unknown>
[INFO] [stdout] 
[INFO] [stdout] 
[INFO] [stdout] failures:
[INFO] [stdout]     escrow::verifier::tests::test_escrow_verifier_accepts_valid_deposit_tx
[INFO] [stdout] 
[INFO] [stdout] test result: FAILED. 131 passed; 1 failed; 0 ignored; 0 measured; 0 filtered out; finished in 0.08s
[INFO] [stdout] 
[INFO] running `Command { std: "docker" "inspect" "bbc05702becbd776315c9a2fe3ed8e68c511bdbe3554f96d373a60fcf49ffd06", kill_on_drop: false }`
[INFO] running `Command { std: "docker" "rm" "-f" "bbc05702becbd776315c9a2fe3ed8e68c511bdbe3554f96d373a60fcf49ffd06", kill_on_drop: false }`
[INFO] [stdout] bbc05702becbd776315c9a2fe3ed8e68c511bdbe3554f96d373a60fcf49ffd06
