[INFO] fetching crate solscan-api 0.1.2...
[INFO] testing solscan-api-0.1.2 against 1.100.0-beta.1+cargoflags=--release for beta-release-1.100-2
[INFO] extracting crate solscan-api 0.1.2 into /workspace/builds/worker-7-tc2/source
[INFO] started tweaking crates.io crate solscan-api 0.1.2
[INFO] finished tweaking crates.io crate solscan-api 0.1.2
[INFO] tweaked toml for crates.io crate solscan-api 0.1.2 written to /workspace/builds/worker-7-tc2/source/Cargo.toml
[INFO] validating manifest of crates.io crate solscan-api 0.1.2 on toolchain 1.100.0-beta.1
[INFO] running `Command { std: CARGO_HOME="/workspace/cargo-home" RUSTUP_HOME="/workspace/rustup-home" "/workspace/cargo-home/bin/cargo" "+1.100.0-beta.1" "metadata" "--manifest-path" "Cargo.toml" "--no-deps", kill_on_drop: false }`
[INFO] running `Command { std: CARGO_HOME="/workspace/cargo-home" RUSTUP_HOME="/workspace/rustup-home" "/workspace/cargo-home/bin/cargo" "+1.100.0-beta.1" "generate-lockfile" "--manifest-path" "Cargo.toml", kill_on_drop: false }`
[INFO] [stderr]     Updating crates.io index
[INFO] [stderr]     Blocking waiting for file lock on package cache
[INFO] [stderr]      Locking 243 packages to highest compatible versions
[INFO] [stderr]       Adding httpmock v0.6.8 (available: v0.8.3)
[INFO] [stderr]       Adding reqwest v0.11.27 (available: v0.13.5)
[INFO] running `Command { std: CARGO_HOME="/workspace/cargo-home" RUSTUP_HOME="/workspace/rustup-home" "/workspace/cargo-home/bin/cargo" "+1.100.0-beta.1" "fetch" "--manifest-path" "Cargo.toml", kill_on_drop: false }`
[INFO] [stderr]     Blocking waiting for file lock on package cache
[INFO] running `Command { std: "docker" "create" "-v" "/var/lib/crater-agent-workspace/builds/worker-7-tc2/source:/opt/rustwide/workdir:ro,Z" "-v" "/var/lib/crater-agent-workspace/builds/worker-7-tc2/target:/opt/rustwide/target:rw,Z" "-v" "/var/lib/crater-agent-workspace/cargo-home:/opt/rustwide/cargo-home:ro,Z" "-v" "/var/lib/crater-agent-workspace/rustup-home:/opt/rustwide/rustup-home:ro,Z" "-m" "1610612736" "--network" "none" "ghcr.io/rust-lang/crates-build-env/linux@sha256:77db811e55d90add9212f6832c23229e3de5f1c1f9905e8cb07319ea15df73ac" "sleep" "infinity", kill_on_drop: false }`
[INFO] [stdout] 4284b50fba67733d23cd2cbdcd189cec9f33d272d68421fbe3a5b4195e91a6b2
[INFO] running `Command { std: "docker" "start" "4284b50fba67733d23cd2cbdcd189cec9f33d272d68421fbe3a5b4195e91a6b2", kill_on_drop: false }`
[INFO] running `Command { std: "docker" "inspect" "4284b50fba67733d23cd2cbdcd189cec9f33d272d68421fbe3a5b4195e91a6b2", kill_on_drop: false }`
[INFO] running `Command { std: "docker" "exec" "-e" "SOURCE_DIR=/opt/rustwide/workdir" "-e" "CARGO_HOME=/opt/rustwide/cargo-home" "-e" "RUSTUP_HOME=/opt/rustwide/rustup-home" "-e" "CARGO_TARGET_DIR=/opt/rustwide/target" "-w" "/opt/rustwide/workdir" "--user" "0:0" "4284b50fba67733d23cd2cbdcd189cec9f33d272d68421fbe3a5b4195e91a6b2" "/opt/rustwide/cargo-home/bin/cargo" "+1.100.0-beta.1" "metadata" "--no-deps" "--format-version=1", kill_on_drop: false }`
[INFO] running `Command { std: "docker" "inspect" "4284b50fba67733d23cd2cbdcd189cec9f33d272d68421fbe3a5b4195e91a6b2", kill_on_drop: false }`
[INFO] running `Command { std: "docker" "exec" "-e" "SOURCE_DIR=/opt/rustwide/workdir" "-e" "CARGO_HOME=/opt/rustwide/cargo-home" "-e" "RUSTUP_HOME=/opt/rustwide/rustup-home" "-e" "CARGO_TARGET_DIR=/opt/rustwide/target" "-e" "CARGO_INCREMENTAL=0" "-e" "RUST_BACKTRACE=full" "-e" "RUSTFLAGS=--cap-lints=warn" "-e" "RUSTDOCFLAGS=--cap-lints=warn" "-w" "/opt/rustwide/workdir" "--user" "0:0" "4284b50fba67733d23cd2cbdcd189cec9f33d272d68421fbe3a5b4195e91a6b2" "/opt/rustwide/cargo-home/bin/cargo" "+1.100.0-beta.1" "build" "--frozen" "--message-format=json" "--release", kill_on_drop: false }`
[INFO] [stderr]    Compiling yoke v0.8.3
[INFO] [stderr]    Compiling smallvec v1.16.3
[INFO] [stderr]    Compiling tokio v1.53.3
[INFO] [stderr]    Compiling futures-task v0.3.34
[INFO] [stderr]    Compiling openssl v0.10.81
[INFO] [stderr]    Compiling serde_derive v1.0.229
[INFO] [stderr]    Compiling encoding_rs v0.8.42
[INFO] [stderr]    Compiling core_detect v1.0.0
[INFO] [stderr]    Compiling simdutf8 v0.1.5
[INFO] [stderr]    Compiling serde_json v1.0.154
[INFO] [stderr]    Compiling futures-util v0.3.34
[INFO] [stderr]    Compiling zerovec v0.11.8
[INFO] [stderr]    Compiling zerotrie v0.2.5
[INFO] [stderr]    Compiling tinystr v0.8.4
[INFO] [stderr]    Compiling potential_utf v0.1.6
[INFO] [stderr]    Compiling icu_collections v2.3.0
[INFO] [stderr]    Compiling icu_locale_core v2.3.0
[INFO] [stderr]    Compiling serde v1.0.229
[INFO] [stderr]    Compiling serde_urlencoded v0.7.1
[INFO] [stderr]    Compiling icu_provider v2.3.1
[INFO] [stderr]    Compiling icu_properties v2.3.0
[INFO] [stderr]    Compiling icu_normalizer v2.3.0
[INFO] [stderr]    Compiling native-tls v0.2.18
[INFO] [stderr]    Compiling idna_adapter v1.2.2
[INFO] [stderr]    Compiling idna v1.1.0
[INFO] [stderr]    Compiling url v2.5.8
[INFO] [stderr]    Compiling tokio-util v0.7.20
[INFO] [stderr]    Compiling tokio-native-tls v0.3.1
[INFO] [stderr]    Compiling h2 v0.3.27
[INFO] [stderr]    Compiling hyper v0.14.32
[INFO] [stderr]    Compiling hyper-tls v0.5.0
[INFO] [stderr]    Compiling reqwest v0.11.27
[INFO] [stderr]    Compiling solscan-api v0.1.2 (/opt/rustwide/workdir)
[INFO] [stderr]     Finished `release` profile [optimized] target(s) in 44.54s
[INFO] running `Command { std: "docker" "inspect" "4284b50fba67733d23cd2cbdcd189cec9f33d272d68421fbe3a5b4195e91a6b2", kill_on_drop: false }`
[INFO] running `Command { std: "docker" "exec" "-e" "SOURCE_DIR=/opt/rustwide/workdir" "-e" "CARGO_HOME=/opt/rustwide/cargo-home" "-e" "RUSTUP_HOME=/opt/rustwide/rustup-home" "-e" "CARGO_TARGET_DIR=/opt/rustwide/target" "-e" "CARGO_INCREMENTAL=0" "-e" "RUST_BACKTRACE=full" "-e" "RUSTFLAGS=--cap-lints=warn" "-e" "RUSTDOCFLAGS=--cap-lints=warn" "-w" "/opt/rustwide/workdir" "--user" "0:0" "4284b50fba67733d23cd2cbdcd189cec9f33d272d68421fbe3a5b4195e91a6b2" "/opt/rustwide/cargo-home/bin/cargo" "+1.100.0-beta.1" "test" "--frozen" "--no-run" "--message-format=json" "--release", kill_on_drop: false }`
[INFO] [stderr]    Compiling value-bag v1.14.1
[INFO] [stderr]    Compiling syn v3.0.9
[INFO] [stderr]    Compiling rustix v1.1.5
[INFO] [stderr]    Compiling event-listener-strategy v0.5.4
[INFO] [stderr]    Compiling concurrent-queue v2.5.0
[INFO] [stderr]    Compiling parking_lot_core v0.9.12
[INFO] [stderr]    Compiling libz-sys v1.1.30
[INFO] [stderr]    Compiling libnghttp2-sys v0.1.13+1.68.1
[INFO] [stderr]    Compiling aho-corasick v1.1.5
[INFO] [stderr]    Compiling dirs-sys-next v0.1.2
[INFO] [stderr]    Compiling regex-syntax v0.8.11
[INFO] [stderr]    Compiling curl-sys v0.4.91+curl-8.22.0
[INFO] [stderr]    Compiling tiny-keccak v2.0.2
[INFO] [stderr]    Compiling siphasher v1.0.4
[INFO] [stderr]    Compiling openssl-macros v0.1.1
[INFO] [stderr]    Compiling fixedbitset v0.4.2
[INFO] [stderr]    Compiling new_debug_unreachable v1.0.6
[INFO] [stderr]    Compiling bit-vec v0.6.3
[INFO] [stderr]    Compiling precomputed-hash v0.1.1
[INFO] [stderr]    Compiling petgraph v0.6.5
[INFO] [stderr]    Compiling openssl v0.10.81
[INFO] [stderr]    Compiling ena v0.14.4
[INFO] [stderr]    Compiling phf_shared v0.11.3
[INFO] [stderr]    Compiling parking_lot v0.12.5
[INFO] [stderr]    Compiling async-channel v2.5.0
[INFO] [stderr]    Compiling dirs-next v2.0.0
[INFO] [stderr]    Compiling log v0.4.34
[INFO] [stderr]    Compiling bit-set v0.5.3
[INFO] [stderr]    Compiling string_cache v0.8.9
[INFO] [stderr]    Compiling term v0.7.0
[INFO] [stderr]    Compiling async-lock v3.4.2
[INFO] [stderr]    Compiling itertools v0.11.0
[INFO] [stderr]    Compiling pico-args v0.5.0
[INFO] [stderr]    Compiling unicode-xid v0.2.6
[INFO] [stderr]    Compiling regex-automata v0.4.18
[INFO] [stderr]    Compiling blocking v1.7.0
[INFO] [stderr]    Compiling async-executor v1.14.0
[INFO] [stderr]    Compiling curl v0.4.51
[INFO] [stderr]    Compiling tracing v0.1.44
[INFO] [stderr]    Compiling async-channel v1.9.0
[INFO] [stderr]    Compiling ascii-canvas v3.0.0
[INFO] [stderr]    Compiling kv-log-macro v1.0.7
[INFO] [stderr]    Compiling pin-utils v0.1.1
[INFO] [stderr]    Compiling isahc v1.8.3
[INFO] [stderr]    Compiling tracing-futures v0.2.5
[INFO] [stderr]    Compiling sluice v0.6.0
[INFO] [stderr]    Compiling castaway v0.2.4
[INFO] [stderr]    Compiling lalrpop-util v0.20.2
[INFO] [stderr]    Compiling levenshtein v1.0.5
[INFO] [stderr]    Compiling json v0.12.4
[INFO] [stderr]    Compiling regex v1.13.1
[INFO] [stderr]    Compiling synstructure v0.14.0
[INFO] [stderr]    Compiling native-tls v0.2.18
[INFO] [stderr]    Compiling zerofrom-derive v0.1.8
[INFO] [stderr]    Compiling yoke-derive v0.8.4
[INFO] [stderr]    Compiling zerovec-derive v0.11.6
[INFO] [stderr]    Compiling displaydoc v0.2.7
[INFO] [stderr]    Compiling tokio-macros v2.7.2
[INFO] [stderr]    Compiling serde_derive v1.0.229
[INFO] [stderr]    Compiling futures-macro v0.3.34
[INFO] [stderr]    Compiling async-trait v0.1.92
[INFO] [stderr]    Compiling lalrpop v0.20.2
[INFO] [stderr]    Compiling tokio v1.53.3
[INFO] [stderr]    Compiling futures-util v0.3.34
[INFO] [stderr]    Compiling zerofrom v0.1.8
[INFO] [stderr]    Compiling yoke v0.8.3
[INFO] [stderr]    Compiling zerovec v0.11.8
[INFO] [stderr]    Compiling zerotrie v0.2.5
[INFO] [stderr]    Compiling polling v3.11.0
[INFO] [stderr]    Compiling async-io v2.6.0
[INFO] [stderr]    Compiling async-signal v0.2.14
[INFO] [stderr]    Compiling async-global-executor v2.4.1
[INFO] [stderr]    Compiling tinystr v0.8.4
[INFO] [stderr]    Compiling potential_utf v0.1.6
[INFO] [stderr]    Compiling async-process v2.5.0
[INFO] [stderr]    Compiling icu_locale_core v2.3.0
[INFO] [stderr]    Compiling icu_collections v2.3.0
[INFO] [stderr]    Compiling serde v1.0.229
[INFO] [stderr]    Compiling async-std v1.13.2
[INFO] [stderr]    Compiling serde_urlencoded v0.7.1
[INFO] [stderr]    Compiling assert-json-diff v2.0.2
[INFO] [stderr]    Compiling serde_regex v1.2.0
[INFO] [stderr]    Compiling icu_provider v2.3.1
[INFO] [stderr]    Compiling icu_normalizer v2.3.0
[INFO] [stderr]    Compiling icu_properties v2.3.0
[INFO] [stderr]    Compiling idna_adapter v1.2.2
[INFO] [stderr]    Compiling idna v1.1.0
[INFO] [stderr]    Compiling async-object-pool v0.1.5
[INFO] [stderr]    Compiling url v2.5.8
[INFO] [stderr]    Compiling tokio-util v0.7.20
[INFO] [stderr]    Compiling tokio-native-tls v0.3.1
[INFO] [stderr]    Compiling h2 v0.3.27
[INFO] [stderr]    Compiling basic-cookies v0.1.5
[INFO] [stderr]    Compiling hyper v0.14.32
[INFO] [stderr]    Compiling hyper-tls v0.5.0
[INFO] [stderr]    Compiling reqwest v0.11.27
[INFO] [stderr]    Compiling solscan-api v0.1.2 (/opt/rustwide/workdir)
[INFO] [stderr]    Compiling httpmock v0.6.8
[INFO] [stderr]     Finished `release` profile [optimized] target(s) in 2m 26s
[INFO] running `Command { std: "docker" "inspect" "4284b50fba67733d23cd2cbdcd189cec9f33d272d68421fbe3a5b4195e91a6b2", kill_on_drop: false }`
[INFO] running `Command { std: "docker" "exec" "-e" "SOURCE_DIR=/opt/rustwide/workdir" "-e" "CARGO_HOME=/opt/rustwide/cargo-home" "-e" "RUSTUP_HOME=/opt/rustwide/rustup-home" "-e" "CARGO_TARGET_DIR=/opt/rustwide/target" "-e" "CARGO_INCREMENTAL=0" "-e" "RUST_BACKTRACE=full" "-e" "RUSTFLAGS=--cap-lints=warn" "-e" "RUSTDOCFLAGS=--cap-lints=warn" "-w" "/opt/rustwide/workdir" "--user" "0:0" "4284b50fba67733d23cd2cbdcd189cec9f33d272d68421fbe3a5b4195e91a6b2" "/opt/rustwide/cargo-home/bin/cargo" "+1.100.0-beta.1" "test" "--frozen" "--release", kill_on_drop: false }`
[INFO] [stderr]     Finished `release` profile [optimized] target(s) in 0.35s
[INFO] [stderr]      Running unittests src/lib.rs (/opt/rustwide/target/release/build/solscan-api/3bb0030031c777f1/out/solscan_api-3bb0030031c777f1)
[INFO] [stdout] 
[INFO] [stdout] running 22 tests
[INFO] [stdout] test solscan::test_solscan_inner::test_init_baseurl ... ok
[INFO] [stdout] test tests::test_endpoints::test_block_last::test_block_last::test_block_last_success ... ok
[INFO] [stdout] test tests::test_endpoints::test_account_tokens::test_account_tokens::test_account_tokens_success ... ok
[INFO] [stdout] test tests::test_api_base::test_api::test_api_ping_200 ... FAILED
[INFO] [stdout] test tests::test_endpoints::test_token_holders::test_token_holders::test_token_holders_success ... ok
[INFO] [stdout] test tests::test_endpoints::test_account_sol_transfer::test_account_spl_transfer::test_account_spl_transfer_success ... ok
[INFO] [stdout] test tests::test_endpoints::test_chain_info::test_chain_info::test_chain_info_success ... ok
[INFO] [stdout] test tests::test_endpoints::test_account_stake_accounts::test_account_stake_accounts::test_account_stake_accounts_success ... ok
[INFO] [stdout] test tests::test_endpoints::test_account_transactions::test_account_transactions::test_account_transactions_success ... ok
[INFO] [stdout] test tests::test_endpoints::test_block_block::test_block_last::test_block_last_success ... ok
[INFO] [stdout] test tests::test_api_base::test_api::test_api_ping_404 ... FAILED
[INFO] [stdout] test tests::test_endpoints::test_account_spl_transfer::test_account_spl_transfer::test_account_spl_transfer_success ... ok
[INFO] [stdout] test tests::test_endpoints::test_market_token::test_market_token::test_market_token_success ... ok
[INFO] [stdout] test tests::test_endpoints::test_token_meta::test_token_meta::test_token_meta_success ... ok
[INFO] [stdout] test tests::test_mock_api::test_error_codes::test_error_code_200_success ... ok
[INFO] [stdout] test tests::test_mock_api::test_error_codes::test_error_code_500_success ... ok
[INFO] [stdout] test tests::test_endpoints::test_account_account::test_account_account::test_account_account_success ... ok
[INFO] [stdout] test tests::test_endpoints::test_transaction_signature::test_transaction_signature::test_transaction_signature_success ... ok
[INFO] [stdout] test tests::test_mock_api::test_error_codes::test_error_code_400_success ... ok
[INFO] [stdout] test tests::test_endpoints::test_block_transaction::test_block_transaction::test_block_transaction_success ... ok
[INFO] [stdout] test tests::test_mock_api::test_error_codes::test_error_code_429_success ... ok
[INFO] [stdout] test tests::test_endpoints::test_transaction_last::test_transaction_last::test_transaction_last_success ... ok
[INFO] [stdout] 
[INFO] [stdout] failures:
[INFO] [stdout] 
[INFO] [stdout] ---- tests::test_api_base::test_api::test_api_ping_200 stdout ----
[INFO] [stdout] 
[INFO] [stdout] thread 'tests::test_api_base::test_api::test_api_ping_200' (3037) panicked at src/tests/test_api_base.rs:15:85:
[INFO] [stdout] called `Result::unwrap()` on an `Err` value: reqwest::Error { kind: Request, url: Url { scheme: "https", cannot_be_a_base: false, username: "", password: None, host: Some(Domain("public-api.solscan.io")), port: None, path: "/block/last", query: None, fragment: None }, source: hyper::Error(Connect, ConnectError("dns error", Custom { kind: Uncategorized, error: "failed to lookup address information: Temporary failure in name resolution" })) }
[INFO] [stdout] stack backtrace:
[INFO] [stdout]    0:     0x642a89d996c1 - <<std[617be2ca0a6fd877]::sys::backtrace::BacktraceLock>::print::DisplayBacktrace as core[a373ad73a504971]::fmt::Display>::fmt
[INFO] [stdout]    1:     0x642a89db150a - core[a373ad73a504971]::fmt::write
[INFO] [stdout]    2:     0x642a89d9dfbc - <alloc[2e1b2a31b91974c5]::vec::Vec<u8> as core[a373ad73a504971]::io::write::Write>::write_fmt
[INFO] [stdout]    3:     0x642a89d740c6 - std[617be2ca0a6fd877]::panicking::default_hook::{closure#0}
[INFO] [stdout]    4:     0x642a89d91109 - std[617be2ca0a6fd877]::panicking::default_hook
[INFO] [stdout]    5:     0x642a89927240 - test[aada8e7e76ba119b]::test_main_inner::{closure#0}
[INFO] [stdout]    6:     0x642a89d91432 - std[617be2ca0a6fd877]::panicking::panic_with_hook
[INFO] [stdout]    7:     0x642a89d74172 - std[617be2ca0a6fd877]::panicking::panic_handler::{closure#0}
[INFO] [stdout]    8:     0x642a89d6cc19 - std[617be2ca0a6fd877]::sys::backtrace::__rust_end_short_backtrace::<std[617be2ca0a6fd877]::panicking::panic_handler::{closure#0}, !>
[INFO] [stdout]    9:     0x642a89d74f6d - __rustc[ea4f61d10b84890b]::rust_begin_unwind
[INFO] [stdout]   10:     0x642a89db1cec - core[a373ad73a504971]::panicking::panic_fmt
[INFO] [stdout]   11:     0x642a89db1ac2 - core[a373ad73a504971]::result::unwrap_failed
[INFO] [stdout]   12:     0x642a898e4f30 - solscan_api[17ddd51cb84e531d]::tests::test_api_base::test_api::test_api_ping_200::{closure#0}
[INFO] [stdout]   13:     0x642a898fecea - <tokio[3db95fc21d6733b5]::runtime::context::scoped::Scoped<tokio[3db95fc21d6733b5]::runtime::scheduler::Context>>::set::<<tokio[3db95fc21d6733b5]::runtime::scheduler::current_thread::CoreGuard>::enter<<tokio[3db95fc21d6733b5]::runtime::scheduler::current_thread::CoreGuard>::block_on<core[a373ad73a504971]::pin::Pin<&mut core[a373ad73a504971]::pin::Pin<&mut dyn core[a373ad73a504971]::future::future::Future<Output = ()>>>>::{closure#0}, core[a373ad73a504971]::option::Option<()>>::{closure#0}, (alloc[2e1b2a31b91974c5]::boxed::Box<tokio[3db95fc21d6733b5]::runtime::scheduler::current_thread::Core>, core[a373ad73a504971]::option::Option<()>)>
[INFO] [stdout]   14:     0x642a898fefad - <tokio[3db95fc21d6733b5]::runtime::scheduler::current_thread::CoreGuard>::block_on::<core[a373ad73a504971]::pin::Pin<&mut core[a373ad73a504971]::pin::Pin<&mut dyn core[a373ad73a504971]::future::future::Future<Output = ()>>>>
[INFO] [stdout]   15:     0x642a898e473d - tokio[3db95fc21d6733b5]::runtime::context::runtime::enter_runtime::<<tokio[3db95fc21d6733b5]::runtime::scheduler::current_thread::CurrentThread>::block_on<core[a373ad73a504971]::pin::Pin<&mut dyn core[a373ad73a504971]::future::future::Future<Output = ()>>>::{closure#0}, ()>
[INFO] [stdout]   16:     0x642a8990c7b5 - <tokio[3db95fc21d6733b5]::runtime::runtime::Runtime>::block_on::<core[a373ad73a504971]::pin::Pin<&mut dyn core[a373ad73a504971]::future::future::Future<Output = ()>>>
[INFO] [stdout]   17:     0x642a898e839e - <solscan_api[17ddd51cb84e531d]::tests::test_api_base::test_api::test_api_ping_200::{closure#0} as core[a373ad73a504971]::ops::function::FnOnce<()>>::call_once
[INFO] [stdout]   18:     0x642a8991a68b - test[aada8e7e76ba119b]::__rust_begin_short_backtrace::<core[a373ad73a504971]::result::Result<(), alloc[2e1b2a31b91974c5]::string::String>, fn() -> core[a373ad73a504971]::result::Result<(), alloc[2e1b2a31b91974c5]::string::String>>
[INFO] [stdout]   19:     0x642a89927865 - test[aada8e7e76ba119b]::run_test::{closure#0}
[INFO] [stdout]   20:     0x642a89921154 - std[617be2ca0a6fd877]::sys::backtrace::__rust_begin_short_backtrace::<test[aada8e7e76ba119b]::run_test::{closure#1}, ()>
[INFO] [stdout]   21:     0x642a8992a8f2 - <std[617be2ca0a6fd877]::thread::lifecycle::spawn_unchecked<test[aada8e7e76ba119b]::run_test::{closure#1}, ()>::{closure#1} as core[a373ad73a504971]::ops::function::FnOnce<()>>::call_once::{shim:vtable#0}
[INFO] [stdout]   22:     0x642a89d985bf - <std[617be2ca0a6fd877]::sys::thread::unix::Thread>::new::thread_start
[INFO] [stdout]   23:     0x7477d8504dfa - <unknown>
[INFO] [stdout]   24:     0x7477d85983d4 - clone
[INFO] [stdout]   25:                0x0 - <unknown>
[INFO] [stdout] 
[INFO] [stdout] ---- tests::test_api_base::test_api::test_api_ping_404 stdout ----
[INFO] [stdout] 
[INFO] [stdout] thread 'tests::test_api_base::test_api::test_api_ping_404' (3038) panicked at src/tests/test_api_base.rs:8:58:
[INFO] [stdout] called `Result::unwrap()` on an `Err` value: reqwest::Error { kind: Request, url: Url { scheme: "https", cannot_be_a_base: false, username: "", password: None, host: Some(Domain("public-api.solscan.io")), port: None, path: "/", query: None, fragment: None }, source: hyper::Error(Connect, ConnectError("dns error", Custom { kind: Uncategorized, error: "failed to lookup address information: Temporary failure in name resolution" })) }
[INFO] [stdout] stack backtrace:
[INFO] [stdout]    0:     0x642a89d996c1 - <<std[617be2ca0a6fd877]::sys::backtrace::BacktraceLock>::print::DisplayBacktrace as core[a373ad73a504971]::fmt::Display>::fmt
[INFO] [stdout]    1:     0x642a89db150a - core[a373ad73a504971]::fmt::write
[INFO] [stdout]    2:     0x642a89d9dfbc - <alloc[2e1b2a31b91974c5]::vec::Vec<u8> as core[a373ad73a504971]::io::write::Write>::write_fmt
[INFO] [stdout]    3:     0x642a89d740c6 - std[617be2ca0a6fd877]::panicking::default_hook::{closure#0}
[INFO] [stdout]    4:     0x642a89d91109 - std[617be2ca0a6fd877]::panicking::default_hook
[INFO] [stdout]    5:     0x642a89927240 - test[aada8e7e76ba119b]::test_main_inner::{closure#0}
[INFO] [stdout]    6:     0x642a89d91432 - std[617be2ca0a6fd877]::panicking::panic_with_hook
[INFO] [stdout]    7:     0x642a89d74172 - std[617be2ca0a6fd877]::panicking::panic_handler::{closure#0}
[INFO] [stdout]    8:     0x642a89d6cc19 - std[617be2ca0a6fd877]::sys::backtrace::__rust_end_short_backtrace::<std[617be2ca0a6fd877]::panicking::panic_handler::{closure#0}, !>
[INFO] [stdout]    9:     0x642a89d74f6d - __rustc[ea4f61d10b84890b]::rust_begin_unwind
[INFO] [stdout]   10:     0x642a89db1cec - core[a373ad73a504971]::panicking::panic_fmt
[INFO] [stdout]   11:     0x642a89db1ac2 - core[a373ad73a504971]::result::unwrap_failed
[INFO] [stdout]   12:     0x642a898e5161 - solscan_api[17ddd51cb84e531d]::tests::test_api_base::test_api::test_api_ping_404::{closure#0}
[INFO] [stdout]   13:     0x642a898fecea - <tokio[3db95fc21d6733b5]::runtime::context::scoped::Scoped<tokio[3db95fc21d6733b5]::runtime::scheduler::Context>>::set::<<tokio[3db95fc21d6733b5]::runtime::scheduler::current_thread::CoreGuard>::enter<<tokio[3db95fc21d6733b5]::runtime::scheduler::current_thread::CoreGuard>::block_on<core[a373ad73a504971]::pin::Pin<&mut core[a373ad73a504971]::pin::Pin<&mut dyn core[a373ad73a504971]::future::future::Future<Output = ()>>>>::{closure#0}, core[a373ad73a504971]::option::Option<()>>::{closure#0}, (alloc[2e1b2a31b91974c5]::boxed::Box<tokio[3db95fc21d6733b5]::runtime::scheduler::current_thread::Core>, core[a373ad73a504971]::option::Option<()>)>
[INFO] [stdout]   14:     0x642a898fefad - <tokio[3db95fc21d6733b5]::runtime::scheduler::current_thread::CoreGuard>::block_on::<core[a373ad73a504971]::pin::Pin<&mut core[a373ad73a504971]::pin::Pin<&mut dyn core[a373ad73a504971]::future::future::Future<Output = ()>>>>
[INFO] [stdout]   15:     0x642a898e473d - tokio[3db95fc21d6733b5]::runtime::context::runtime::enter_runtime::<<tokio[3db95fc21d6733b5]::runtime::scheduler::current_thread::CurrentThread>::block_on<core[a373ad73a504971]::pin::Pin<&mut dyn core[a373ad73a504971]::future::future::Future<Output = ()>>>::{closure#0}, ()>
[INFO] [stdout]   16:     0x642a8990c7b5 - <tokio[3db95fc21d6733b5]::runtime::runtime::Runtime>::block_on::<core[a373ad73a504971]::pin::Pin<&mut dyn core[a373ad73a504971]::future::future::Future<Output = ()>>>
[INFO] [stdout]   17:     0x642a898e854e - <solscan_api[17ddd51cb84e531d]::tests::test_api_base::test_api::test_api_ping_404::{closure#0} as core[a373ad73a504971]::ops::function::FnOnce<()>>::call_once
[INFO] [stdout]   18:     0x642a8991a68b - test[aada8e7e76ba119b]::__rust_begin_short_backtrace::<core[a373ad73a504971]::result::Result<(), alloc[2e1b2a31b91974c5]::string::String>, fn() -> core[a373ad73a504971]::result::Result<(), alloc[2e1b2a31b91974c5]::string::String>>
[INFO] [stdout]   19:     0x642a89927865 - test[aada8e7e76ba119b]::run_test::{closure#0}
[INFO] [stdout]   20:     0x642a89921154 - std[617be2ca0a6fd877]::sys::backtrace::__rust_begin_short_backtrace::<test[aada8e7e76ba119b]::run_test::{closure#1}, ()>
[INFO] [stdout]   21:     0x642a8992a8f2 - <std[617be2ca0a6fd877]::thread::lifecycle::spawn_unchecked<test[aada8e7e76ba119b]::run_test::{closure#1}, ()>::{closure#1} as core[a373ad73a504971]::ops::function::FnOnce<()>>::call_once::{shim:vtable#0}
[INFO] [stdout]   22:     0x642a89d985bf - <std[617be2ca0a6fd877]::sys::thread::unix::Thread>::new::thread_start
[INFO] [stdout]   23:     0x7477d8504dfa - <unknown>
[INFO] [stdout]   24:     0x7477d85983d4 - clone
[INFO] [stdout]   25:                0x0 - <unknown>
[INFO] [stdout] 
[INFO] [stdout] 
[INFO] [stdout] failures:
[INFO] [stdout]     tests::test_api_base::test_api::test_api_ping_200
[INFO] [stdout]     tests::test_api_base::test_api::test_api_ping_404
[INFO] [stdout] 
[INFO] [stdout] test result: FAILED. 20 passed; 2 failed; 0 ignored; 0 measured; 0 filtered out; finished in 0.32s
[INFO] [stdout] 
[INFO] [stderr] error: test failed, to rerun pass `--lib`
[INFO] running `Command { std: "docker" "inspect" "4284b50fba67733d23cd2cbdcd189cec9f33d272d68421fbe3a5b4195e91a6b2", kill_on_drop: false }`
[INFO] running `Command { std: "docker" "rm" "-f" "4284b50fba67733d23cd2cbdcd189cec9f33d272d68421fbe3a5b4195e91a6b2", kill_on_drop: false }`
[INFO] [stdout] 4284b50fba67733d23cd2cbdcd189cec9f33d272d68421fbe3a5b4195e91a6b2
