[INFO] fetching crate solow-tsa 0.7.4...
[INFO] testing solow-tsa-0.7.4 against 1.99.0-beta.8+cargoflags=--release for beta-release-1.100-2
[INFO] extracting crate solow-tsa 0.7.4 into /workspace/builds/worker-0-tc1/source
[INFO] started tweaking crates.io crate solow-tsa 0.7.4
[INFO] removed 0 missing tests
[INFO] finished tweaking crates.io crate solow-tsa 0.7.4
[INFO] tweaked toml for crates.io crate solow-tsa 0.7.4 written to /workspace/builds/worker-0-tc1/source/Cargo.toml
[INFO] validating manifest of crates.io crate solow-tsa 0.7.4 on toolchain 1.99.0-beta.8
[INFO] running `Command { std: CARGO_HOME="/workspace/cargo-home" RUSTUP_HOME="/workspace/rustup-home" "/workspace/cargo-home/bin/cargo" "+1.99.0-beta.8" "metadata" "--manifest-path" "Cargo.toml" "--no-deps", kill_on_drop: false }`
[INFO] crate crates.io crate solow-tsa 0.7.4 already has a lockfile, it will not be regenerated
[INFO] running `Command { std: CARGO_HOME="/workspace/cargo-home" RUSTUP_HOME="/workspace/rustup-home" "/workspace/cargo-home/bin/cargo" "+1.99.0-beta.8" "fetch" "--manifest-path" "Cargo.toml", kill_on_drop: false }`
[INFO] [stderr]     Updating crates.io index
[INFO] [stderr]  Downloading crates ...
[INFO] [stderr]   Downloaded solow-linalg v0.7.4
[INFO] [stderr]   Downloaded solow-regression v0.7.4
[INFO] [stderr]   Downloaded solow-core v0.7.4
[INFO] [stderr]   Downloaded solow-optimize v0.7.4
[INFO] [stderr]   Downloaded solow-distributions v0.7.4
[INFO] [stderr]   Downloaded portable-atomic-util v0.2.7
[INFO] [stderr]   Downloaded ndarray v0.16.1
[INFO] running `Command { std: "docker" "create" "-v" "/var/lib/crater-agent-workspace/builds/worker-0-tc1/source:/opt/rustwide/workdir:ro,Z" "-v" "/var/lib/crater-agent-workspace/builds/worker-0-tc1/target:/opt/rustwide/target:rw,Z" "-v" "/var/lib/crater-agent-workspace/cargo-home:/opt/rustwide/cargo-home:ro,Z" "-v" "/var/lib/crater-agent-workspace/rustup-home:/opt/rustwide/rustup-home:ro,Z" "-m" "1610612736" "--network" "none" "ghcr.io/rust-lang/crates-build-env/linux@sha256:77db811e55d90add9212f6832c23229e3de5f1c1f9905e8cb07319ea15df73ac" "sleep" "infinity", kill_on_drop: false }`
[INFO] [stdout] 9899cc13e5705bd0615664509f942f57248cb6502d15377649f5b4677fe9aecd
[INFO] running `Command { std: "docker" "start" "9899cc13e5705bd0615664509f942f57248cb6502d15377649f5b4677fe9aecd", kill_on_drop: false }`
[INFO] running `Command { std: "docker" "inspect" "9899cc13e5705bd0615664509f942f57248cb6502d15377649f5b4677fe9aecd", kill_on_drop: false }`
[INFO] running `Command { std: "docker" "exec" "-e" "SOURCE_DIR=/opt/rustwide/workdir" "-e" "CARGO_HOME=/opt/rustwide/cargo-home" "-e" "RUSTUP_HOME=/opt/rustwide/rustup-home" "-e" "CARGO_TARGET_DIR=/opt/rustwide/target" "-w" "/opt/rustwide/workdir" "--user" "0:0" "9899cc13e5705bd0615664509f942f57248cb6502d15377649f5b4677fe9aecd" "/opt/rustwide/cargo-home/bin/cargo" "+1.99.0-beta.8" "metadata" "--no-deps" "--format-version=1", kill_on_drop: false }`
[INFO] running `Command { std: "docker" "inspect" "9899cc13e5705bd0615664509f942f57248cb6502d15377649f5b4677fe9aecd", kill_on_drop: false }`
[INFO] running `Command { std: "docker" "exec" "-e" "SOURCE_DIR=/opt/rustwide/workdir" "-e" "CARGO_HOME=/opt/rustwide/cargo-home" "-e" "RUSTUP_HOME=/opt/rustwide/rustup-home" "-e" "CARGO_TARGET_DIR=/opt/rustwide/target" "-e" "CARGO_INCREMENTAL=0" "-e" "RUST_BACKTRACE=full" "-e" "RUSTFLAGS=--cap-lints=warn" "-e" "RUSTDOCFLAGS=--cap-lints=warn" "-w" "/opt/rustwide/workdir" "--user" "0:0" "9899cc13e5705bd0615664509f942f57248cb6502d15377649f5b4677fe9aecd" "/opt/rustwide/cargo-home/bin/cargo" "+1.99.0-beta.8" "build" "--frozen" "--message-format=json" "--release", kill_on_drop: false }`
[INFO] [stderr]    Compiling num-traits v0.2.19
[INFO] [stderr]    Compiling matrixmultiply v0.3.10
[INFO] [stderr]    Compiling rawpointer v0.2.1
[INFO] [stderr]    Compiling syn v2.0.118
[INFO] [stderr]    Compiling num-complex v0.4.6
[INFO] [stderr]    Compiling num-integer v0.1.46
[INFO] [stderr]    Compiling ndarray v0.16.1
[INFO] [stderr]    Compiling thiserror-impl v2.0.18
[INFO] [stderr]    Compiling thiserror v2.0.18
[INFO] [stderr]    Compiling solow-core v0.7.4
[INFO] [stderr]    Compiling solow-linalg v0.7.4
[INFO] [stderr]    Compiling solow-distributions v0.7.4
[INFO] [stderr]    Compiling solow-optimize v0.7.4
[INFO] [stderr]    Compiling solow-regression v0.7.4
[INFO] [stderr]    Compiling solow-tsa v0.7.4 (/opt/rustwide/workdir)
[INFO] [stderr]     Finished `release` profile [optimized] target(s) in 18.71s
[INFO] running `Command { std: "docker" "inspect" "9899cc13e5705bd0615664509f942f57248cb6502d15377649f5b4677fe9aecd", kill_on_drop: false }`
[INFO] running `Command { std: "docker" "exec" "-e" "SOURCE_DIR=/opt/rustwide/workdir" "-e" "CARGO_HOME=/opt/rustwide/cargo-home" "-e" "RUSTUP_HOME=/opt/rustwide/rustup-home" "-e" "CARGO_TARGET_DIR=/opt/rustwide/target" "-e" "CARGO_INCREMENTAL=0" "-e" "RUST_BACKTRACE=full" "-e" "RUSTFLAGS=--cap-lints=warn" "-e" "RUSTDOCFLAGS=--cap-lints=warn" "-w" "/opt/rustwide/workdir" "--user" "0:0" "9899cc13e5705bd0615664509f942f57248cb6502d15377649f5b4677fe9aecd" "/opt/rustwide/cargo-home/bin/cargo" "+1.99.0-beta.8" "test" "--frozen" "--no-run" "--message-format=json" "--release", kill_on_drop: false }`
[INFO] [stderr]    Compiling serde_core v1.0.228
[INFO] [stderr]    Compiling memchr v2.8.2
[INFO] [stderr]    Compiling approx v0.5.1
[INFO] [stderr]    Compiling serde_json v1.0.150
[INFO] [stderr]    Compiling solow-tsa v0.7.4 (/opt/rustwide/workdir)
[INFO] [stderr]     Finished `release` profile [optimized] target(s) in 12.87s
[INFO] running `Command { std: "docker" "inspect" "9899cc13e5705bd0615664509f942f57248cb6502d15377649f5b4677fe9aecd", kill_on_drop: false }`
[INFO] running `Command { std: "docker" "exec" "-e" "SOURCE_DIR=/opt/rustwide/workdir" "-e" "CARGO_HOME=/opt/rustwide/cargo-home" "-e" "RUSTUP_HOME=/opt/rustwide/rustup-home" "-e" "CARGO_TARGET_DIR=/opt/rustwide/target" "-e" "CARGO_INCREMENTAL=0" "-e" "RUST_BACKTRACE=full" "-e" "RUSTFLAGS=--cap-lints=warn" "-e" "RUSTDOCFLAGS=--cap-lints=warn" "-w" "/opt/rustwide/workdir" "--user" "0:0" "9899cc13e5705bd0615664509f942f57248cb6502d15377649f5b4677fe9aecd" "/opt/rustwide/cargo-home/bin/cargo" "+1.99.0-beta.8" "test" "--frozen" "--release", kill_on_drop: false }`
[INFO] [stderr]     Finished `release` profile [optimized] target(s) in 0.05s
[INFO] [stderr]      Running unittests src/lib.rs (/opt/rustwide/target/release/deps/solow_tsa-8252242456c320ff)
[INFO] [stdout] 
[INFO] [stdout] running 59 tests
[INFO] [stdout] test arma_process::tests::ar1_pacf_cuts_off_after_lag1 ... ok
[INFO] [stdout] test arma_process::tests::ar1_acf_is_geometric ... ok
[INFO] [stdout] test change_point::tests::cusum_fires_on_a_clear_upward_shift ... ok
[INFO] [stdout] test change_point::tests::pelt_finds_a_single_change_point_in_a_step_function ... ok
[INFO] [stdout] test ar_select::tests::bic_penalises_more_than_aic ... ok
[INFO] [stdout] test deterministic::tests::seasonal_without_constant_keeps_all_dummies ... ok
[INFO] [stdout] test deterministic::tests::seasonal_with_constant_drops_first_period ... ok
[INFO] [stdout] test ar_select::tests::rejects_maxlag_too_large ... ok
[INFO] [stdout] test filters::tests::bk_weights_sum_to_zero ... ok
[INFO] [stdout] test ar_select::tests::path_has_expected_length ... ok
[INFO] [stdout] test filters::tests::bk_output_length ... ok
[INFO] [stdout] test filters::tests::cf_rejects_low_below_two ... ok
[INFO] [stdout] test filters::tests::hp_cycle_plus_trend_reconstructs_input ... ok
[INFO] [stdout] test filters::tests::hp_trend_is_linear_for_linear_input ... ok
[INFO] [stdout] test arma_process::tests::ar1_impulse_response_is_geometric ... ok
[INFO] [stdout] test ewma::tests::ewma_alarms_on_a_clear_shift ... ok
[INFO] [stdout] test innovations::tests::ma1_recovers_coefficient_and_variance ... ok
[INFO] [stdout] test coint::tests::cointegrated_series_rejects_null ... ok
[INFO] [stdout] test coint::tests::trend_n_has_nan_crit ... ok
[INFO] [stdout] test innovations::tests::rejects_short_acovf ... ok
[INFO] [stdout] test innovations::tests::white_noise_has_zero_coefficients ... ok
[INFO] [stdout] test kpss::tests::interp_clamps_to_table_ends ... ok
[INFO] [stdout] test kpss::tests::kpss_constant_residual_is_small ... ok
[INFO] [stdout] test kpss::tests::kpss_fixed_lags_too_large_errors ... ok
[INFO] [stdout] test granger::tests::rejects_wrong_columns ... ok
[INFO] [stdout] test holtwinters::tests::seasonal_requires_period_gt_one ... ok
[INFO] [stdout] test holtwinters::tests::ses_fits_and_forecasts_flat ... ok
[INFO] [stdout] test granger::tests::rejects_too_many_lags ... ok
[INFO] [stdout] test garch::tests::garch_fits_a_volatility_clustered_series ... ok
[INFO] [stdout] test holtwinters::tests::additive_seasonal_fits ... ok
[INFO] [stdout] test holtwinters::tests::holt_forecast_is_linear ... ok
[INFO] [stdout] test stattools::tests::adfuller_rejects_constant_series ... ok
[INFO] [stdout] test stattools::tests::pacf_lag0_is_one_both_methods ... ok
[INFO] [stdout] test arma_process::tests::white_noise_acf_is_delta ... ok
[INFO] [stdout] test change_point::tests::binary_segmentation_finds_the_step_boundary ... ok
[INFO] [stdout] test deterministic::tests::constant_and_quadratic_trend ... ok
[INFO] [stdout] test deterministic::tests::rejects_tiny_period ... ok
[INFO] [stdout] test filters::tests::cf_cycle_plus_trend_reconstructs_adjusted_input ... ok
[INFO] [stdout] test seasonal::tests::rejects_nonpositive_multiplicative ... ok
[INFO] [stdout] test granger::tests::produces_one_result_per_lag ... ok
[INFO] [stdout] test seasonal::tests::rejects_short_series ... ok
[INFO] [stdout] test stattools::tests::acovf_adjusted_uses_smaller_divisor ... ok
[INFO] [stdout] test stattools::tests::q_stat_is_monotone_nondecreasing ... ok
[INFO] [stdout] test stattools_ext::tests::breakvar_two_sided_symmetric_resid ... ok
[INFO] [stdout] test order_select::tests::white_noise_loglike_matches_closed_form ... ok
[INFO] [stdout] test stattools_ext::tests::range_unit_root_runs ... ok
[INFO] [stdout] test tsatools::tests::lagmat_both_drops_padding ... ok
[INFO] [stdout] test tsatools::tests::add_trend_none_is_identity ... ok
[INFO] [stdout] test seasonal::tests::additive_recovers_seasonality ... ok
[INFO] [stdout] test stattools::tests::acf_lag0_is_one ... ok
[INFO] [stdout] test stl::tests::components_sum_to_series ... ok
[INFO] [stdout] test tsatools::tests::lagmat_forward_shifts_columns ... ok
[INFO] [stdout] test stl::tests::default_windows_match_reference_rules ... ok
[INFO] [stdout] test stattools_ext::tests::breakvar_subset_too_small_errors ... ok
[INFO] [stdout] test stattools_ext::tests::za_crit_monotone_pvalue ... ok
[INFO] [stdout] test stl::tests::rejects_short_series ... ok
[INFO] [stdout] test tsatools::tests::add_trend_prepend_orders_columns ... ok
[INFO] [stdout] test tsatools::tests::lagmat_rejects_too_large_maxlag ... ok
[INFO] [stdout] test order_select::tests::grid_has_expected_shape ... ok
[INFO] [stdout] 
[INFO] [stdout] test result: ok. 59 passed; 0 failed; 0 ignored; 0 measured; 0 filtered out; finished in 13.68s
[INFO] [stdout] 
[INFO] [stderr]      Running tests/reference.rs (/opt/rustwide/target/release/deps/reference-056b5623beb92ce8)
[INFO] [stdout] 
[INFO] [stdout] running 5 tests
[INFO] [stdout] test primitives_match_reference ... FAILED
[INFO] [stdout] test adfuller_matches_reference ... FAILED
[INFO] [stdout] test add_trend_matches_reference ... FAILED
[INFO] [stdout] test lagmat_matches_reference ... FAILED
[INFO] [stdout] test autoreg_matches_reference ... FAILED
[INFO] [stdout] 
[INFO] [stdout] failures:
[INFO] [stdout] 
[INFO] [stdout] ---- primitives_match_reference stdout ----
[INFO] [stdout] 
[INFO] [stdout] thread 'primitives_match_reference' (806) panicked at tests/reference.rs:15:35:
[INFO] [stdout] fixture present (run tools/reference/gen_tsa.py): Os { code: 2, kind: NotFound, message: "No such file or directory" }
[INFO] [stdout] stack backtrace:
[INFO] [stdout]    0:     0x592d6f7a7e21 - <<std[70759c8f55707aa4]::sys::backtrace::BacktraceLock>::print::DisplayBacktrace as core[df12db4294e9bfd3]::fmt::Display>::fmt
[INFO] [stdout]    1:     0x592d6f7bd1ea - core[df12db4294e9bfd3]::fmt::write
[INFO] [stdout]    2:     0x592d6f7ac36c - <alloc[2182bb758b4b3781]::vec::Vec<u8> as core[df12db4294e9bfd3]::io::write::Write>::write_fmt
[INFO] [stdout]    3:     0x592d6f7840a6 - std[70759c8f55707aa4]::panicking::default_hook::{closure#0}
[INFO] [stdout]    4:     0x592d6f7a0219 - std[70759c8f55707aa4]::panicking::default_hook
[INFO] [stdout]    5:     0x592d6f718590 - test[9d35eded1c95d3be]::test_main_inner::<test[9d35eded1c95d3be]::test_main_static::{closure#0}>::{closure#0}
[INFO] [stdout]    6:     0x592d6f7a03d2 - std[70759c8f55707aa4]::panicking::panic_with_hook
[INFO] [stdout]    7:     0x592d6f784152 - std[70759c8f55707aa4]::panicking::panic_handler::{closure#0}
[INFO] [stdout]    8:     0x592d6f77cd19 - std[70759c8f55707aa4]::sys::backtrace::__rust_end_short_backtrace::<std[70759c8f55707aa4]::panicking::panic_handler::{closure#0}, !>
[INFO] [stdout]    9:     0x592d6f784d4d - __rustc[8fa7c3cbc660c2b3]::rust_begin_unwind
[INFO] [stdout]   10:     0x592d6f7bd91c - core[df12db4294e9bfd3]::panicking::panic_fmt
[INFO] [stdout]   11:     0x592d6f7bd6f2 - core[df12db4294e9bfd3]::result::unwrap_failed
[INFO] [stdout]   12:     0x592d6f7054fc - reference[505234e344d3b8]::load
[INFO] [stdout]   13:     0x592d6f7083a9 - <reference[505234e344d3b8]::primitives_match_reference::{closure#0} as core[df12db4294e9bfd3]::ops::function::FnOnce<()>>::call_once
[INFO] [stdout]   14:     0x592d6f70b87b - test[9d35eded1c95d3be]::__rust_begin_short_backtrace::<core[df12db4294e9bfd3]::result::Result<(), alloc[2182bb758b4b3781]::string::String>, fn() -> core[df12db4294e9bfd3]::result::Result<(), alloc[2182bb758b4b3781]::string::String>>
[INFO] [stdout]   15:     0x592d6f718ee5 - test[9d35eded1c95d3be]::run_test::{closure#0}
[INFO] [stdout]   16:     0x592d6f7127a4 - std[70759c8f55707aa4]::sys::backtrace::__rust_begin_short_backtrace::<test[9d35eded1c95d3be]::run_test::{closure#1}, ()>
[INFO] [stdout]   17:     0x592d6f71c042 - <std[70759c8f55707aa4]::thread::lifecycle::spawn_unchecked<test[9d35eded1c95d3be]::run_test::{closure#1}, ()>::{closure#1} as core[df12db4294e9bfd3]::ops::function::FnOnce<()>>::call_once::{shim:vtable#0}
[INFO] [stdout]   18:     0x592d6f7a7389 - <std[70759c8f55707aa4]::sys::thread::unix::Thread>::new::thread_start
[INFO] [stdout]   19:     0x726cb50cedfa - <unknown>
[INFO] [stdout]   20:     0x726cb51623d4 - clone
[INFO] [stdout]   21:                0x0 - <unknown>
[INFO] [stdout] 
[INFO] [stdout] ---- adfuller_matches_reference stdout ----
[INFO] [stdout] 
[INFO] [stdout] thread 'adfuller_matches_reference' (803) panicked at tests/reference.rs:15:35:
[INFO] [stdout] fixture present (run tools/reference/gen_tsa.py): Os { code: 2, kind: NotFound, message: "No such file or directory" }
[INFO] [stdout] stack backtrace:
[INFO] [stdout]    0:     0x592d6f7a7e21 - <<std[70759c8f55707aa4]::sys::backtrace::BacktraceLock>::print::DisplayBacktrace as core[df12db4294e9bfd3]::fmt::Display>::fmt
[INFO] [stdout]    1:     0x592d6f7bd1ea - core[df12db4294e9bfd3]::fmt::write
[INFO] [stdout]    2:     0x592d6f7ac36c - <alloc[2182bb758b4b3781]::vec::Vec<u8> as core[df12db4294e9bfd3]::io::write::Write>::write_fmt
[INFO] [stdout]    3:     0x592d6f7840a6 - std[70759c8f55707aa4]::panicking::default_hook::{closure#0}
[INFO] [stdout]    4:     0x592d6f7a0219 - std[70759c8f55707aa4]::panicking::default_hook
[INFO] [stdout]    5:     0x592d6f718590 - test[9d35eded1c95d3be]::test_main_inner::<test[9d35eded1c95d3be]::test_main_static::{closure#0}>::{closure#0}
[INFO] [stdout]    6:     0x592d6f7a03d2 - std[70759c8f55707aa4]::panicking::panic_with_hook
[INFO] [stdout]    7:     0x592d6f784152 - std[70759c8f55707aa4]::panicking::panic_handler::{closure#0}
[INFO] [stdout]    8:     0x592d6f77cd19 - std[70759c8f55707aa4]::sys::backtrace::__rust_end_short_backtrace::<std[70759c8f55707aa4]::panicking::panic_handler::{closure#0}, !>
[INFO] [stdout]    9:     0x592d6f784d4d - __rustc[8fa7c3cbc660c2b3]::rust_begin_unwind
[INFO] [stdout]   10:     0x592d6f7bd91c - core[df12db4294e9bfd3]::panicking::panic_fmt
[INFO] [stdout]   11:     0x592d6f7bd6f2 - core[df12db4294e9bfd3]::result::unwrap_failed
[INFO] [stdout]   12:     0x592d6f7054fc - reference[505234e344d3b8]::load
[INFO] [stdout]   13:     0x592d6f707669 - <reference[505234e344d3b8]::adfuller_matches_reference::{closure#0} as core[df12db4294e9bfd3]::ops::function::FnOnce<()>>::call_once
[INFO] [stdout]   14:     0x592d6f70b87b - test[9d35eded1c95d3be]::__rust_begin_short_backtrace::<core[df12db4294e9bfd3]::result::Result<(), alloc[2182bb758b4b3781]::string::String>, fn() -> core[df12db4294e9bfd3]::result::Result<(), alloc[2182bb758b4b3781]::string::String>>
[INFO] [stdout]   15:     0x592d6f718ee5 - test[9d35eded1c95d3be]::run_test::{closure#0}
[INFO] [stdout]   16:     0x592d6f7127a4 - std[70759c8f55707aa4]::sys::backtrace::__rust_begin_short_backtrace::<test[9d35eded1c95d3be]::run_test::{closure#1}, ()>
[INFO] [stdout]   17:     0x592d6f71c042 - <std[70759c8f55707aa4]::thread::lifecycle::spawn_unchecked<test[9d35eded1c95d3be]::run_test::{closure#1}, ()>::{closure#1} as core[df12db4294e9bfd3]::ops::function::FnOnce<()>>::call_once::{shim:vtable#0}
[INFO] [stdout]   18:     0x592d6f7a7389 - <std[70759c8f55707aa4]::sys::thread::unix::Thread>::new::thread_start
[INFO] [stdout]   19:     0x726cb50cedfa - <unknown>
[INFO] [stdout]   20:     0x726cb51623d4 - clone
[INFO] [stdout]   21:                0x0 - <unknown>
[INFO] [stdout] 
[INFO] [stdout] ---- add_trend_matches_reference stdout ----
[INFO] [stdout] 
[INFO] [stdout] thread 'add_trend_matches_reference' (802) panicked at tests/reference.rs:15:35:
[INFO] [stdout] fixture present (run tools/reference/gen_tsa.py): Os { code: 2, kind: NotFound, message: "No such file or directory" }
[INFO] [stdout] stack backtrace:
[INFO] [stdout]    0:     0x592d6f7a7e21 - <<std[70759c8f55707aa4]::sys::backtrace::BacktraceLock>::print::DisplayBacktrace as core[df12db4294e9bfd3]::fmt::Display>::fmt
[INFO] [stdout]    1:     0x592d6f7bd1ea - core[df12db4294e9bfd3]::fmt::write
[INFO] [stdout]    2:     0x592d6f7ac36c - <alloc[2182bb758b4b3781]::vec::Vec<u8> as core[df12db4294e9bfd3]::io::write::Write>::write_fmt
[INFO] [stdout]    3:     0x592d6f7840a6 - std[70759c8f55707aa4]::panicking::default_hook::{closure#0}
[INFO] [stdout]    4:     0x592d6f7a0219 - std[70759c8f55707aa4]::panicking::default_hook
[INFO] [stdout]    5:     0x592d6f718590 - test[9d35eded1c95d3be]::test_main_inner::<test[9d35eded1c95d3be]::test_main_static::{closure#0}>::{closure#0}
[INFO] [stdout]    6:     0x592d6f7a03d2 - std[70759c8f55707aa4]::panicking::panic_with_hook
[INFO] [stdout]    7:     0x592d6f784152 - std[70759c8f55707aa4]::panicking::panic_handler::{closure#0}
[INFO] [stdout]    8:     0x592d6f77cd19 - std[70759c8f55707aa4]::sys::backtrace::__rust_end_short_backtrace::<std[70759c8f55707aa4]::panicking::panic_handler::{closure#0}, !>
[INFO] [stdout]    9:     0x592d6f784d4d - __rustc[8fa7c3cbc660c2b3]::rust_begin_unwind
[INFO] [stdout]   10:     0x592d6f7bd91c - core[df12db4294e9bfd3]::panicking::panic_fmt
[INFO] [stdout]   11:     0x592d6f7bd6f2 - core[df12db4294e9bfd3]::result::unwrap_failed
[INFO] [stdout]   12:     0x592d6f7054fc - reference[505234e344d3b8]::load
[INFO] [stdout]   13:     0x592d6f709fa6 - <reference[505234e344d3b8]::add_trend_matches_reference::{closure#0} as core[df12db4294e9bfd3]::ops::function::FnOnce<()>>::call_once
[INFO] [stdout]   14:     0x592d6f70b87b - test[9d35eded1c95d3be]::__rust_begin_short_backtrace::<core[df12db4294e9bfd3]::result::Result<(), alloc[2182bb758b4b3781]::string::String>, fn() -> core[df12db4294e9bfd3]::result::Result<(), alloc[2182bb758b4b3781]::string::String>>
[INFO] [stdout]   15:     0x592d6f718ee5 - test[9d35eded1c95d3be]::run_test::{closure#0}
[INFO] [stdout]   16:     0x592d6f7127a4 - std[70759c8f55707aa4]::sys::backtrace::__rust_begin_short_backtrace::<test[9d35eded1c95d3be]::run_test::{closure#1}, ()>
[INFO] [stdout]   17:     0x592d6f71c042 - <std[70759c8f55707aa4]::thread::lifecycle::spawn_unchecked<test[9d35eded1c95d3be]::run_test::{closure#1}, ()>::{closure#1} as core[df12db4294e9bfd3]::ops::function::FnOnce<()>>::call_once::{shim:vtable#0}
[INFO] [stdout]   18:     0x592d6f7a7389 - <std[70759c8f55707aa4]::sys::thread::unix::Thread>::new::thread_start
[INFO] [stdout]   19:     0x726cb50cedfa - <unknown>
[INFO] [stdout]   20:     0x726cb51623d4 - clone
[INFO] [stdout]   21:                0x0 - <unknown>
[INFO] [stdout] 
[INFO] [stdout] ---- lagmat_matches_reference stdout ----
[INFO] [stdout] 
[INFO] [stdout] thread 'lagmat_matches_reference' (805) panicked at tests/reference.rs:15:35:
[INFO] [stdout] fixture present (run tools/reference/gen_tsa.py): Os { code: 2, kind: NotFound, message: "No such file or directory" }
[INFO] [stdout] stack backtrace:
[INFO] [stdout]    0:     0x592d6f7a7e21 - <<std[70759c8f55707aa4]::sys::backtrace::BacktraceLock>::print::DisplayBacktrace as core[df12db4294e9bfd3]::fmt::Display>::fmt
[INFO] [stdout]    1:     0x592d6f7bd1ea - core[df12db4294e9bfd3]::fmt::write
[INFO] [stdout]    2:     0x592d6f7ac36c - <alloc[2182bb758b4b3781]::vec::Vec<u8> as core[df12db4294e9bfd3]::io::write::Write>::write_fmt
[INFO] [stdout]    3:     0x592d6f7840a6 - std[70759c8f55707aa4]::panicking::default_hook::{closure#0}
[INFO] [stdout]    4:     0x592d6f7a0219 - std[70759c8f55707aa4]::panicking::default_hook
[INFO] [stdout]    5:     0x592d6f718590 - test[9d35eded1c95d3be]::test_main_inner::<test[9d35eded1c95d3be]::test_main_static::{closure#0}>::{closure#0}
[INFO] [stdout]    6:     0x592d6f7a03d2 - std[70759c8f55707aa4]::panicking::panic_with_hook
[INFO] [stdout]    7:     0x592d6f784152 - std[70759c8f55707aa4]::panicking::panic_handler::{closure#0}
[INFO] [stdout]    8:     0x592d6f77cd19 - std[70759c8f55707aa4]::sys::backtrace::__rust_end_short_backtrace::<std[70759c8f55707aa4]::panicking::panic_handler::{closure#0}, !>
[INFO] [stdout]    9:     0x592d6f784d4d - __rustc[8fa7c3cbc660c2b3]::rust_begin_unwind
[INFO] [stdout]   10:     0x592d6f7bd91c - core[df12db4294e9bfd3]::panicking::panic_fmt
[INFO] [stdout]   11:     0x592d6f7bd6f2 - core[df12db4294e9bfd3]::result::unwrap_failed
[INFO] [stdout]   12:     0x592d6f7054fc - reference[505234e344d3b8]::load
[INFO] [stdout]   13:     0x592d6f705b44 - <reference[505234e344d3b8]::lagmat_matches_reference::{closure#0} as core[df12db4294e9bfd3]::ops::function::FnOnce<()>>::call_once
[INFO] [stdout]   14:     0x592d6f70b87b - test[9d35eded1c95d3be]::__rust_begin_short_backtrace::<core[df12db4294e9bfd3]::result::Result<(), alloc[2182bb758b4b3781]::string::String>, fn() -> core[df12db4294e9bfd3]::result::Result<(), alloc[2182bb758b4b3781]::string::String>>
[INFO] [stdout]   15:     0x592d6f718ee5 - test[9d35eded1c95d3be]::run_test::{closure#0}
[INFO] [stdout]   16:     0x592d6f7127a4 - std[70759c8f55707aa4]::sys::backtrace::__rust_begin_short_backtrace::<test[9d35eded1c95d3be]::run_test::{closure#1}, ()>
[INFO] [stdout]   17:     0x592d6f71c042 - <std[70759c8f55707aa4]::thread::lifecycle::spawn_unchecked<test[9d35eded1c95d3be]::run_test::{closure#1}, ()>::{closure#1} as core[df12db4294e9bfd3]::ops::function::FnOnce<()>>::call_once::{shim:vtable#0}
[INFO] [stdout]   18:     0x592d6f7a7389 - <std[70759c8f55707aa4]::sys::thread::unix::Thread>::new::thread_start
[INFO] [stdout]   19:     0x726cb50cedfa - <unknown>
[INFO] [stdout]   20:     0x726cb51623d4 - clone
[INFO] [stdout]   21:                0x0 - <unknown>
[INFO] [stdout] 
[INFO] [stdout] ---- autoreg_matches_reference stdout ----
[INFO] [stdout] 
[INFO] [stdout] thread 'autoreg_matches_reference' (804) panicked at tests/reference.rs:15:35:
[INFO] [stdout] fixture present (run tools/reference/gen_tsa.py): Os { code: 2, kind: NotFound, message: "No such file or directory" }
[INFO] [stdout] stack backtrace:
[INFO] [stdout]    0:     0x592d6f7a7e21 - <<std[70759c8f55707aa4]::sys::backtrace::BacktraceLock>::print::DisplayBacktrace as core[df12db4294e9bfd3]::fmt::Display>::fmt
[INFO] [stdout]    1:     0x592d6f7bd1ea - core[df12db4294e9bfd3]::fmt::write
[INFO] [stdout]    2:     0x592d6f7ac36c - <alloc[2182bb758b4b3781]::vec::Vec<u8> as core[df12db4294e9bfd3]::io::write::Write>::write_fmt
[INFO] [stdout]    3:     0x592d6f7840a6 - std[70759c8f55707aa4]::panicking::default_hook::{closure#0}
[INFO] [stdout]    4:     0x592d6f7a0219 - std[70759c8f55707aa4]::panicking::default_hook
[INFO] [stdout]    5:     0x592d6f718590 - test[9d35eded1c95d3be]::test_main_inner::<test[9d35eded1c95d3be]::test_main_static::{closure#0}>::{closure#0}
[INFO] [stdout]    6:     0x592d6f7a03d2 - std[70759c8f55707aa4]::panicking::panic_with_hook
[INFO] [stdout]    7:     0x592d6f784152 - std[70759c8f55707aa4]::panicking::panic_handler::{closure#0}
[INFO] [stdout]    8:     0x592d6f77cd19 - std[70759c8f55707aa4]::sys::backtrace::__rust_end_short_backtrace::<std[70759c8f55707aa4]::panicking::panic_handler::{closure#0}, !>
[INFO] [stdout]    9:     0x592d6f784d4d - __rustc[8fa7c3cbc660c2b3]::rust_begin_unwind
[INFO] [stdout]   10:     0x592d6f7bd91c - core[df12db4294e9bfd3]::panicking::panic_fmt
[INFO] [stdout]   11:     0x592d6f7bd6f2 - core[df12db4294e9bfd3]::result::unwrap_failed
[INFO] [stdout]   12:     0x592d6f7054fc - reference[505234e344d3b8]::load
[INFO] [stdout]   13:     0x592d6f706259 - <reference[505234e344d3b8]::autoreg_matches_reference::{closure#0} as core[df12db4294e9bfd3]::ops::function::FnOnce<()>>::call_once
[INFO] [stdout]   14:     0x592d6f70b87b - test[9d35eded1c95d3be]::__rust_begin_short_backtrace::<core[df12db4294e9bfd3]::result::Result<(), alloc[2182bb758b4b3781]::string::String>, fn() -> core[df12db4294e9bfd3]::result::Result<(), alloc[2182bb758b4b3781]::string::String>>
[INFO] [stdout]   15:     0x592d6f718ee5 - test[9d35eded1c95d3be]::run_test::{closure#0}
[INFO] [stdout]   16:     0x592d6f7127a4 - std[70759c8f55707aa4]::sys::backtrace::__rust_begin_short_backtrace::<test[9d35eded1c95d3be]::run_test::{closure#1}, ()>
[INFO] [stdout]   17:     0x592d6f71c042 - <std[70759c8f55707aa4]::thread::lifecycle::spawn_unchecked<test[9d35eded1c95d3be]::run_test::{closure#1}, ()>::{closure#1} as core[df12db4294e9bfd3]::ops::function::FnOnce<()>>::call_once::{shim:vtable#0}
[INFO] [stdout]   18:     0x592d6f7a7389 - <std[70759c8f55707aa4]::sys::thread::unix::Thread>::new::thread_start
[INFO] [stdout]   19:     0x726cb50cedfa - <unknown>
[INFO] [stdout]   20:     0x726cb51623d4 - clone
[INFO] [stdout]   21:                0x0 - <unknown>
[INFO] [stdout] 
[INFO] [stdout] 
[INFO] [stdout] failures:
[INFO] [stdout]     add_trend_matches_reference
[INFO] [stdout]     adfuller_matches_reference
[INFO] [stdout]     autoreg_matches_reference
[INFO] [stdout]     lagmat_matches_reference
[INFO] [stdout]     primitives_match_reference
[INFO] [stdout] 
[INFO] [stdout] test result: FAILED. 0 passed; 5 failed; 0 ignored; 0 measured; 0 filtered out; finished in 0.02s
[INFO] [stdout] 
[INFO] [stderr] error: test failed, to rerun pass `--test reference`
[INFO] running `Command { std: "docker" "inspect" "9899cc13e5705bd0615664509f942f57248cb6502d15377649f5b4677fe9aecd", kill_on_drop: false }`
[INFO] running `Command { std: "docker" "rm" "-f" "9899cc13e5705bd0615664509f942f57248cb6502d15377649f5b4677fe9aecd", kill_on_drop: false }`
[INFO] [stdout] 9899cc13e5705bd0615664509f942f57248cb6502d15377649f5b4677fe9aecd
