[INFO] fetching crate solow-regime 0.7.4...
[INFO] testing solow-regime-0.7.4 against 1.100.0-beta.1+cargoflags=--release for beta-release-1.100-2
[INFO] extracting crate solow-regime 0.7.4 into /workspace/builds/worker-3-tc2/source
[INFO] started tweaking crates.io crate solow-regime 0.7.4
[INFO] removed 0 missing tests
[INFO] finished tweaking crates.io crate solow-regime 0.7.4
[INFO] tweaked toml for crates.io crate solow-regime 0.7.4 written to /workspace/builds/worker-3-tc2/source/Cargo.toml
[INFO] validating manifest of crates.io crate solow-regime 0.7.4 on toolchain 1.100.0-beta.1
[INFO] running `Command { std: CARGO_HOME="/workspace/cargo-home" RUSTUP_HOME="/workspace/rustup-home" "/workspace/cargo-home/bin/cargo" "+1.100.0-beta.1" "metadata" "--manifest-path" "Cargo.toml" "--no-deps", kill_on_drop: false }`
[INFO] crate crates.io crate solow-regime 0.7.4 already has a lockfile, it will not be regenerated
[INFO] running `Command { std: CARGO_HOME="/workspace/cargo-home" RUSTUP_HOME="/workspace/rustup-home" "/workspace/cargo-home/bin/cargo" "+1.100.0-beta.1" "fetch" "--manifest-path" "Cargo.toml", kill_on_drop: false }`
[INFO] running `Command { std: "docker" "create" "-v" "/var/lib/crater-agent-workspace/builds/worker-3-tc2/source:/opt/rustwide/workdir:ro,Z" "-v" "/var/lib/crater-agent-workspace/builds/worker-3-tc2/target:/opt/rustwide/target:rw,Z" "-v" "/var/lib/crater-agent-workspace/cargo-home:/opt/rustwide/cargo-home:ro,Z" "-v" "/var/lib/crater-agent-workspace/rustup-home:/opt/rustwide/rustup-home:ro,Z" "-m" "1610612736" "--network" "none" "ghcr.io/rust-lang/crates-build-env/linux@sha256:77db811e55d90add9212f6832c23229e3de5f1c1f9905e8cb07319ea15df73ac" "sleep" "infinity", kill_on_drop: false }`
[INFO] [stdout] 93db1c7cce76a8c16d6f927a108d39051fe38e41e37e1cb0274a9395574a8de6
[INFO] running `Command { std: "docker" "start" "93db1c7cce76a8c16d6f927a108d39051fe38e41e37e1cb0274a9395574a8de6", kill_on_drop: false }`
[INFO] running `Command { std: "docker" "inspect" "93db1c7cce76a8c16d6f927a108d39051fe38e41e37e1cb0274a9395574a8de6", kill_on_drop: false }`
[INFO] running `Command { std: "docker" "exec" "-e" "SOURCE_DIR=/opt/rustwide/workdir" "-e" "CARGO_HOME=/opt/rustwide/cargo-home" "-e" "RUSTUP_HOME=/opt/rustwide/rustup-home" "-e" "CARGO_TARGET_DIR=/opt/rustwide/target" "-w" "/opt/rustwide/workdir" "--user" "0:0" "93db1c7cce76a8c16d6f927a108d39051fe38e41e37e1cb0274a9395574a8de6" "/opt/rustwide/cargo-home/bin/cargo" "+1.100.0-beta.1" "metadata" "--no-deps" "--format-version=1", kill_on_drop: false }`
[INFO] running `Command { std: "docker" "inspect" "93db1c7cce76a8c16d6f927a108d39051fe38e41e37e1cb0274a9395574a8de6", kill_on_drop: false }`
[INFO] running `Command { std: "docker" "exec" "-e" "SOURCE_DIR=/opt/rustwide/workdir" "-e" "CARGO_HOME=/opt/rustwide/cargo-home" "-e" "RUSTUP_HOME=/opt/rustwide/rustup-home" "-e" "CARGO_TARGET_DIR=/opt/rustwide/target" "-e" "CARGO_INCREMENTAL=0" "-e" "RUST_BACKTRACE=full" "-e" "RUSTFLAGS=--cap-lints=warn" "-e" "RUSTDOCFLAGS=--cap-lints=warn" "-w" "/opt/rustwide/workdir" "--user" "0:0" "93db1c7cce76a8c16d6f927a108d39051fe38e41e37e1cb0274a9395574a8de6" "/opt/rustwide/cargo-home/bin/cargo" "+1.100.0-beta.1" "build" "--frozen" "--message-format=json" "--release", kill_on_drop: false }`
[INFO] [stderr]    Compiling autocfg v1.5.1
[INFO] [stderr]    Compiling proc-macro2 v1.0.106
[INFO] [stderr]    Compiling quote v1.0.45
[INFO] [stderr]    Compiling rawpointer v0.2.1
[INFO] [stderr]    Compiling thiserror v2.0.18
[INFO] [stderr]    Compiling num-traits v0.2.19
[INFO] [stderr]    Compiling matrixmultiply v0.3.10
[INFO] [stderr]    Compiling syn v2.0.118
[INFO] [stderr]    Compiling num-integer v0.1.46
[INFO] [stderr]    Compiling num-complex v0.4.6
[INFO] [stderr]    Compiling ndarray v0.16.1
[INFO] [stderr]    Compiling thiserror-impl v2.0.18
[INFO] [stderr]    Compiling solow-core v0.7.4
[INFO] [stderr]    Compiling solow-linalg v0.7.4
[INFO] [stderr]    Compiling solow-distributions v0.7.4
[INFO] [stderr]    Compiling solow-optimize v0.7.4
[INFO] [stderr]    Compiling solow-regime v0.7.4 (/opt/rustwide/workdir)
[INFO] [stderr] warning: unused dependency `solow-distributions`
[INFO] [stderr]   --> Cargo.toml:10:15
[INFO] [stderr]    |
[INFO] [stderr] 10 | [dependencies.solow-distributions]
[INFO] [stderr]    |               ^^^^^^^^^^^^^^^^^^^^
[INFO] [stderr]    |
[INFO] [stderr]    = note: `cargo::unused_dependencies` is set to `warn` by default
[INFO] [stderr] help: consider removing the dependency on `solow-distributions`
[INFO] [stderr] warning: `solow-regime` (manifest) generated 1 warning
[INFO] [stderr]     Finished `release` profile [optimized] target(s) in 15.94s
[INFO] running `Command { std: "docker" "inspect" "93db1c7cce76a8c16d6f927a108d39051fe38e41e37e1cb0274a9395574a8de6", kill_on_drop: false }`
[INFO] running `Command { std: "docker" "exec" "-e" "SOURCE_DIR=/opt/rustwide/workdir" "-e" "CARGO_HOME=/opt/rustwide/cargo-home" "-e" "RUSTUP_HOME=/opt/rustwide/rustup-home" "-e" "CARGO_TARGET_DIR=/opt/rustwide/target" "-e" "CARGO_INCREMENTAL=0" "-e" "RUST_BACKTRACE=full" "-e" "RUSTFLAGS=--cap-lints=warn" "-e" "RUSTDOCFLAGS=--cap-lints=warn" "-w" "/opt/rustwide/workdir" "--user" "0:0" "93db1c7cce76a8c16d6f927a108d39051fe38e41e37e1cb0274a9395574a8de6" "/opt/rustwide/cargo-home/bin/cargo" "+1.100.0-beta.1" "test" "--frozen" "--no-run" "--message-format=json" "--release", kill_on_drop: false }`
[INFO] [stderr]    Compiling zmij v1.0.21
[INFO] [stderr]    Compiling serde_core v1.0.228
[INFO] [stderr]    Compiling serde_json v1.0.150
[INFO] [stderr]    Compiling memchr v2.8.2
[INFO] [stderr]    Compiling approx v0.5.1
[INFO] [stderr]    Compiling solow-regime v0.7.4 (/opt/rustwide/workdir)
[INFO] [stderr] warning: unused dependency `solow-distributions`
[INFO] [stderr]   --> Cargo.toml:10:15
[INFO] [stderr]    |
[INFO] [stderr] 10 | [dependencies.solow-distributions]
[INFO] [stderr]    |               ^^^^^^^^^^^^^^^^^^^^
[INFO] [stderr]    |
[INFO] [stderr]    = note: `cargo::unused_dependencies` is set to `warn` by default
[INFO] [stderr] help: consider removing the dependency on `solow-distributions`
[INFO] [stderr] warning: `solow-regime` (manifest) generated 1 warning
[INFO] [stderr]     Finished `release` profile [optimized] target(s) in 8.79s
[INFO] running `Command { std: "docker" "inspect" "93db1c7cce76a8c16d6f927a108d39051fe38e41e37e1cb0274a9395574a8de6", kill_on_drop: false }`
[INFO] running `Command { std: "docker" "exec" "-e" "SOURCE_DIR=/opt/rustwide/workdir" "-e" "CARGO_HOME=/opt/rustwide/cargo-home" "-e" "RUSTUP_HOME=/opt/rustwide/rustup-home" "-e" "CARGO_TARGET_DIR=/opt/rustwide/target" "-e" "CARGO_INCREMENTAL=0" "-e" "RUST_BACKTRACE=full" "-e" "RUSTFLAGS=--cap-lints=warn" "-e" "RUSTDOCFLAGS=--cap-lints=warn" "-w" "/opt/rustwide/workdir" "--user" "0:0" "93db1c7cce76a8c16d6f927a108d39051fe38e41e37e1cb0274a9395574a8de6" "/opt/rustwide/cargo-home/bin/cargo" "+1.100.0-beta.1" "test" "--frozen" "--release", kill_on_drop: false }`
[INFO] [stderr] warning: unused dependency `solow-distributions`
[INFO] [stderr]   --> Cargo.toml:10:15
[INFO] [stderr]    |
[INFO] [stderr] 10 | [dependencies.solow-distributions]
[INFO] [stderr]    |               ^^^^^^^^^^^^^^^^^^^^
[INFO] [stderr]    |
[INFO] [stderr]    = note: `cargo::unused_dependencies` is set to `warn` by default
[INFO] [stderr] help: consider removing the dependency on `solow-distributions`
[INFO] [stderr] warning: `solow-regime` (manifest) generated 1 warning
[INFO] [stderr]     Finished `release` profile [optimized] target(s) in 0.06s
[INFO] [stderr]      Running unittests src/lib.rs (/opt/rustwide/target/release/build/solow-regime/659ac59ec1316331/out/solow_regime-659ac59ec1316331)
[INFO] [stdout] 
[INFO] [stdout] running 9 tests
[INFO] [stdout] test markov_autoregression::ar_transform_tests::order1_matches_reference ... ok
[INFO] [stdout] test switching::tests::logistic_roundtrip_k2 ... ok
[INFO] [stdout] test filter::tests::filtered_and_smoothed_are_distributions ... ok
[INFO] [stdout] test markov_autoregression::ar_transform_tests::order2_matches_reference ... ok
[INFO] [stdout] test filter::tests::order0_filter_matches_naive ... ok
[INFO] [stdout] test switching::tests::steady_state_is_stationary ... ok
[INFO] [stdout] test switching::tests::transition_matrix_row_major_k3 ... ok
[INFO] [stdout] test filter::tests::order1_filter_sums_to_one ... ok
[INFO] [stdout] test switching::tests::logistic_roundtrip_k3 ... ok
[INFO] [stdout] 
[INFO] [stdout] test result: ok. 9 passed; 0 failed; 0 ignored; 0 measured; 0 filtered out; finished in 0.01s
[INFO] [stdout] 
[INFO] [stderr]      Running tests/reference.rs (/opt/rustwide/target/release/build/solow-regime/ea733f633c8183d6/out/reference-ea733f633c8183d6)
[INFO] [stdout] 
[INFO] [stdout] running 1 test
[INFO] [stderr] error: test failed, to rerun pass `--test reference`
[INFO] [stdout] test markov_switching_matches_reference ... FAILED
[INFO] [stdout] 
[INFO] [stdout] failures:
[INFO] [stdout] 
[INFO] [stdout] ---- markov_switching_matches_reference stdout ----
[INFO] [stdout] 
[INFO] [stdout] thread 'markov_switching_matches_reference' (748) panicked at tests/reference.rs:14:35:
[INFO] [stdout] fixture present (run tools/reference/gen_regime.py): Os { code: 2, kind: NotFound, message: "No such file or directory" }
[INFO] [stdout] stack backtrace:
[INFO] [stdout]    0:     0x6304f6773581 - <<std[617be2ca0a6fd877]::sys::backtrace::BacktraceLock>::print::DisplayBacktrace as core[a373ad73a504971]::fmt::Display>::fmt
[INFO] [stdout]    1:     0x6304f678847a - core[a373ad73a504971]::fmt::write
[INFO] [stdout]    2:     0x6304f677784c - <alloc[2e1b2a31b91974c5]::vec::Vec<u8> as core[a373ad73a504971]::io::write::Write>::write_fmt
[INFO] [stdout]    3:     0x6304f674f686 - std[617be2ca0a6fd877]::panicking::default_hook::{closure#0}
[INFO] [stdout]    4:     0x6304f676b8b9 - std[617be2ca0a6fd877]::panicking::default_hook
[INFO] [stdout]    5:     0x6304f66d73c0 - test[aada8e7e76ba119b]::test_main_inner::{closure#0}
[INFO] [stdout]    6:     0x6304f676ba72 - std[617be2ca0a6fd877]::panicking::panic_with_hook
[INFO] [stdout]    7:     0x6304f674f732 - std[617be2ca0a6fd877]::panicking::panic_handler::{closure#0}
[INFO] [stdout]    8:     0x6304f6748289 - std[617be2ca0a6fd877]::sys::backtrace::__rust_end_short_backtrace::<std[617be2ca0a6fd877]::panicking::panic_handler::{closure#0}, !>
[INFO] [stdout]    9:     0x6304f675033d - __rustc[ea4f61d10b84890b]::rust_begin_unwind
[INFO] [stdout]   10:     0x6304f6788bac - core[a373ad73a504971]::panicking::panic_fmt
[INFO] [stdout]   11:     0x6304f6788982 - core[a373ad73a504971]::result::unwrap_failed
[INFO] [stdout]   12:     0x6304f66c576e - <reference[19421195e39b64b0]::markov_switching_matches_reference::{closure#0} as core[a373ad73a504971]::ops::function::FnOnce<()>>::call_once
[INFO] [stdout]   13:     0x6304f66ca80b - test[aada8e7e76ba119b]::__rust_begin_short_backtrace::<core[a373ad73a504971]::result::Result<(), alloc[2e1b2a31b91974c5]::string::String>, fn() -> core[a373ad73a504971]::result::Result<(), alloc[2e1b2a31b91974c5]::string::String>>
[INFO] [stdout]   14:     0x6304f66d79e5 - test[aada8e7e76ba119b]::run_test::{closure#0}
[INFO] [stdout]   15:     0x6304f66d12d4 - std[617be2ca0a6fd877]::sys::backtrace::__rust_begin_short_backtrace::<test[aada8e7e76ba119b]::run_test::{closure#1}, ()>
[INFO] [stdout]   16:     0x6304f66daa72 - <std[617be2ca0a6fd877]::thread::lifecycle::spawn_unchecked<test[aada8e7e76ba119b]::run_test::{closure#1}, ()>::{closure#1} as core[a373ad73a504971]::ops::function::FnOnce<()>>::call_once::{shim:vtable#0}
[INFO] [stdout]   17:     0x6304f6772a7f - <std[617be2ca0a6fd877]::sys::thread::unix::Thread>::new::thread_start
[INFO] [stdout]   18:     0x7c02864fedfa - <unknown>
[INFO] [stdout]   19:     0x7c02865923d4 - clone
[INFO] [stdout]   20:                0x0 - <unknown>
[INFO] [stdout] 
[INFO] [stdout] 
[INFO] [stdout] failures:
[INFO] [stdout]     markov_switching_matches_reference
[INFO] [stdout] 
[INFO] [stdout] test result: FAILED. 0 passed; 1 failed; 0 ignored; 0 measured; 0 filtered out; finished in 0.01s
[INFO] [stdout] 
[INFO] running `Command { std: "docker" "inspect" "93db1c7cce76a8c16d6f927a108d39051fe38e41e37e1cb0274a9395574a8de6", kill_on_drop: false }`
[INFO] running `Command { std: "docker" "rm" "-f" "93db1c7cce76a8c16d6f927a108d39051fe38e41e37e1cb0274a9395574a8de6", kill_on_drop: false }`
[INFO] [stdout] 93db1c7cce76a8c16d6f927a108d39051fe38e41e37e1cb0274a9395574a8de6
