[INFO] fetching crate solow-multivariate 0.7.4...
[INFO] testing solow-multivariate-0.7.4 against 1.99.0-beta.8+cargoflags=--release for beta-release-1.100-2
[INFO] extracting crate solow-multivariate 0.7.4 into /workspace/builds/worker-4-tc1/source
[INFO] started tweaking crates.io crate solow-multivariate 0.7.4
[INFO] removed 0 missing tests
[INFO] finished tweaking crates.io crate solow-multivariate 0.7.4
[INFO] tweaked toml for crates.io crate solow-multivariate 0.7.4 written to /workspace/builds/worker-4-tc1/source/Cargo.toml
[INFO] validating manifest of crates.io crate solow-multivariate 0.7.4 on toolchain 1.99.0-beta.8
[INFO] running `Command { std: CARGO_HOME="/workspace/cargo-home" RUSTUP_HOME="/workspace/rustup-home" "/workspace/cargo-home/bin/cargo" "+1.99.0-beta.8" "metadata" "--manifest-path" "Cargo.toml" "--no-deps", kill_on_drop: false }`
[INFO] crate crates.io crate solow-multivariate 0.7.4 already has a lockfile, it will not be regenerated
[INFO] running `Command { std: CARGO_HOME="/workspace/cargo-home" RUSTUP_HOME="/workspace/rustup-home" "/workspace/cargo-home/bin/cargo" "+1.99.0-beta.8" "fetch" "--manifest-path" "Cargo.toml", kill_on_drop: false }`
[INFO] [stderr]     Updating crates.io index
[INFO] [stderr]  Downloading crates ...
[INFO] [stderr]   Downloaded solow-linalg v0.7.4
[INFO] [stderr]   Downloaded solow-core v0.7.4
[INFO] [stderr]   Downloaded solow-distributions v0.7.4
[INFO] [stderr]   Downloaded portable-atomic-util v0.2.7
[INFO] running `Command { std: "docker" "create" "-v" "/var/lib/crater-agent-workspace/builds/worker-4-tc1/source:/opt/rustwide/workdir:ro,Z" "-v" "/var/lib/crater-agent-workspace/builds/worker-4-tc1/target:/opt/rustwide/target:rw,Z" "-v" "/var/lib/crater-agent-workspace/cargo-home:/opt/rustwide/cargo-home:ro,Z" "-v" "/var/lib/crater-agent-workspace/rustup-home:/opt/rustwide/rustup-home:ro,Z" "-m" "1610612736" "--network" "none" "ghcr.io/rust-lang/crates-build-env/linux@sha256:77db811e55d90add9212f6832c23229e3de5f1c1f9905e8cb07319ea15df73ac" "sleep" "infinity", kill_on_drop: false }`
[INFO] [stdout] bf8fe7f1cec8612b3c6a2cc6ecb6bdaed589307305ce4aa883403b7dcc54ec13
[INFO] running `Command { std: "docker" "start" "bf8fe7f1cec8612b3c6a2cc6ecb6bdaed589307305ce4aa883403b7dcc54ec13", kill_on_drop: false }`
[INFO] running `Command { std: "docker" "inspect" "bf8fe7f1cec8612b3c6a2cc6ecb6bdaed589307305ce4aa883403b7dcc54ec13", kill_on_drop: false }`
[INFO] running `Command { std: "docker" "exec" "-e" "SOURCE_DIR=/opt/rustwide/workdir" "-e" "CARGO_HOME=/opt/rustwide/cargo-home" "-e" "RUSTUP_HOME=/opt/rustwide/rustup-home" "-e" "CARGO_TARGET_DIR=/opt/rustwide/target" "-w" "/opt/rustwide/workdir" "--user" "0:0" "bf8fe7f1cec8612b3c6a2cc6ecb6bdaed589307305ce4aa883403b7dcc54ec13" "/opt/rustwide/cargo-home/bin/cargo" "+1.99.0-beta.8" "metadata" "--no-deps" "--format-version=1", kill_on_drop: false }`
[INFO] running `Command { std: "docker" "inspect" "bf8fe7f1cec8612b3c6a2cc6ecb6bdaed589307305ce4aa883403b7dcc54ec13", kill_on_drop: false }`
[INFO] running `Command { std: "docker" "exec" "-e" "SOURCE_DIR=/opt/rustwide/workdir" "-e" "CARGO_HOME=/opt/rustwide/cargo-home" "-e" "RUSTUP_HOME=/opt/rustwide/rustup-home" "-e" "CARGO_TARGET_DIR=/opt/rustwide/target" "-e" "CARGO_INCREMENTAL=0" "-e" "RUST_BACKTRACE=full" "-e" "RUSTFLAGS=--cap-lints=warn" "-e" "RUSTDOCFLAGS=--cap-lints=warn" "-w" "/opt/rustwide/workdir" "--user" "0:0" "bf8fe7f1cec8612b3c6a2cc6ecb6bdaed589307305ce4aa883403b7dcc54ec13" "/opt/rustwide/cargo-home/bin/cargo" "+1.99.0-beta.8" "build" "--frozen" "--message-format=json" "--release", kill_on_drop: false }`
[INFO] [stderr]    Compiling num-traits v0.2.19
[INFO] [stderr]    Compiling matrixmultiply v0.3.10
[INFO] [stderr]    Compiling syn v2.0.118
[INFO] [stderr]    Compiling num-complex v0.4.6
[INFO] [stderr]    Compiling num-integer v0.1.46
[INFO] [stderr]    Compiling ndarray v0.16.1
[INFO] [stderr]    Compiling thiserror-impl v2.0.18
[INFO] [stderr]    Compiling thiserror v2.0.18
[INFO] [stderr]    Compiling solow-core v0.7.4
[INFO] [stderr]    Compiling solow-distributions v0.7.4
[INFO] [stderr]    Compiling solow-linalg v0.7.4
[INFO] [stderr]    Compiling solow-multivariate v0.7.4 (/opt/rustwide/workdir)
[INFO] [stderr]     Finished `release` profile [optimized] target(s) in 14.29s
[INFO] running `Command { std: "docker" "inspect" "bf8fe7f1cec8612b3c6a2cc6ecb6bdaed589307305ce4aa883403b7dcc54ec13", kill_on_drop: false }`
[INFO] running `Command { std: "docker" "exec" "-e" "SOURCE_DIR=/opt/rustwide/workdir" "-e" "CARGO_HOME=/opt/rustwide/cargo-home" "-e" "RUSTUP_HOME=/opt/rustwide/rustup-home" "-e" "CARGO_TARGET_DIR=/opt/rustwide/target" "-e" "CARGO_INCREMENTAL=0" "-e" "RUST_BACKTRACE=full" "-e" "RUSTFLAGS=--cap-lints=warn" "-e" "RUSTDOCFLAGS=--cap-lints=warn" "-w" "/opt/rustwide/workdir" "--user" "0:0" "bf8fe7f1cec8612b3c6a2cc6ecb6bdaed589307305ce4aa883403b7dcc54ec13" "/opt/rustwide/cargo-home/bin/cargo" "+1.99.0-beta.8" "test" "--frozen" "--no-run" "--message-format=json" "--release", kill_on_drop: false }`
[INFO] [stderr]    Compiling serde_json v1.0.150
[INFO] [stderr]    Compiling memchr v2.8.2
[INFO] [stderr]    Compiling approx v0.5.1
[INFO] [stderr]    Compiling solow-multivariate v0.7.4 (/opt/rustwide/workdir)
[INFO] [stderr]     Finished `release` profile [optimized] target(s) in 7.65s
[INFO] running `Command { std: "docker" "inspect" "bf8fe7f1cec8612b3c6a2cc6ecb6bdaed589307305ce4aa883403b7dcc54ec13", kill_on_drop: false }`
[INFO] running `Command { std: "docker" "exec" "-e" "SOURCE_DIR=/opt/rustwide/workdir" "-e" "CARGO_HOME=/opt/rustwide/cargo-home" "-e" "RUSTUP_HOME=/opt/rustwide/rustup-home" "-e" "CARGO_TARGET_DIR=/opt/rustwide/target" "-e" "CARGO_INCREMENTAL=0" "-e" "RUST_BACKTRACE=full" "-e" "RUSTFLAGS=--cap-lints=warn" "-e" "RUSTDOCFLAGS=--cap-lints=warn" "-w" "/opt/rustwide/workdir" "--user" "0:0" "bf8fe7f1cec8612b3c6a2cc6ecb6bdaed589307305ce4aa883403b7dcc54ec13" "/opt/rustwide/cargo-home/bin/cargo" "+1.99.0-beta.8" "test" "--frozen" "--release", kill_on_drop: false }`
[INFO] [stderr]     Finished `release` profile [optimized] target(s) in 0.04s
[INFO] [stderr]      Running unittests src/lib.rs (/opt/rustwide/target/release/deps/solow_multivariate-79fd3f7cdd58ae2a)
[INFO] [stdout] 
[INFO] [stdout] running 19 tests
[INFO] [stdout] test factor::tests::eigenvals_descending ... ok
[INFO] [stdout] test factor::tests::from_data_matches_corr_construction ... ok
[INFO] [stdout] test rotation::tests::promax_consistent ... ok
[INFO] [stdout] test factor::tests::loadings_reproduce_communalities ... ok
[INFO] [stdout] test pca::tests::explained_variance_sums_to_one_full_rank ... ok
[INFO] [stdout] test pca::tests::reconstruction_recovers_data_full_rank ... ok
[INFO] [stdout] test manova::tests::rejects_single_dependent_variable ... ok
[INFO] [stdout] test pca::tests::rsquare_monotone_and_full ... ok
[INFO] [stdout] test pca::tests::standardize_demeans_and_scales ... ok
[INFO] [stdout] test rotation::tests::oblimin_defaults_to_quartimin ... ok
[INFO] [stdout] test rotation::tests::quartimax_runs ... ok
[INFO] [stdout] test pca::tests::eigenvals_descending ... ok
[INFO] [stdout] test pca::tests::no_standardize_no_demean ... ok
[INFO] [stdout] test rotation::tests::quartimin_is_oblique_consistent ... ok
[INFO] [stdout] test cancorr::tests::cancorr_in_unit_interval_descending ... ok
[INFO] [stdout] test factor::tests::communality_plus_uniqueness_is_one ... ok
[INFO] [stdout] test rotation::tests::varimax_is_orthogonal_and_consistent ... ok
[INFO] [stdout] test manova::tests::two_group_two_dv_runs ... ok
[INFO] [stderr]      Running tests/reference.rs (/opt/rustwide/target/release/deps/reference-9bb3b4de63b2cae9)
[INFO] [stdout] test rotation::tests::unknown_method_errs ... ok
[INFO] [stdout] 
[INFO] [stdout] test result: ok. 19 passed; 0 failed; 0 ignored; 0 measured; 0 filtered out; finished in 0.10s
[INFO] [stdout] 
[INFO] [stdout] 
[INFO] [stdout] running 1 test
[INFO] [stderr] error: test failed, to rerun pass `--test reference`
[INFO] [stdout] test pca_matches_reference ... FAILED
[INFO] [stdout] 
[INFO] [stdout] failures:
[INFO] [stdout] 
[INFO] [stdout] ---- pca_matches_reference stdout ----
[INFO] [stdout] 
[INFO] [stdout] thread 'pca_matches_reference' (597) panicked at tests/reference.rs:15:31:
[INFO] [stdout] fixture present (run tools/reference/gen_multivariate.py): Os { code: 2, kind: NotFound, message: "No such file or directory" }
[INFO] [stdout] stack backtrace:
[INFO] [stdout]    0:     0x593503eb4581 - <<std[70759c8f55707aa4]::sys::backtrace::BacktraceLock>::print::DisplayBacktrace as core[df12db4294e9bfd3]::fmt::Display>::fmt
[INFO] [stdout]    1:     0x593503ec994a - core[df12db4294e9bfd3]::fmt::write
[INFO] [stdout]    2:     0x593503eb8acc - <alloc[2182bb758b4b3781]::vec::Vec<u8> as core[df12db4294e9bfd3]::io::write::Write>::write_fmt
[INFO] [stdout]    3:     0x593503e90806 - std[70759c8f55707aa4]::panicking::default_hook::{closure#0}
[INFO] [stdout]    4:     0x593503eac979 - std[70759c8f55707aa4]::panicking::default_hook
[INFO] [stdout]    5:     0x593503e2fd90 - test[9d35eded1c95d3be]::test_main_inner::<test[9d35eded1c95d3be]::test_main_static::{closure#0}>::{closure#0}
[INFO] [stdout]    6:     0x593503eacb32 - std[70759c8f55707aa4]::panicking::panic_with_hook
[INFO] [stdout]    7:     0x593503e908b2 - std[70759c8f55707aa4]::panicking::panic_handler::{closure#0}
[INFO] [stdout]    8:     0x593503e89479 - std[70759c8f55707aa4]::sys::backtrace::__rust_end_short_backtrace::<std[70759c8f55707aa4]::panicking::panic_handler::{closure#0}, !>
[INFO] [stdout]    9:     0x593503e914ad - __rustc[8fa7c3cbc660c2b3]::rust_begin_unwind
[INFO] [stdout]   10:     0x593503eca07c - core[df12db4294e9bfd3]::panicking::panic_fmt
[INFO] [stdout]   11:     0x593503ec9e52 - core[df12db4294e9bfd3]::result::unwrap_failed
[INFO] [stdout]   12:     0x593503e22bbb - <reference[5c4edeedc1afe19d]::pca_matches_reference::{closure#0} as core[df12db4294e9bfd3]::ops::function::FnOnce<()>>::call_once
[INFO] [stdout]   13:     0x593503e2307b - test[9d35eded1c95d3be]::__rust_begin_short_backtrace::<core[df12db4294e9bfd3]::result::Result<(), alloc[2182bb758b4b3781]::string::String>, fn() -> core[df12db4294e9bfd3]::result::Result<(), alloc[2182bb758b4b3781]::string::String>>
[INFO] [stdout]   14:     0x593503e306e5 - test[9d35eded1c95d3be]::run_test::{closure#0}
[INFO] [stdout]   15:     0x593503e29fa4 - std[70759c8f55707aa4]::sys::backtrace::__rust_begin_short_backtrace::<test[9d35eded1c95d3be]::run_test::{closure#1}, ()>
[INFO] [stdout]   16:     0x593503e33842 - <std[70759c8f55707aa4]::thread::lifecycle::spawn_unchecked<test[9d35eded1c95d3be]::run_test::{closure#1}, ()>::{closure#1} as core[df12db4294e9bfd3]::ops::function::FnOnce<()>>::call_once::{shim:vtable#0}
[INFO] [stdout]   17:     0x593503eb3ae9 - <std[70759c8f55707aa4]::sys::thread::unix::Thread>::new::thread_start
[INFO] [stdout]   18:     0x764f3d92adfa - <unknown>
[INFO] [stdout]   19:     0x764f3d9be3d4 - clone
[INFO] [stdout]   20:                0x0 - <unknown>
[INFO] [stdout] 
[INFO] [stdout] 
[INFO] [stdout] failures:
[INFO] [stdout]     pca_matches_reference
[INFO] [stdout] 
[INFO] [stdout] test result: FAILED. 0 passed; 1 failed; 0 ignored; 0 measured; 0 filtered out; finished in 0.01s
[INFO] [stdout] 
[INFO] running `Command { std: "docker" "inspect" "bf8fe7f1cec8612b3c6a2cc6ecb6bdaed589307305ce4aa883403b7dcc54ec13", kill_on_drop: false }`
[INFO] running `Command { std: "docker" "rm" "-f" "bf8fe7f1cec8612b3c6a2cc6ecb6bdaed589307305ce4aa883403b7dcc54ec13", kill_on_drop: false }`
[INFO] [stdout] bf8fe7f1cec8612b3c6a2cc6ecb6bdaed589307305ce4aa883403b7dcc54ec13
