[INFO] fetching crate solow-gam 0.7.4...
[INFO] testing solow-gam-0.7.4 against 1.99.0-beta.8+cargoflags=--release for beta-release-1.100-2
[INFO] extracting crate solow-gam 0.7.4 into /workspace/builds/worker-1-tc1/source
[INFO] started tweaking crates.io crate solow-gam 0.7.4
[INFO] removed 0 missing tests
[INFO] finished tweaking crates.io crate solow-gam 0.7.4
[INFO] tweaked toml for crates.io crate solow-gam 0.7.4 written to /workspace/builds/worker-1-tc1/source/Cargo.toml
[INFO] validating manifest of crates.io crate solow-gam 0.7.4 on toolchain 1.99.0-beta.8
[INFO] running `Command { std: CARGO_HOME="/workspace/cargo-home" RUSTUP_HOME="/workspace/rustup-home" "/workspace/cargo-home/bin/cargo" "+1.99.0-beta.8" "metadata" "--manifest-path" "Cargo.toml" "--no-deps", kill_on_drop: false }`
[INFO] crate crates.io crate solow-gam 0.7.4 already has a lockfile, it will not be regenerated
[INFO] running `Command { std: CARGO_HOME="/workspace/cargo-home" RUSTUP_HOME="/workspace/rustup-home" "/workspace/cargo-home/bin/cargo" "+1.99.0-beta.8" "fetch" "--manifest-path" "Cargo.toml", kill_on_drop: false }`
[INFO] [stderr]     Updating crates.io index
[INFO] [stderr]  Downloading crates ...
[INFO] [stderr]   Downloaded solow-regression v0.7.4
[INFO] [stderr]   Downloaded solow-core v0.7.4
[INFO] [stderr]   Downloaded solow-distributions v0.7.4
[INFO] [stderr]   Downloaded solow-linalg v0.7.4
[INFO] [stderr]   Downloaded solow-glm v0.7.4
[INFO] running `Command { std: "docker" "create" "-v" "/var/lib/crater-agent-workspace/builds/worker-1-tc1/source:/opt/rustwide/workdir:ro,Z" "-v" "/var/lib/crater-agent-workspace/builds/worker-1-tc1/target:/opt/rustwide/target:rw,Z" "-v" "/var/lib/crater-agent-workspace/cargo-home:/opt/rustwide/cargo-home:ro,Z" "-v" "/var/lib/crater-agent-workspace/rustup-home:/opt/rustwide/rustup-home:ro,Z" "-m" "1610612736" "--network" "none" "ghcr.io/rust-lang/crates-build-env/linux@sha256:77db811e55d90add9212f6832c23229e3de5f1c1f9905e8cb07319ea15df73ac" "sleep" "infinity", kill_on_drop: false }`
[INFO] [stdout] 664ab6b8ed5a133296d6be1613ab1886284047e2248fbce2807c237f7ab83b25
[INFO] running `Command { std: "docker" "start" "664ab6b8ed5a133296d6be1613ab1886284047e2248fbce2807c237f7ab83b25", kill_on_drop: false }`
[INFO] running `Command { std: "docker" "inspect" "664ab6b8ed5a133296d6be1613ab1886284047e2248fbce2807c237f7ab83b25", kill_on_drop: false }`
[INFO] running `Command { std: "docker" "exec" "-e" "SOURCE_DIR=/opt/rustwide/workdir" "-e" "CARGO_HOME=/opt/rustwide/cargo-home" "-e" "RUSTUP_HOME=/opt/rustwide/rustup-home" "-e" "CARGO_TARGET_DIR=/opt/rustwide/target" "-w" "/opt/rustwide/workdir" "--user" "0:0" "664ab6b8ed5a133296d6be1613ab1886284047e2248fbce2807c237f7ab83b25" "/opt/rustwide/cargo-home/bin/cargo" "+1.99.0-beta.8" "metadata" "--no-deps" "--format-version=1", kill_on_drop: false }`
[INFO] running `Command { std: "docker" "inspect" "664ab6b8ed5a133296d6be1613ab1886284047e2248fbce2807c237f7ab83b25", kill_on_drop: false }`
[INFO] running `Command { std: "docker" "exec" "-e" "SOURCE_DIR=/opt/rustwide/workdir" "-e" "CARGO_HOME=/opt/rustwide/cargo-home" "-e" "RUSTUP_HOME=/opt/rustwide/rustup-home" "-e" "CARGO_TARGET_DIR=/opt/rustwide/target" "-e" "CARGO_INCREMENTAL=0" "-e" "RUST_BACKTRACE=full" "-e" "RUSTFLAGS=--cap-lints=warn" "-e" "RUSTDOCFLAGS=--cap-lints=warn" "-w" "/opt/rustwide/workdir" "--user" "0:0" "664ab6b8ed5a133296d6be1613ab1886284047e2248fbce2807c237f7ab83b25" "/opt/rustwide/cargo-home/bin/cargo" "+1.99.0-beta.8" "build" "--frozen" "--message-format=json" "--release", kill_on_drop: false }`
[INFO] [stderr]    Compiling matrixmultiply v0.3.10
[INFO] [stderr]    Compiling syn v2.0.118
[INFO] [stderr]    Compiling num-complex v0.4.6
[INFO] [stderr]    Compiling num-integer v0.1.46
[INFO] [stderr]    Compiling ndarray v0.16.1
[INFO] [stderr]    Compiling thiserror-impl v2.0.18
[INFO] [stderr]    Compiling thiserror v2.0.18
[INFO] [stderr]    Compiling solow-core v0.7.4
[INFO] [stderr]    Compiling solow-linalg v0.7.4
[INFO] [stderr]    Compiling solow-distributions v0.7.4
[INFO] [stderr]    Compiling solow-glm v0.7.4
[INFO] [stderr]    Compiling solow-regression v0.7.4
[INFO] [stderr]    Compiling solow-gam v0.7.4 (/opt/rustwide/workdir)
[INFO] [stderr]     Finished `release` profile [optimized] target(s) in 20.83s
[INFO] running `Command { std: "docker" "inspect" "664ab6b8ed5a133296d6be1613ab1886284047e2248fbce2807c237f7ab83b25", kill_on_drop: false }`
[INFO] running `Command { std: "docker" "exec" "-e" "SOURCE_DIR=/opt/rustwide/workdir" "-e" "CARGO_HOME=/opt/rustwide/cargo-home" "-e" "RUSTUP_HOME=/opt/rustwide/rustup-home" "-e" "CARGO_TARGET_DIR=/opt/rustwide/target" "-e" "CARGO_INCREMENTAL=0" "-e" "RUST_BACKTRACE=full" "-e" "RUSTFLAGS=--cap-lints=warn" "-e" "RUSTDOCFLAGS=--cap-lints=warn" "-w" "/opt/rustwide/workdir" "--user" "0:0" "664ab6b8ed5a133296d6be1613ab1886284047e2248fbce2807c237f7ab83b25" "/opt/rustwide/cargo-home/bin/cargo" "+1.99.0-beta.8" "test" "--frozen" "--no-run" "--message-format=json" "--release", kill_on_drop: false }`
[INFO] [stderr]    Compiling serde_core v1.0.228
[INFO] [stderr]    Compiling approx v0.5.1
[INFO] [stderr]    Compiling serde_json v1.0.150
[INFO] [stderr]    Compiling solow-gam v0.7.4 (/opt/rustwide/workdir)
[INFO] [stderr]     Finished `release` profile [optimized] target(s) in 9.66s
[INFO] running `Command { std: "docker" "inspect" "664ab6b8ed5a133296d6be1613ab1886284047e2248fbce2807c237f7ab83b25", kill_on_drop: false }`
[INFO] running `Command { std: "docker" "exec" "-e" "SOURCE_DIR=/opt/rustwide/workdir" "-e" "CARGO_HOME=/opt/rustwide/cargo-home" "-e" "RUSTUP_HOME=/opt/rustwide/rustup-home" "-e" "CARGO_TARGET_DIR=/opt/rustwide/target" "-e" "CARGO_INCREMENTAL=0" "-e" "RUST_BACKTRACE=full" "-e" "RUSTFLAGS=--cap-lints=warn" "-e" "RUSTDOCFLAGS=--cap-lints=warn" "-w" "/opt/rustwide/workdir" "--user" "0:0" "664ab6b8ed5a133296d6be1613ab1886284047e2248fbce2807c237f7ab83b25" "/opt/rustwide/cargo-home/bin/cargo" "+1.99.0-beta.8" "test" "--frozen" "--release", kill_on_drop: false }`
[INFO] [stderr]     Finished `release` profile [optimized] target(s) in 0.06s
[INFO] [stderr]      Running unittests src/lib.rs (/opt/rustwide/target/release/deps/solow_gam-02c1f2db5b3a0980)
[INFO] [stdout] 
[INFO] [stdout] running 12 tests
[INFO] [stdout] test cyclic::tests::knot_count_and_basis_shape ... ok
[INFO] [stdout] test cyclic::tests::penalty_symmetric_psd ... ok
[INFO] [stdout] test bspline::tests::penalty_is_symmetric_psd ... ok
[INFO] [stdout] test gam::tests::gaussian_unpenalized_is_close_to_basis_fit ... ok
[INFO] [stdout] test gam::tests::larger_alpha_reduces_edf ... ok
[INFO] [stdout] test gam::tests::poisson_fit_converges_positive_mean ... ok
[INFO] [stdout] test gam_ext::tests::canonical_log_matches_expected_edf_for_poisson ... ok
[INFO] [stdout] test gam_ext::tests::gaussian_log_converges_positive ... ok
[INFO] [stdout] test bspline::tests::quantile_matches_numpy_linear ... ok
[INFO] [stdout] test bspline::tests::knot_multiplicity_and_count ... ok
[INFO] [stdout] test bspline::tests::basis_partition_of_unity_with_constant ... ok
[INFO] [stdout] test cyclic::tests::map_cyclic_wraps ... ok
[INFO] [stdout] 
[INFO] [stdout] test result: ok. 12 passed; 0 failed; 0 ignored; 0 measured; 0 filtered out; finished in 0.01s
[INFO] [stdout] 
[INFO] [stderr]      Running tests/reference.rs (/opt/rustwide/target/release/deps/reference-14e006388c083422)
[INFO] [stdout] 
[INFO] [stdout] running 1 test
[INFO] [stdout] test gam_matches_reference ... FAILED
[INFO] [stdout] 
[INFO] [stdout] failures:
[INFO] [stdout] 
[INFO] [stdout] ---- gam_matches_reference stdout ----
[INFO] [stdout] 
[INFO] [stdout] thread 'gam_matches_reference' (546) panicked at tests/reference.rs:12:35:
[INFO] [stdout] fixture present (run tools/reference/gen_gam.py): Os { code: 2, kind: NotFound, message: "No such file or directory" }
[INFO] [stdout] stack backtrace:
[INFO] [stdout]    0:     0x5cb419656f91 - <<std[70759c8f55707aa4]::sys::backtrace::BacktraceLock>::print::DisplayBacktrace as core[df12db4294e9bfd3]::fmt::Display>::fmt
[INFO] [stdout]    1:     0x5cb41966c35a - core[df12db4294e9bfd3]::fmt::write
[INFO] [stdout]    2:     0x5cb41965b4dc - <alloc[2182bb758b4b3781]::vec::Vec<u8> as core[df12db4294e9bfd3]::io::write::Write>::write_fmt
[INFO] [stdout]    3:     0x5cb419633216 - std[70759c8f55707aa4]::panicking::default_hook::{closure#0}
[INFO] [stdout]    4:     0x5cb41964f389 - std[70759c8f55707aa4]::panicking::default_hook
[INFO] [stdout]    5:     0x5cb4195cd0a0 - test[9d35eded1c95d3be]::test_main_inner::<test[9d35eded1c95d3be]::test_main_static::{closure#0}>::{closure#0}
[INFO] [stdout]    6:     0x5cb41964f542 - std[70759c8f55707aa4]::panicking::panic_with_hook
[INFO] [stdout]    7:     0x5cb4196332c2 - std[70759c8f55707aa4]::panicking::panic_handler::{closure#0}
[INFO] [stdout]    8:     0x5cb41962be89 - std[70759c8f55707aa4]::sys::backtrace::__rust_end_short_backtrace::<std[70759c8f55707aa4]::panicking::panic_handler::{closure#0}, !>
[INFO] [stdout]    9:     0x5cb419633ebd - __rustc[8fa7c3cbc660c2b3]::rust_begin_unwind
[INFO] [stdout]   10:     0x5cb41966ca8c - core[df12db4294e9bfd3]::panicking::panic_fmt
[INFO] [stdout]   11:     0x5cb41966c862 - core[df12db4294e9bfd3]::result::unwrap_failed
[INFO] [stdout]   12:     0x5cb4195c00b5 - <reference[8a0d7e393c78e518]::gam_matches_reference::{closure#0} as core[df12db4294e9bfd3]::ops::function::FnOnce<()>>::call_once
[INFO] [stdout]   13:     0x5cb4195c038b - test[9d35eded1c95d3be]::__rust_begin_short_backtrace::<core[df12db4294e9bfd3]::result::Result<(), alloc[2182bb758b4b3781]::string::String>, fn() -> core[df12db4294e9bfd3]::result::Result<(), alloc[2182bb758b4b3781]::string::String>>
[INFO] [stdout]   14:     0x5cb4195cd9f5 - test[9d35eded1c95d3be]::run_test::{closure#0}
[INFO] [stdout]   15:     0x5cb4195c72b4 - std[70759c8f55707aa4]::sys::backtrace::__rust_begin_short_backtrace::<test[9d35eded1c95d3be]::run_test::{closure#1}, ()>
[INFO] [stdout]   16:     0x5cb4195d0b52 - <std[70759c8f55707aa4]::thread::lifecycle::spawn_unchecked<test[9d35eded1c95d3be]::run_test::{closure#1}, ()>::{closure#1} as core[df12db4294e9bfd3]::ops::function::FnOnce<()>>::call_once::{shim:vtable#0}
[INFO] [stdout]   17:     0x5cb4196564f9 - <std[70759c8f55707aa4]::sys::thread::unix::Thread>::new::thread_start
[INFO] [stdout]   18:     0x7e633d549dfa - <unknown>
[INFO] [stdout]   19:     0x7e633d5dd3d4 - clone
[INFO] [stdout]   20:                0x0 - <unknown>
[INFO] [stdout] 
[INFO] [stdout] 
[INFO] [stdout] failures:
[INFO] [stdout]     gam_matches_reference
[INFO] [stdout] 
[INFO] [stdout] test result: FAILED. 0 passed; 1 failed; 0 ignored; 0 measured; 0 filtered out; finished in 0.00s
[INFO] [stdout] 
[INFO] [stderr] error: test failed, to rerun pass `--test reference`
[INFO] running `Command { std: "docker" "inspect" "664ab6b8ed5a133296d6be1613ab1886284047e2248fbce2807c237f7ab83b25", kill_on_drop: false }`
[INFO] running `Command { std: "docker" "rm" "-f" "664ab6b8ed5a133296d6be1613ab1886284047e2248fbce2807c237f7ab83b25", kill_on_drop: false }`
[INFO] [stdout] 664ab6b8ed5a133296d6be1613ab1886284047e2248fbce2807c237f7ab83b25
