[INFO] fetching crate solow-decomposition 0.7.4...
[INFO] testing solow-decomposition-0.7.4 against 1.99.0-beta.8+cargoflags=--release for beta-release-1.100-2
[INFO] extracting crate solow-decomposition 0.7.4 into /workspace/builds/worker-5-tc1/source
[INFO] started tweaking crates.io crate solow-decomposition 0.7.4
[INFO] removed 0 missing tests
[INFO] finished tweaking crates.io crate solow-decomposition 0.7.4
[INFO] tweaked toml for crates.io crate solow-decomposition 0.7.4 written to /workspace/builds/worker-5-tc1/source/Cargo.toml
[INFO] validating manifest of crates.io crate solow-decomposition 0.7.4 on toolchain 1.99.0-beta.8
[INFO] running `Command { std: CARGO_HOME="/workspace/cargo-home" RUSTUP_HOME="/workspace/rustup-home" "/workspace/cargo-home/bin/cargo" "+1.99.0-beta.8" "metadata" "--manifest-path" "Cargo.toml" "--no-deps", kill_on_drop: false }`
[INFO] crate crates.io crate solow-decomposition 0.7.4 already has a lockfile, it will not be regenerated
[INFO] running `Command { std: CARGO_HOME="/workspace/cargo-home" RUSTUP_HOME="/workspace/rustup-home" "/workspace/cargo-home/bin/cargo" "+1.99.0-beta.8" "fetch" "--manifest-path" "Cargo.toml", kill_on_drop: false }`
[INFO] [stderr]     Updating crates.io index
[INFO] [stderr]  Downloading crates ...
[INFO] [stderr]   Downloaded solow-core v0.7.4
[INFO] [stderr]   Downloaded solow-linalg v0.7.4
[INFO] [stderr]   Downloaded solow-manifold v0.7.4
[INFO] running `Command { std: "docker" "create" "-v" "/var/lib/crater-agent-workspace/builds/worker-5-tc1/source:/opt/rustwide/workdir:ro,Z" "-v" "/var/lib/crater-agent-workspace/builds/worker-5-tc1/target:/opt/rustwide/target:rw,Z" "-v" "/var/lib/crater-agent-workspace/cargo-home:/opt/rustwide/cargo-home:ro,Z" "-v" "/var/lib/crater-agent-workspace/rustup-home:/opt/rustwide/rustup-home:ro,Z" "-m" "1610612736" "--network" "none" "ghcr.io/rust-lang/crates-build-env/linux@sha256:77db811e55d90add9212f6832c23229e3de5f1c1f9905e8cb07319ea15df73ac" "sleep" "infinity", kill_on_drop: false }`
[INFO] [stdout] 4b7880fb2d1d55f228b4b64efb2f8dba4876deb139b00e2d091ca80cdaed22a1
[INFO] running `Command { std: "docker" "start" "4b7880fb2d1d55f228b4b64efb2f8dba4876deb139b00e2d091ca80cdaed22a1", kill_on_drop: false }`
[INFO] running `Command { std: "docker" "inspect" "4b7880fb2d1d55f228b4b64efb2f8dba4876deb139b00e2d091ca80cdaed22a1", kill_on_drop: false }`
[INFO] running `Command { std: "docker" "exec" "-e" "SOURCE_DIR=/opt/rustwide/workdir" "-e" "CARGO_HOME=/opt/rustwide/cargo-home" "-e" "RUSTUP_HOME=/opt/rustwide/rustup-home" "-e" "CARGO_TARGET_DIR=/opt/rustwide/target" "-w" "/opt/rustwide/workdir" "--user" "0:0" "4b7880fb2d1d55f228b4b64efb2f8dba4876deb139b00e2d091ca80cdaed22a1" "/opt/rustwide/cargo-home/bin/cargo" "+1.99.0-beta.8" "metadata" "--no-deps" "--format-version=1", kill_on_drop: false }`
[INFO] running `Command { std: "docker" "inspect" "4b7880fb2d1d55f228b4b64efb2f8dba4876deb139b00e2d091ca80cdaed22a1", kill_on_drop: false }`
[INFO] running `Command { std: "docker" "exec" "-e" "SOURCE_DIR=/opt/rustwide/workdir" "-e" "CARGO_HOME=/opt/rustwide/cargo-home" "-e" "RUSTUP_HOME=/opt/rustwide/rustup-home" "-e" "CARGO_TARGET_DIR=/opt/rustwide/target" "-e" "CARGO_INCREMENTAL=0" "-e" "RUST_BACKTRACE=full" "-e" "RUSTFLAGS=--cap-lints=warn" "-e" "RUSTDOCFLAGS=--cap-lints=warn" "-w" "/opt/rustwide/workdir" "--user" "0:0" "4b7880fb2d1d55f228b4b64efb2f8dba4876deb139b00e2d091ca80cdaed22a1" "/opt/rustwide/cargo-home/bin/cargo" "+1.99.0-beta.8" "build" "--frozen" "--message-format=json" "--release", kill_on_drop: false }`
[INFO] [stderr]    Compiling matrixmultiply v0.3.10
[INFO] [stderr]    Compiling rawpointer v0.2.1
[INFO] [stderr]    Compiling num-traits v0.2.19
[INFO] [stderr]    Compiling syn v2.0.118
[INFO] [stderr]    Compiling num-complex v0.4.6
[INFO] [stderr]    Compiling num-integer v0.1.46
[INFO] [stderr]    Compiling ndarray v0.16.1
[INFO] [stderr]    Compiling thiserror-impl v2.0.18
[INFO] [stderr]    Compiling thiserror v2.0.18
[INFO] [stderr]    Compiling solow-core v0.7.4
[INFO] [stderr]    Compiling solow-linalg v0.7.4
[INFO] [stderr]    Compiling solow-manifold v0.7.4
[INFO] [stderr]    Compiling solow-decomposition v0.7.4 (/opt/rustwide/workdir)
[INFO] [stderr]     Finished `release` profile [optimized] target(s) in 13.93s
[INFO] running `Command { std: "docker" "inspect" "4b7880fb2d1d55f228b4b64efb2f8dba4876deb139b00e2d091ca80cdaed22a1", kill_on_drop: false }`
[INFO] running `Command { std: "docker" "exec" "-e" "SOURCE_DIR=/opt/rustwide/workdir" "-e" "CARGO_HOME=/opt/rustwide/cargo-home" "-e" "RUSTUP_HOME=/opt/rustwide/rustup-home" "-e" "CARGO_TARGET_DIR=/opt/rustwide/target" "-e" "CARGO_INCREMENTAL=0" "-e" "RUST_BACKTRACE=full" "-e" "RUSTFLAGS=--cap-lints=warn" "-e" "RUSTDOCFLAGS=--cap-lints=warn" "-w" "/opt/rustwide/workdir" "--user" "0:0" "4b7880fb2d1d55f228b4b64efb2f8dba4876deb139b00e2d091ca80cdaed22a1" "/opt/rustwide/cargo-home/bin/cargo" "+1.99.0-beta.8" "test" "--frozen" "--no-run" "--message-format=json" "--release", kill_on_drop: false }`
[INFO] [stderr]    Compiling serde_core v1.0.228
[INFO] [stderr]    Compiling memchr v2.8.2
[INFO] [stderr]    Compiling approx v0.5.1
[INFO] [stderr]    Compiling serde_json v1.0.150
[INFO] [stderr]    Compiling solow-decomposition v0.7.4 (/opt/rustwide/workdir)
[INFO] [stderr]     Finished `release` profile [optimized] target(s) in 8.96s
[INFO] running `Command { std: "docker" "inspect" "4b7880fb2d1d55f228b4b64efb2f8dba4876deb139b00e2d091ca80cdaed22a1", kill_on_drop: false }`
[INFO] running `Command { std: "docker" "exec" "-e" "SOURCE_DIR=/opt/rustwide/workdir" "-e" "CARGO_HOME=/opt/rustwide/cargo-home" "-e" "RUSTUP_HOME=/opt/rustwide/rustup-home" "-e" "CARGO_TARGET_DIR=/opt/rustwide/target" "-e" "CARGO_INCREMENTAL=0" "-e" "RUST_BACKTRACE=full" "-e" "RUSTFLAGS=--cap-lints=warn" "-e" "RUSTDOCFLAGS=--cap-lints=warn" "-w" "/opt/rustwide/workdir" "--user" "0:0" "4b7880fb2d1d55f228b4b64efb2f8dba4876deb139b00e2d091ca80cdaed22a1" "/opt/rustwide/cargo-home/bin/cargo" "+1.99.0-beta.8" "test" "--frozen" "--release", kill_on_drop: false }`
[INFO] [stderr]     Finished `release` profile [optimized] target(s) in 0.03s
[INFO] [stderr]      Running unittests src/lib.rs (/opt/rustwide/target/release/deps/solow_decomposition-bf3c887a7bdcff7e)
[INFO] [stdout] 
[INFO] [stdout] running 12 tests
[INFO] [stdout] test ica::tests::fast_ica_runs_on_small_input ... ok
[INFO] [stdout] test dictionary_learning::tests::dict_learning_returns_dict_of_the_right_shape ... ok
[INFO] [stdout] test incremental_pca::tests::ipca_returns_components_of_the_right_shape ... ok
[INFO] [stdout] test truncated_svd::tests::tsvd_returns_ordered_singular_values ... ok
[INFO] [stderr]      Running tests/reference_fixtures.rs (/opt/rustwide/target/release/deps/reference_fixtures-abf44e7d6c5efe58)
[INFO] [stdout] test random_projection::tests::jl_min_dim_grows_logarithmically_with_n_samples ... ok
[INFO] [stdout] test random_projection::tests::gaussian_random_projection_is_deterministic_at_a_seed ... ok
[INFO] [stdout] test random_projection::tests::sparse_random_projection_produces_a_projection_with_the_expected_shape ... ok
[INFO] [stdout] test sparse_pca::tests::sparse_pca_returns_the_right_shape ... ok
[INFO] [stdout] test minibatch_dict::tests::minibatch_dict_learning_returns_dict_of_the_right_shape ... ok
[INFO] [stdout] test kernel_pca::tests::kernel_pca_linear_recovers_pca_directions_up_to_sign ... ok
[INFO] [stdout] test nmf::tests::nmf_reduces_reconstruction_error ... ok
[INFO] [stdout] test minibatch_nmf::tests::minibatch_nmf_reduces_reconstruction_error ... ok
[INFO] [stdout] 
[INFO] [stdout] test result: ok. 12 passed; 0 failed; 0 ignored; 0 measured; 0 filtered out; finished in 0.01s
[INFO] [stdout] 
[INFO] [stdout] 
[INFO] [stdout] running 1 test
[INFO] [stderr] error: test failed, to rerun pass `--test reference_fixtures`
[INFO] [stdout] test truncated_svd_singular_values_match_reference_close ... FAILED
[INFO] [stdout] 
[INFO] [stdout] failures:
[INFO] [stdout] 
[INFO] [stdout] ---- truncated_svd_singular_values_match_reference_close stdout ----
[INFO] [stdout] 
[INFO] [stdout] thread 'truncated_svd_singular_values_match_reference_close' (528) panicked at tests/reference_fixtures.rs:16:42:
[INFO] [stdout] called `Result::unwrap()` on an `Err` value: Os { code: 2, kind: NotFound, message: "No such file or directory" }
[INFO] [stdout] stack backtrace:
[INFO] [stdout]    0:     0x60819be47561 - <<std[70759c8f55707aa4]::sys::backtrace::BacktraceLock>::print::DisplayBacktrace as core[df12db4294e9bfd3]::fmt::Display>::fmt
[INFO] [stdout]    1:     0x60819be5bf5a - core[df12db4294e9bfd3]::fmt::write
[INFO] [stdout]    2:     0x60819be4baac - <alloc[2182bb758b4b3781]::vec::Vec<u8> as core[df12db4294e9bfd3]::io::write::Write>::write_fmt
[INFO] [stdout]    3:     0x60819be23656 - std[70759c8f55707aa4]::panicking::default_hook::{closure#0}
[INFO] [stdout]    4:     0x60819be3f959 - std[70759c8f55707aa4]::panicking::default_hook
[INFO] [stdout]    5:     0x60819bdd2ff0 - test[9d35eded1c95d3be]::test_main_inner::<test[9d35eded1c95d3be]::test_main_static::{closure#0}>::{closure#0}
[INFO] [stdout]    6:     0x60819be3fb12 - std[70759c8f55707aa4]::panicking::panic_with_hook
[INFO] [stdout]    7:     0x60819be23702 - std[70759c8f55707aa4]::panicking::panic_handler::{closure#0}
[INFO] [stdout]    8:     0x60819be1c2c9 - std[70759c8f55707aa4]::sys::backtrace::__rust_end_short_backtrace::<std[70759c8f55707aa4]::panicking::panic_handler::{closure#0}, !>
[INFO] [stdout]    9:     0x60819be242fd - __rustc[8fa7c3cbc660c2b3]::rust_begin_unwind
[INFO] [stdout]   10:     0x60819be5c68c - core[df12db4294e9bfd3]::panicking::panic_fmt
[INFO] [stdout]   11:     0x60819be5c462 - core[df12db4294e9bfd3]::result::unwrap_failed
[INFO] [stdout]   12:     0x60819bdc5dc5 - <reference_fixtures[cf623b052ec36163]::truncated_svd_singular_values_match_reference_close::{closure#0} as core[df12db4294e9bfd3]::ops::function::FnOnce<()>>::call_once
[INFO] [stdout]   13:     0x60819bdc62db - test[9d35eded1c95d3be]::__rust_begin_short_backtrace::<core[df12db4294e9bfd3]::result::Result<(), alloc[2182bb758b4b3781]::string::String>, fn() -> core[df12db4294e9bfd3]::result::Result<(), alloc[2182bb758b4b3781]::string::String>>
[INFO] [stdout]   14:     0x60819bdd3945 - test[9d35eded1c95d3be]::run_test::{closure#0}
[INFO] [stdout]   15:     0x60819bdcd204 - std[70759c8f55707aa4]::sys::backtrace::__rust_begin_short_backtrace::<test[9d35eded1c95d3be]::run_test::{closure#1}, ()>
[INFO] [stdout]   16:     0x60819bdd6aa2 - <std[70759c8f55707aa4]::thread::lifecycle::spawn_unchecked<test[9d35eded1c95d3be]::run_test::{closure#1}, ()>::{closure#1} as core[df12db4294e9bfd3]::ops::function::FnOnce<()>>::call_once::{shim:vtable#0}
[INFO] [stdout]   17:     0x60819be46ac9 - <std[70759c8f55707aa4]::sys::thread::unix::Thread>::new::thread_start
[INFO] [stdout]   18:     0x77a450da1dfa - <unknown>
[INFO] [stdout]   19:     0x77a450e353d4 - clone
[INFO] [stdout]   20:                0x0 - <unknown>
[INFO] [stdout] 
[INFO] [stdout] 
[INFO] [stdout] failures:
[INFO] [stdout]     truncated_svd_singular_values_match_reference_close
[INFO] [stdout] 
[INFO] [stdout] test result: FAILED. 0 passed; 1 failed; 0 ignored; 0 measured; 0 filtered out; finished in 0.00s
[INFO] [stdout] 
[INFO] running `Command { std: "docker" "inspect" "4b7880fb2d1d55f228b4b64efb2f8dba4876deb139b00e2d091ca80cdaed22a1", kill_on_drop: false }`
[INFO] running `Command { std: "docker" "rm" "-f" "4b7880fb2d1d55f228b4b64efb2f8dba4876deb139b00e2d091ca80cdaed22a1", kill_on_drop: false }`
[INFO] [stdout] 4b7880fb2d1d55f228b4b64efb2f8dba4876deb139b00e2d091ca80cdaed22a1
