[INFO] fetching crate sololc-webhook-sdk 0.1.0...
[INFO] testing sololc-webhook-sdk-0.1.0 against 1.99.0-beta.8+cargoflags=--release for beta-release-1.100-2
[INFO] extracting crate sololc-webhook-sdk 0.1.0 into /workspace/builds/worker-5-tc1/source
[INFO] started tweaking crates.io crate sololc-webhook-sdk 0.1.0
[INFO] finished tweaking crates.io crate sololc-webhook-sdk 0.1.0
[INFO] tweaked toml for crates.io crate sololc-webhook-sdk 0.1.0 written to /workspace/builds/worker-5-tc1/source/Cargo.toml
[INFO] validating manifest of crates.io crate sololc-webhook-sdk 0.1.0 on toolchain 1.99.0-beta.8
[INFO] running `Command { std: CARGO_HOME="/workspace/cargo-home" RUSTUP_HOME="/workspace/rustup-home" "/workspace/cargo-home/bin/cargo" "+1.99.0-beta.8" "metadata" "--manifest-path" "Cargo.toml" "--no-deps", kill_on_drop: false }`
[INFO] crate crates.io crate sololc-webhook-sdk 0.1.0 already has a lockfile, it will not be regenerated
[INFO] running `Command { std: CARGO_HOME="/workspace/cargo-home" RUSTUP_HOME="/workspace/rustup-home" "/workspace/cargo-home/bin/cargo" "+1.99.0-beta.8" "fetch" "--manifest-path" "Cargo.toml", kill_on_drop: false }`
[INFO] [stderr]     Updating crates.io index
[INFO] [stderr]  Downloading crates ...
[INFO] [stderr]   Downloaded wit-bindgen-rust-macro v0.30.0
[INFO] [stderr]   Downloaded wit-bindgen v0.30.0
[INFO] [stderr]   Downloaded wit-bindgen-rust v0.30.0
[INFO] [stderr]   Downloaded wasm-metadata v0.215.0
[INFO] [stderr]   Downloaded leb128 v0.2.7
[INFO] [stderr]   Downloaded sololc-webhook-macros v0.1.0
[INFO] [stderr]   Downloaded wit-bindgen-rt v0.30.0
[INFO] [stderr]   Downloaded wit-bindgen-core v0.30.0
[INFO] [stderr]   Downloaded wasm-encoder v0.215.0
[INFO] [stderr]   Downloaded wit-component v0.215.0
[INFO] [stderr]   Downloaded wit-parser v0.215.0
[INFO] [stderr]   Downloaded wasmparser v0.215.0
[INFO] running `Command { std: "docker" "create" "-v" "/var/lib/crater-agent-workspace/builds/worker-5-tc1/source:/opt/rustwide/workdir:ro,Z" "-v" "/var/lib/crater-agent-workspace/builds/worker-5-tc1/target:/opt/rustwide/target:rw,Z" "-v" "/var/lib/crater-agent-workspace/cargo-home:/opt/rustwide/cargo-home:ro,Z" "-v" "/var/lib/crater-agent-workspace/rustup-home:/opt/rustwide/rustup-home:ro,Z" "-m" "1610612736" "--network" "none" "ghcr.io/rust-lang/crates-build-env/linux@sha256:77db811e55d90add9212f6832c23229e3de5f1c1f9905e8cb07319ea15df73ac" "sleep" "infinity", kill_on_drop: false }`
[INFO] [stdout] c34e699647248b04c70582d3c4559fc37114bd952420ddb1810ccf15f7438f8d
[INFO] running `Command { std: "docker" "start" "c34e699647248b04c70582d3c4559fc37114bd952420ddb1810ccf15f7438f8d", kill_on_drop: false }`
[INFO] running `Command { std: "docker" "inspect" "c34e699647248b04c70582d3c4559fc37114bd952420ddb1810ccf15f7438f8d", kill_on_drop: false }`
[INFO] running `Command { std: "docker" "exec" "-e" "SOURCE_DIR=/opt/rustwide/workdir" "-e" "CARGO_HOME=/opt/rustwide/cargo-home" "-e" "RUSTUP_HOME=/opt/rustwide/rustup-home" "-e" "CARGO_TARGET_DIR=/opt/rustwide/target" "-w" "/opt/rustwide/workdir" "--user" "0:0" "c34e699647248b04c70582d3c4559fc37114bd952420ddb1810ccf15f7438f8d" "/opt/rustwide/cargo-home/bin/cargo" "+1.99.0-beta.8" "metadata" "--no-deps" "--format-version=1", kill_on_drop: false }`
[INFO] running `Command { std: "docker" "inspect" "c34e699647248b04c70582d3c4559fc37114bd952420ddb1810ccf15f7438f8d", kill_on_drop: false }`
[INFO] running `Command { std: "docker" "exec" "-e" "SOURCE_DIR=/opt/rustwide/workdir" "-e" "CARGO_HOME=/opt/rustwide/cargo-home" "-e" "RUSTUP_HOME=/opt/rustwide/rustup-home" "-e" "CARGO_TARGET_DIR=/opt/rustwide/target" "-e" "CARGO_INCREMENTAL=0" "-e" "RUST_BACKTRACE=full" "-e" "RUSTFLAGS=--cap-lints=warn" "-e" "RUSTDOCFLAGS=--cap-lints=warn" "-w" "/opt/rustwide/workdir" "--user" "0:0" "c34e699647248b04c70582d3c4559fc37114bd952420ddb1810ccf15f7438f8d" "/opt/rustwide/cargo-home/bin/cargo" "+1.99.0-beta.8" "build" "--frozen" "--message-format=json" "--release", kill_on_drop: false }`
[INFO] [stderr]    Compiling zerocopy v0.8.54
[INFO] [stderr]    Compiling bitflags v2.13.0
[INFO] [stderr]    Compiling serde v1.0.228
[INFO] [stderr]    Compiling anyhow v1.0.103
[INFO] [stderr]    Compiling semver v1.0.28
[INFO] [stderr]    Compiling zmij v1.0.23
[INFO] [stderr]    Compiling indexmap v2.14.0
[INFO] [stderr]    Compiling serde_json v1.0.150
[INFO] [stderr]    Compiling prettyplease v0.2.37
[INFO] [stderr]    Compiling log v0.4.33
[INFO] [stderr]    Compiling smallvec v1.15.2
[INFO] [stderr]    Compiling ahash v0.8.12
[INFO] [stderr]    Compiling leb128 v0.2.7
[INFO] [stderr]    Compiling id-arena v2.3.0
[INFO] [stderr]    Compiling syn v2.0.118
[INFO] [stderr]    Compiling wit-bindgen-rust v0.30.0
[INFO] [stderr]    Compiling futures-core v0.3.32
[INFO] [stderr]    Compiling futures-sink v0.3.32
[INFO] [stderr]    Compiling wit-bindgen-rt v0.30.0
[INFO] [stderr]    Compiling wit-bindgen-rust-macro v0.30.0
[INFO] [stderr]    Compiling wit-bindgen-rt v0.33.0
[INFO] [stderr]    Compiling futures-task v0.3.32
[INFO] [stderr]    Compiling futures-channel v0.3.32
[INFO] [stderr]    Compiling futures-io v0.3.32
[INFO] [stderr]    Compiling sololc-webhook-macros v0.1.0
[INFO] [stderr]    Compiling futures-util v0.3.32
[INFO] [stderr]    Compiling wasi v0.13.3+wasi-0.2.2
[INFO] [stderr]    Compiling spdx v0.10.9
[INFO] [stderr]    Compiling futures v0.3.32
[INFO] [stderr]    Compiling serde_derive v1.0.228
[INFO] [stderr]    Compiling hashbrown v0.14.5
[INFO] [stderr]    Compiling wasmparser v0.215.0
[INFO] [stderr]    Compiling wit-parser v0.215.0
[INFO] [stderr]    Compiling wasm-encoder v0.215.0
[INFO] [stderr]    Compiling wasm-metadata v0.215.0
[INFO] [stderr]    Compiling wit-bindgen-core v0.30.0
[INFO] [stderr]    Compiling wit-component v0.215.0
[INFO] [stderr]    Compiling wit-bindgen v0.30.0
[INFO] [stderr]    Compiling sololc-webhook-sdk v0.1.0 (/opt/rustwide/workdir)
[INFO] [stderr]     Finished `release` profile [optimized] target(s) in 27.36s
[INFO] running `Command { std: "docker" "inspect" "c34e699647248b04c70582d3c4559fc37114bd952420ddb1810ccf15f7438f8d", kill_on_drop: false }`
[INFO] running `Command { std: "docker" "exec" "-e" "SOURCE_DIR=/opt/rustwide/workdir" "-e" "CARGO_HOME=/opt/rustwide/cargo-home" "-e" "RUSTUP_HOME=/opt/rustwide/rustup-home" "-e" "CARGO_TARGET_DIR=/opt/rustwide/target" "-e" "CARGO_INCREMENTAL=0" "-e" "RUST_BACKTRACE=full" "-e" "RUSTFLAGS=--cap-lints=warn" "-e" "RUSTDOCFLAGS=--cap-lints=warn" "-w" "/opt/rustwide/workdir" "--user" "0:0" "c34e699647248b04c70582d3c4559fc37114bd952420ddb1810ccf15f7438f8d" "/opt/rustwide/cargo-home/bin/cargo" "+1.99.0-beta.8" "test" "--frozen" "--no-run" "--message-format=json" "--release", kill_on_drop: false }`
[INFO] [stderr]    Compiling sololc-webhook-sdk v0.1.0 (/opt/rustwide/workdir)
[INFO] [stderr]     Finished `release` profile [optimized] target(s) in 0.86s
[INFO] running `Command { std: "docker" "inspect" "c34e699647248b04c70582d3c4559fc37114bd952420ddb1810ccf15f7438f8d", kill_on_drop: false }`
[INFO] running `Command { std: "docker" "exec" "-e" "SOURCE_DIR=/opt/rustwide/workdir" "-e" "CARGO_HOME=/opt/rustwide/cargo-home" "-e" "RUSTUP_HOME=/opt/rustwide/rustup-home" "-e" "CARGO_TARGET_DIR=/opt/rustwide/target" "-e" "CARGO_INCREMENTAL=0" "-e" "RUST_BACKTRACE=full" "-e" "RUSTFLAGS=--cap-lints=warn" "-e" "RUSTDOCFLAGS=--cap-lints=warn" "-w" "/opt/rustwide/workdir" "--user" "0:0" "c34e699647248b04c70582d3c4559fc37114bd952420ddb1810ccf15f7438f8d" "/opt/rustwide/cargo-home/bin/cargo" "+1.99.0-beta.8" "test" "--frozen" "--release", kill_on_drop: false }`
[INFO] [stderr]     Finished `release` profile [optimized] target(s) in 0.05s
[INFO] [stderr]      Running unittests src/lib.rs (/opt/rustwide/target/release/deps/sololc_webhook_sdk-73b5a9f5eaadaf5a)
[INFO] [stderr]    Doc-tests sololc_webhook_sdk
[INFO] [stdout] 
[INFO] [stdout] running 0 tests
[INFO] [stdout] 
[INFO] [stdout] test result: ok. 0 passed; 0 failed; 0 ignored; 0 measured; 0 filtered out; finished in 0.00s
[INFO] [stdout] 
[INFO] [stdout] 
[INFO] [stdout] running 7 tests
[INFO] [stdout] test src/http_client.rs - http_client::client::HttpClient::post (line 161) - compile ... ok
[INFO] [stdout] test src/http_types.rs - http_types::Request::path (line 33) ... ok
[INFO] [stdout] test src/lib.rs - get (line 46) ... FAILED
[INFO] [stdout] test src/lib.rs - __export_webhook_proxy_impl (line 15) ... ok
[INFO] [stdout] test src/lib.rs - post (line 62) ... FAILED
[INFO] [stdout] test src/http_types.rs - http_types::Response::json (line 66) ... ok
[INFO] [stdout] test src/http_client.rs - http_client::client::HttpClient::get (line 141) - compile ... ok
[INFO] [stdout] 
[INFO] [stdout] failures:
[INFO] [stdout] 
[INFO] [stdout] ---- src/lib.rs - get (line 46) stdout ----
[INFO] [stdout] error[E0433]: cannot find `executor` in `futures`
[INFO] [stdout]    --> src/lib.rs:50:1
[INFO] [stdout]     |
[INFO] [stdout]  50 | #[get("/api/v1/auth")]
[INFO] [stdout]     | ^^^^^^^^^^^^^^^^^^^^^^ could not find `executor` in `futures`
[INFO] [stdout]     |
[INFO] [stdout] note: found an item that was configured out
[INFO] [stdout]    --> /opt/rustwide/cargo-home/registry/src/index.crates.io-1949cf8c6b5b557f/futures-0.3.32/src/lib.rs:150:9
[INFO] [stdout]     |
[INFO] [stdout] 148 | #[cfg(feature = "executor")]
[INFO] [stdout]     |       -------------------- the item is gated behind the `executor` feature
[INFO] [stdout] 149 | #[cfg_attr(docsrs, doc(cfg(feature = "executor")))]
[INFO] [stdout] 150 | pub mod executor {
[INFO] [stdout]     |         ^^^^^^^^
[INFO] [stdout]     = note: this error originates in the attribute macro `get` (in Nightly builds, run with -Z macro-backtrace for more info)
[INFO] [stdout] 
[INFO] [stdout] error[E0603]: macro `export` is private
[INFO] [stdout]   --> src/lib.rs:50:1
[INFO] [stdout]    |
[INFO] [stdout] 50 | #[get("/api/v1/auth")]
[INFO] [stdout]    | ^^^^^^^^^^^^^^^^^^^^^^ private macro
[INFO] [stdout]    |
[INFO] [stdout] note: the macro `export` is defined here
[INFO] [stdout]   --> src/lib.rs:10:1
[INFO] [stdout]    |
[INFO] [stdout] 10 | wit_bindgen::generate!({
[INFO] [stdout]    | ^^^^^^^^^^^^^^^^^^^^^^^
[INFO] [stdout]    = note: this error originates in the attribute macro `get` which comes from the expansion of the macro `wit_bindgen::generate` (in Nightly builds, run with -Z macro-backtrace for more info)
[INFO] [stdout] 
[INFO] [stdout] error: aborting due to 2 previous errors
[INFO] [stdout] 
[INFO] [stdout] Some errors have detailed explanations: E0433, E0603.
[INFO] [stdout] For more information about an error, try `rustc --explain E0433`.
[INFO] [stdout] Couldn't compile the test.
[INFO] [stdout] ---- src/lib.rs - post (line 62) stdout ----
[INFO] [stdout] error[E0433]: cannot find `executor` in `futures`
[INFO] [stdout]    --> src/lib.rs:66:1
[INFO] [stdout]     |
[INFO] [stdout]  66 | #[post("/api/v1/telemetry")]
[INFO] [stdout]     | ^^^^^^^^^^^^^^^^^^^^^^^^^^^^ could not find `executor` in `futures`
[INFO] [stdout]     |
[INFO] [stdout] note: found an item that was configured out
[INFO] [stdout]    --> /opt/rustwide/cargo-home/registry/src/index.crates.io-1949cf8c6b5b557f/futures-0.3.32/src/lib.rs:150:9
[INFO] [stdout]     |
[INFO] [stdout] 148 | #[cfg(feature = "executor")]
[INFO] [stdout]     |       -------------------- the item is gated behind the `executor` feature
[INFO] [stdout] 149 | #[cfg_attr(docsrs, doc(cfg(feature = "executor")))]
[INFO] [stdout] 150 | pub mod executor {
[INFO] [stdout]     |         ^^^^^^^^
[INFO] [stdout]     = note: this error originates in the attribute macro `post` (in Nightly builds, run with -Z macro-backtrace for more info)
[INFO] [stdout] 
[INFO] [stdout] error[E0603]: macro `export` is private
[INFO] [stdout]   --> src/lib.rs:66:1
[INFO] [stdout]    |
[INFO] [stdout] 66 | #[post("/api/v1/telemetry")]
[INFO] [stdout]    | ^^^^^^^^^^^^^^^^^^^^^^^^^^^^ private macro
[INFO] [stdout]    |
[INFO] [stdout] note: the macro `export` is defined here
[INFO] [stdout]   --> src/lib.rs:10:1
[INFO] [stdout]    |
[INFO] [stdout] 10 | wit_bindgen::generate!({
[INFO] [stdout]    | ^^^^^^^^^^^^^^^^^^^^^^^
[INFO] [stdout]    = note: this error originates in the attribute macro `post` which comes from the expansion of the macro `wit_bindgen::generate` (in Nightly builds, run with -Z macro-backtrace for more info)
[INFO] [stdout] 
[INFO] [stdout] error: aborting due to 2 previous errors
[INFO] [stdout] 
[INFO] [stdout] Some errors have detailed explanations: E0433, E0603.
[INFO] [stdout] For more information about an error, try `rustc --explain E0433`.
[INFO] [stdout] Couldn't compile the test.
[INFO] [stdout] 
[INFO] [stdout] failures:
[INFO] [stdout]     src/lib.rs - get (line 46)
[INFO] [stdout]     src/lib.rs - post (line 62)
[INFO] [stdout] 
[INFO] [stderr] error: doctest failed, to rerun pass `--doc`
[INFO] [stdout] test result: FAILED. 5 passed; 2 failed; 0 ignored; 0 measured; 0 filtered out; finished in 0.28s
[INFO] [stdout] 
[INFO] [stdout] all doctests ran in 0.39s; merged doctests compilation took 0.10s
[INFO] running `Command { std: "docker" "inspect" "c34e699647248b04c70582d3c4559fc37114bd952420ddb1810ccf15f7438f8d", kill_on_drop: false }`
[INFO] running `Command { std: "docker" "rm" "-f" "c34e699647248b04c70582d3c4559fc37114bd952420ddb1810ccf15f7438f8d", kill_on_drop: false }`
[INFO] [stdout] c34e699647248b04c70582d3c4559fc37114bd952420ddb1810ccf15f7438f8d
