[INFO] fetching crate solar-capi 0.2.0...
[INFO] testing solar-capi-0.2.0 against 1.100.0-beta.1+cargoflags=--release for beta-release-1.100-2
[INFO] extracting crate solar-capi 0.2.0 into /workspace/builds/worker-2-tc2/source
[INFO] started tweaking crates.io crate solar-capi 0.2.0
[INFO] removed 0 missing tests
[INFO] finished tweaking crates.io crate solar-capi 0.2.0
[INFO] tweaked toml for crates.io crate solar-capi 0.2.0 written to /workspace/builds/worker-2-tc2/source/Cargo.toml
[INFO] validating manifest of crates.io crate solar-capi 0.2.0 on toolchain 1.100.0-beta.1
[INFO] running `Command { std: CARGO_HOME="/workspace/cargo-home" RUSTUP_HOME="/workspace/rustup-home" "/workspace/cargo-home/bin/cargo" "+1.100.0-beta.1" "metadata" "--manifest-path" "Cargo.toml" "--no-deps", kill_on_drop: false }`
[INFO] crate crates.io crate solar-capi 0.2.0 already has a lockfile, it will not be regenerated
[INFO] running `Command { std: CARGO_HOME="/workspace/cargo-home" RUSTUP_HOME="/workspace/rustup-home" "/workspace/cargo-home/bin/cargo" "+1.100.0-beta.1" "fetch" "--manifest-path" "Cargo.toml", kill_on_drop: false }`
[INFO] [stderr] warning: Cargo.toml: `lints.clippy.dbg-macro` is deprecated in favor of `lints.clippy.dbg_macro` and will not work in a future edition
[INFO] [stderr] warning: Cargo.toml: `lints.clippy.manual-string-new` is deprecated in favor of `lints.clippy.manual_string_new` and will not work in a future edition
[INFO] [stderr] warning: Cargo.toml: `lints.clippy.redundant-clone` is deprecated in favor of `lints.clippy.redundant_clone` and will not work in a future edition
[INFO] [stderr] warning: Cargo.toml: `lints.clippy.test-attr-in-doctest` is deprecated in favor of `lints.clippy.test_attr_in_doctest` and will not work in a future edition
[INFO] [stderr] warning: Cargo.toml: `lints.clippy.uninlined-format-args` is deprecated in favor of `lints.clippy.uninlined_format_args` and will not work in a future edition
[INFO] [stderr] warning: Cargo.toml: `lints.clippy.use-self` is deprecated in favor of `lints.clippy.use_self` and will not work in a future edition
[INFO] [stderr] warning: Cargo.toml: `lints.rust.redundant-lifetimes` is deprecated in favor of `lints.rust.redundant_lifetimes` and will not work in a future edition
[INFO] [stderr] warning: Cargo.toml: `lints.rust.rust-2018-idioms` is deprecated in favor of `lints.rust.rust_2018_idioms` and will not work in a future edition
[INFO] [stderr] warning: Cargo.toml: `lints.rust.unnameable-types` is deprecated in favor of `lints.rust.unnameable_types` and will not work in a future edition
[INFO] [stderr] warning: Cargo.toml: `lints.rust.unreachable-pub` is deprecated in favor of `lints.rust.unreachable_pub` and will not work in a future edition
[INFO] [stderr] warning: Cargo.toml: `lints.rust.unused-crate-dependencies` is deprecated in favor of `lints.rust.unused_crate_dependencies` and will not work in a future edition
[INFO] [stderr] warning: Cargo.toml: `lints.rust.unused-must-use` is deprecated in favor of `lints.rust.unused_must_use` and will not work in a future edition
[INFO] [stderr] warning: `solar-capi` (manifest) generated 12 warnings
[INFO] running `Command { std: "docker" "create" "-v" "/var/lib/crater-agent-workspace/builds/worker-2-tc2/source:/opt/rustwide/workdir:ro,Z" "-v" "/var/lib/crater-agent-workspace/builds/worker-2-tc2/target:/opt/rustwide/target:rw,Z" "-v" "/var/lib/crater-agent-workspace/cargo-home:/opt/rustwide/cargo-home:ro,Z" "-v" "/var/lib/crater-agent-workspace/rustup-home:/opt/rustwide/rustup-home:ro,Z" "-m" "1610612736" "--network" "none" "ghcr.io/rust-lang/crates-build-env/linux@sha256:77db811e55d90add9212f6832c23229e3de5f1c1f9905e8cb07319ea15df73ac" "sleep" "infinity", kill_on_drop: false }`
[INFO] [stdout] 743e2d935e7b4b3f0b045e0c0612f06a6096a9f2aec023a5c5f10a2bd3f0986e
[INFO] running `Command { std: "docker" "start" "743e2d935e7b4b3f0b045e0c0612f06a6096a9f2aec023a5c5f10a2bd3f0986e", kill_on_drop: false }`
[INFO] running `Command { std: "docker" "inspect" "743e2d935e7b4b3f0b045e0c0612f06a6096a9f2aec023a5c5f10a2bd3f0986e", kill_on_drop: false }`
[INFO] running `Command { std: "docker" "exec" "-e" "SOURCE_DIR=/opt/rustwide/workdir" "-e" "CARGO_HOME=/opt/rustwide/cargo-home" "-e" "RUSTUP_HOME=/opt/rustwide/rustup-home" "-e" "CARGO_TARGET_DIR=/opt/rustwide/target" "-w" "/opt/rustwide/workdir" "--user" "0:0" "743e2d935e7b4b3f0b045e0c0612f06a6096a9f2aec023a5c5f10a2bd3f0986e" "/opt/rustwide/cargo-home/bin/cargo" "+1.100.0-beta.1" "metadata" "--no-deps" "--format-version=1", kill_on_drop: false }`
[INFO] running `Command { std: "docker" "inspect" "743e2d935e7b4b3f0b045e0c0612f06a6096a9f2aec023a5c5f10a2bd3f0986e", kill_on_drop: false }`
[INFO] running `Command { std: "docker" "exec" "-e" "SOURCE_DIR=/opt/rustwide/workdir" "-e" "CARGO_HOME=/opt/rustwide/cargo-home" "-e" "RUSTUP_HOME=/opt/rustwide/rustup-home" "-e" "CARGO_TARGET_DIR=/opt/rustwide/target" "-e" "CARGO_INCREMENTAL=0" "-e" "RUST_BACKTRACE=full" "-e" "RUSTFLAGS=--cap-lints=warn" "-e" "RUSTDOCFLAGS=--cap-lints=warn" "-w" "/opt/rustwide/workdir" "--user" "0:0" "743e2d935e7b4b3f0b045e0c0612f06a6096a9f2aec023a5c5f10a2bd3f0986e" "/opt/rustwide/cargo-home/bin/cargo" "+1.100.0-beta.1" "build" "--frozen" "--message-format=json" "--release", kill_on_drop: false }`
[INFO] [stderr] warning: Cargo.toml: `lints.clippy.dbg-macro` is deprecated in favor of `lints.clippy.dbg_macro` and will not work in a future edition
[INFO] [stderr] warning: Cargo.toml: `lints.clippy.manual-string-new` is deprecated in favor of `lints.clippy.manual_string_new` and will not work in a future edition
[INFO] [stderr] warning: Cargo.toml: `lints.clippy.redundant-clone` is deprecated in favor of `lints.clippy.redundant_clone` and will not work in a future edition
[INFO] [stderr] warning: Cargo.toml: `lints.clippy.test-attr-in-doctest` is deprecated in favor of `lints.clippy.test_attr_in_doctest` and will not work in a future edition
[INFO] [stderr] warning: Cargo.toml: `lints.clippy.uninlined-format-args` is deprecated in favor of `lints.clippy.uninlined_format_args` and will not work in a future edition
[INFO] [stderr] warning: Cargo.toml: `lints.clippy.use-self` is deprecated in favor of `lints.clippy.use_self` and will not work in a future edition
[INFO] [stderr] warning: Cargo.toml: `lints.rust.redundant-lifetimes` is deprecated in favor of `lints.rust.redundant_lifetimes` and will not work in a future edition
[INFO] [stderr] warning: Cargo.toml: `lints.rust.rust-2018-idioms` is deprecated in favor of `lints.rust.rust_2018_idioms` and will not work in a future edition
[INFO] [stderr] warning: Cargo.toml: `lints.rust.unnameable-types` is deprecated in favor of `lints.rust.unnameable_types` and will not work in a future edition
[INFO] [stderr] warning: Cargo.toml: `lints.rust.unreachable-pub` is deprecated in favor of `lints.rust.unreachable_pub` and will not work in a future edition
[INFO] [stderr] warning: Cargo.toml: `lints.rust.unused-crate-dependencies` is deprecated in favor of `lints.rust.unused_crate_dependencies` and will not work in a future edition
[INFO] [stderr] warning: Cargo.toml: `lints.rust.unused-must-use` is deprecated in favor of `lints.rust.unused_must_use` and will not work in a future edition
[INFO] [stderr] warning: `solar-capi` (manifest) generated 12 warnings
[INFO] [stderr]    Compiling serde_core v1.0.228
[INFO] [stderr]    Compiling zmij v1.0.21
[INFO] [stderr]    Compiling serde_json v1.0.150
[INFO] [stderr]    Compiling memchr v2.8.2
[INFO] [stderr]    Compiling deranged v0.5.8
[INFO] [stderr]    Compiling syn v2.0.118
[INFO] [stderr]    Compiling vergen-lib v10.0.1
[INFO] [stderr]    Compiling vergen v10.0.1
[INFO] [stderr]    Compiling smallvec v1.15.2
[INFO] [stderr]    Compiling powerfmt v0.2.0
[INFO] [stderr]    Compiling num_threads v0.1.7
[INFO] [stderr]    Compiling hashbrown v0.17.1
[INFO] [stderr]    Compiling vergen-gitcl v10.0.1
[INFO] [stderr]    Compiling num-integer v0.1.46
[INFO] [stderr]    Compiling either v1.16.0
[INFO] [stderr]    Compiling clap_builder v4.6.0
[INFO] [stderr]    Compiling digest v0.11.3
[INFO] [stderr]    Compiling keccak v0.2.0
[INFO] [stderr]    Compiling bumpalo v3.20.3
[INFO] [stderr]    Compiling nonmax v0.5.5
[INFO] [stderr]    Compiling parking_lot_core v0.9.12
[INFO] [stderr]    Compiling hashbrown v0.14.5
[INFO] [stderr]    Compiling const-hex v1.19.1
[INFO] [stderr]    Compiling boxcar v0.2.14
[INFO] [stderr]    Compiling rayon v1.12.0
[INFO] [stderr]    Compiling sha3 v0.11.0
[INFO] [stderr]    Compiling ruint v1.18.0
[INFO] [stderr]    Compiling parking_lot v0.12.5
[INFO] [stderr]    Compiling oxc_index v5.0.0
[INFO] [stderr]    Compiling stable_deref_trait v1.2.1
[INFO] [stderr]    Compiling num-bigint v0.4.6
[INFO] [stderr]    Compiling itertools v0.10.5
[INFO] [stderr]    Compiling dunce v1.0.5
[INFO] [stderr]    Compiling normalize-path v0.2.1
[INFO] [stderr]    Compiling winnow v1.0.3
[INFO] [stderr]    Compiling annotate-snippets v0.12.16
[INFO] [stderr]    Compiling indexmap v2.14.0
[INFO] [stderr]    Compiling dashmap v6.2.1
[INFO] [stderr]    Compiling once_map v0.4.24
[INFO] [stderr]    Compiling comfy-table v7.2.2
[INFO] [stderr]    Compiling time v0.3.51
[INFO] [stderr]    Compiling inturn v0.2.0
[INFO] [stderr]    Compiling num-rational v0.4.2
[INFO] [stderr]    Compiling solar-data-structures v0.2.0
[INFO] [stderr]    Compiling darling_core v0.23.0
[INFO] [stderr]    Compiling prettyplease v0.2.37
[INFO] [stderr]    Compiling serde_derive v1.0.228
[INFO] [stderr]    Compiling derive_more-impl v2.1.1
[INFO] [stderr]    Compiling strum_macros v0.28.0
[INFO] [stderr]    Compiling clap_derive v4.6.1
[INFO] [stderr]    Compiling tracing-attributes v0.1.31
[INFO] [stderr]    Compiling thiserror-impl v1.0.69
[INFO] [stderr]    Compiling solar-macros v0.2.0
[INFO] [stderr]    Compiling thiserror v1.0.69
[INFO] [stderr]    Compiling tracing v0.1.44
[INFO] [stderr]    Compiling clap v4.6.1
[INFO] [stderr]    Compiling darling_macro v0.23.0
[INFO] [stderr]    Compiling darling v0.23.0
[INFO] [stderr]    Compiling strum v0.28.0
[INFO] [stderr]    Compiling bon-macros v3.9.3
[INFO] [stderr]    Compiling serde v1.0.228
[INFO] [stderr]    Compiling bytes v1.12.0
[INFO] [stderr]    Compiling alloy-sol-type-parser v1.6.0
[INFO] [stderr]    Compiling derive_more v2.1.1
[INFO] [stderr]    Compiling alloy-primitives v1.6.0
[INFO] [stderr]    Compiling alloy-json-abi v1.6.0
[INFO] [stderr]    Compiling bon v3.9.3
[INFO] [stderr]    Compiling solar-config v0.2.0
[INFO] [stderr]    Compiling solar-interface v0.2.0
[INFO] [stderr]    Compiling solar-ast v0.2.0
[INFO] [stderr]    Compiling solar-parse v0.2.0
[INFO] [stderr]    Compiling solar-sema v0.2.0
[INFO] [stderr]    Compiling solar-codegen v0.2.0
[INFO] [stderr]    Compiling solar-cli v0.2.0
[INFO] [stderr]    Compiling solar-capi v0.2.0 (/opt/rustwide/workdir)
[INFO] [stderr]     Finished `release` profile [optimized] target(s) in 2m 07s
[INFO] running `Command { std: "docker" "inspect" "743e2d935e7b4b3f0b045e0c0612f06a6096a9f2aec023a5c5f10a2bd3f0986e", kill_on_drop: false }`
[INFO] running `Command { std: "docker" "exec" "-e" "SOURCE_DIR=/opt/rustwide/workdir" "-e" "CARGO_HOME=/opt/rustwide/cargo-home" "-e" "RUSTUP_HOME=/opt/rustwide/rustup-home" "-e" "CARGO_TARGET_DIR=/opt/rustwide/target" "-e" "CARGO_INCREMENTAL=0" "-e" "RUST_BACKTRACE=full" "-e" "RUSTFLAGS=--cap-lints=warn" "-e" "RUSTDOCFLAGS=--cap-lints=warn" "-w" "/opt/rustwide/workdir" "--user" "0:0" "743e2d935e7b4b3f0b045e0c0612f06a6096a9f2aec023a5c5f10a2bd3f0986e" "/opt/rustwide/cargo-home/bin/cargo" "+1.100.0-beta.1" "test" "--frozen" "--no-run" "--message-format=json" "--release", kill_on_drop: false }`
[INFO] [stderr] warning: Cargo.toml: `lints.clippy.dbg-macro` is deprecated in favor of `lints.clippy.dbg_macro` and will not work in a future edition
[INFO] [stderr] warning: Cargo.toml: `lints.clippy.manual-string-new` is deprecated in favor of `lints.clippy.manual_string_new` and will not work in a future edition
[INFO] [stderr] warning: Cargo.toml: `lints.clippy.redundant-clone` is deprecated in favor of `lints.clippy.redundant_clone` and will not work in a future edition
[INFO] [stderr] warning: Cargo.toml: `lints.clippy.test-attr-in-doctest` is deprecated in favor of `lints.clippy.test_attr_in_doctest` and will not work in a future edition
[INFO] [stderr] warning: Cargo.toml: `lints.clippy.uninlined-format-args` is deprecated in favor of `lints.clippy.uninlined_format_args` and will not work in a future edition
[INFO] [stderr] warning: Cargo.toml: `lints.clippy.use-self` is deprecated in favor of `lints.clippy.use_self` and will not work in a future edition
[INFO] [stderr] warning: Cargo.toml: `lints.rust.redundant-lifetimes` is deprecated in favor of `lints.rust.redundant_lifetimes` and will not work in a future edition
[INFO] [stderr] warning: Cargo.toml: `lints.rust.rust-2018-idioms` is deprecated in favor of `lints.rust.rust_2018_idioms` and will not work in a future edition
[INFO] [stderr] warning: Cargo.toml: `lints.rust.unnameable-types` is deprecated in favor of `lints.rust.unnameable_types` and will not work in a future edition
[INFO] [stderr] warning: Cargo.toml: `lints.rust.unreachable-pub` is deprecated in favor of `lints.rust.unreachable_pub` and will not work in a future edition
[INFO] [stderr] warning: Cargo.toml: `lints.rust.unused-crate-dependencies` is deprecated in favor of `lints.rust.unused_crate_dependencies` and will not work in a future edition
[INFO] [stderr] warning: Cargo.toml: `lints.rust.unused-must-use` is deprecated in favor of `lints.rust.unused_must_use` and will not work in a future edition
[INFO] [stderr] warning: `solar-capi` (manifest) generated 12 warnings
[INFO] [stderr]    Compiling find-msvc-tools v0.1.9
[INFO] [stderr]    Compiling shlex v2.0.1
[INFO] [stderr]    Compiling cc v1.2.65
[INFO] [stderr]    Compiling solar-capi v0.2.0 (/opt/rustwide/workdir)
[INFO] [stderr]     Finished `release` profile [optimized] target(s) in 6.37s
[INFO] running `Command { std: "docker" "inspect" "743e2d935e7b4b3f0b045e0c0612f06a6096a9f2aec023a5c5f10a2bd3f0986e", kill_on_drop: false }`
[INFO] running `Command { std: "docker" "exec" "-e" "SOURCE_DIR=/opt/rustwide/workdir" "-e" "CARGO_HOME=/opt/rustwide/cargo-home" "-e" "RUSTUP_HOME=/opt/rustwide/rustup-home" "-e" "CARGO_TARGET_DIR=/opt/rustwide/target" "-e" "CARGO_INCREMENTAL=0" "-e" "RUST_BACKTRACE=full" "-e" "RUSTFLAGS=--cap-lints=warn" "-e" "RUSTDOCFLAGS=--cap-lints=warn" "-w" "/opt/rustwide/workdir" "--user" "0:0" "743e2d935e7b4b3f0b045e0c0612f06a6096a9f2aec023a5c5f10a2bd3f0986e" "/opt/rustwide/cargo-home/bin/cargo" "+1.100.0-beta.1" "test" "--frozen" "--release", kill_on_drop: false }`
[INFO] [stderr] warning: Cargo.toml: `lints.clippy.dbg-macro` is deprecated in favor of `lints.clippy.dbg_macro` and will not work in a future edition
[INFO] [stderr] warning: Cargo.toml: `lints.clippy.manual-string-new` is deprecated in favor of `lints.clippy.manual_string_new` and will not work in a future edition
[INFO] [stderr] warning: Cargo.toml: `lints.clippy.redundant-clone` is deprecated in favor of `lints.clippy.redundant_clone` and will not work in a future edition
[INFO] [stderr] warning: Cargo.toml: `lints.clippy.test-attr-in-doctest` is deprecated in favor of `lints.clippy.test_attr_in_doctest` and will not work in a future edition
[INFO] [stderr] warning: Cargo.toml: `lints.clippy.uninlined-format-args` is deprecated in favor of `lints.clippy.uninlined_format_args` and will not work in a future edition
[INFO] [stderr] warning: Cargo.toml: `lints.clippy.use-self` is deprecated in favor of `lints.clippy.use_self` and will not work in a future edition
[INFO] [stderr] warning: Cargo.toml: `lints.rust.redundant-lifetimes` is deprecated in favor of `lints.rust.redundant_lifetimes` and will not work in a future edition
[INFO] [stderr] warning: Cargo.toml: `lints.rust.rust-2018-idioms` is deprecated in favor of `lints.rust.rust_2018_idioms` and will not work in a future edition
[INFO] [stderr] warning: Cargo.toml: `lints.rust.unnameable-types` is deprecated in favor of `lints.rust.unnameable_types` and will not work in a future edition
[INFO] [stderr] warning: Cargo.toml: `lints.rust.unreachable-pub` is deprecated in favor of `lints.rust.unreachable_pub` and will not work in a future edition
[INFO] [stderr] warning: Cargo.toml: `lints.rust.unused-crate-dependencies` is deprecated in favor of `lints.rust.unused_crate_dependencies` and will not work in a future edition
[INFO] [stderr] warning: Cargo.toml: `lints.rust.unused-must-use` is deprecated in favor of `lints.rust.unused_must_use` and will not work in a future edition
[INFO] [stderr] warning: `solar-capi` (manifest) generated 12 warnings
[INFO] [stderr]     Finished `release` profile [optimized] target(s) in 0.22s
[INFO] [stderr]      Running unittests src/lib.rs (/opt/rustwide/target/release/build/solar-capi/8d13c01038604062/out/solar_capi-8d13c01038604062)
[INFO] [stdout] 
[INFO] [stdout] running 7 tests
[INFO] [stdout] test alloc::tests::free_middle_allocation_keeps_list_linked ... ok
[INFO] [stdout] test alloc::tests::oversized_allocation_returns_null_without_tracking ... ok
[INFO] [stderr]      Running tests/it/main.rs (/opt/rustwide/target/release/build/solar-capi/2e27e74dbab26192/out/it-2e27e74dbab26192)
[INFO] [stdout] test alloc::tests::allocator_roundtrip ... ok
[INFO] [stdout] test alloc::tests::zero_size_allocation_is_tracked ... ok
[INFO] [stdout] test tests::api_strings_are_available ... ok
[INFO] [stdout] test alloc::tests::free_head_and_tail_allocations ... ok
[INFO] [stdout] test alloc::tests::reset_frees_tracked_allocations ... ok
[INFO] [stdout] 
[INFO] [stdout] test result: ok. 7 passed; 0 failed; 0 ignored; 0 measured; 0 filtered out; finished in 0.00s
[INFO] [stdout] 
[INFO] [stdout] 
[INFO] [stdout] running 3 tests
[INFO] [stdout] test ctest::c_api_smoke_test ... FAILED
[INFO] [stdout] test soljson_js::js_wrapper_api_shape_and_compile_behavior ... ok
[INFO] [stdout] test soljson_js::js_wrapper_c_abi_callbacks_match_solcjs_shape ... ok
[INFO] [stdout] 
[INFO] [stdout] failures:
[INFO] [stdout] 
[INFO] [stdout] ---- ctest::c_api_smoke_test stdout ----
[INFO] [stdout] 
[INFO] [stdout] thread 'ctest::c_api_smoke_test' (1671) panicked at tests/it/main.rs:11:9:
[INFO] [stdout] failed to build solar-capi cdylib
[INFO] [stdout] status: exit status: 101
[INFO] [stdout] stdout:
[INFO] [stdout] 
[INFO] [stdout] stderr:
[INFO] [stdout] error: could not find `Cargo.toml` in `/opt` or any parent directory
[INFO] [stdout] 
[INFO] [stdout] stack backtrace:
[INFO] [stdout]    0:     0x6064fcae5ff1 - <<std[617be2ca0a6fd877]::sys::backtrace::BacktraceLock>::print::DisplayBacktrace as core[a373ad73a504971]::fmt::Display>::fmt
[INFO] [stdout]    1:     0x6064fcafba6a - core[a373ad73a504971]::fmt::write
[INFO] [stdout]    2:     0x6064fcaeb87c - <alloc[2e1b2a31b91974c5]::vec::Vec<u8> as core[a373ad73a504971]::io::write::Write>::write_fmt
[INFO] [stdout]    3:     0x6064fcac0ef6 - std[617be2ca0a6fd877]::panicking::default_hook::{closure#0}
[INFO] [stdout]    4:     0x6064fcade529 - std[617be2ca0a6fd877]::panicking::default_hook
[INFO] [stdout]    5:     0x6064fca79370 - test[aada8e7e76ba119b]::test_main_inner::{closure#0}
[INFO] [stdout]    6:     0x6064fcade6e2 - std[617be2ca0a6fd877]::panicking::panic_with_hook
[INFO] [stdout]    7:     0x6064fcac0fa2 - std[617be2ca0a6fd877]::panicking::panic_handler::{closure#0}
[INFO] [stdout]    8:     0x6064fcab9b69 - std[617be2ca0a6fd877]::sys::backtrace::__rust_end_short_backtrace::<std[617be2ca0a6fd877]::panicking::panic_handler::{closure#0}, !>
[INFO] [stdout]    9:     0x6064fcac1bad - __rustc[ea4f61d10b84890b]::rust_begin_unwind
[INFO] [stdout]   10:     0x6064fcafc19c - core[a373ad73a504971]::panicking::panic_fmt
[INFO] [stdout]   11:     0x6064fca3e4b4 - it[97bc2e1cbe01ecec]::assert_command
[INFO] [stdout]   12:     0x6064fca4044f - <it[97bc2e1cbe01ecec]::ctest::c_api_smoke_test::{closure#0} as core[a373ad73a504971]::ops::function::FnOnce<()>>::call_once
[INFO] [stdout]   13:     0x6064fca6c7bb - test[aada8e7e76ba119b]::__rust_begin_short_backtrace::<core[a373ad73a504971]::result::Result<(), alloc[2e1b2a31b91974c5]::string::String>, fn() -> core[a373ad73a504971]::result::Result<(), alloc[2e1b2a31b91974c5]::string::String>>
[INFO] [stdout]   14:     0x6064fca79995 - test[aada8e7e76ba119b]::run_test::{closure#0}
[INFO] [stdout]   15:     0x6064fca73284 - std[617be2ca0a6fd877]::sys::backtrace::__rust_begin_short_backtrace::<test[aada8e7e76ba119b]::run_test::{closure#1}, ()>
[INFO] [stdout]   16:     0x6064fca7ca22 - <std[617be2ca0a6fd877]::thread::lifecycle::spawn_unchecked<test[aada8e7e76ba119b]::run_test::{closure#1}, ()>::{closure#1} as core[a373ad73a504971]::ops::function::FnOnce<()>>::call_once::{shim:vtable#0}
[INFO] [stdout]   17:     0x6064fcae57cf - <std[617be2ca0a6fd877]::sys::thread::unix::Thread>::new::thread_start
[INFO] [stdout]   18:     0x790065d43dfa - <unknown>
[INFO] [stdout]   19:     0x790065dd73d4 - clone
[INFO] [stdout]   20:                0x0 - <unknown>
[INFO] [stdout] 
[INFO] [stdout] 
[INFO] [stdout] failures:
[INFO] [stdout]     ctest::c_api_smoke_test
[INFO] [stdout] 
[INFO] [stdout] test result: FAILED. 2 passed; 1 failed; 0 ignored; 0 measured; 0 filtered out; finished in 0.91s
[INFO] [stdout] 
[INFO] [stderr] error: test failed, to rerun pass `--test it`
[INFO] running `Command { std: "docker" "inspect" "743e2d935e7b4b3f0b045e0c0612f06a6096a9f2aec023a5c5f10a2bd3f0986e", kill_on_drop: false }`
[INFO] running `Command { std: "docker" "rm" "-f" "743e2d935e7b4b3f0b045e0c0612f06a6096a9f2aec023a5c5f10a2bd3f0986e", kill_on_drop: false }`
[INFO] [stdout] 743e2d935e7b4b3f0b045e0c0612f06a6096a9f2aec023a5c5f10a2bd3f0986e
