[INFO] fetching crate solang-forge-fmt 0.2.0...
[INFO] testing solang-forge-fmt-0.2.0 against 1.99.0-beta.8+cargoflags=--release for beta-release-1.100-2
[INFO] extracting crate solang-forge-fmt 0.2.0 into /workspace/builds/worker-4-tc1/source
[INFO] started tweaking crates.io crate solang-forge-fmt 0.2.0
[INFO] removed 0 missing tests
[INFO] finished tweaking crates.io crate solang-forge-fmt 0.2.0
[INFO] tweaked toml for crates.io crate solang-forge-fmt 0.2.0 written to /workspace/builds/worker-4-tc1/source/Cargo.toml
[INFO] validating manifest of crates.io crate solang-forge-fmt 0.2.0 on toolchain 1.99.0-beta.8
[INFO] running `Command { std: CARGO_HOME="/workspace/cargo-home" RUSTUP_HOME="/workspace/rustup-home" "/workspace/cargo-home/bin/cargo" "+1.99.0-beta.8" "metadata" "--manifest-path" "Cargo.toml" "--no-deps", kill_on_drop: false }`
[INFO] crate crates.io crate solang-forge-fmt 0.2.0 already has a lockfile, it will not be regenerated
[INFO] running `Command { std: CARGO_HOME="/workspace/cargo-home" RUSTUP_HOME="/workspace/rustup-home" "/workspace/cargo-home/bin/cargo" "+1.99.0-beta.8" "fetch" "--manifest-path" "Cargo.toml", kill_on_drop: false }`
[INFO] [stderr]     Updating crates.io index
[INFO] [stderr]  Downloading crates ...
[INFO] [stderr]   Downloaded ariadne v0.4.1
[INFO] [stderr]   Downloaded alloy-primitives v0.7.7
[INFO] [stderr]   Downloaded similar-asserts v1.7.0
[INFO] [stderr]   Downloaded solang-parser v0.3.5
[INFO] [stderr]   Downloaded rusty-fork v0.3.0
[INFO] [stderr]   Downloaded const-hex v1.14.1
[INFO] [stderr]   Downloaded ruint v1.15.0
[INFO] [stderr]   Downloaded pest v2.8.0
[INFO] running `Command { std: "docker" "create" "-v" "/var/lib/crater-agent-workspace/builds/worker-4-tc1/source:/opt/rustwide/workdir:ro,Z" "-v" "/var/lib/crater-agent-workspace/builds/worker-4-tc1/target:/opt/rustwide/target:rw,Z" "-v" "/var/lib/crater-agent-workspace/cargo-home:/opt/rustwide/cargo-home:ro,Z" "-v" "/var/lib/crater-agent-workspace/rustup-home:/opt/rustwide/rustup-home:ro,Z" "-m" "1610612736" "--network" "none" "ghcr.io/rust-lang/crates-build-env/linux@sha256:77db811e55d90add9212f6832c23229e3de5f1c1f9905e8cb07319ea15df73ac" "sleep" "infinity", kill_on_drop: false }`
[INFO] [stdout] af59571c672502ad09d28b31a418e32828ce600a6c005067c78ca0838001c220
[INFO] running `Command { std: "docker" "start" "af59571c672502ad09d28b31a418e32828ce600a6c005067c78ca0838001c220", kill_on_drop: false }`
[INFO] running `Command { std: "docker" "inspect" "af59571c672502ad09d28b31a418e32828ce600a6c005067c78ca0838001c220", kill_on_drop: false }`
[INFO] running `Command { std: "docker" "exec" "-e" "SOURCE_DIR=/opt/rustwide/workdir" "-e" "CARGO_HOME=/opt/rustwide/cargo-home" "-e" "RUSTUP_HOME=/opt/rustwide/rustup-home" "-e" "CARGO_TARGET_DIR=/opt/rustwide/target" "-w" "/opt/rustwide/workdir" "--user" "0:0" "af59571c672502ad09d28b31a418e32828ce600a6c005067c78ca0838001c220" "/opt/rustwide/cargo-home/bin/cargo" "+1.99.0-beta.8" "metadata" "--no-deps" "--format-version=1", kill_on_drop: false }`
[INFO] running `Command { std: "docker" "inspect" "af59571c672502ad09d28b31a418e32828ce600a6c005067c78ca0838001c220", kill_on_drop: false }`
[INFO] running `Command { std: "docker" "exec" "-e" "SOURCE_DIR=/opt/rustwide/workdir" "-e" "CARGO_HOME=/opt/rustwide/cargo-home" "-e" "RUSTUP_HOME=/opt/rustwide/rustup-home" "-e" "CARGO_TARGET_DIR=/opt/rustwide/target" "-e" "CARGO_INCREMENTAL=0" "-e" "RUST_BACKTRACE=full" "-e" "RUSTFLAGS=--cap-lints=warn" "-e" "RUSTDOCFLAGS=--cap-lints=warn" "-w" "/opt/rustwide/workdir" "--user" "0:0" "af59571c672502ad09d28b31a418e32828ce600a6c005067c78ca0838001c220" "/opt/rustwide/cargo-home/bin/cargo" "+1.99.0-beta.8" "build" "--frozen" "--message-format=json" "--release", kill_on_drop: false }`
[INFO] [stderr]    Compiling libc v0.2.172
[INFO] [stderr]    Compiling crunchy v0.2.3
[INFO] [stderr]    Compiling siphasher v1.0.1
[INFO] [stderr]    Compiling parking_lot_core v0.9.10
[INFO] [stderr]    Compiling smallvec v1.15.0
[INFO] [stderr]    Compiling scopeguard v1.2.0
[INFO] [stderr]    Compiling lock_api v0.4.12
[INFO] [stderr]    Compiling syn v2.0.101
[INFO] [stderr]    Compiling regex-syntax v0.8.5
[INFO] [stderr]    Compiling hashbrown v0.15.3
[INFO] [stderr]    Compiling tiny-keccak v2.0.2
[INFO] [stderr]    Compiling phf_shared v0.11.3
[INFO] [stderr]    Compiling fixedbitset v0.4.2
[INFO] [stderr]    Compiling log v0.4.27
[INFO] [stderr]    Compiling rand_core v0.6.4
[INFO] [stderr]    Compiling bit-vec v0.6.3
[INFO] [stderr]    Compiling new_debug_unreachable v1.0.6
[INFO] [stderr]    Compiling either v1.15.0
[INFO] [stderr]    Compiling precomputed-hash v0.1.1
[INFO] [stderr]    Compiling same-file v1.0.6
[INFO] [stderr]    Compiling ena v0.14.3
[INFO] [stderr]    Compiling walkdir v2.5.0
[INFO] [stderr]    Compiling bit-set v0.5.3
[INFO] [stderr]    Compiling itertools v0.11.0
[INFO] [stderr]    Compiling rand v0.8.5
[INFO] [stderr]    Compiling indexmap v2.9.0
[INFO] [stderr]    Compiling lalrpop-util v0.20.2
[INFO] [stderr]    Compiling unicode-xid v0.2.6
[INFO] [stderr]    Compiling dirs-sys-next v0.1.2
[INFO] [stderr]    Compiling dirs-next v2.0.0
[INFO] [stderr]    Compiling regex-automata v0.4.9
[INFO] [stderr]    Compiling term v0.7.0
[INFO] [stderr]    Compiling parking_lot v0.12.3
[INFO] [stderr]    Compiling phf_generator v0.11.3
[INFO] [stderr]    Compiling once_cell v1.21.3
[INFO] [stderr]    Compiling petgraph v0.6.5
[INFO] [stderr]    Compiling ascii-canvas v3.0.0
[INFO] [stderr]    Compiling string_cache v0.8.9
[INFO] [stderr]    Compiling ruint-macro v1.2.1
[INFO] [stderr]    Compiling const-hex v1.14.1
[INFO] [stderr]    Compiling itertools v0.12.1
[INFO] [stderr]    Compiling tracing-core v0.1.33
[INFO] [stderr]    Compiling ruint v1.15.0
[INFO] [stderr]    Compiling pin-project-lite v0.2.16
[INFO] [stderr]    Compiling bytes v1.10.1
[INFO] [stderr]    Compiling hex-literal v0.4.1
[INFO] [stderr]    Compiling ariadne v0.4.1
[INFO] [stderr]    Compiling regex v1.11.1
[INFO] [stderr]    Compiling lalrpop v0.20.2
[INFO] [stderr]    Compiling phf_macros v0.11.3
[INFO] [stderr]    Compiling thiserror-impl v1.0.69
[INFO] [stderr]    Compiling serde_derive v1.0.219
[INFO] [stderr]    Compiling derive_more v0.99.20
[INFO] [stderr]    Compiling tracing-attributes v0.1.28
[INFO] [stderr]    Compiling phf v0.11.3
[INFO] [stderr]    Compiling thiserror v1.0.69
[INFO] [stderr]    Compiling tracing v0.1.41
[INFO] [stderr]    Compiling alloy-primitives v0.7.7
[INFO] [stderr]    Compiling serde v1.0.219
[INFO] [stderr]    Compiling solang-parser v0.3.5
[INFO] [stderr]    Compiling solang-forge-fmt v0.2.0 (/opt/rustwide/workdir)
[INFO] [stderr]     Finished `release` profile [optimized] target(s) in 1m 42s
[INFO] running `Command { std: "docker" "inspect" "af59571c672502ad09d28b31a418e32828ce600a6c005067c78ca0838001c220", kill_on_drop: false }`
[INFO] running `Command { std: "docker" "exec" "-e" "SOURCE_DIR=/opt/rustwide/workdir" "-e" "CARGO_HOME=/opt/rustwide/cargo-home" "-e" "RUSTUP_HOME=/opt/rustwide/rustup-home" "-e" "CARGO_TARGET_DIR=/opt/rustwide/target" "-e" "CARGO_INCREMENTAL=0" "-e" "RUST_BACKTRACE=full" "-e" "RUSTFLAGS=--cap-lints=warn" "-e" "RUSTDOCFLAGS=--cap-lints=warn" "-w" "/opt/rustwide/workdir" "--user" "0:0" "af59571c672502ad09d28b31a418e32828ce600a6c005067c78ca0838001c220" "/opt/rustwide/cargo-home/bin/cargo" "+1.99.0-beta.8" "test" "--frozen" "--no-run" "--message-format=json" "--release", kill_on_drop: false }`
[INFO] [stderr]    Compiling tracing-core v0.1.33
[INFO] [stderr]    Compiling libc v0.2.172
[INFO] [stderr]    Compiling regex-syntax v0.8.5
[INFO] [stderr]    Compiling hashbrown v0.15.3
[INFO] [stderr]    Compiling regex-syntax v0.6.29
[INFO] [stderr]    Compiling toml_datetime v0.6.9
[INFO] [stderr]    Compiling serde_spanned v0.6.8
[INFO] [stderr]    Compiling winnow v0.7.10
[INFO] [stderr]    Compiling toml_write v0.1.1
[INFO] [stderr]    Compiling overload v0.1.1
[INFO] [stderr]    Compiling unicode-segmentation v1.12.0
[INFO] [stderr]    Compiling nu-ansi-term v0.46.0
[INFO] [stderr]    Compiling tracing v0.1.41
[INFO] [stderr]    Compiling indexmap v2.9.0
[INFO] [stderr]    Compiling console v0.15.11
[INFO] [stderr]    Compiling similar v2.7.0
[INFO] [stderr]    Compiling tracing-log v0.2.0
[INFO] [stderr]    Compiling thread_local v1.1.8
[INFO] [stderr]    Compiling solang-forge-fmt v0.2.0 (/opt/rustwide/workdir)
[INFO] [stderr]    Compiling similar-asserts v1.7.0
[INFO] [stderr]    Compiling regex-automata v0.4.9
[INFO] [stderr]    Compiling regex-automata v0.1.10
[INFO] [stderr]    Compiling toml_edit v0.22.26
[INFO] [stderr]    Compiling regex v1.11.1
[INFO] [stderr]    Compiling matchers v0.1.0
[INFO] [stderr]    Compiling tracing-subscriber v0.3.19
[INFO] [stderr]    Compiling toml v0.8.22
[INFO] [stderr]     Finished `release` profile [optimized] target(s) in 2m 08s
[INFO] running `Command { std: "docker" "inspect" "af59571c672502ad09d28b31a418e32828ce600a6c005067c78ca0838001c220", kill_on_drop: false }`
[INFO] running `Command { std: "docker" "exec" "-e" "SOURCE_DIR=/opt/rustwide/workdir" "-e" "CARGO_HOME=/opt/rustwide/cargo-home" "-e" "RUSTUP_HOME=/opt/rustwide/rustup-home" "-e" "CARGO_TARGET_DIR=/opt/rustwide/target" "-e" "CARGO_INCREMENTAL=0" "-e" "RUST_BACKTRACE=full" "-e" "RUSTFLAGS=--cap-lints=warn" "-e" "RUSTDOCFLAGS=--cap-lints=warn" "-w" "/opt/rustwide/workdir" "--user" "0:0" "af59571c672502ad09d28b31a418e32828ce600a6c005067c78ca0838001c220" "/opt/rustwide/cargo-home/bin/cargo" "+1.99.0-beta.8" "test" "--frozen" "--release", kill_on_drop: false }`
[INFO] [stderr]     Finished `release` profile [optimized] target(s) in 0.26s
[INFO] [stderr]      Running unittests src/lib.rs (/opt/rustwide/target/release/deps/solang_forge_fmt-7022f08f30818c51)
[INFO] [stdout] 
[INFO] [stdout] running 6 tests
[INFO] [stdout] test buffer::tests::test_buffer_indents ... FAILED
[INFO] [stdout] test buffer::tests::test_identical_temp_buf ... ok
[INFO] [stdout] test string::tests::quoted_ranges ... ok
[INFO] [stdout] test helpers::tests::test_interface_format ... ok
[INFO] [stdout] test buffer::tests::test_preserves_original_content_with_default_settings ... ok
[INFO] [stdout] test string::tests::quote_state_char_indices ... ok
[INFO] [stdout] 
[INFO] [stdout] failures:
[INFO] [stdout] 
[INFO] [stdout] ---- buffer::tests::test_buffer_indents stdout ----
[INFO] [stdout] 
[INFO] [stdout] thread 'buffer::tests::test_buffer_indents' (1599) panicked at src/buffer.rs:371:9:
[INFO] [stdout] assertion failed: res.is_err()
[INFO] [stdout] stack backtrace:
[INFO] [stdout]    0:     0x628dbdc23fd1 - <<std[70759c8f55707aa4]::sys::backtrace::BacktraceLock>::print::DisplayBacktrace as core[df12db4294e9bfd3]::fmt::Display>::fmt
[INFO] [stdout]    1:     0x628dbdc398aa - core[df12db4294e9bfd3]::fmt::write
[INFO] [stdout]    2:     0x628dbdc2846c - <alloc[2182bb758b4b3781]::vec::Vec<u8> as core[df12db4294e9bfd3]::io::write::Write>::write_fmt
[INFO] [stdout]    3:     0x628dbdc003c6 - std[70759c8f55707aa4]::panicking::default_hook::{closure#0}
[INFO] [stdout]    4:     0x628dbdc1c539 - std[70759c8f55707aa4]::panicking::default_hook
[INFO] [stdout]    5:     0x628dbdafac10 - test[9d35eded1c95d3be]::test_main_inner::<test[9d35eded1c95d3be]::test_main_static::{closure#0}>::{closure#0}
[INFO] [stdout]    6:     0x628dbdc1c6f2 - std[70759c8f55707aa4]::panicking::panic_with_hook
[INFO] [stdout]    7:     0x628dbdc004a4 - std[70759c8f55707aa4]::panicking::panic_handler::{closure#0}
[INFO] [stdout]    8:     0x628dbdbf91f9 - std[70759c8f55707aa4]::sys::backtrace::__rust_end_short_backtrace::<std[70759c8f55707aa4]::panicking::panic_handler::{closure#0}, !>
[INFO] [stdout]    9:     0x628dbdc0106d - __rustc[8fa7c3cbc660c2b3]::rust_begin_unwind
[INFO] [stdout]   10:     0x628dbdc3a00c - core[df12db4294e9bfd3]::panicking::panic_fmt
[INFO] [stdout]   11:     0x628dbdc39fd2 - core[df12db4294e9bfd3]::panicking::panic
[INFO] [stdout]   12:     0x628dbdad788c - solang_forge_fmt[d042f1f0d4b9aa45]::buffer::tests::test_buffer_indents
[INFO] [stdout]   13:     0x628dbdae227d - <solang_forge_fmt[d042f1f0d4b9aa45]::buffer::tests::test_buffer_indents::{closure#0} as core[df12db4294e9bfd3]::ops::function::FnOnce<()>>::call_once
[INFO] [stdout]   14:     0x628dbdaedefb - test[9d35eded1c95d3be]::__rust_begin_short_backtrace::<core[df12db4294e9bfd3]::result::Result<(), alloc[2182bb758b4b3781]::string::String>, fn() -> core[df12db4294e9bfd3]::result::Result<(), alloc[2182bb758b4b3781]::string::String>>
[INFO] [stdout]   15:     0x628dbdafb565 - test[9d35eded1c95d3be]::run_test::{closure#0}
[INFO] [stdout]   16:     0x628dbdaf4e24 - std[70759c8f55707aa4]::sys::backtrace::__rust_begin_short_backtrace::<test[9d35eded1c95d3be]::run_test::{closure#1}, ()>
[INFO] [stdout]   17:     0x628dbdafe6c2 - <std[70759c8f55707aa4]::thread::lifecycle::spawn_unchecked<test[9d35eded1c95d3be]::run_test::{closure#1}, ()>::{closure#1} as core[df12db4294e9bfd3]::ops::function::FnOnce<()>>::call_once::{shim:vtable#0}
[INFO] [stdout]   18:     0x628dbdc23879 - <std[70759c8f55707aa4]::sys::thread::unix::Thread>::new::thread_start
[INFO] [stdout]   19:     0x732f0b04ddfa - <unknown>
[INFO] [stdout]   20:     0x732f0b0e13d4 - clone
[INFO] [stdout]   21:                0x0 - <unknown>
[INFO] [stdout] 
[INFO] [stdout] 
[INFO] [stdout] failures:
[INFO] [stdout]     buffer::tests::test_buffer_indents
[INFO] [stdout] 
[INFO] [stdout] test result: FAILED. 5 passed; 1 failed; 0 ignored; 0 measured; 0 filtered out; finished in 0.01s
[INFO] [stdout] 
[INFO] [stderr] error: test failed, to rerun pass `--lib`
[INFO] running `Command { std: "docker" "inspect" "af59571c672502ad09d28b31a418e32828ce600a6c005067c78ca0838001c220", kill_on_drop: false }`
[INFO] running `Command { std: "docker" "rm" "-f" "af59571c672502ad09d28b31a418e32828ce600a6c005067c78ca0838001c220", kill_on_drop: false }`
[INFO] [stdout] af59571c672502ad09d28b31a418e32828ce600a6c005067c78ca0838001c220
